Build Information
Failed to build SwiftyCurl, reference 1.0.0 (a431b5), with Swift 6.4 for visionOS using Xcode 27.0 on 16 Sep 2026 19:05:32 UTC.
Build Command
No build command. This typically means the build failed at an early stage where we determine the build command.Build Log
========================================
RunAll
========================================
Builder version: 5.1.0
Interrupt handler set up.
========================================
Checkout
========================================
Clone URL: https://github.com/dmcyk/swiftycurl.git
Reference: 1.0.0
Initialized empty Git repository in /Users/admin/builder/spi-builder-workspace/.git/
From https://github.com/dmcyk/swiftycurl
* tag 1.0.0 -> FETCH_HEAD
HEAD is now at a431b5e move to Swift 4.1
Cloned https://github.com/dmcyk/swiftycurl.git
Revision (git rev-parse @):
a431b5ec0a04e98d8fbcb54b2d1d2dd19ed45ed5
SUCCESS checkout https://github.com/dmcyk/swiftycurl.git at 1.0.0
========================================
Build
========================================
Selected platform: visionOS
Swift version: 6.4
Building package at path: $PWD
https://github.com/dmcyk/swiftycurl.git
Command line invocation:
/Applications/Xcode-27.0.0-Release.Candidate.app/Contents/Developer/usr/bin/xcodebuild -IDEClonedSourcePackagesDirPathOverride=/Users/admin/builder/spi-builder-workspace/.dependencies -resolvePackageDependencies
Resolve Package Graph
Fetching from https://github.com/dmcyk/CCurl.git
the Swift tools version specification is missing a label; consider inserting 'swift-tools-version:' between the comment marker and the version specifierResolve Package Graph
Updating from https://github.com/dmcyk/CCurl.git
the Swift tools version specification is missing a label; consider inserting 'swift-tools-version:' between the comment marker and the version specifier
Resolved source packages:
spi-builder-workspace: (null)
2026-09-16 15:05:30.345 xcodebuild[529:3023] Writing error result bundle to /var/folders/xq/y_g06wb113726d38xsyx71_h0000gn/T/ResultBundle_2026-16-09_15-05-0030.xcresult
xcodebuild: error: Could not resolve package dependencies:
the Swift tools version specification is missing a label; consider inserting 'swift-tools-version:' between the comment marker and the version specifier
Command line invocation:
/Applications/Xcode-27.0.0-Release.Candidate.app/Contents/Developer/usr/bin/xcodebuild -IDEClonedSourcePackagesDirPathOverride=/Users/admin/builder/spi-builder-workspace/.dependencies -resolvePackageDependencies
Resolve Package Graph
Updating from https://github.com/dmcyk/CCurl.git
the Swift tools version specification is missing a label; consider inserting 'swift-tools-version:' between the comment marker and the version specifier
Resolved source packages:
spi-builder-workspace: (null)
2026-09-16 15:05:31.978 xcodebuild[622:3736] Writing error result bundle to /var/folders/xq/y_g06wb113726d38xsyx71_h0000gn/T/ResultBundle_2026-16-09_15-05-0031.xcresult
xcodebuild: error: Could not resolve package dependencies:
the Swift tools version specification is missing a label; consider inserting 'swift-tools-version:' between the comment marker and the version specifier
BUILD FAILURE 6.4 visionOS