The Swift Package Index logo.Swift Package Index

Build Information

Failed to build swift-colorful, reference master (65ad77), with Swift 6.4 for watchOS using Xcode 27.0 on 18 Sep 2026 12:48:33 UTC.

Build Command

env DEVELOPER_DIR=/Applications/Xcode-27.0.0-Release.Candidate.app xcrun xcodebuild -IDEClonedSourcePackagesDirPathOverride=$PWD/.dependencies -skipMacroValidation -skipPackagePluginValidation -derivedDataPath $PWD/.derivedData build -scheme swift-colorful-Package -destination generic/platform=watchOS

Build Log

========================================
RunAll
========================================
Builder version: 5.1.0
Interrupt handler set up.
========================================
Checkout
========================================
Clone URL: https://github.com/mojzesh/swift-colorful.git
Reference: master
Initialized empty Git repository in /Users/admin/builder/spi-builder-workspace/.git/
From https://github.com/mojzesh/swift-colorful
 * branch            master     -> FETCH_HEAD
 * [new branch]      master     -> origin/master
HEAD is now at 65ad771 Initial commit
Cloned https://github.com/mojzesh/swift-colorful.git
Revision (git rev-parse @):
65ad771827e2af51be02a33a0762bca09552c89e
SUCCESS checkout https://github.com/mojzesh/swift-colorful.git at master
========================================
Build
========================================
Selected platform:         watchOS
Swift version:             6.4
Building package at path:  $PWD
https://github.com/mojzesh/swift-colorful.git
Command line invocation:
    /Applications/Xcode-27.0.0-Release.Candidate.app/Contents/Developer/usr/bin/xcodebuild -IDEClonedSourcePackagesDirPathOverride=/Users/admin/builder/spi-builder-workspace/.dependencies -resolvePackageDependencies
Resolve Package Graph
Resolve Package Graph
Resolved source packages:
  swift-colorful: /Users/admin/builder/spi-builder-workspace
resolved source packages: swift-colorful
2026-09-18 08:47:41.212 xcodebuild[529:3057] [MT] IDERunDestination: Supported platforms for the buildables in the current scheme is empty.
{
  "dependencies" : [
  ],
  "manifest_display_name" : "swift-colorful",
  "name" : "swift-colorful",
  "path" : "/Users/admin/builder/spi-builder-workspace",
  "platforms" : [
  ],
  "products" : [
    {
      "name" : "Colorful",
      "targets" : [
        "Colorful"
      ],
      "type" : {
        "library" : [
          "automatic"
        ]
      }
    },
    {
      "name" : "DemoColorBlend-macOS",
      "targets" : [
        "DemoColorBlend"
      ],
      "type" : {
        "executable" : null
      }
    },
    {
      "name" : "DemoColorDist-macOS",
      "targets" : [
        "DemoColorDist"
      ],
      "type" : {
        "executable" : null
      }
    },
    {
      "name" : "DemoColorGens-macOS",
      "targets" : [
        "DemoColorGens"
      ],
      "type" : {
        "executable" : null
      }
    },
    {
      "name" : "DemoColorSort-macOS",
      "targets" : [
        "DemoColorSort"
      ],
      "type" : {
        "executable" : null
      }
    },
    {
      "name" : "DemoGradientGen-macOS",
      "targets" : [
        "DemoGradientGen"
      ],
      "type" : {
        "executable" : null
      }
    },
    {
      "name" : "DemoPaletteGens-macOS",
      "targets" : [
        "DemoPaletteGens"
      ],
      "type" : {
        "executable" : null
      }
    },
    {
      "name" : "Benchmark-macOS",
      "targets" : [
        "Benchmark"
      ],
      "type" : {
        "executable" : null
      }
    }
  ],
  "targets" : [
    {
      "c99name" : "DemoShared",
      "module_type" : "SwiftTarget",
      "name" : "DemoShared",
      "path" : "Sources/Demos/Shared",
      "product_memberships" : [
        "DemoColorBlend-macOS",
        "DemoColorGens-macOS",
        "DemoColorSort-macOS",
        "DemoGradientGen-macOS",
        "DemoPaletteGens-macOS",
        "Benchmark-macOS"
      ],
      "sources" : [
        "shared.swift"
      ],
      "target_dependencies" : [
        "Colorful"
      ],
      "type" : "library"
    },
    {
      "c99name" : "DemoPaletteGens",
      "module_type" : "SwiftTarget",
      "name" : "DemoPaletteGens",
      "path" : "Sources/Demos/PaletteGens",
      "product_memberships" : [
        "DemoPaletteGens-macOS"
      ],
      "sources" : [
        "main.swift"
      ],
      "target_dependencies" : [
        "Colorful",
        "DemoShared"
      ],
      "type" : "executable"
    },
    {
      "c99name" : "DemoGradientGen",
      "module_type" : "SwiftTarget",
      "name" : "DemoGradientGen",
      "path" : "Sources/Demos/GradientGen",
      "product_memberships" : [
        "DemoGradientGen-macOS"
      ],
      "sources" : [
        "main.swift"
      ],
      "target_dependencies" : [
        "Colorful",
        "DemoShared"
      ],
      "type" : "executable"
    },
    {
      "c99name" : "DemoColorSort",
      "module_type" : "SwiftTarget",
      "name" : "DemoColorSort",
      "path" : "Sources/Demos/ColorSort",
      "product_memberships" : [
        "DemoColorSort-macOS"
      ],
      "sources" : [
        "main.swift"
      ],
      "target_dependencies" : [
        "Colorful",
        "DemoShared"
      ],
      "type" : "executable"
    },
    {
      "c99name" : "DemoColorGens",
      "module_type" : "SwiftTarget",
      "name" : "DemoColorGens",
      "path" : "Sources/Demos/ColorGens",
      "product_memberships" : [
        "DemoColorGens-macOS"
      ],
      "sources" : [
        "main.swift"
      ],
      "target_dependencies" : [
        "Colorful",
        "DemoShared"
      ],
      "type" : "executable"
    },
    {
      "c99name" : "DemoColorDist",
      "module_type" : "SwiftTarget",
      "name" : "DemoColorDist",
      "path" : "Sources/Demos/ColorDist",
      "product_memberships" : [
        "DemoColorDist-macOS"
      ],
      "sources" : [
        "main.swift"
      ],
      "target_dependencies" : [
        "Colorful"
      ],
      "type" : "executable"
    },
    {
      "c99name" : "DemoColorBlend",
      "module_type" : "SwiftTarget",
      "name" : "DemoColorBlend",
      "path" : "Sources/Demos/ColorBlend",
      "product_memberships" : [
        "DemoColorBlend-macOS"
      ],
      "sources" : [
        "main.swift"
      ],
      "target_dependencies" : [
        "Colorful",
        "DemoShared"
      ],
      "type" : "executable"
    },
    {
      "c99name" : "ColorfulTests",
      "module_type" : "SwiftTarget",
      "name" : "ColorfulTests",
      "path" : "Tests/ColorfulTests",
      "resources" : [
        {
          "path" : "/Users/admin/builder/spi-builder-workspace/Tests/ColorfulTests/Resources/hsluv-snapshot-rev4.json",
          "rule" : {
            "process" : {
            }
          }
        }
      ],
      "sources" : [
        "swift_colorfulTests.swift",
        "swift_hsluvTests.swift",
        "swift_sortTests.swift"
      ],
      "target_dependencies" : [
        "Colorful"
      ],
      "type" : "test"
    },
    {
      "c99name" : "Colorful",
      "module_type" : "SwiftTarget",
      "name" : "Colorful",
      "path" : "Sources/Colorful",
      "product_memberships" : [
        "Colorful",
        "DemoColorBlend-macOS",
        "DemoColorDist-macOS",
        "DemoColorGens-macOS",
        "DemoColorSort-macOS",
        "DemoGradientGen-macOS",
        "DemoPaletteGens-macOS",
        "Benchmark-macOS"
      ],
      "sources" : [
        "colorgens.swift",
        "colors.swift",
        "happy_palettegen.swift",
        "hsluv.swift",
        "soft_palettegen.swift",
        "sort.swift",
        "warm_palettegen.swift"
      ],
      "type" : "library"
    },
    {
      "c99name" : "Benchmark",
      "module_type" : "SwiftTarget",
      "name" : "Benchmark",
      "path" : "Sources/Demos/Benchmark",
      "product_memberships" : [
        "Benchmark-macOS"
      ],
      "sources" : [
        "main.swift"
      ],
      "target_dependencies" : [
        "Colorful",
        "DemoShared"
      ],
      "type" : "executable"
    }
  ],
  "tools_version" : "5.6"
}
{
  "workspace" : {
    "name" : "swift-colorful",
    "schemes" : [
      "Benchmark-macOS",
      "Colorful",
      "DemoColorBlend-macOS",
      "DemoColorDist-macOS",
      "DemoColorGens-macOS",
      "DemoColorSort-macOS",
      "DemoGradientGen-macOS",
      "DemoPaletteGens-macOS",
      "swift-colorful-Package"
    ]
  }
}
2026-09-18 08:48:22.025 xcodebuild[657:4228] [MT] IDERunDestination: Supported platforms for the buildables in the current scheme is empty.
Running build ...
env DEVELOPER_DIR=/Applications/Xcode-27.0.0-Release.Candidate.app xcrun xcodebuild -IDEClonedSourcePackagesDirPathOverride=$PWD/.dependencies -skipMacroValidation -skipPackagePluginValidation -derivedDataPath $PWD/.derivedData build -scheme swift-colorful-Package -destination generic/platform=watchOS
Command line invocation:
    /Applications/Xcode-27.0.0-Release.Candidate.app/Contents/Developer/usr/bin/xcodebuild -IDEClonedSourcePackagesDirPathOverride=/Users/admin/builder/spi-builder-workspace/.dependencies -skipMacroValidation -skipPackagePluginValidation -derivedDataPath /Users/admin/builder/spi-builder-workspace/.derivedData build -scheme swift-colorful-Package -destination generic/platform=watchOS
Resolve Package Graph
Resolved source packages:
  swift-colorful: /Users/admin/builder/spi-builder-workspace
ComputePackagePrebuildTargetDependencyGraph
Prepare packages
CreateBuildRequest
SendProjectDescription
CreateBuildOperation
ComputeTargetDependencyGraph
note: Building targets in dependency order
note: Target dependency graph (10 targets)
    Target 'Benchmark-macOS-product' in project 'swift-colorful'
        ➜ Explicit dependency on target 'Colorful' in project 'swift-colorful'
        ➜ Explicit dependency on target 'DemoShared' in project 'swift-colorful'
    Target 'DemoPaletteGens-macOS-product' in project 'swift-colorful'
        ➜ Explicit dependency on target 'Colorful' in project 'swift-colorful'
        ➜ Explicit dependency on target 'DemoShared' in project 'swift-colorful'
    Target 'DemoGradientGen-macOS-product' in project 'swift-colorful'
        ➜ Explicit dependency on target 'Colorful' in project 'swift-colorful'
        ➜ Explicit dependency on target 'DemoShared' in project 'swift-colorful'
    Target 'DemoColorSort-macOS-product' in project 'swift-colorful'
        ➜ Explicit dependency on target 'Colorful' in project 'swift-colorful'
        ➜ Explicit dependency on target 'DemoShared' in project 'swift-colorful'
    Target 'DemoColorGens-macOS-product' in project 'swift-colorful'
        ➜ Explicit dependency on target 'Colorful' in project 'swift-colorful'
        ➜ Explicit dependency on target 'DemoShared' in project 'swift-colorful'
    Target 'DemoColorDist-macOS-product' in project 'swift-colorful'
        ➜ Explicit dependency on target 'Colorful' in project 'swift-colorful'
    Target 'DemoColorBlend-macOS-product' in project 'swift-colorful'
        ➜ Explicit dependency on target 'Colorful' in project 'swift-colorful'
        ➜ Explicit dependency on target 'DemoShared' in project 'swift-colorful'
    Target 'DemoShared' in project 'swift-colorful'
        ➜ Explicit dependency on target 'Colorful' in project 'swift-colorful'
    Target 'Colorful-product' in project 'swift-colorful'
        ➜ Explicit dependency on target 'Colorful' in project 'swift-colorful'
    Target 'Colorful' in project 'swift-colorful' (no dependencies)
GatherProvisioningInputs
CreateBuildDescription
ExecuteExternalTool /Applications/Xcode-27.0.0-Release.Candidate.app/Contents/Developer/Toolchains/XcodeDefault.xctoolchain/usr/bin/swiftc --version
ExecuteExternalTool /Applications/Xcode-27.0.0-Release.Candidate.app/Contents/Developer/Toolchains/XcodeDefault.xctoolchain/usr/bin/clang -v -E -dM -isysroot /Applications/Xcode-27.0.0-Release.Candidate.app/Contents/Developer/Platforms/WatchOS.platform/Developer/SDKs/WatchOS27.0.sdk -x c -c /dev/null
ExecuteExternalTool /Applications/Xcode-27.0.0-Release.Candidate.app/Contents/Developer/Toolchains/XcodeDefault.xctoolchain/usr/bin/ld -version_details
Build description signature: ab0fa881fda61f43ce091f6982365bf2
Build description path: /Users/admin/builder/spi-builder-workspace/.derivedData/Build/Intermediates.noindex/XCBuildData/ab0fa881fda61f43ce091f6982365bf2.xcbuilddata
CreateBuildDirectory /Users/admin/builder/spi-builder-workspace/.derivedData/ModuleCache.noindex
    cd /Users/admin/builder/spi-builder-workspace/.swiftpm/xcode
    builtin-create-build-directory /Users/admin/builder/spi-builder-workspace/.derivedData/ModuleCache.noindex
CreateBuildDirectory /Users/admin/builder/spi-builder-workspace/.derivedData/SDKExplicitPrecompiledModules
    cd /Users/admin/builder/spi-builder-workspace/.swiftpm/xcode
    builtin-create-build-directory /Users/admin/builder/spi-builder-workspace/.derivedData/SDKExplicitPrecompiledModules
CreateBuildDirectory /Users/admin/builder/spi-builder-workspace/.derivedData/Build/Intermediates.noindex
    cd /Users/admin/builder/spi-builder-workspace/.swiftpm/xcode
    builtin-create-build-directory /Users/admin/builder/spi-builder-workspace/.derivedData/Build/Intermediates.noindex
CreateBuildDirectory /Users/admin/builder/spi-builder-workspace/.derivedData/CompilationCache.noindex
    cd /Users/admin/builder/spi-builder-workspace/.swiftpm/xcode
    builtin-create-build-directory /Users/admin/builder/spi-builder-workspace/.derivedData/CompilationCache.noindex
CreateBuildDirectory /Users/admin/builder/spi-builder-workspace/.derivedData/Build/Products
    cd /Users/admin/builder/spi-builder-workspace/.swiftpm/xcode
    builtin-create-build-directory /Users/admin/builder/spi-builder-workspace/.derivedData/Build/Products
ClangStatCache /Applications/Xcode-27.0.0-Release.Candidate.app/Contents/Developer/Toolchains/XcodeDefault.xctoolchain/usr/bin/clang-stat-cache /Applications/Xcode-27.0.0-Release.Candidate.app/Contents/Developer/Platforms/WatchOS.platform/Developer/SDKs/WatchOS27.0.sdk /Users/admin/builder/spi-builder-workspace/.derivedData/SDKStatCaches.noindex/watchos27.0-24R360-e829b21a6f8c9b70876ba0858053c04477534ef55a1706bf4c1112bbb242f0a2.sdkstatcache
    cd /Users/admin/builder/spi-builder-workspace/.swiftpm/xcode
    /Applications/Xcode-27.0.0-Release.Candidate.app/Contents/Developer/Toolchains/XcodeDefault.xctoolchain/usr/bin/clang-stat-cache /Applications/Xcode-27.0.0-Release.Candidate.app/Contents/Developer/Platforms/WatchOS.platform/Developer/SDKs/WatchOS27.0.sdk -o /Users/admin/builder/spi-builder-workspace/.derivedData/SDKStatCaches.noindex/watchos27.0-24R360-e829b21a6f8c9b70876ba0858053c04477534ef55a1706bf4c1112bbb242f0a2.sdkstatcache
CreateBuildDirectory /Users/admin/builder/spi-builder-workspace/.derivedData/Build/Intermediates.noindex/SwiftExplicitPrecompiledModules
    cd /Users/admin/builder/spi-builder-workspace/.swiftpm/xcode
    builtin-create-build-directory /Users/admin/builder/spi-builder-workspace/.derivedData/Build/Intermediates.noindex/SwiftExplicitPrecompiledModules
CreateBuildDirectory /Users/admin/builder/spi-builder-workspace/.derivedData/Build/Intermediates.noindex/ExplicitPrecompiledModules
    cd /Users/admin/builder/spi-builder-workspace/.swiftpm/xcode
    builtin-create-build-directory /Users/admin/builder/spi-builder-workspace/.derivedData/Build/Intermediates.noindex/ExplicitPrecompiledModules
CreateBuildDirectory /Users/admin/builder/spi-builder-workspace/.derivedData/Build/Intermediates.noindex/PrecompiledHeaders
    cd /Users/admin/builder/spi-builder-workspace/.swiftpm/xcode
    builtin-create-build-directory /Users/admin/builder/spi-builder-workspace/.derivedData/Build/Intermediates.noindex/PrecompiledHeaders
CreateBuildDirectory /Users/admin/builder/spi-builder-workspace/.derivedData/Build/Intermediates.noindex/EagerLinkingTBDs/Debug-watchos
    cd /Users/admin/builder/spi-builder-workspace/.swiftpm/xcode
    builtin-create-build-directory /Users/admin/builder/spi-builder-workspace/.derivedData/Build/Intermediates.noindex/EagerLinkingTBDs/Debug-watchos
CreateBuildDirectory /Users/admin/builder/spi-builder-workspace/.derivedData/Build/Products/Debug-watchos
    cd /Users/admin/builder/spi-builder-workspace/.swiftpm/xcode
    builtin-create-build-directory /Users/admin/builder/spi-builder-workspace/.derivedData/Build/Products/Debug-watchos
WriteAuxiliaryFile /Users/admin/builder/spi-builder-workspace/.derivedData/Build/Intermediates.noindex/swift-colorful.build/Debug-watchos/DemoPaletteGens-macOS-p.build/Objects-normal/arm64_32/DemoPaletteGens-macOS.LinkFileList (in target 'DemoPaletteGens-macOS-product' from project 'swift-colorful')
    cd /Users/admin/builder/spi-builder-workspace
    write-file /Users/admin/builder/spi-builder-workspace/.derivedData/Build/Intermediates.noindex/swift-colorful.build/Debug-watchos/DemoPaletteGens-macOS-p.build/Objects-normal/arm64_32/DemoPaletteGens-macOS.LinkFileList
WriteAuxiliaryFile /Users/admin/builder/spi-builder-workspace/.derivedData/Build/Intermediates.noindex/swift-colorful.build/Debug-watchos/DemoPaletteGens-macOS-p.build/Objects-normal/arm64_32/DemoPaletteGens-macOS.SwiftFileList (in target 'DemoPaletteGens-macOS-product' from project 'swift-colorful')
    cd /Users/admin/builder/spi-builder-workspace
    write-file /Users/admin/builder/spi-builder-workspace/.derivedData/Build/Intermediates.noindex/swift-colorful.build/Debug-watchos/DemoPaletteGens-macOS-p.build/Objects-normal/arm64_32/DemoPaletteGens-macOS.SwiftFileList
WriteAuxiliaryFile /Users/admin/builder/spi-builder-workspace/.derivedData/Build/Intermediates.noindex/swift-colorful.build/Debug-watchos/DemoPaletteGens-macOS-p.build/Objects-normal/arm64_32/DemoPaletteGens-macOS_const_extract_protocols.json (in target 'DemoPaletteGens-macOS-product' from project 'swift-colorful')
    cd /Users/admin/builder/spi-builder-workspace
    write-file /Users/admin/builder/spi-builder-workspace/.derivedData/Build/Intermediates.noindex/swift-colorful.build/Debug-watchos/DemoPaletteGens-macOS-p.build/Objects-normal/arm64_32/DemoPaletteGens-macOS_const_extract_protocols.json
WriteAuxiliaryFile /Users/admin/builder/spi-builder-workspace/.derivedData/Build/Intermediates.noindex/swift-colorful.build/Debug-watchos/DemoPaletteGens-macOS-p.build/Objects-normal/arm64_32/DemoPaletteGens-macOS-OutputFileMap.json (in target 'DemoPaletteGens-macOS-product' from project 'swift-colorful')
    cd /Users/admin/builder/spi-builder-workspace
    write-file /Users/admin/builder/spi-builder-workspace/.derivedData/Build/Intermediates.noindex/swift-colorful.build/Debug-watchos/DemoPaletteGens-macOS-p.build/Objects-normal/arm64_32/DemoPaletteGens-macOS-OutputFileMap.json
WriteAuxiliaryFile /Users/admin/builder/spi-builder-workspace/.derivedData/Build/Intermediates.noindex/swift-colorful.build/Debug-watchos/DemoPaletteGens-macOS-p.build/Objects-normal/arm64/DemoPaletteGens-macOS.SwiftFileList (in target 'DemoPaletteGens-macOS-product' from project 'swift-colorful')
    cd /Users/admin/builder/spi-builder-workspace
    write-file /Users/admin/builder/spi-builder-workspace/.derivedData/Build/Intermediates.noindex/swift-colorful.build/Debug-watchos/DemoPaletteGens-macOS-p.build/Objects-normal/arm64/DemoPaletteGens-macOS.SwiftFileList
WriteAuxiliaryFile /Users/admin/builder/spi-builder-workspace/.derivedData/Build/Intermediates.noindex/swift-colorful.build/Debug-watchos/DemoPaletteGens-macOS-p.build/Objects-normal/arm64/DemoPaletteGens-macOS.LinkFileList (in target 'DemoPaletteGens-macOS-product' from project 'swift-colorful')
    cd /Users/admin/builder/spi-builder-workspace
    write-file /Users/admin/builder/spi-builder-workspace/.derivedData/Build/Intermediates.noindex/swift-colorful.build/Debug-watchos/DemoPaletteGens-macOS-p.build/Objects-normal/arm64/DemoPaletteGens-macOS.LinkFileList
WriteAuxiliaryFile /Users/admin/builder/spi-builder-workspace/.derivedData/Build/Intermediates.noindex/swift-colorful.build/Debug-watchos/DemoPaletteGens-macOS-p.build/Objects-normal/arm64/DemoPaletteGens-macOS_const_extract_protocols.json (in target 'DemoPaletteGens-macOS-product' from project 'swift-colorful')
    cd /Users/admin/builder/spi-builder-workspace
    write-file /Users/admin/builder/spi-builder-workspace/.derivedData/Build/Intermediates.noindex/swift-colorful.build/Debug-watchos/DemoPaletteGens-macOS-p.build/Objects-normal/arm64/DemoPaletteGens-macOS_const_extract_protocols.json
WriteAuxiliaryFile /Users/admin/builder/spi-builder-workspace/.derivedData/Build/Intermediates.noindex/swift-colorful.build/Debug-watchos/DemoShared-t.build/Objects-normal/arm64_32/DemoShared.SwiftFileList (in target 'DemoShared' from project 'swift-colorful')
    cd /Users/admin/builder/spi-builder-workspace
    write-file /Users/admin/builder/spi-builder-workspace/.derivedData/Build/Intermediates.noindex/swift-colorful.build/Debug-watchos/DemoShared-t.build/Objects-normal/arm64_32/DemoShared.SwiftFileList
WriteAuxiliaryFile /Users/admin/builder/spi-builder-workspace/.derivedData/Build/Intermediates.noindex/swift-colorful.build/Debug-watchos/DemoShared-t.build/Objects-normal/arm64_32/DemoShared_const_extract_protocols.json (in target 'DemoShared' from project 'swift-colorful')
    cd /Users/admin/builder/spi-builder-workspace
    write-file /Users/admin/builder/spi-builder-workspace/.derivedData/Build/Intermediates.noindex/swift-colorful.build/Debug-watchos/DemoShared-t.build/Objects-normal/arm64_32/DemoShared_const_extract_protocols.json
WriteAuxiliaryFile /Users/admin/builder/spi-builder-workspace/.derivedData/Build/Intermediates.noindex/swift-colorful.build/Debug-watchos/DemoShared-t.build/Objects-normal/arm64_32/DemoShared.SwiftConstValuesFileList (in target 'DemoShared' from project 'swift-colorful')
    cd /Users/admin/builder/spi-builder-workspace
    write-file /Users/admin/builder/spi-builder-workspace/.derivedData/Build/Intermediates.noindex/swift-colorful.build/Debug-watchos/DemoShared-t.build/Objects-normal/arm64_32/DemoShared.SwiftConstValuesFileList
WriteAuxiliaryFile /Users/admin/builder/spi-builder-workspace/.derivedData/Build/Intermediates.noindex/swift-colorful.build/Debug-watchos/DemoShared-t.build/Objects-normal/arm64_32/DemoShared.LinkFileList (in target 'DemoShared' from project 'swift-colorful')
    cd /Users/admin/builder/spi-builder-workspace
    write-file /Users/admin/builder/spi-builder-workspace/.derivedData/Build/Intermediates.noindex/swift-colorful.build/Debug-watchos/DemoShared-t.build/Objects-normal/arm64_32/DemoShared.LinkFileList
WriteAuxiliaryFile /Users/admin/builder/spi-builder-workspace/.derivedData/Build/Intermediates.noindex/swift-colorful.build/Debug-watchos/DemoShared-t.build/Objects-normal/arm64_32/DemoShared-OutputFileMap.json (in target 'DemoShared' from project 'swift-colorful')
    cd /Users/admin/builder/spi-builder-workspace
    write-file /Users/admin/builder/spi-builder-workspace/.derivedData/Build/Intermediates.noindex/swift-colorful.build/Debug-watchos/DemoShared-t.build/Objects-normal/arm64_32/DemoShared-OutputFileMap.json
WriteAuxiliaryFile /Users/admin/builder/spi-builder-workspace/.derivedData/Build/Intermediates.noindex/swift-colorful.build/Debug-watchos/DemoShared-t.build/Objects-normal/arm64/DemoShared_const_extract_protocols.json (in target 'DemoShared' from project 'swift-colorful')
    cd /Users/admin/builder/spi-builder-workspace
    write-file /Users/admin/builder/spi-builder-workspace/.derivedData/Build/Intermediates.noindex/swift-colorful.build/Debug-watchos/DemoShared-t.build/Objects-normal/arm64/DemoShared_const_extract_protocols.json
WriteAuxiliaryFile /Users/admin/builder/spi-builder-workspace/.derivedData/Build/Intermediates.noindex/swift-colorful.build/Debug-watchos/DemoShared-t.build/Objects-normal/arm64/DemoShared.SwiftFileList (in target 'DemoShared' from project 'swift-colorful')
    cd /Users/admin/builder/spi-builder-workspace
    write-file /Users/admin/builder/spi-builder-workspace/.derivedData/Build/Intermediates.noindex/swift-colorful.build/Debug-watchos/DemoShared-t.build/Objects-normal/arm64/DemoShared.SwiftFileList
WriteAuxiliaryFile /Users/admin/builder/spi-builder-workspace/.derivedData/Build/Intermediates.noindex/swift-colorful.build/Debug-watchos/DemoShared-t.build/Objects-normal/arm64/DemoShared.SwiftConstValuesFileList (in target 'DemoShared' from project 'swift-colorful')
    cd /Users/admin/builder/spi-builder-workspace
    write-file /Users/admin/builder/spi-builder-workspace/.derivedData/Build/Intermediates.noindex/swift-colorful.build/Debug-watchos/DemoShared-t.build/Objects-normal/arm64/DemoShared.SwiftConstValuesFileList
WriteAuxiliaryFile /Users/admin/builder/spi-builder-workspace/.derivedData/Build/Intermediates.noindex/swift-colorful.build/Debug-watchos/DemoShared-t.build/Objects-normal/arm64/DemoShared.LinkFileList (in target 'DemoShared' from project 'swift-colorful')
    cd /Users/admin/builder/spi-builder-workspace
    write-file /Users/admin/builder/spi-builder-workspace/.derivedData/Build/Intermediates.noindex/swift-colorful.build/Debug-watchos/DemoShared-t.build/Objects-normal/arm64/DemoShared.LinkFileList
WriteAuxiliaryFile /Users/admin/builder/spi-builder-workspace/.derivedData/Build/Intermediates.noindex/swift-colorful.build/Debug-watchos/DemoShared-t.build/Objects-normal/arm64/DemoShared-OutputFileMap.json (in target 'DemoShared' from project 'swift-colorful')
    cd /Users/admin/builder/spi-builder-workspace
    write-file /Users/admin/builder/spi-builder-workspace/.derivedData/Build/Intermediates.noindex/swift-colorful.build/Debug-watchos/DemoShared-t.build/Objects-normal/arm64/DemoShared-OutputFileMap.json
WriteAuxiliaryFile /Users/admin/builder/spi-builder-workspace/.derivedData/Build/Intermediates.noindex/swift-colorful.build/Debug-watchos/DemoShared-t.build/DemoShared.modulemap (in target 'DemoShared' from project 'swift-colorful')
    cd /Users/admin/builder/spi-builder-workspace
    write-file /Users/admin/builder/spi-builder-workspace/.derivedData/Build/Intermediates.noindex/swift-colorful.build/Debug-watchos/DemoShared-t.build/DemoShared.modulemap
WriteAuxiliaryFile /Users/admin/builder/spi-builder-workspace/.derivedData/Build/Intermediates.noindex/swift-colorful.build/Debug-watchos/DemoShared-t.build/DemoShared.DependencyStaticMetadataFileList (in target 'DemoShared' from project 'swift-colorful')
    cd /Users/admin/builder/spi-builder-workspace
    write-file /Users/admin/builder/spi-builder-workspace/.derivedData/Build/Intermediates.noindex/swift-colorful.build/Debug-watchos/DemoShared-t.build/DemoShared.DependencyStaticMetadataFileList
WriteAuxiliaryFile /Users/admin/builder/spi-builder-workspace/.derivedData/Build/Intermediates.noindex/swift-colorful.build/Debug-watchos/DemoShared-t.build/DemoShared.DependencyMetadataFileList (in target 'DemoShared' from project 'swift-colorful')
    cd /Users/admin/builder/spi-builder-workspace
    write-file /Users/admin/builder/spi-builder-workspace/.derivedData/Build/Intermediates.noindex/swift-colorful.build/Debug-watchos/DemoShared-t.build/DemoShared.DependencyMetadataFileList
WriteAuxiliaryFile /Users/admin/builder/spi-builder-workspace/.derivedData/Build/Intermediates.noindex/swift-colorful.build/Debug-watchos/DemoPaletteGens-macOS-p.build/Objects-normal/arm64/DemoPaletteGens-macOS-OutputFileMap.json (in target 'DemoPaletteGens-macOS-product' from project 'swift-colorful')
    cd /Users/admin/builder/spi-builder-workspace
    write-file /Users/admin/builder/spi-builder-workspace/.derivedData/Build/Intermediates.noindex/swift-colorful.build/Debug-watchos/DemoPaletteGens-macOS-p.build/Objects-normal/arm64/DemoPaletteGens-macOS-OutputFileMap.json
WriteAuxiliaryFile /Users/admin/builder/spi-builder-workspace/.derivedData/Build/Intermediates.noindex/swift-colorful.build/Debug-watchos/DemoPaletteGens-macOS-p.build/DemoPaletteGens-macOS.DependencyStaticMetadataFileList (in target 'DemoPaletteGens-macOS-product' from project 'swift-colorful')
    cd /Users/admin/builder/spi-builder-workspace
    write-file /Users/admin/builder/spi-builder-workspace/.derivedData/Build/Intermediates.noindex/swift-colorful.build/Debug-watchos/DemoPaletteGens-macOS-p.build/DemoPaletteGens-macOS.DependencyStaticMetadataFileList
WriteAuxiliaryFile /Users/admin/builder/spi-builder-workspace/.derivedData/Build/Intermediates.noindex/swift-colorful.build/Debug-watchos/DemoPaletteGens-macOS-p.build/DemoPaletteGens-macOS.DependencyMetadataFileList (in target 'DemoPaletteGens-macOS-product' from project 'swift-colorful')
    cd /Users/admin/builder/spi-builder-workspace
    write-file /Users/admin/builder/spi-builder-workspace/.derivedData/Build/Intermediates.noindex/swift-colorful.build/Debug-watchos/DemoPaletteGens-macOS-p.build/DemoPaletteGens-macOS.DependencyMetadataFileList
WriteAuxiliaryFile /Users/admin/builder/spi-builder-workspace/.derivedData/Build/Intermediates.noindex/swift-colorful.build/Debug-watchos/DemoGradientGen-macOS-p.build/Objects-normal/arm64_32/DemoGradientGen-macOS_const_extract_protocols.json (in target 'DemoGradientGen-macOS-product' from project 'swift-colorful')
    cd /Users/admin/builder/spi-builder-workspace
    write-file /Users/admin/builder/spi-builder-workspace/.derivedData/Build/Intermediates.noindex/swift-colorful.build/Debug-watchos/DemoGradientGen-macOS-p.build/Objects-normal/arm64_32/DemoGradientGen-macOS_const_extract_protocols.json
WriteAuxiliaryFile /Users/admin/builder/spi-builder-workspace/.derivedData/Build/Intermediates.noindex/swift-colorful.build/Debug-watchos/DemoGradientGen-macOS-p.build/Objects-normal/arm64_32/DemoGradientGen-macOS.SwiftFileList (in target 'DemoGradientGen-macOS-product' from project 'swift-colorful')
    cd /Users/admin/builder/spi-builder-workspace
    write-file /Users/admin/builder/spi-builder-workspace/.derivedData/Build/Intermediates.noindex/swift-colorful.build/Debug-watchos/DemoGradientGen-macOS-p.build/Objects-normal/arm64_32/DemoGradientGen-macOS.SwiftFileList
WriteAuxiliaryFile /Users/admin/builder/spi-builder-workspace/.derivedData/Build/Intermediates.noindex/swift-colorful.build/Debug-watchos/DemoGradientGen-macOS-p.build/Objects-normal/arm64_32/DemoGradientGen-macOS-OutputFileMap.json (in target 'DemoGradientGen-macOS-product' from project 'swift-colorful')
    cd /Users/admin/builder/spi-builder-workspace
    write-file /Users/admin/builder/spi-builder-workspace/.derivedData/Build/Intermediates.noindex/swift-colorful.build/Debug-watchos/DemoGradientGen-macOS-p.build/Objects-normal/arm64_32/DemoGradientGen-macOS-OutputFileMap.json
WriteAuxiliaryFile /Users/admin/builder/spi-builder-workspace/.derivedData/Build/Intermediates.noindex/swift-colorful.build/Debug-watchos/DemoGradientGen-macOS-p.build/Objects-normal/arm64_32/DemoGradientGen-macOS.LinkFileList (in target 'DemoGradientGen-macOS-product' from project 'swift-colorful')
    cd /Users/admin/builder/spi-builder-workspace
    write-file /Users/admin/builder/spi-builder-workspace/.derivedData/Build/Intermediates.noindex/swift-colorful.build/Debug-watchos/DemoGradientGen-macOS-p.build/Objects-normal/arm64_32/DemoGradientGen-macOS.LinkFileList
Copy /Users/admin/builder/spi-builder-workspace/.derivedData/Build/Intermediates.noindex/GeneratedModuleMaps-watchos/DemoShared.modulemap /Users/admin/builder/spi-builder-workspace/.derivedData/Build/Intermediates.noindex/swift-colorful.build/Debug-watchos/DemoShared-t.build/DemoShared.modulemap (in target 'DemoShared' from project 'swift-colorful')
    cd /Users/admin/builder/spi-builder-workspace
    builtin-copy -exclude .DS_Store -exclude CVS -exclude .svn -exclude .git -exclude .hg -resolve-src-symlinks /Users/admin/builder/spi-builder-workspace/.derivedData/Build/Intermediates.noindex/swift-colorful.build/Debug-watchos/DemoShared-t.build/DemoShared.modulemap /Users/admin/builder/spi-builder-workspace/.derivedData/Build/Intermediates.noindex/GeneratedModuleMaps-watchos
WriteAuxiliaryFile /Users/admin/builder/spi-builder-workspace/.derivedData/Build/Intermediates.noindex/swift-colorful.build/Debug-watchos/DemoGradientGen-macOS-p.build/Objects-normal/arm64/DemoGradientGen-macOS_const_extract_protocols.json (in target 'DemoGradientGen-macOS-product' from project 'swift-colorful')
    cd /Users/admin/builder/spi-builder-workspace
    write-file /Users/admin/builder/spi-builder-workspace/.derivedData/Build/Intermediates.noindex/swift-colorful.build/Debug-watchos/DemoGradientGen-macOS-p.build/Objects-normal/arm64/DemoGradientGen-macOS_const_extract_protocols.json
WriteAuxiliaryFile /Users/admin/builder/spi-builder-workspace/.derivedData/Build/Intermediates.noindex/swift-colorful.build/Debug-watchos/DemoGradientGen-macOS-p.build/Objects-normal/arm64/DemoGradientGen-macOS.SwiftFileList (in target 'DemoGradientGen-macOS-product' from project 'swift-colorful')
    cd /Users/admin/builder/spi-builder-workspace
    write-file /Users/admin/builder/spi-builder-workspace/.derivedData/Build/Intermediates.noindex/swift-colorful.build/Debug-watchos/DemoGradientGen-macOS-p.build/Objects-normal/arm64/DemoGradientGen-macOS.SwiftFileList
WriteAuxiliaryFile /Users/admin/builder/spi-builder-workspace/.derivedData/Build/Intermediates.noindex/swift-colorful.build/Debug-watchos/DemoGradientGen-macOS-p.build/Objects-normal/arm64/DemoGradientGen-macOS.LinkFileList (in target 'DemoGradientGen-macOS-product' from project 'swift-colorful')
    cd /Users/admin/builder/spi-builder-workspace
    write-file /Users/admin/builder/spi-builder-workspace/.derivedData/Build/Intermediates.noindex/swift-colorful.build/Debug-watchos/DemoGradientGen-macOS-p.build/Objects-normal/arm64/DemoGradientGen-macOS.LinkFileList
WriteAuxiliaryFile /Users/admin/builder/spi-builder-workspace/.derivedData/Build/Intermediates.noindex/swift-colorful.build/Debug-watchos/DemoGradientGen-macOS-p.build/Objects-normal/arm64/DemoGradientGen-macOS-OutputFileMap.json (in target 'DemoGradientGen-macOS-product' from project 'swift-colorful')
    cd /Users/admin/builder/spi-builder-workspace
    write-file /Users/admin/builder/spi-builder-workspace/.derivedData/Build/Intermediates.noindex/swift-colorful.build/Debug-watchos/DemoGradientGen-macOS-p.build/Objects-normal/arm64/DemoGradientGen-macOS-OutputFileMap.json
WriteAuxiliaryFile /Users/admin/builder/spi-builder-workspace/.derivedData/Build/Intermediates.noindex/swift-colorful.build/Debug-watchos/DemoGradientGen-macOS-p.build/DemoGradientGen-macOS.DependencyStaticMetadataFileList (in target 'DemoGradientGen-macOS-product' from project 'swift-colorful')
    cd /Users/admin/builder/spi-builder-workspace
    write-file /Users/admin/builder/spi-builder-workspace/.derivedData/Build/Intermediates.noindex/swift-colorful.build/Debug-watchos/DemoGradientGen-macOS-p.build/DemoGradientGen-macOS.DependencyStaticMetadataFileList
WriteAuxiliaryFile /Users/admin/builder/spi-builder-workspace/.derivedData/Build/Intermediates.noindex/swift-colorful.build/Debug-watchos/DemoGradientGen-macOS-p.build/DemoGradientGen-macOS.DependencyMetadataFileList (in target 'DemoGradientGen-macOS-product' from project 'swift-colorful')
    cd /Users/admin/builder/spi-builder-workspace
    write-file /Users/admin/builder/spi-builder-workspace/.derivedData/Build/Intermediates.noindex/swift-colorful.build/Debug-watchos/DemoGradientGen-macOS-p.build/DemoGradientGen-macOS.DependencyMetadataFileList
WriteAuxiliaryFile /Users/admin/builder/spi-builder-workspace/.derivedData/Build/Intermediates.noindex/swift-colorful.build/Debug-watchos/DemoColorSort-macOS-p.build/Objects-normal/arm64_32/DemoColorSort-macOS_const_extract_protocols.json (in target 'DemoColorSort-macOS-product' from project 'swift-colorful')
    cd /Users/admin/builder/spi-builder-workspace
    write-file /Users/admin/builder/spi-builder-workspace/.derivedData/Build/Intermediates.noindex/swift-colorful.build/Debug-watchos/DemoColorSort-macOS-p.build/Objects-normal/arm64_32/DemoColorSort-macOS_const_extract_protocols.json
WriteAuxiliaryFile /Users/admin/builder/spi-builder-workspace/.derivedData/Build/Intermediates.noindex/swift-colorful.build/Debug-watchos/DemoColorSort-macOS-p.build/Objects-normal/arm64_32/DemoColorSort-macOS.SwiftFileList (in target 'DemoColorSort-macOS-product' from project 'swift-colorful')
    cd /Users/admin/builder/spi-builder-workspace
    write-file /Users/admin/builder/spi-builder-workspace/.derivedData/Build/Intermediates.noindex/swift-colorful.build/Debug-watchos/DemoColorSort-macOS-p.build/Objects-normal/arm64_32/DemoColorSort-macOS.SwiftFileList
WriteAuxiliaryFile /Users/admin/builder/spi-builder-workspace/.derivedData/Build/Intermediates.noindex/swift-colorful.build/Debug-watchos/DemoColorSort-macOS-p.build/Objects-normal/arm64_32/DemoColorSort-macOS.LinkFileList (in target 'DemoColorSort-macOS-product' from project 'swift-colorful')
    cd /Users/admin/builder/spi-builder-workspace
    write-file /Users/admin/builder/spi-builder-workspace/.derivedData/Build/Intermediates.noindex/swift-colorful.build/Debug-watchos/DemoColorSort-macOS-p.build/Objects-normal/arm64_32/DemoColorSort-macOS.LinkFileList
WriteAuxiliaryFile /Users/admin/builder/spi-builder-workspace/.derivedData/Build/Intermediates.noindex/swift-colorful.build/Debug-watchos/DemoColorSort-macOS-p.build/Objects-normal/arm64_32/DemoColorSort-macOS-OutputFileMap.json (in target 'DemoColorSort-macOS-product' from project 'swift-colorful')
    cd /Users/admin/builder/spi-builder-workspace
    write-file /Users/admin/builder/spi-builder-workspace/.derivedData/Build/Intermediates.noindex/swift-colorful.build/Debug-watchos/DemoColorSort-macOS-p.build/Objects-normal/arm64_32/DemoColorSort-macOS-OutputFileMap.json
WriteAuxiliaryFile /Users/admin/builder/spi-builder-workspace/.derivedData/Build/Intermediates.noindex/swift-colorful.build/Debug-watchos/DemoColorSort-macOS-p.build/Objects-normal/arm64/DemoColorSort-macOS.SwiftFileList (in target 'DemoColorSort-macOS-product' from project 'swift-colorful')
    cd /Users/admin/builder/spi-builder-workspace
    write-file /Users/admin/builder/spi-builder-workspace/.derivedData/Build/Intermediates.noindex/swift-colorful.build/Debug-watchos/DemoColorSort-macOS-p.build/Objects-normal/arm64/DemoColorSort-macOS.SwiftFileList
WriteAuxiliaryFile /Users/admin/builder/spi-builder-workspace/.derivedData/Build/Intermediates.noindex/swift-colorful.build/Debug-watchos/DemoColorSort-macOS-p.build/Objects-normal/arm64/DemoColorSort-macOS.LinkFileList (in target 'DemoColorSort-macOS-product' from project 'swift-colorful')
    cd /Users/admin/builder/spi-builder-workspace
    write-file /Users/admin/builder/spi-builder-workspace/.derivedData/Build/Intermediates.noindex/swift-colorful.build/Debug-watchos/DemoColorSort-macOS-p.build/Objects-normal/arm64/DemoColorSort-macOS.LinkFileList
WriteAuxiliaryFile /Users/admin/builder/spi-builder-workspace/.derivedData/Build/Intermediates.noindex/swift-colorful.build/Debug-watchos/DemoColorSort-macOS-p.build/Objects-normal/arm64/DemoColorSort-macOS_const_extract_protocols.json (in target 'DemoColorSort-macOS-product' from project 'swift-colorful')
    cd /Users/admin/builder/spi-builder-workspace
    write-file /Users/admin/builder/spi-builder-workspace/.derivedData/Build/Intermediates.noindex/swift-colorful.build/Debug-watchos/DemoColorSort-macOS-p.build/Objects-normal/arm64/DemoColorSort-macOS_const_extract_protocols.json
WriteAuxiliaryFile /Users/admin/builder/spi-builder-workspace/.derivedData/Build/Intermediates.noindex/swift-colorful.build/Debug-watchos/DemoColorSort-macOS-p.build/Objects-normal/arm64/DemoColorSort-macOS-OutputFileMap.json (in target 'DemoColorSort-macOS-product' from project 'swift-colorful')
    cd /Users/admin/builder/spi-builder-workspace
    write-file /Users/admin/builder/spi-builder-workspace/.derivedData/Build/Intermediates.noindex/swift-colorful.build/Debug-watchos/DemoColorSort-macOS-p.build/Objects-normal/arm64/DemoColorSort-macOS-OutputFileMap.json
WriteAuxiliaryFile /Users/admin/builder/spi-builder-workspace/.derivedData/Build/Intermediates.noindex/swift-colorful.build/Debug-watchos/DemoColorSort-macOS-p.build/DemoColorSort-macOS.DependencyStaticMetadataFileList (in target 'DemoColorSort-macOS-product' from project 'swift-colorful')
    cd /Users/admin/builder/spi-builder-workspace
    write-file /Users/admin/builder/spi-builder-workspace/.derivedData/Build/Intermediates.noindex/swift-colorful.build/Debug-watchos/DemoColorSort-macOS-p.build/DemoColorSort-macOS.DependencyStaticMetadataFileList
WriteAuxiliaryFile /Users/admin/builder/spi-builder-workspace/.derivedData/Build/Intermediates.noindex/swift-colorful.build/Debug-watchos/DemoColorSort-macOS-p.build/DemoColorSort-macOS.DependencyMetadataFileList (in target 'DemoColorSort-macOS-product' from project 'swift-colorful')
    cd /Users/admin/builder/spi-builder-workspace
    write-file /Users/admin/builder/spi-builder-workspace/.derivedData/Build/Intermediates.noindex/swift-colorful.build/Debug-watchos/DemoColorSort-macOS-p.build/DemoColorSort-macOS.DependencyMetadataFileList
WriteAuxiliaryFile /Users/admin/builder/spi-builder-workspace/.derivedData/Build/Intermediates.noindex/swift-colorful.build/Debug-watchos/DemoColorGens-macOS-p.build/Objects-normal/arm64_32/DemoColorGens-macOS_const_extract_protocols.json (in target 'DemoColorGens-macOS-product' from project 'swift-colorful')
    cd /Users/admin/builder/spi-builder-workspace
    write-file /Users/admin/builder/spi-builder-workspace/.derivedData/Build/Intermediates.noindex/swift-colorful.build/Debug-watchos/DemoColorGens-macOS-p.build/Objects-normal/arm64_32/DemoColorGens-macOS_const_extract_protocols.json
WriteAuxiliaryFile /Users/admin/builder/spi-builder-workspace/.derivedData/Build/Intermediates.noindex/swift-colorful.build/Debug-watchos/DemoColorGens-macOS-p.build/Objects-normal/arm64_32/DemoColorGens-macOS.SwiftFileList (in target 'DemoColorGens-macOS-product' from project 'swift-colorful')
    cd /Users/admin/builder/spi-builder-workspace
    write-file /Users/admin/builder/spi-builder-workspace/.derivedData/Build/Intermediates.noindex/swift-colorful.build/Debug-watchos/DemoColorGens-macOS-p.build/Objects-normal/arm64_32/DemoColorGens-macOS.SwiftFileList
WriteAuxiliaryFile /Users/admin/builder/spi-builder-workspace/.derivedData/Build/Intermediates.noindex/swift-colorful.build/Debug-watchos/DemoColorGens-macOS-p.build/Objects-normal/arm64_32/DemoColorGens-macOS.LinkFileList (in target 'DemoColorGens-macOS-product' from project 'swift-colorful')
    cd /Users/admin/builder/spi-builder-workspace
    write-file /Users/admin/builder/spi-builder-workspace/.derivedData/Build/Intermediates.noindex/swift-colorful.build/Debug-watchos/DemoColorGens-macOS-p.build/Objects-normal/arm64_32/DemoColorGens-macOS.LinkFileList
WriteAuxiliaryFile /Users/admin/builder/spi-builder-workspace/.derivedData/Build/Intermediates.noindex/swift-colorful.build/Debug-watchos/DemoColorGens-macOS-p.build/Objects-normal/arm64_32/DemoColorGens-macOS-OutputFileMap.json (in target 'DemoColorGens-macOS-product' from project 'swift-colorful')
    cd /Users/admin/builder/spi-builder-workspace
    write-file /Users/admin/builder/spi-builder-workspace/.derivedData/Build/Intermediates.noindex/swift-colorful.build/Debug-watchos/DemoColorGens-macOS-p.build/Objects-normal/arm64_32/DemoColorGens-macOS-OutputFileMap.json
WriteAuxiliaryFile /Users/admin/builder/spi-builder-workspace/.derivedData/Build/Intermediates.noindex/swift-colorful.build/Debug-watchos/DemoColorGens-macOS-p.build/Objects-normal/arm64/DemoColorGens-macOS_const_extract_protocols.json (in target 'DemoColorGens-macOS-product' from project 'swift-colorful')
    cd /Users/admin/builder/spi-builder-workspace
    write-file /Users/admin/builder/spi-builder-workspace/.derivedData/Build/Intermediates.noindex/swift-colorful.build/Debug-watchos/DemoColorGens-macOS-p.build/Objects-normal/arm64/DemoColorGens-macOS_const_extract_protocols.json
WriteAuxiliaryFile /Users/admin/builder/spi-builder-workspace/.derivedData/Build/Intermediates.noindex/swift-colorful.build/Debug-watchos/DemoColorGens-macOS-p.build/Objects-normal/arm64/DemoColorGens-macOS.SwiftFileList (in target 'DemoColorGens-macOS-product' from project 'swift-colorful')
    cd /Users/admin/builder/spi-builder-workspace
    write-file /Users/admin/builder/spi-builder-workspace/.derivedData/Build/Intermediates.noindex/swift-colorful.build/Debug-watchos/DemoColorGens-macOS-p.build/Objects-normal/arm64/DemoColorGens-macOS.SwiftFileList
WriteAuxiliaryFile /Users/admin/builder/spi-builder-workspace/.derivedData/Build/Intermediates.noindex/swift-colorful.build/Debug-watchos/DemoColorGens-macOS-p.build/Objects-normal/arm64/DemoColorGens-macOS-OutputFileMap.json (in target 'DemoColorGens-macOS-product' from project 'swift-colorful')
    cd /Users/admin/builder/spi-builder-workspace
    write-file /Users/admin/builder/spi-builder-workspace/.derivedData/Build/Intermediates.noindex/swift-colorful.build/Debug-watchos/DemoColorGens-macOS-p.build/Objects-normal/arm64/DemoColorGens-macOS-OutputFileMap.json
WriteAuxiliaryFile /Users/admin/builder/spi-builder-workspace/.derivedData/Build/Intermediates.noindex/swift-colorful.build/Debug-watchos/DemoColorGens-macOS-p.build/Objects-normal/arm64/DemoColorGens-macOS.LinkFileList (in target 'DemoColorGens-macOS-product' from project 'swift-colorful')
    cd /Users/admin/builder/spi-builder-workspace
    write-file /Users/admin/builder/spi-builder-workspace/.derivedData/Build/Intermediates.noindex/swift-colorful.build/Debug-watchos/DemoColorGens-macOS-p.build/Objects-normal/arm64/DemoColorGens-macOS.LinkFileList
WriteAuxiliaryFile /Users/admin/builder/spi-builder-workspace/.derivedData/Build/Intermediates.noindex/swift-colorful.build/Debug-watchos/DemoColorGens-macOS-p.build/DemoColorGens-macOS.DependencyStaticMetadataFileList (in target 'DemoColorGens-macOS-product' from project 'swift-colorful')
    cd /Users/admin/builder/spi-builder-workspace
    write-file /Users/admin/builder/spi-builder-workspace/.derivedData/Build/Intermediates.noindex/swift-colorful.build/Debug-watchos/DemoColorGens-macOS-p.build/DemoColorGens-macOS.DependencyStaticMetadataFileList
WriteAuxiliaryFile /Users/admin/builder/spi-builder-workspace/.derivedData/Build/Intermediates.noindex/swift-colorful.build/Debug-watchos/DemoColorGens-macOS-p.build/DemoColorGens-macOS.DependencyMetadataFileList (in target 'DemoColorGens-macOS-product' from project 'swift-colorful')
    cd /Users/admin/builder/spi-builder-workspace
    write-file /Users/admin/builder/spi-builder-workspace/.derivedData/Build/Intermediates.noindex/swift-colorful.build/Debug-watchos/DemoColorGens-macOS-p.build/DemoColorGens-macOS.DependencyMetadataFileList
WriteAuxiliaryFile /Users/admin/builder/spi-builder-workspace/.derivedData/Build/Intermediates.noindex/swift-colorful.build/Debug-watchos/DemoColorDist-macOS-p.build/Objects-normal/arm64_32/DemoColorDist-macOS.SwiftFileList (in target 'DemoColorDist-macOS-product' from project 'swift-colorful')
    cd /Users/admin/builder/spi-builder-workspace
    write-file /Users/admin/builder/spi-builder-workspace/.derivedData/Build/Intermediates.noindex/swift-colorful.build/Debug-watchos/DemoColorDist-macOS-p.build/Objects-normal/arm64_32/DemoColorDist-macOS.SwiftFileList
WriteAuxiliaryFile /Users/admin/builder/spi-builder-workspace/.derivedData/Build/Intermediates.noindex/swift-colorful.build/Debug-watchos/DemoColorDist-macOS-p.build/Objects-normal/arm64_32/DemoColorDist-macOS.LinkFileList (in target 'DemoColorDist-macOS-product' from project 'swift-colorful')
    cd /Users/admin/builder/spi-builder-workspace
    write-file /Users/admin/builder/spi-builder-workspace/.derivedData/Build/Intermediates.noindex/swift-colorful.build/Debug-watchos/DemoColorDist-macOS-p.build/Objects-normal/arm64_32/DemoColorDist-macOS.LinkFileList
WriteAuxiliaryFile /Users/admin/builder/spi-builder-workspace/.derivedData/Build/Intermediates.noindex/swift-colorful.build/Debug-watchos/DemoColorDist-macOS-p.build/Objects-normal/arm64_32/DemoColorDist-macOS_const_extract_protocols.json (in target 'DemoColorDist-macOS-product' from project 'swift-colorful')
    cd /Users/admin/builder/spi-builder-workspace
    write-file /Users/admin/builder/spi-builder-workspace/.derivedData/Build/Intermediates.noindex/swift-colorful.build/Debug-watchos/DemoColorDist-macOS-p.build/Objects-normal/arm64_32/DemoColorDist-macOS_const_extract_protocols.json
WriteAuxiliaryFile /Users/admin/builder/spi-builder-workspace/.derivedData/Build/Intermediates.noindex/swift-colorful.build/Debug-watchos/DemoColorDist-macOS-p.build/Objects-normal/arm64_32/DemoColorDist-macOS-OutputFileMap.json (in target 'DemoColorDist-macOS-product' from project 'swift-colorful')
    cd /Users/admin/builder/spi-builder-workspace
    write-file /Users/admin/builder/spi-builder-workspace/.derivedData/Build/Intermediates.noindex/swift-colorful.build/Debug-watchos/DemoColorDist-macOS-p.build/Objects-normal/arm64_32/DemoColorDist-macOS-OutputFileMap.json
WriteAuxiliaryFile /Users/admin/builder/spi-builder-workspace/.derivedData/Build/Intermediates.noindex/swift-colorful.build/Debug-watchos/DemoColorDist-macOS-p.build/Objects-normal/arm64/DemoColorDist-macOS_const_extract_protocols.json (in target 'DemoColorDist-macOS-product' from project 'swift-colorful')
    cd /Users/admin/builder/spi-builder-workspace
    write-file /Users/admin/builder/spi-builder-workspace/.derivedData/Build/Intermediates.noindex/swift-colorful.build/Debug-watchos/DemoColorDist-macOS-p.build/Objects-normal/arm64/DemoColorDist-macOS_const_extract_protocols.json
WriteAuxiliaryFile /Users/admin/builder/spi-builder-workspace/.derivedData/Build/Intermediates.noindex/swift-colorful.build/Debug-watchos/DemoColorDist-macOS-p.build/Objects-normal/arm64/DemoColorDist-macOS.SwiftFileList (in target 'DemoColorDist-macOS-product' from project 'swift-colorful')
    cd /Users/admin/builder/spi-builder-workspace
    write-file /Users/admin/builder/spi-builder-workspace/.derivedData/Build/Intermediates.noindex/swift-colorful.build/Debug-watchos/DemoColorDist-macOS-p.build/Objects-normal/arm64/DemoColorDist-macOS.SwiftFileList
WriteAuxiliaryFile /Users/admin/builder/spi-builder-workspace/.derivedData/Build/Intermediates.noindex/swift-colorful.build/Debug-watchos/DemoColorDist-macOS-p.build/Objects-normal/arm64/DemoColorDist-macOS.LinkFileList (in target 'DemoColorDist-macOS-product' from project 'swift-colorful')
    cd /Users/admin/builder/spi-builder-workspace
    write-file /Users/admin/builder/spi-builder-workspace/.derivedData/Build/Intermediates.noindex/swift-colorful.build/Debug-watchos/DemoColorDist-macOS-p.build/Objects-normal/arm64/DemoColorDist-macOS.LinkFileList
WriteAuxiliaryFile /Users/admin/builder/spi-builder-workspace/.derivedData/Build/Intermediates.noindex/swift-colorful.build/Debug-watchos/DemoColorDist-macOS-p.build/Objects-normal/arm64/DemoColorDist-macOS-OutputFileMap.json (in target 'DemoColorDist-macOS-product' from project 'swift-colorful')
    cd /Users/admin/builder/spi-builder-workspace
    write-file /Users/admin/builder/spi-builder-workspace/.derivedData/Build/Intermediates.noindex/swift-colorful.build/Debug-watchos/DemoColorDist-macOS-p.build/Objects-normal/arm64/DemoColorDist-macOS-OutputFileMap.json
WriteAuxiliaryFile /Users/admin/builder/spi-builder-workspace/.derivedData/Build/Intermediates.noindex/swift-colorful.build/Debug-watchos/DemoColorDist-macOS-p.build/DemoColorDist-macOS.DependencyStaticMetadataFileList (in target 'DemoColorDist-macOS-product' from project 'swift-colorful')
    cd /Users/admin/builder/spi-builder-workspace
    write-file /Users/admin/builder/spi-builder-workspace/.derivedData/Build/Intermediates.noindex/swift-colorful.build/Debug-watchos/DemoColorDist-macOS-p.build/DemoColorDist-macOS.DependencyStaticMetadataFileList
WriteAuxiliaryFile /Users/admin/builder/spi-builder-workspace/.derivedData/Build/Intermediates.noindex/swift-colorful.build/Debug-watchos/DemoColorDist-macOS-p.build/DemoColorDist-macOS.DependencyMetadataFileList (in target 'DemoColorDist-macOS-product' from project 'swift-colorful')
    cd /Users/admin/builder/spi-builder-workspace
    write-file /Users/admin/builder/spi-builder-workspace/.derivedData/Build/Intermediates.noindex/swift-colorful.build/Debug-watchos/DemoColorDist-macOS-p.build/DemoColorDist-macOS.DependencyMetadataFileList
WriteAuxiliaryFile /Users/admin/builder/spi-builder-workspace/.derivedData/Build/Intermediates.noindex/swift-colorful.build/Debug-watchos/DemoColorBlend-macOS-p.build/Objects-normal/arm64_32/DemoColorBlend-macOS.SwiftFileList (in target 'DemoColorBlend-macOS-product' from project 'swift-colorful')
    cd /Users/admin/builder/spi-builder-workspace
    write-file /Users/admin/builder/spi-builder-workspace/.derivedData/Build/Intermediates.noindex/swift-colorful.build/Debug-watchos/DemoColorBlend-macOS-p.build/Objects-normal/arm64_32/DemoColorBlend-macOS.SwiftFileList
WriteAuxiliaryFile /Users/admin/builder/spi-builder-workspace/.derivedData/Build/Intermediates.noindex/swift-colorful.build/Debug-watchos/DemoColorBlend-macOS-p.build/Objects-normal/arm64_32/DemoColorBlend-macOS_const_extract_protocols.json (in target 'DemoColorBlend-macOS-product' from project 'swift-colorful')
    cd /Users/admin/builder/spi-builder-workspace
    write-file /Users/admin/builder/spi-builder-workspace/.derivedData/Build/Intermediates.noindex/swift-colorful.build/Debug-watchos/DemoColorBlend-macOS-p.build/Objects-normal/arm64_32/DemoColorBlend-macOS_const_extract_protocols.json
WriteAuxiliaryFile /Users/admin/builder/spi-builder-workspace/.derivedData/Build/Intermediates.noindex/swift-colorful.build/Debug-watchos/DemoColorBlend-macOS-p.build/Objects-normal/arm64_32/DemoColorBlend-macOS-OutputFileMap.json (in target 'DemoColorBlend-macOS-product' from project 'swift-colorful')
    cd /Users/admin/builder/spi-builder-workspace
    write-file /Users/admin/builder/spi-builder-workspace/.derivedData/Build/Intermediates.noindex/swift-colorful.build/Debug-watchos/DemoColorBlend-macOS-p.build/Objects-normal/arm64_32/DemoColorBlend-macOS-OutputFileMap.json
WriteAuxiliaryFile /Users/admin/builder/spi-builder-workspace/.derivedData/Build/Intermediates.noindex/swift-colorful.build/Debug-watchos/DemoColorBlend-macOS-p.build/Objects-normal/arm64/DemoColorBlend-macOS.SwiftFileList (in target 'DemoColorBlend-macOS-product' from project 'swift-colorful')
    cd /Users/admin/builder/spi-builder-workspace
    write-file /Users/admin/builder/spi-builder-workspace/.derivedData/Build/Intermediates.noindex/swift-colorful.build/Debug-watchos/DemoColorBlend-macOS-p.build/Objects-normal/arm64/DemoColorBlend-macOS.SwiftFileList
WriteAuxiliaryFile /Users/admin/builder/spi-builder-workspace/.derivedData/Build/Intermediates.noindex/swift-colorful.build/Debug-watchos/DemoColorBlend-macOS-p.build/Objects-normal/arm64/DemoColorBlend-macOS_const_extract_protocols.json (in target 'DemoColorBlend-macOS-product' from project 'swift-colorful')
    cd /Users/admin/builder/spi-builder-workspace
    write-file /Users/admin/builder/spi-builder-workspace/.derivedData/Build/Intermediates.noindex/swift-colorful.build/Debug-watchos/DemoColorBlend-macOS-p.build/Objects-normal/arm64/DemoColorBlend-macOS_const_extract_protocols.json
WriteAuxiliaryFile /Users/admin/builder/spi-builder-workspace/.derivedData/Build/Intermediates.noindex/swift-colorful.build/Debug-watchos/DemoColorBlend-macOS-p.build/Objects-normal/arm64_32/DemoColorBlend-macOS.LinkFileList (in target 'DemoColorBlend-macOS-product' from project 'swift-colorful')
    cd /Users/admin/builder/spi-builder-workspace
    write-file /Users/admin/builder/spi-builder-workspace/.derivedData/Build/Intermediates.noindex/swift-colorful.build/Debug-watchos/DemoColorBlend-macOS-p.build/Objects-normal/arm64_32/DemoColorBlend-macOS.LinkFileList
WriteAuxiliaryFile /Users/admin/builder/spi-builder-workspace/.derivedData/Build/Intermediates.noindex/swift-colorful.build/Debug-watchos/DemoColorBlend-macOS-p.build/Objects-normal/arm64/DemoColorBlend-macOS.LinkFileList (in target 'DemoColorBlend-macOS-product' from project 'swift-colorful')
    cd /Users/admin/builder/spi-builder-workspace
    write-file /Users/admin/builder/spi-builder-workspace/.derivedData/Build/Intermediates.noindex/swift-colorful.build/Debug-watchos/DemoColorBlend-macOS-p.build/Objects-normal/arm64/DemoColorBlend-macOS.LinkFileList
WriteAuxiliaryFile /Users/admin/builder/spi-builder-workspace/.derivedData/Build/Intermediates.noindex/swift-colorful.build/Debug-watchos/DemoColorBlend-macOS-p.build/Objects-normal/arm64/DemoColorBlend-macOS-OutputFileMap.json (in target 'DemoColorBlend-macOS-product' from project 'swift-colorful')
    cd /Users/admin/builder/spi-builder-workspace
    write-file /Users/admin/builder/spi-builder-workspace/.derivedData/Build/Intermediates.noindex/swift-colorful.build/Debug-watchos/DemoColorBlend-macOS-p.build/Objects-normal/arm64/DemoColorBlend-macOS-OutputFileMap.json
WriteAuxiliaryFile /Users/admin/builder/spi-builder-workspace/.derivedData/Build/Intermediates.noindex/swift-colorful.build/Debug-watchos/DemoColorBlend-macOS-p.build/DemoColorBlend-macOS.DependencyStaticMetadataFileList (in target 'DemoColorBlend-macOS-product' from project 'swift-colorful')
    cd /Users/admin/builder/spi-builder-workspace
    write-file /Users/admin/builder/spi-builder-workspace/.derivedData/Build/Intermediates.noindex/swift-colorful.build/Debug-watchos/DemoColorBlend-macOS-p.build/DemoColorBlend-macOS.DependencyStaticMetadataFileList
WriteAuxiliaryFile /Users/admin/builder/spi-builder-workspace/.derivedData/Build/Intermediates.noindex/swift-colorful.build/Debug-watchos/DemoColorBlend-macOS-p.build/DemoColorBlend-macOS.DependencyMetadataFileList (in target 'DemoColorBlend-macOS-product' from project 'swift-colorful')
    cd /Users/admin/builder/spi-builder-workspace
    write-file /Users/admin/builder/spi-builder-workspace/.derivedData/Build/Intermediates.noindex/swift-colorful.build/Debug-watchos/DemoColorBlend-macOS-p.build/DemoColorBlend-macOS.DependencyMetadataFileList
WriteAuxiliaryFile /Users/admin/builder/spi-builder-workspace/.derivedData/Build/Intermediates.noindex/swift-colorful.build/Debug-watchos/Colorful-t.build/Objects-normal/arm64_32/Colorful.SwiftFileList (in target 'Colorful' from project 'swift-colorful')
    cd /Users/admin/builder/spi-builder-workspace
    write-file /Users/admin/builder/spi-builder-workspace/.derivedData/Build/Intermediates.noindex/swift-colorful.build/Debug-watchos/Colorful-t.build/Objects-normal/arm64_32/Colorful.SwiftFileList
WriteAuxiliaryFile /Users/admin/builder/spi-builder-workspace/.derivedData/Build/Intermediates.noindex/swift-colorful.build/Debug-watchos/Colorful-t.build/Objects-normal/arm64_32/Colorful.SwiftConstValuesFileList (in target 'Colorful' from project 'swift-colorful')
    cd /Users/admin/builder/spi-builder-workspace
    write-file /Users/admin/builder/spi-builder-workspace/.derivedData/Build/Intermediates.noindex/swift-colorful.build/Debug-watchos/Colorful-t.build/Objects-normal/arm64_32/Colorful.SwiftConstValuesFileList
WriteAuxiliaryFile /Users/admin/builder/spi-builder-workspace/.derivedData/Build/Intermediates.noindex/swift-colorful.build/Debug-watchos/Colorful-t.build/Objects-normal/arm64_32/Colorful_const_extract_protocols.json (in target 'Colorful' from project 'swift-colorful')
    cd /Users/admin/builder/spi-builder-workspace
    write-file /Users/admin/builder/spi-builder-workspace/.derivedData/Build/Intermediates.noindex/swift-colorful.build/Debug-watchos/Colorful-t.build/Objects-normal/arm64_32/Colorful_const_extract_protocols.json
WriteAuxiliaryFile /Users/admin/builder/spi-builder-workspace/.derivedData/Build/Intermediates.noindex/swift-colorful.build/Debug-watchos/Colorful-t.build/Objects-normal/arm64_32/Colorful.LinkFileList (in target 'Colorful' from project 'swift-colorful')
    cd /Users/admin/builder/spi-builder-workspace
    write-file /Users/admin/builder/spi-builder-workspace/.derivedData/Build/Intermediates.noindex/swift-colorful.build/Debug-watchos/Colorful-t.build/Objects-normal/arm64_32/Colorful.LinkFileList
WriteAuxiliaryFile /Users/admin/builder/spi-builder-workspace/.derivedData/Build/Intermediates.noindex/swift-colorful.build/Debug-watchos/Colorful-t.build/Objects-normal/arm64_32/Colorful-OutputFileMap.json (in target 'Colorful' from project 'swift-colorful')
    cd /Users/admin/builder/spi-builder-workspace
    write-file /Users/admin/builder/spi-builder-workspace/.derivedData/Build/Intermediates.noindex/swift-colorful.build/Debug-watchos/Colorful-t.build/Objects-normal/arm64_32/Colorful-OutputFileMap.json
WriteAuxiliaryFile /Users/admin/builder/spi-builder-workspace/.derivedData/Build/Intermediates.noindex/swift-colorful.build/Debug-watchos/Colorful-t.build/Objects-normal/arm64/Colorful_const_extract_protocols.json (in target 'Colorful' from project 'swift-colorful')
    cd /Users/admin/builder/spi-builder-workspace
    write-file /Users/admin/builder/spi-builder-workspace/.derivedData/Build/Intermediates.noindex/swift-colorful.build/Debug-watchos/Colorful-t.build/Objects-normal/arm64/Colorful_const_extract_protocols.json
WriteAuxiliaryFile /Users/admin/builder/spi-builder-workspace/.derivedData/Build/Intermediates.noindex/swift-colorful.build/Debug-watchos/Colorful-t.build/Objects-normal/arm64/Colorful.SwiftFileList (in target 'Colorful' from project 'swift-colorful')
    cd /Users/admin/builder/spi-builder-workspace
    write-file /Users/admin/builder/spi-builder-workspace/.derivedData/Build/Intermediates.noindex/swift-colorful.build/Debug-watchos/Colorful-t.build/Objects-normal/arm64/Colorful.SwiftFileList
WriteAuxiliaryFile /Users/admin/builder/spi-builder-workspace/.derivedData/Build/Intermediates.noindex/swift-colorful.build/Debug-watchos/Colorful-t.build/Objects-normal/arm64/Colorful.SwiftConstValuesFileList (in target 'Colorful' from project 'swift-colorful')
    cd /Users/admin/builder/spi-builder-workspace
    write-file /Users/admin/builder/spi-builder-workspace/.derivedData/Build/Intermediates.noindex/swift-colorful.build/Debug-watchos/Colorful-t.build/Objects-normal/arm64/Colorful.SwiftConstValuesFileList
WriteAuxiliaryFile /Users/admin/builder/spi-builder-workspace/.derivedData/Build/Intermediates.noindex/swift-colorful.build/Debug-watchos/Colorful-t.build/Objects-normal/arm64/Colorful.LinkFileList (in target 'Colorful' from project 'swift-colorful')
    cd /Users/admin/builder/spi-builder-workspace
    write-file /Users/admin/builder/spi-builder-workspace/.derivedData/Build/Intermediates.noindex/swift-colorful.build/Debug-watchos/Colorful-t.build/Objects-normal/arm64/Colorful.LinkFileList
WriteAuxiliaryFile /Users/admin/builder/spi-builder-workspace/.derivedData/Build/Intermediates.noindex/swift-colorful.build/Debug-watchos/Colorful-t.build/Objects-normal/arm64/Colorful-OutputFileMap.json (in target 'Colorful' from project 'swift-colorful')
    cd /Users/admin/builder/spi-builder-workspace
    write-file /Users/admin/builder/spi-builder-workspace/.derivedData/Build/Intermediates.noindex/swift-colorful.build/Debug-watchos/Colorful-t.build/Objects-normal/arm64/Colorful-OutputFileMap.json
WriteAuxiliaryFile /Users/admin/builder/spi-builder-workspace/.derivedData/Build/Intermediates.noindex/swift-colorful.build/Debug-watchos/Colorful-t.build/Colorful.DependencyStaticMetadataFileList (in target 'Colorful' from project 'swift-colorful')
    cd /Users/admin/builder/spi-builder-workspace
    write-file /Users/admin/builder/spi-builder-workspace/.derivedData/Build/Intermediates.noindex/swift-colorful.build/Debug-watchos/Colorful-t.build/Colorful.DependencyStaticMetadataFileList
WriteAuxiliaryFile /Users/admin/builder/spi-builder-workspace/.derivedData/Build/Intermediates.noindex/swift-colorful.build/Debug-watchos/Colorful-t.build/Colorful.modulemap (in target 'Colorful' from project 'swift-colorful')
    cd /Users/admin/builder/spi-builder-workspace
    write-file /Users/admin/builder/spi-builder-workspace/.derivedData/Build/Intermediates.noindex/swift-colorful.build/Debug-watchos/Colorful-t.build/Colorful.modulemap
WriteAuxiliaryFile /Users/admin/builder/spi-builder-workspace/.derivedData/Build/Intermediates.noindex/swift-colorful.build/Debug-watchos/Colorful-t.build/Colorful.DependencyMetadataFileList (in target 'Colorful' from project 'swift-colorful')
    cd /Users/admin/builder/spi-builder-workspace
    write-file /Users/admin/builder/spi-builder-workspace/.derivedData/Build/Intermediates.noindex/swift-colorful.build/Debug-watchos/Colorful-t.build/Colorful.DependencyMetadataFileList
CreateBuildDirectory /Users/admin/builder/spi-builder-workspace/.derivedData/Build/Products/Debug-watchos/PackageFrameworks
    cd /Users/admin/builder/spi-builder-workspace/.swiftpm/xcode
    builtin-create-build-directory /Users/admin/builder/spi-builder-workspace/.derivedData/Build/Products/Debug-watchos/PackageFrameworks
WriteAuxiliaryFile /Users/admin/builder/spi-builder-workspace/.derivedData/Build/Intermediates.noindex/swift-colorful.build/Debug-watchos/Benchmark-macOS-p.build/Objects-normal/arm64_32/Benchmark-macOS.LinkFileList (in target 'Benchmark-macOS-product' from project 'swift-colorful')
    cd /Users/admin/builder/spi-builder-workspace
    write-file /Users/admin/builder/spi-builder-workspace/.derivedData/Build/Intermediates.noindex/swift-colorful.build/Debug-watchos/Benchmark-macOS-p.build/Objects-normal/arm64_32/Benchmark-macOS.LinkFileList
WriteAuxiliaryFile /Users/admin/builder/spi-builder-workspace/.derivedData/Build/Intermediates.noindex/swift-colorful.build/Debug-watchos/Benchmark-macOS-p.build/Objects-normal/arm64_32/Benchmark-macOS.SwiftFileList (in target 'Benchmark-macOS-product' from project 'swift-colorful')
    cd /Users/admin/builder/spi-builder-workspace
    write-file /Users/admin/builder/spi-builder-workspace/.derivedData/Build/Intermediates.noindex/swift-colorful.build/Debug-watchos/Benchmark-macOS-p.build/Objects-normal/arm64_32/Benchmark-macOS.SwiftFileList
WriteAuxiliaryFile /Users/admin/builder/spi-builder-workspace/.derivedData/Build/Intermediates.noindex/swift-colorful.build/Debug-watchos/Benchmark-macOS-p.build/Objects-normal/arm64/Benchmark-macOS.LinkFileList (in target 'Benchmark-macOS-product' from project 'swift-colorful')
    cd /Users/admin/builder/spi-builder-workspace
    write-file /Users/admin/builder/spi-builder-workspace/.derivedData/Build/Intermediates.noindex/swift-colorful.build/Debug-watchos/Benchmark-macOS-p.build/Objects-normal/arm64/Benchmark-macOS.LinkFileList
WriteAuxiliaryFile /Users/admin/builder/spi-builder-workspace/.derivedData/Build/Intermediates.noindex/swift-colorful.build/Debug-watchos/Benchmark-macOS-p.build/Objects-normal/arm64_32/Benchmark-macOS_const_extract_protocols.json (in target 'Benchmark-macOS-product' from project 'swift-colorful')
    cd /Users/admin/builder/spi-builder-workspace
    write-file /Users/admin/builder/spi-builder-workspace/.derivedData/Build/Intermediates.noindex/swift-colorful.build/Debug-watchos/Benchmark-macOS-p.build/Objects-normal/arm64_32/Benchmark-macOS_const_extract_protocols.json
WriteAuxiliaryFile /Users/admin/builder/spi-builder-workspace/.derivedData/Build/Intermediates.noindex/swift-colorful.build/Debug-watchos/Benchmark-macOS-p.build/Objects-normal/arm64_32/Benchmark-macOS-OutputFileMap.json (in target 'Benchmark-macOS-product' from project 'swift-colorful')
    cd /Users/admin/builder/spi-builder-workspace
    write-file /Users/admin/builder/spi-builder-workspace/.derivedData/Build/Intermediates.noindex/swift-colorful.build/Debug-watchos/Benchmark-macOS-p.build/Objects-normal/arm64_32/Benchmark-macOS-OutputFileMap.json
WriteAuxiliaryFile /Users/admin/builder/spi-builder-workspace/.derivedData/Build/Intermediates.noindex/swift-colorful.build/Debug-watchos/Benchmark-macOS-p.build/Objects-normal/arm64/Benchmark-macOS-OutputFileMap.json (in target 'Benchmark-macOS-product' from project 'swift-colorful')
    cd /Users/admin/builder/spi-builder-workspace
    write-file /Users/admin/builder/spi-builder-workspace/.derivedData/Build/Intermediates.noindex/swift-colorful.build/Debug-watchos/Benchmark-macOS-p.build/Objects-normal/arm64/Benchmark-macOS-OutputFileMap.json
WriteAuxiliaryFile /Users/admin/builder/spi-builder-workspace/.derivedData/Build/Intermediates.noindex/swift-colorful.build/Debug-watchos/Benchmark-macOS-p.build/Objects-normal/arm64/Benchmark-macOS_const_extract_protocols.json (in target 'Benchmark-macOS-product' from project 'swift-colorful')
    cd /Users/admin/builder/spi-builder-workspace
    write-file /Users/admin/builder/spi-builder-workspace/.derivedData/Build/Intermediates.noindex/swift-colorful.build/Debug-watchos/Benchmark-macOS-p.build/Objects-normal/arm64/Benchmark-macOS_const_extract_protocols.json
WriteAuxiliaryFile /Users/admin/builder/spi-builder-workspace/.derivedData/Build/Intermediates.noindex/swift-colorful.build/Debug-watchos/Benchmark-macOS-p.build/Objects-normal/arm64/Benchmark-macOS.SwiftFileList (in target 'Benchmark-macOS-product' from project 'swift-colorful')
    cd /Users/admin/builder/spi-builder-workspace
    write-file /Users/admin/builder/spi-builder-workspace/.derivedData/Build/Intermediates.noindex/swift-colorful.build/Debug-watchos/Benchmark-macOS-p.build/Objects-normal/arm64/Benchmark-macOS.SwiftFileList
Copy /Users/admin/builder/spi-builder-workspace/.derivedData/Build/Intermediates.noindex/GeneratedModuleMaps-watchos/Colorful.modulemap /Users/admin/builder/spi-builder-workspace/.derivedData/Build/Intermediates.noindex/swift-colorful.build/Debug-watchos/Colorful-t.build/Colorful.modulemap (in target 'Colorful' from project 'swift-colorful')
    cd /Users/admin/builder/spi-builder-workspace
    builtin-copy -exclude .DS_Store -exclude CVS -exclude .svn -exclude .git -exclude .hg -resolve-src-symlinks /Users/admin/builder/spi-builder-workspace/.derivedData/Build/Intermediates.noindex/swift-colorful.build/Debug-watchos/Colorful-t.build/Colorful.modulemap /Users/admin/builder/spi-builder-workspace/.derivedData/Build/Intermediates.noindex/GeneratedModuleMaps-watchos
WriteAuxiliaryFile /Users/admin/builder/spi-builder-workspace/.derivedData/Build/Intermediates.noindex/swift-colorful.build/Debug-watchos/Benchmark-macOS-p.build/Benchmark-macOS.DependencyStaticMetadataFileList (in target 'Benchmark-macOS-product' from project 'swift-colorful')
    cd /Users/admin/builder/spi-builder-workspace
    write-file /Users/admin/builder/spi-builder-workspace/.derivedData/Build/Intermediates.noindex/swift-colorful.build/Debug-watchos/Benchmark-macOS-p.build/Benchmark-macOS.DependencyStaticMetadataFileList
WriteAuxiliaryFile /Users/admin/builder/spi-builder-workspace/.derivedData/Build/Intermediates.noindex/swift-colorful.build/Debug-watchos/Benchmark-macOS-p.build/Benchmark-macOS.DependencyMetadataFileList (in target 'Benchmark-macOS-product' from project 'swift-colorful')
    cd /Users/admin/builder/spi-builder-workspace
    write-file /Users/admin/builder/spi-builder-workspace/.derivedData/Build/Intermediates.noindex/swift-colorful.build/Debug-watchos/Benchmark-macOS-p.build/Benchmark-macOS.DependencyMetadataFileList
SwiftDriver Colorful normal arm64_32 com.apple.xcode.tools.swift.compiler (in target 'Colorful' from project 'swift-colorful')
    cd /Users/admin/builder/spi-builder-workspace/.swiftpm/xcode
    builtin-SwiftDriver -- /Applications/Xcode-27.0.0-Release.Candidate.app/Contents/Developer/Toolchains/XcodeDefault.xctoolchain/usr/bin/swiftc -parse-as-library -module-name Colorful -Onone @/Users/admin/builder/spi-builder-workspace/.derivedData/Build/Intermediates.noindex/swift-colorful.build/Debug-watchos/Colorful-t.build/Objects-normal/arm64_32/Colorful.SwiftFileList -DSWIFT_PACKAGE -DDEBUG -DSWIFT_MODULE_RESOURCE_BUNDLE_UNAVAILABLE -DXcode -plugin-path /Applications/Xcode-27.0.0-Release.Candidate.app/Contents/Developer/Toolchains/XcodeDefault.xctoolchain/usr/lib/swift/host/plugins/testing -enable-experimental-feature DebugDescriptionMacro -sdk /Applications/Xcode-27.0.0-Release.Candidate.app/Contents/Developer/Platforms/WatchOS.platform/Developer/SDKs/WatchOS27.0.sdk -target arm64_32-apple-watchos9.0 -g -module-cache-path /Users/admin/builder/spi-builder-workspace/.derivedData/ModuleCache.noindex -Xfrontend -serialize-debugging-options -profile-coverage-mapping -profile-generate -enable-testing -index-store-path /Users/admin/builder/spi-builder-workspace/.derivedData/Index.noindex/DataStore -Xcc -D_LIBCPP_HARDENING_MODE\=_LIBCPP_HARDENING_MODE_DEBUG -swift-version 5 -I /Users/admin/builder/spi-builder-workspace/.derivedData/Build/Products/Debug-watchos -Isystem /Applications/Xcode-27.0.0-Release.Candidate.app/Contents/Developer/Platforms/WatchOS.platform/Developer/usr/lib -F /Users/admin/builder/spi-builder-workspace/.derivedData/Build/Products/Debug-watchos -F /Applications/Xcode-27.0.0-Release.Candidate.app/Contents/Developer/Platforms/WatchOS.platform/Developer/Library/Frameworks -F /Applications/Xcode-27.0.0-Release.Candidate.app/Contents/Developer/Platforms/WatchOS.platform/Developer/SDKs/WatchOS27.0.sdk/Developer/Library/Frameworks -c -j10 -enable-batch-mode -incremental -Xcc -ivfsstatcache -Xcc /Users/admin/builder/spi-builder-workspace/.derivedData/SDKStatCaches.noindex/watchos27.0-24R360-e829b21a6f8c9b70876ba0858053c04477534ef55a1706bf4c1112bbb242f0a2.sdkstatcache -output-file-map /Users/admin/builder/spi-builder-workspace/.derivedData/Build/Intermediates.noindex/swift-colorful.build/Debug-watchos/Colorful-t.build/Objects-normal/arm64_32/Colorful-OutputFileMap.json -save-temps -no-color-diagnostics -explicit-module-build -module-cache-path /Users/admin/builder/spi-builder-workspace/.derivedData/Build/Intermediates.noindex/SwiftExplicitPrecompiledModules -clang-scanner-module-cache-path /Users/admin/builder/spi-builder-workspace/.derivedData/ModuleCache.noindex -sdk-module-cache-path /Users/admin/builder/spi-builder-workspace/.derivedData/SDKExplicitPrecompiledModules -emit-dependencies -emit-module -emit-module-path /Users/admin/builder/spi-builder-workspace/.derivedData/Build/Intermediates.noindex/swift-colorful.build/Debug-watchos/Colorful-t.build/Objects-normal/arm64_32/Colorful.swiftmodule -serialize-diagnostics -dependency-scan-serialize-diagnostics-path /Users/admin/builder/spi-builder-workspace/.derivedData/Build/Intermediates.noindex/swift-colorful.build/Debug-watchos/Colorful-t.build/Objects-normal/arm64_32/Colorful-dependency-scan.dia -validate-clang-modules-once -clang-build-session-file /Users/admin/builder/spi-builder-workspace/.derivedData/ModuleCache.noindex/Session.modulevalidation -Xcc -fmodules-prune-interval\=86400 -Xcc -fmodules-prune-after\=345600 -emit-const-values -const-gather-protocols-list /Users/admin/builder/spi-builder-workspace/.derivedData/Build/Intermediates.noindex/swift-colorful.build/Debug-watchos/Colorful-t.build/Objects-normal/arm64_32/Colorful_const_extract_protocols.json -Xcc -I/Users/admin/builder/spi-builder-workspace/.derivedData/Build/Products/Debug-watchos/include -Xcc -I/Users/admin/builder/spi-builder-workspace/.derivedData/Build/Intermediates.noindex/swift-colorful.build/Debug-watchos/Colorful-t.build/DerivedSources-normal/arm64_32 -Xcc -I/Users/admin/builder/spi-builder-workspace/.derivedData/Build/Intermediates.noindex/swift-colorful.build/Debug-watchos/Colorful-t.build/DerivedSources/arm64_32 -Xcc -I/Users/admin/builder/spi-builder-workspace/.derivedData/Build/Intermediates.noindex/swift-colorful.build/Debug-watchos/Colorful-t.build/DerivedSources -Xcc -DSWIFT_PACKAGE -Xcc -DDEBUG\=1 -emit-objc-header -emit-objc-header-path /Users/admin/builder/spi-builder-workspace/.derivedData/Build/Intermediates.noindex/swift-colorful.build/Debug-watchos/Colorful-t.build/Objects-normal/arm64_32/Colorful-Swift.h -working-directory /Users/admin/builder/spi-builder-workspace/.swiftpm/xcode -experimental-emit-module-separately -disable-cmo
SwiftDriver Colorful normal arm64 com.apple.xcode.tools.swift.compiler (in target 'Colorful' from project 'swift-colorful')
    cd /Users/admin/builder/spi-builder-workspace/.swiftpm/xcode
    builtin-SwiftDriver -- /Applications/Xcode-27.0.0-Release.Candidate.app/Contents/Developer/Toolchains/XcodeDefault.xctoolchain/usr/bin/swiftc -parse-as-library -module-name Colorful -Onone @/Users/admin/builder/spi-builder-workspace/.derivedData/Build/Intermediates.noindex/swift-colorful.build/Debug-watchos/Colorful-t.build/Objects-normal/arm64/Colorful.SwiftFileList -DSWIFT_PACKAGE -DDEBUG -DSWIFT_MODULE_RESOURCE_BUNDLE_UNAVAILABLE -DXcode -plugin-path /Applications/Xcode-27.0.0-Release.Candidate.app/Contents/Developer/Toolchains/XcodeDefault.xctoolchain/usr/lib/swift/host/plugins/testing -enable-experimental-feature DebugDescriptionMacro -sdk /Applications/Xcode-27.0.0-Release.Candidate.app/Contents/Developer/Platforms/WatchOS.platform/Developer/SDKs/WatchOS27.0.sdk -target arm64-apple-watchos9.0 -g -module-cache-path /Users/admin/builder/spi-builder-workspace/.derivedData/ModuleCache.noindex -Xfrontend -serialize-debugging-options -profile-coverage-mapping -profile-generate -enable-testing -index-store-path /Users/admin/builder/spi-builder-workspace/.derivedData/Index.noindex/DataStore -Xcc -D_LIBCPP_HARDENING_MODE\=_LIBCPP_HARDENING_MODE_DEBUG -swift-version 5 -I /Users/admin/builder/spi-builder-workspace/.derivedData/Build/Products/Debug-watchos -Isystem /Applications/Xcode-27.0.0-Release.Candidate.app/Contents/Developer/Platforms/WatchOS.platform/Developer/usr/lib -F /Users/admin/builder/spi-builder-workspace/.derivedData/Build/Products/Debug-watchos -F /Applications/Xcode-27.0.0-Release.Candidate.app/Contents/Developer/Platforms/WatchOS.platform/Developer/Library/Frameworks -F /Applications/Xcode-27.0.0-Release.Candidate.app/Contents/Developer/Platforms/WatchOS.platform/Developer/SDKs/WatchOS27.0.sdk/Developer/Library/Frameworks -c -j10 -enable-batch-mode -incremental -Xcc -ivfsstatcache -Xcc /Users/admin/builder/spi-builder-workspace/.derivedData/SDKStatCaches.noindex/watchos27.0-24R360-e829b21a6f8c9b70876ba0858053c04477534ef55a1706bf4c1112bbb242f0a2.sdkstatcache -output-file-map /Users/admin/builder/spi-builder-workspace/.derivedData/Build/Intermediates.noindex/swift-colorful.build/Debug-watchos/Colorful-t.build/Objects-normal/arm64/Colorful-OutputFileMap.json -save-temps -no-color-diagnostics -explicit-module-build -module-cache-path /Users/admin/builder/spi-builder-workspace/.derivedData/Build/Intermediates.noindex/SwiftExplicitPrecompiledModules -clang-scanner-module-cache-path /Users/admin/builder/spi-builder-workspace/.derivedData/ModuleCache.noindex -sdk-module-cache-path /Users/admin/builder/spi-builder-workspace/.derivedData/SDKExplicitPrecompiledModules -emit-dependencies -emit-module -emit-module-path /Users/admin/builder/spi-builder-workspace/.derivedData/Build/Intermediates.noindex/swift-colorful.build/Debug-watchos/Colorful-t.build/Objects-normal/arm64/Colorful.swiftmodule -serialize-diagnostics -dependency-scan-serialize-diagnostics-path /Users/admin/builder/spi-builder-workspace/.derivedData/Build/Intermediates.noindex/swift-colorful.build/Debug-watchos/Colorful-t.build/Objects-normal/arm64/Colorful-dependency-scan.dia -validate-clang-modules-once -clang-build-session-file /Users/admin/builder/spi-builder-workspace/.derivedData/ModuleCache.noindex/Session.modulevalidation -Xcc -fmodules-prune-interval\=86400 -Xcc -fmodules-prune-after\=345600 -emit-const-values -const-gather-protocols-list /Users/admin/builder/spi-builder-workspace/.derivedData/Build/Intermediates.noindex/swift-colorful.build/Debug-watchos/Colorful-t.build/Objects-normal/arm64/Colorful_const_extract_protocols.json -Xcc -I/Users/admin/builder/spi-builder-workspace/.derivedData/Build/Products/Debug-watchos/include -Xcc -I/Users/admin/builder/spi-builder-workspace/.derivedData/Build/Intermediates.noindex/swift-colorful.build/Debug-watchos/Colorful-t.build/DerivedSources-normal/arm64 -Xcc -I/Users/admin/builder/spi-builder-workspace/.derivedData/Build/Intermediates.noindex/swift-colorful.build/Debug-watchos/Colorful-t.build/DerivedSources/arm64 -Xcc -I/Users/admin/builder/spi-builder-workspace/.derivedData/Build/Intermediates.noindex/swift-colorful.build/Debug-watchos/Colorful-t.build/DerivedSources -Xcc -DSWIFT_PACKAGE -Xcc -DDEBUG\=1 -emit-objc-header -emit-objc-header-path /Users/admin/builder/spi-builder-workspace/.derivedData/Build/Intermediates.noindex/swift-colorful.build/Debug-watchos/Colorful-t.build/Objects-normal/arm64/Colorful-Swift.h -working-directory /Users/admin/builder/spi-builder-workspace/.swiftpm/xcode -experimental-emit-module-separately -disable-cmo
SwiftExplicitDependencyGeneratePcm arm64 /Users/admin/builder/spi-builder-workspace/.derivedData/SDKExplicitPrecompiledModules/_Builtin_float-C0CW5Q4HGBQYKE77TC42IAFB5.pcm
SwiftExplicitDependencyGeneratePcm arm64 /Users/admin/builder/spi-builder-workspace/.derivedData/SDKExplicitPrecompiledModules/_Builtin_stddef-1FU30Y8SWFB7OUUHMJQH5J6FM.pcm
SwiftExplicitDependencyGeneratePcm arm64 /Users/admin/builder/spi-builder-workspace/.derivedData/SDKExplicitPrecompiledModules/ptrauth-3TZ9WJCGLYD25HQPWH4968ONX.pcm
SwiftExplicitDependencyGeneratePcm arm64_32 /Users/admin/builder/spi-builder-workspace/.derivedData/SDKExplicitPrecompiledModules/ptrauth-BFXF358ME5AK535N5A9Z766WU.pcm
SwiftExplicitDependencyGeneratePcm arm64_32 /Users/admin/builder/spi-builder-workspace/.derivedData/SDKExplicitPrecompiledModules/_Builtin_stdarg-D305JG44A2WPI6CJY37X3QJE8.pcm
SwiftExplicitDependencyGeneratePcm arm64 /Users/admin/builder/spi-builder-workspace/.derivedData/SDKExplicitPrecompiledModules/_Builtin_stdarg-A7UU8LE6MP85SM26YO7PBZNUQ.pcm
SwiftExplicitDependencyGeneratePcm arm64_32 /Users/admin/builder/spi-builder-workspace/.derivedData/SDKExplicitPrecompiledModules/SwiftShims-9CQQGWTSNTN9EB5NSHDWUJICH.pcm
SwiftExplicitDependencyGeneratePcm arm64_32 /Users/admin/builder/spi-builder-workspace/.derivedData/SDKExplicitPrecompiledModules/_Builtin_float-6KO8O3PEWRCA4WC6PPLOYO6WJ.pcm
SwiftExplicitDependencyGeneratePcm arm64_32 /Users/admin/builder/spi-builder-workspace/.derivedData/SDKExplicitPrecompiledModules/_SwiftConcurrencyShims-6RTBPQ03V7BM9SPRK8SUE055H.pcm
SwiftExplicitDependencyGeneratePcm arm64 /Users/admin/builder/spi-builder-workspace/.derivedData/SDKExplicitPrecompiledModules/_SwiftConcurrencyShims-659N52XSKR5F0QSB880BH2FJR.pcm
SwiftExplicitDependencyGeneratePcm arm64 /Users/admin/builder/spi-builder-workspace/.derivedData/SDKExplicitPrecompiledModules/_Builtin_stdbool-83J96QSOFE9VX04AAS6310UAE.pcm
SwiftExplicitDependencyGeneratePcm arm64_32 /Users/admin/builder/spi-builder-workspace/.derivedData/SDKExplicitPrecompiledModules/_Builtin_stddef-H44EFHQX6XSS5MZ7QP6YJZ76.pcm
SwiftExplicitDependencyGeneratePcm arm64_32 /Users/admin/builder/spi-builder-workspace/.derivedData/SDKExplicitPrecompiledModules/_AvailabilityInternal-244WAN3Z1QBT7PIA64EZEFY1R.pcm
SwiftExplicitDependencyGeneratePcm arm64 /Users/admin/builder/spi-builder-workspace/.derivedData/SDKExplicitPrecompiledModules/ptrcheck-AIF0NDOYZ8ORBNHQAQR5NNB8M.pcm
SwiftExplicitDependencyGeneratePcm arm64 /Users/admin/builder/spi-builder-workspace/.derivedData/SDKExplicitPrecompiledModules/_AvailabilityInternal-BUNV3UXM65NT37THI4W1AM0SF.pcm
SwiftExplicitDependencyGeneratePcm arm64_32 /Users/admin/builder/spi-builder-workspace/.derivedData/SDKExplicitPrecompiledModules/ptrcheck-7ELIH9BTIGVKX3UBITM9N72WD.pcm
SwiftExplicitDependencyGeneratePcm arm64_32 /Users/admin/builder/spi-builder-workspace/.derivedData/SDKExplicitPrecompiledModules/_Builtin_stdbool-A967K8W8YUYEC9SN52KJ7OO88.pcm
SwiftExplicitDependencyGeneratePcm arm64 /Users/admin/builder/spi-builder-workspace/.derivedData/SDKExplicitPrecompiledModules/SwiftShims-4MXFZPV6FEB0XBYXCGPWAMQGL.pcm
SwiftExplicitDependencyGeneratePcm arm64_32 /Users/admin/builder/spi-builder-workspace/.derivedData/SDKExplicitPrecompiledModules/_DarwinFoundation1-2GWF9RFMPLQW4PDHS3NARVI3G.pcm
SwiftExplicitDependencyGeneratePcm arm64 /Users/admin/builder/spi-builder-workspace/.derivedData/SDKExplicitPrecompiledModules/_DarwinFoundation1-7SPX3MD0HMP55E4OLNCPNDQ53.pcm
SwiftExplicitDependencyGeneratePcm arm64_32 /Users/admin/builder/spi-builder-workspace/.derivedData/SDKExplicitPrecompiledModules/_DarwinFoundation2-9MY8GOSYRO0M9MKNXF6D3MBNK.pcm
SwiftExplicitDependencyGeneratePcm arm64_32 /Users/admin/builder/spi-builder-workspace/.derivedData/SDKExplicitPrecompiledModules/_Builtin_limits-3VKBU2AFTD65PAJZ5CJ3LHFM2.pcm
SwiftExplicitDependencyGeneratePcm arm64 /Users/admin/builder/spi-builder-workspace/.derivedData/SDKExplicitPrecompiledModules/_DarwinFoundation2-D0XAPJU49S5E9XMKYOFGSTB1Q.pcm
SwiftExplicitDependencyGeneratePcm arm64 /Users/admin/builder/spi-builder-workspace/.derivedData/SDKExplicitPrecompiledModules/_Builtin_limits-9GWPA2B0H20DYUNYHYCWKABJG.pcm
SwiftExplicitDependencyGeneratePcm arm64 /Users/admin/builder/spi-builder-workspace/.derivedData/SDKExplicitPrecompiledModules/string_h-E6PRXK75PHIPCZFWOFCQ3QBMK.pcm
SwiftExplicitDependencyGeneratePcm arm64 /Users/admin/builder/spi-builder-workspace/.derivedData/SDKExplicitPrecompiledModules/_Builtin_stdint-8XMILLJZEGRN2XG7XZUXZ5RLX.pcm
SwiftExplicitDependencyGeneratePcm arm64 /Users/admin/builder/spi-builder-workspace/.derivedData/SDKExplicitPrecompiledModules/sys_types-2KXQLI78OUCDP779AE68GZJ2.pcm
SwiftExplicitDependencyGeneratePcm arm64_32 /Users/admin/builder/spi-builder-workspace/.derivedData/SDKExplicitPrecompiledModules/_Builtin_stdint-1HMXWI3V0V4TXHRWZOMZGZ80Y.pcm
SwiftExplicitDependencyGeneratePcm arm64_32 /Users/admin/builder/spi-builder-workspace/.derivedData/SDKExplicitPrecompiledModules/string_h-BFVLUQUSBZWYMLCU9QI7VZALW.pcm
SwiftExplicitDependencyGeneratePcm arm64_32 /Users/admin/builder/spi-builder-workspace/.derivedData/SDKExplicitPrecompiledModules/sys_types-8TLLMW08ZJWDGIIPKOYFGHHZW.pcm
SwiftExplicitDependencyGeneratePcm arm64 /Users/admin/builder/spi-builder-workspace/.derivedData/SDKExplicitPrecompiledModules/_DarwinFoundation3-B97LRG0E9GON2NUE65TVG81HU.pcm
SwiftExplicitDependencyGeneratePcm arm64_32 /Users/admin/builder/spi-builder-workspace/.derivedData/SDKExplicitPrecompiledModules/_DarwinFoundation3-3DUTYQDQSD9HUAAVY947NMWOI.pcm
SwiftExplicitDependencyGeneratePcm arm64 /Users/admin/builder/spi-builder-workspace/.derivedData/SDKExplicitPrecompiledModules/_Builtin_inttypes-3UQSCM7WNM9EK4HZML8TY5J3D.pcm
SwiftExplicitDependencyGeneratePcm arm64_32 /Users/admin/builder/spi-builder-workspace/.derivedData/SDKExplicitPrecompiledModules/_Builtin_inttypes-D2KPCR4PEX9AQA33NGLUT5SBR.pcm
SwiftExplicitDependencyGeneratePcm arm64 /Users/admin/builder/spi-builder-workspace/.derivedData/SDKExplicitPrecompiledModules/Darwin-3984OXKFNSPE77NT743WK8SEX.pcm
SwiftExplicitDependencyGeneratePcm arm64_32 /Users/admin/builder/spi-builder-workspace/.derivedData/SDKExplicitPrecompiledModules/Darwin-3FVT1SKLN2ZQ5RVOABMTQBB34.pcm
SwiftExplicitDependencyGeneratePcm arm64_32 /Users/admin/builder/spi-builder-workspace/.derivedData/SDKExplicitPrecompiledModules/ObjectiveC-6IJNELR2E80E7LUKESVCP2KET.pcm
SwiftExplicitDependencyGeneratePcm arm64 /Users/admin/builder/spi-builder-workspace/.derivedData/SDKExplicitPrecompiledModules/ObjectiveC-72IVD3VS2RS8Q28D9PIMY0KQP.pcm
SwiftExplicitDependencyGeneratePcm arm64_32 /Users/admin/builder/spi-builder-workspace/.derivedData/SDKExplicitPrecompiledModules/os_object-5YWTC6L4756IWSTPGXS5NM0D0.pcm
SwiftExplicitDependencyGeneratePcm arm64 /Users/admin/builder/spi-builder-workspace/.derivedData/SDKExplicitPrecompiledModules/os_object-3SDKD7F87FTZ26OON37DRYT6O.pcm
SwiftExplicitDependencyGeneratePcm arm64_32 /Users/admin/builder/spi-builder-workspace/.derivedData/SDKExplicitPrecompiledModules/os_workgroup-5JHTPDMNBUNHLJI8LPHKQK1JK.pcm
SwiftExplicitDependencyGeneratePcm arm64 /Users/admin/builder/spi-builder-workspace/.derivedData/SDKExplicitPrecompiledModules/os_workgroup-89GG5G7YC2D0ZTK6AZXXQ20DH.pcm
SwiftExplicitDependencyGeneratePcm arm64 /Users/admin/builder/spi-builder-workspace/.derivedData/SDKExplicitPrecompiledModules/Dispatch-1NLJOVAK60XP0DUB05XA59EIM.pcm
SwiftExplicitDependencyGeneratePcm arm64_32 /Users/admin/builder/spi-builder-workspace/.derivedData/SDKExplicitPrecompiledModules/Dispatch-2P62F1T4XV63S4P99TUDTOK2Q.pcm
SwiftExplicitDependencyGeneratePcm arm64 /Users/admin/builder/spi-builder-workspace/.derivedData/SDKExplicitPrecompiledModules/CoreFoundation-8T2L24YC5NU7WO6WQJWRY7W08.pcm
SwiftExplicitDependencyGeneratePcm arm64 /Users/admin/builder/spi-builder-workspace/.derivedData/SDKExplicitPrecompiledModules/XPC-40DR0X1DHKGCV4J1IOLFS8MOU.pcm
SwiftExplicitDependencyGeneratePcm arm64_32 /Users/admin/builder/spi-builder-workspace/.derivedData/SDKExplicitPrecompiledModules/CoreFoundation-8E6Y4BA3EXYKUGJ24GT9LGV3N.pcm
SwiftExplicitDependencyGeneratePcm arm64_32 /Users/admin/builder/spi-builder-workspace/.derivedData/SDKExplicitPrecompiledModules/XPC-81Y45QFY96XYYFCW2GT6FY8S4.pcm
SwiftExplicitDependencyGeneratePcm arm64 /Users/admin/builder/spi-builder-workspace/.derivedData/SDKExplicitPrecompiledModules/Security-6RZ6YBRU8WCUHRFFRVUK5WKMM.pcm
SwiftExplicitDependencyGeneratePcm arm64_32 /Users/admin/builder/spi-builder-workspace/.derivedData/SDKExplicitPrecompiledModules/Security-D7TOWF88VWF67TB9HAFP5UWB1.pcm
SwiftExplicitDependencyGeneratePcm arm64 /Users/admin/builder/spi-builder-workspace/.derivedData/SDKExplicitPrecompiledModules/Foundation-DLBKUSGXN8QHAT8W0OARR9S8A.pcm
SwiftExplicitDependencyGeneratePcm arm64_32 /Users/admin/builder/spi-builder-workspace/.derivedData/SDKExplicitPrecompiledModules/Foundation-BJ2VQGI3OGR34500MEQ1VKHPH.pcm
SwiftEmitModule normal arm64 Emitting\ module\ for\ Colorful (in target 'Colorful' from project 'swift-colorful')
SwiftCompile normal arm64 (in target 'Colorful' from project 'swift-colorful')
    cd /Users/admin/builder/spi-builder-workspace/.swiftpm/xcode

SwiftCompile normal arm64 Compiling\ hsluv.swift /Users/admin/builder/spi-builder-workspace/Sources/Colorful/hsluv.swift (in target 'Colorful' from project 'swift-colorful')
SwiftCompile normal arm64 /Users/admin/builder/spi-builder-workspace/Sources/Colorful/hsluv.swift (in target 'Colorful' from project 'swift-colorful')
    cd /Users/admin/builder/spi-builder-workspace/.swiftpm/xcode
    builtin-SwiftPerFileCompile hsluv.swift
SwiftCompile normal arm64 Compiling\ warm_palettegen.swift /Users/admin/builder/spi-builder-workspace/Sources/Colorful/warm_palettegen.swift (in target 'Colorful' from project 'swift-colorful')
SwiftCompile normal arm64 /Users/admin/builder/spi-builder-workspace/Sources/Colorful/warm_palettegen.swift (in target 'Colorful' from project 'swift-colorful')
    cd /Users/admin/builder/spi-builder-workspace/.swiftpm/xcode
    builtin-SwiftPerFileCompile warm_palettegen.swift
SwiftCompile normal arm64 Compiling\ happy_palettegen.swift /Users/admin/builder/spi-builder-workspace/Sources/Colorful/happy_palettegen.swift (in target 'Colorful' from project 'swift-colorful')
SwiftCompile normal arm64 /Users/admin/builder/spi-builder-workspace/Sources/Colorful/happy_palettegen.swift (in target 'Colorful' from project 'swift-colorful')
    cd /Users/admin/builder/spi-builder-workspace/.swiftpm/xcode
    builtin-SwiftPerFileCompile happy_palettegen.swift
SwiftCompile normal arm64 Compiling\ colors.swift /Users/admin/builder/spi-builder-workspace/Sources/Colorful/colors.swift (in target 'Colorful' from project 'swift-colorful')
SwiftCompile normal arm64 /Users/admin/builder/spi-builder-workspace/Sources/Colorful/colors.swift (in target 'Colorful' from project 'swift-colorful')
    cd /Users/admin/builder/spi-builder-workspace/.swiftpm/xcode
    builtin-SwiftPerFileCompile colors.swift
SwiftCompile normal arm64 Compiling\ colorgens.swift /Users/admin/builder/spi-builder-workspace/Sources/Colorful/colorgens.swift (in target 'Colorful' from project 'swift-colorful')
SwiftCompile normal arm64 /Users/admin/builder/spi-builder-workspace/Sources/Colorful/colorgens.swift (in target 'Colorful' from project 'swift-colorful')
    cd /Users/admin/builder/spi-builder-workspace/.swiftpm/xcode
    builtin-SwiftPerFileCompile colorgens.swift
SwiftCompile normal arm64 Compiling\ soft_palettegen.swift /Users/admin/builder/spi-builder-workspace/Sources/Colorful/soft_palettegen.swift (in target 'Colorful' from project 'swift-colorful')
SwiftCompile normal arm64 /Users/admin/builder/spi-builder-workspace/Sources/Colorful/soft_palettegen.swift (in target 'Colorful' from project 'swift-colorful')
    cd /Users/admin/builder/spi-builder-workspace/.swiftpm/xcode
    builtin-SwiftPerFileCompile soft_palettegen.swift
SwiftCompile normal arm64 Compiling\ sort.swift /Users/admin/builder/spi-builder-workspace/Sources/Colorful/sort.swift (in target 'Colorful' from project 'swift-colorful')
SwiftCompile normal arm64 /Users/admin/builder/spi-builder-workspace/Sources/Colorful/sort.swift (in target 'Colorful' from project 'swift-colorful')
    cd /Users/admin/builder/spi-builder-workspace/.swiftpm/xcode
    builtin-SwiftPerFileCompile sort.swift
SwiftCompile normal arm64_32 Compiling\ colors.swift /Users/admin/builder/spi-builder-workspace/Sources/Colorful/colors.swift (in target 'Colorful' from project 'swift-colorful')
SwiftCompile normal arm64_32 /Users/admin/builder/spi-builder-workspace/Sources/Colorful/colors.swift (in target 'Colorful' from project 'swift-colorful')
    cd /Users/admin/builder/spi-builder-workspace/.swiftpm/xcode
    builtin-SwiftPerFileCompile colors.swift
SwiftEmitModule normal arm64_32 Emitting\ module\ for\ Colorful (in target 'Colorful' from project 'swift-colorful')
SwiftCompile normal arm64_32 (in target 'Colorful' from project 'swift-colorful')
    cd /Users/admin/builder/spi-builder-workspace/.swiftpm/xcode

SwiftCompile normal arm64_32 Compiling\ sort.swift /Users/admin/builder/spi-builder-workspace/Sources/Colorful/sort.swift (in target 'Colorful' from project 'swift-colorful')
SwiftCompile normal arm64_32 /Users/admin/builder/spi-builder-workspace/Sources/Colorful/sort.swift (in target 'Colorful' from project 'swift-colorful')
    cd /Users/admin/builder/spi-builder-workspace/.swiftpm/xcode
    builtin-SwiftPerFileCompile sort.swift
SwiftDriverJobDiscovery normal arm64 Emitting module for Colorful (in target 'Colorful' from project 'swift-colorful')
SwiftDriver\ Compilation\ Requirements Colorful normal arm64 com.apple.xcode.tools.swift.compiler (in target 'Colorful' from project 'swift-colorful')
    cd /Users/admin/builder/spi-builder-workspace/.swiftpm/xcode
    builtin-Swift-Compilation-Requirements -- /Applications/Xcode-27.0.0-Release.Candidate.app/Contents/Developer/Toolchains/XcodeDefault.xctoolchain/usr/bin/swiftc -parse-as-library -module-name Colorful -Onone @/Users/admin/builder/spi-builder-workspace/.derivedData/Build/Intermediates.noindex/swift-colorful.build/Debug-watchos/Colorful-t.build/Objects-normal/arm64/Colorful.SwiftFileList -DSWIFT_PACKAGE -DDEBUG -DSWIFT_MODULE_RESOURCE_BUNDLE_UNAVAILABLE -DXcode -plugin-path /Applications/Xcode-27.0.0-Release.Candidate.app/Contents/Developer/Toolchains/XcodeDefault.xctoolchain/usr/lib/swift/host/plugins/testing -enable-experimental-feature DebugDescriptionMacro -sdk /Applications/Xcode-27.0.0-Release.Candidate.app/Contents/Developer/Platforms/WatchOS.platform/Developer/SDKs/WatchOS27.0.sdk -target arm64-apple-watchos9.0 -g -module-cache-path /Users/admin/builder/spi-builder-workspace/.derivedData/ModuleCache.noindex -Xfrontend -serialize-debugging-options -profile-coverage-mapping -profile-generate -enable-testing -index-store-path /Users/admin/builder/spi-builder-workspace/.derivedData/Index.noindex/DataStore -Xcc -D_LIBCPP_HARDENING_MODE\=_LIBCPP_HARDENING_MODE_DEBUG -swift-version 5 -I /Users/admin/builder/spi-builder-workspace/.derivedData/Build/Products/Debug-watchos -Isystem /Applications/Xcode-27.0.0-Release.Candidate.app/Contents/Developer/Platforms/WatchOS.platform/Developer/usr/lib -F /Users/admin/builder/spi-builder-workspace/.derivedData/Build/Products/Debug-watchos -F /Applications/Xcode-27.0.0-Release.Candidate.app/Contents/Developer/Platforms/WatchOS.platform/Developer/Library/Frameworks -F /Applications/Xcode-27.0.0-Release.Candidate.app/Contents/Developer/Platforms/WatchOS.platform/Developer/SDKs/WatchOS27.0.sdk/Developer/Library/Frameworks -c -j10 -enable-batch-mode -incremental -Xcc -ivfsstatcache -Xcc /Users/admin/builder/spi-builder-workspace/.derivedData/SDKStatCaches.noindex/watchos27.0-24R360-e829b21a6f8c9b70876ba0858053c04477534ef55a1706bf4c1112bbb242f0a2.sdkstatcache -output-file-map /Users/admin/builder/spi-builder-workspace/.derivedData/Build/Intermediates.noindex/swift-colorful.build/Debug-watchos/Colorful-t.build/Objects-normal/arm64/Colorful-OutputFileMap.json -save-temps -no-color-diagnostics -explicit-module-build -module-cache-path /Users/admin/builder/spi-builder-workspace/.derivedData/Build/Intermediates.noindex/SwiftExplicitPrecompiledModules -clang-scanner-module-cache-path /Users/admin/builder/spi-builder-workspace/.derivedData/ModuleCache.noindex -sdk-module-cache-path /Users/admin/builder/spi-builder-workspace/.derivedData/SDKExplicitPrecompiledModules -emit-dependencies -emit-module -emit-module-path /Users/admin/builder/spi-builder-workspace/.derivedData/Build/Intermediates.noindex/swift-colorful.build/Debug-watchos/Colorful-t.build/Objects-normal/arm64/Colorful.swiftmodule -serialize-diagnostics -dependency-scan-serialize-diagnostics-path /Users/admin/builder/spi-builder-workspace/.derivedData/Build/Intermediates.noindex/swift-colorful.build/Debug-watchos/Colorful-t.build/Objects-normal/arm64/Colorful-dependency-scan.dia -validate-clang-modules-once -clang-build-session-file /Users/admin/builder/spi-builder-workspace/.derivedData/ModuleCache.noindex/Session.modulevalidation -Xcc -fmodules-prune-interval\=86400 -Xcc -fmodules-prune-after\=345600 -emit-const-values -const-gather-protocols-list /Users/admin/builder/spi-builder-workspace/.derivedData/Build/Intermediates.noindex/swift-colorful.build/Debug-watchos/Colorful-t.build/Objects-normal/arm64/Colorful_const_extract_protocols.json -Xcc -I/Users/admin/builder/spi-builder-workspace/.derivedData/Build/Products/Debug-watchos/include -Xcc -I/Users/admin/builder/spi-builder-workspace/.derivedData/Build/Intermediates.noindex/swift-colorful.build/Debug-watchos/Colorful-t.build/DerivedSources-normal/arm64 -Xcc -I/Users/admin/builder/spi-builder-workspace/.derivedData/Build/Intermediates.noindex/swift-colorful.build/Debug-watchos/Colorful-t.build/DerivedSources/arm64 -Xcc -I/Users/admin/builder/spi-builder-workspace/.derivedData/Build/Intermediates.noindex/swift-colorful.build/Debug-watchos/Colorful-t.build/DerivedSources -Xcc -DSWIFT_PACKAGE -Xcc -DDEBUG\=1 -emit-objc-header -emit-objc-header-path /Users/admin/builder/spi-builder-workspace/.derivedData/Build/Intermediates.noindex/swift-colorful.build/Debug-watchos/Colorful-t.build/Objects-normal/arm64/Colorful-Swift.h -working-directory /Users/admin/builder/spi-builder-workspace/.swiftpm/xcode -experimental-emit-module-separately -disable-cmo
SwiftDriverJobDiscovery normal arm64_32 Emitting module for Colorful (in target 'Colorful' from project 'swift-colorful')
SwiftDriver\ Compilation\ Requirements Colorful normal arm64_32 com.apple.xcode.tools.swift.compiler (in target 'Colorful' from project 'swift-colorful')
    cd /Users/admin/builder/spi-builder-workspace/.swiftpm/xcode
    builtin-Swift-Compilation-Requirements -- /Applications/Xcode-27.0.0-Release.Candidate.app/Contents/Developer/Toolchains/XcodeDefault.xctoolchain/usr/bin/swiftc -parse-as-library -module-name Colorful -Onone @/Users/admin/builder/spi-builder-workspace/.derivedData/Build/Intermediates.noindex/swift-colorful.build/Debug-watchos/Colorful-t.build/Objects-normal/arm64_32/Colorful.SwiftFileList -DSWIFT_PACKAGE -DDEBUG -DSWIFT_MODULE_RESOURCE_BUNDLE_UNAVAILABLE -DXcode -plugin-path /Applications/Xcode-27.0.0-Release.Candidate.app/Contents/Developer/Toolchains/XcodeDefault.xctoolchain/usr/lib/swift/host/plugins/testing -enable-experimental-feature DebugDescriptionMacro -sdk /Applications/Xcode-27.0.0-Release.Candidate.app/Contents/Developer/Platforms/WatchOS.platform/Developer/SDKs/WatchOS27.0.sdk -target arm64_32-apple-watchos9.0 -g -module-cache-path /Users/admin/builder/spi-builder-workspace/.derivedData/ModuleCache.noindex -Xfrontend -serialize-debugging-options -profile-coverage-mapping -profile-generate -enable-testing -index-store-path /Users/admin/builder/spi-builder-workspace/.derivedData/Index.noindex/DataStore -Xcc -D_LIBCPP_HARDENING_MODE\=_LIBCPP_HARDENING_MODE_DEBUG -swift-version 5 -I /Users/admin/builder/spi-builder-workspace/.derivedData/Build/Products/Debug-watchos -Isystem /Applications/Xcode-27.0.0-Release.Candidate.app/Contents/Developer/Platforms/WatchOS.platform/Developer/usr/lib -F /Users/admin/builder/spi-builder-workspace/.derivedData/Build/Products/Debug-watchos -F /Applications/Xcode-27.0.0-Release.Candidate.app/Contents/Developer/Platforms/WatchOS.platform/Developer/Library/Frameworks -F /Applications/Xcode-27.0.0-Release.Candidate.app/Contents/Developer/Platforms/WatchOS.platform/Developer/SDKs/WatchOS27.0.sdk/Developer/Library/Frameworks -c -j10 -enable-batch-mode -incremental -Xcc -ivfsstatcache -Xcc /Users/admin/builder/spi-builder-workspace/.derivedData/SDKStatCaches.noindex/watchos27.0-24R360-e829b21a6f8c9b70876ba0858053c04477534ef55a1706bf4c1112bbb242f0a2.sdkstatcache -output-file-map /Users/admin/builder/spi-builder-workspace/.derivedData/Build/Intermediates.noindex/swift-colorful.build/Debug-watchos/Colorful-t.build/Objects-normal/arm64_32/Colorful-OutputFileMap.json -save-temps -no-color-diagnostics -explicit-module-build -module-cache-path /Users/admin/builder/spi-builder-workspace/.derivedData/Build/Intermediates.noindex/SwiftExplicitPrecompiledModules -clang-scanner-module-cache-path /Users/admin/builder/spi-builder-workspace/.derivedData/ModuleCache.noindex -sdk-module-cache-path /Users/admin/builder/spi-builder-workspace/.derivedData/SDKExplicitPrecompiledModules -emit-dependencies -emit-module -emit-module-path /Users/admin/builder/spi-builder-workspace/.derivedData/Build/Intermediates.noindex/swift-colorful.build/Debug-watchos/Colorful-t.build/Objects-normal/arm64_32/Colorful.swiftmodule -serialize-diagnostics -dependency-scan-serialize-diagnostics-path /Users/admin/builder/spi-builder-workspace/.derivedData/Build/Intermediates.noindex/swift-colorful.build/Debug-watchos/Colorful-t.build/Objects-normal/arm64_32/Colorful-dependency-scan.dia -validate-clang-modules-once -clang-build-session-file /Users/admin/builder/spi-builder-workspace/.derivedData/ModuleCache.noindex/Session.modulevalidation -Xcc -fmodules-prune-interval\=86400 -Xcc -fmodules-prune-after\=345600 -emit-const-values -const-gather-protocols-list /Users/admin/builder/spi-builder-workspace/.derivedData/Build/Intermediates.noindex/swift-colorful.build/Debug-watchos/Colorful-t.build/Objects-normal/arm64_32/Colorful_const_extract_protocols.json -Xcc -I/Users/admin/builder/spi-builder-workspace/.derivedData/Build/Products/Debug-watchos/include -Xcc -I/Users/admin/builder/spi-builder-workspace/.derivedData/Build/Intermediates.noindex/swift-colorful.build/Debug-watchos/Colorful-t.build/DerivedSources-normal/arm64_32 -Xcc -I/Users/admin/builder/spi-builder-workspace/.derivedData/Build/Intermediates.noindex/swift-colorful.build/Debug-watchos/Colorful-t.build/DerivedSources/arm64_32 -Xcc -I/Users/admin/builder/spi-builder-workspace/.derivedData/Build/Intermediates.noindex/swift-colorful.build/Debug-watchos/Colorful-t.build/DerivedSources -Xcc -DSWIFT_PACKAGE -Xcc -DDEBUG\=1 -emit-objc-header -emit-objc-header-path /Users/admin/builder/spi-builder-workspace/.derivedData/Build/Intermediates.noindex/swift-colorful.build/Debug-watchos/Colorful-t.build/Objects-normal/arm64_32/Colorful-Swift.h -working-directory /Users/admin/builder/spi-builder-workspace/.swiftpm/xcode -experimental-emit-module-separately -disable-cmo
SwiftCompile normal arm64_32 Compiling\ colorgens.swift /Users/admin/builder/spi-builder-workspace/Sources/Colorful/colorgens.swift (in target 'Colorful' from project 'swift-colorful')
SwiftCompile normal arm64_32 /Users/admin/builder/spi-builder-workspace/Sources/Colorful/colorgens.swift (in target 'Colorful' from project 'swift-colorful')
    cd /Users/admin/builder/spi-builder-workspace/.swiftpm/xcode
    builtin-SwiftPerFileCompile colorgens.swift
SwiftMergeGeneratedHeaders /Users/admin/builder/spi-builder-workspace/.derivedData/Build/Intermediates.noindex/GeneratedModuleMaps-watchos/Colorful-Swift.h /Users/admin/builder/spi-builder-workspace/.derivedData/Build/Intermediates.noindex/swift-colorful.build/Debug-watchos/Colorful-t.build/Objects-normal/arm64/Colorful-Swift.h /Users/admin/builder/spi-builder-workspace/.derivedData/Build/Intermediates.noindex/swift-colorful.build/Debug-watchos/Colorful-t.build/Objects-normal/arm64_32/Colorful-Swift.h (in target 'Colorful' from project 'swift-colorful')
    cd /Users/admin/builder/spi-builder-workspace
    builtin-swiftHeaderTool -arch arm64 /Users/admin/builder/spi-builder-workspace/.derivedData/Build/Intermediates.noindex/swift-colorful.build/Debug-watchos/Colorful-t.build/Objects-normal/arm64/Colorful-Swift.h -arch arm64_32 /Users/admin/builder/spi-builder-workspace/.derivedData/Build/Intermediates.noindex/swift-colorful.build/Debug-watchos/Colorful-t.build/Objects-normal/arm64_32/Colorful-Swift.h -o /Users/admin/builder/spi-builder-workspace/.derivedData/Build/Intermediates.noindex/GeneratedModuleMaps-watchos/Colorful-Swift.h
SwiftDriverJobDiscovery normal arm64 Compiling colorgens.swift (in target 'Colorful' from project 'swift-colorful')
Copy /Users/admin/builder/spi-builder-workspace/.derivedData/Build/Products/Debug-watchos/Colorful.swiftmodule/arm64_32-apple-watchos.swiftmodule /Users/admin/builder/spi-builder-workspace/.derivedData/Build/Intermediates.noindex/swift-colorful.build/Debug-watchos/Colorful-t.build/Objects-normal/arm64_32/Colorful.swiftmodule (in target 'Colorful' from project 'swift-colorful')
    cd /Users/admin/builder/spi-builder-workspace
    builtin-copy -exclude .DS_Store -exclude CVS -exclude .svn -exclude .git -exclude .hg -resolve-src-symlinks -rename /Users/admin/builder/spi-builder-workspace/.derivedData/Build/Intermediates.noindex/swift-colorful.build/Debug-watchos/Colorful-t.build/Objects-normal/arm64_32/Colorful.swiftmodule /Users/admin/builder/spi-builder-workspace/.derivedData/Build/Products/Debug-watchos/Colorful.swiftmodule/arm64_32-apple-watchos.swiftmodule
Copy /Users/admin/builder/spi-builder-workspace/.derivedData/Build/Products/Debug-watchos/Colorful.swiftmodule/arm64_32-apple-watchos.swiftdoc /Users/admin/builder/spi-builder-workspace/.derivedData/Build/Intermediates.noindex/swift-colorful.build/Debug-watchos/Colorful-t.build/Objects-normal/arm64_32/Colorful.swiftdoc (in target 'Colorful' from project 'swift-colorful')
    cd /Users/admin/builder/spi-builder-workspace
    builtin-copy -exclude .DS_Store -exclude CVS -exclude .svn -exclude .git -exclude .hg -resolve-src-symlinks -rename /Users/admin/builder/spi-builder-workspace/.derivedData/Build/Intermediates.noindex/swift-colorful.build/Debug-watchos/Colorful-t.build/Objects-normal/arm64_32/Colorful.swiftdoc /Users/admin/builder/spi-builder-workspace/.derivedData/Build/Products/Debug-watchos/Colorful.swiftmodule/arm64_32-apple-watchos.swiftdoc
SwiftDriverJobDiscovery normal arm64 Compiling warm_palettegen.swift (in target 'Colorful' from project 'swift-colorful')
Copy /Users/admin/builder/spi-builder-workspace/.derivedData/Build/Products/Debug-watchos/Colorful.swiftmodule/arm64_32-apple-watchos.abi.json /Users/admin/builder/spi-builder-workspace/.derivedData/Build/Intermediates.noindex/swift-colorful.build/Debug-watchos/Colorful-t.build/Objects-normal/arm64_32/Colorful.abi.json (in target 'Colorful' from project 'swift-colorful')
    cd /Users/admin/builder/spi-builder-workspace
    builtin-copy -exclude .DS_Store -exclude CVS -exclude .svn -exclude .git -exclude .hg -resolve-src-symlinks -rename /Users/admin/builder/spi-builder-workspace/.derivedData/Build/Intermediates.noindex/swift-colorful.build/Debug-watchos/Colorful-t.build/Objects-normal/arm64_32/Colorful.abi.json /Users/admin/builder/spi-builder-workspace/.derivedData/Build/Products/Debug-watchos/Colorful.swiftmodule/arm64_32-apple-watchos.abi.json
SwiftDriverJobDiscovery normal arm64 Compiling happy_palettegen.swift (in target 'Colorful' from project 'swift-colorful')
Copy /Users/admin/builder/spi-builder-workspace/.derivedData/Build/Products/Debug-watchos/Colorful.swiftmodule/arm64-apple-watchos.swiftmodule /Users/admin/builder/spi-builder-workspace/.derivedData/Build/Intermediates.noindex/swift-colorful.build/Debug-watchos/Colorful-t.build/Objects-normal/arm64/Colorful.swiftmodule (in target 'Colorful' from project 'swift-colorful')
    cd /Users/admin/builder/spi-builder-workspace
    builtin-copy -exclude .DS_Store -exclude CVS -exclude .svn -exclude .git -exclude .hg -resolve-src-symlinks -rename /Users/admin/builder/spi-builder-workspace/.derivedData/Build/Intermediates.noindex/swift-colorful.build/Debug-watchos/Colorful-t.build/Objects-normal/arm64/Colorful.swiftmodule /Users/admin/builder/spi-builder-workspace/.derivedData/Build/Products/Debug-watchos/Colorful.swiftmodule/arm64-apple-watchos.swiftmodule
Copy /Users/admin/builder/spi-builder-workspace/.derivedData/Build/Products/Debug-watchos/Colorful.swiftmodule/arm64-apple-watchos.swiftdoc /Users/admin/builder/spi-builder-workspace/.derivedData/Build/Intermediates.noindex/swift-colorful.build/Debug-watchos/Colorful-t.build/Objects-normal/arm64/Colorful.swiftdoc (in target 'Colorful' from project 'swift-colorful')
    cd /Users/admin/builder/spi-builder-workspace
    builtin-copy -exclude .DS_Store -exclude CVS -exclude .svn -exclude .git -exclude .hg -resolve-src-symlinks -rename /Users/admin/builder/spi-builder-workspace/.derivedData/Build/Intermediates.noindex/swift-colorful.build/Debug-watchos/Colorful-t.build/Objects-normal/arm64/Colorful.swiftdoc /Users/admin/builder/spi-builder-workspace/.derivedData/Build/Products/Debug-watchos/Colorful.swiftmodule/arm64-apple-watchos.swiftdoc
Copy /Users/admin/builder/spi-builder-workspace/.derivedData/Build/Products/Debug-watchos/Colorful.swiftmodule/arm64-apple-watchos.abi.json /Users/admin/builder/spi-builder-workspace/.derivedData/Build/Intermediates.noindex/swift-colorful.build/Debug-watchos/Colorful-t.build/Objects-normal/arm64/Colorful.abi.json (in target 'Colorful' from project 'swift-colorful')
    cd /Users/admin/builder/spi-builder-workspace
    builtin-copy -exclude .DS_Store -exclude CVS -exclude .svn -exclude .git -exclude .hg -resolve-src-symlinks -rename /Users/admin/builder/spi-builder-workspace/.derivedData/Build/Intermediates.noindex/swift-colorful.build/Debug-watchos/Colorful-t.build/Objects-normal/arm64/Colorful.abi.json /Users/admin/builder/spi-builder-workspace/.derivedData/Build/Products/Debug-watchos/Colorful.swiftmodule/arm64-apple-watchos.abi.json
Copy /Users/admin/builder/spi-builder-workspace/.derivedData/Build/Products/Debug-watchos/Colorful.swiftmodule/Project/arm64_32-apple-watchos.swiftsourceinfo /Users/admin/builder/spi-builder-workspace/.derivedData/Build/Intermediates.noindex/swift-colorful.build/Debug-watchos/Colorful-t.build/Objects-normal/arm64_32/Colorful.swiftsourceinfo (in target 'Colorful' from project 'swift-colorful')
    cd /Users/admin/builder/spi-builder-workspace
    builtin-copy -exclude .DS_Store -exclude CVS -exclude .svn -exclude .git -exclude .hg -resolve-src-symlinks -rename /Users/admin/builder/spi-builder-workspace/.derivedData/Build/Intermediates.noindex/swift-colorful.build/Debug-watchos/Colorful-t.build/Objects-normal/arm64_32/Colorful.swiftsourceinfo /Users/admin/builder/spi-builder-workspace/.derivedData/Build/Products/Debug-watchos/Colorful.swiftmodule/Project/arm64_32-apple-watchos.swiftsourceinfo
Copy /Users/admin/builder/spi-builder-workspace/.derivedData/Build/Products/Debug-watchos/Colorful.swiftmodule/Project/arm64-apple-watchos.swiftsourceinfo /Users/admin/builder/spi-builder-workspace/.derivedData/Build/Intermediates.noindex/swift-colorful.build/Debug-watchos/Colorful-t.build/Objects-normal/arm64/Colorful.swiftsourceinfo (in target 'Colorful' from project 'swift-colorful')
    cd /Users/admin/builder/spi-builder-workspace
    builtin-copy -exclude .DS_Store -exclude CVS -exclude .svn -exclude .git -exclude .hg -resolve-src-symlinks -rename /Users/admin/builder/spi-builder-workspace/.derivedData/Build/Intermediates.noindex/swift-colorful.build/Debug-watchos/Colorful-t.build/Objects-normal/arm64/Colorful.swiftsourceinfo /Users/admin/builder/spi-builder-workspace/.derivedData/Build/Products/Debug-watchos/Colorful.swiftmodule/Project/arm64-apple-watchos.swiftsourceinfo
SwiftCompile normal arm64_32 Compiling\ warm_palettegen.swift /Users/admin/builder/spi-builder-workspace/Sources/Colorful/warm_palettegen.swift (in target 'Colorful' from project 'swift-colorful')
SwiftCompile normal arm64_32 /Users/admin/builder/spi-builder-workspace/Sources/Colorful/warm_palettegen.swift (in target 'Colorful' from project 'swift-colorful')
    cd /Users/admin/builder/spi-builder-workspace/.swiftpm/xcode
    builtin-SwiftPerFileCompile warm_palettegen.swift
SwiftCompile normal arm64_32 Compiling\ happy_palettegen.swift /Users/admin/builder/spi-builder-workspace/Sources/Colorful/happy_palettegen.swift (in target 'Colorful' from project 'swift-colorful')
SwiftCompile normal arm64_32 /Users/admin/builder/spi-builder-workspace/Sources/Colorful/happy_palettegen.swift (in target 'Colorful' from project 'swift-colorful')
    cd /Users/admin/builder/spi-builder-workspace/.swiftpm/xcode
    builtin-SwiftPerFileCompile happy_palettegen.swift
SwiftCompile normal arm64_32 Compiling\ hsluv.swift /Users/admin/builder/spi-builder-workspace/Sources/Colorful/hsluv.swift (in target 'Colorful' from project 'swift-colorful')
SwiftCompile normal arm64_32 /Users/admin/builder/spi-builder-workspace/Sources/Colorful/hsluv.swift (in target 'Colorful' from project 'swift-colorful')
    cd /Users/admin/builder/spi-builder-workspace/.swiftpm/xcode
    builtin-SwiftPerFileCompile hsluv.swift
SwiftDriverJobDiscovery normal arm64 Compiling soft_palettegen.swift (in target 'Colorful' from project 'swift-colorful')
SwiftCompile normal arm64_32 Compiling\ soft_palettegen.swift /Users/admin/builder/spi-builder-workspace/Sources/Colorful/soft_palettegen.swift (in target 'Colorful' from project 'swift-colorful')
SwiftCompile normal arm64_32 /Users/admin/builder/spi-builder-workspace/Sources/Colorful/soft_palettegen.swift (in target 'Colorful' from project 'swift-colorful')
    cd /Users/admin/builder/spi-builder-workspace/.swiftpm/xcode
    builtin-SwiftPerFileCompile soft_palettegen.swift
SwiftDriverJobDiscovery normal arm64_32 Compiling colorgens.swift (in target 'Colorful' from project 'swift-colorful')
SwiftDriver DemoShared normal arm64_32 com.apple.xcode.tools.swift.compiler (in target 'DemoShared' from project 'swift-colorful')
    cd /Users/admin/builder/spi-builder-workspace/.swiftpm/xcode
    builtin-SwiftDriver -- /Applications/Xcode-27.0.0-Release.Candidate.app/Contents/Developer/Toolchains/XcodeDefault.xctoolchain/usr/bin/swiftc -parse-as-library -module-name DemoShared -Onone @/Users/admin/builder/spi-builder-workspace/.derivedData/Build/Intermediates.noindex/swift-colorful.build/Debug-watchos/DemoShared-t.build/Objects-normal/arm64_32/DemoShared.SwiftFileList -DSWIFT_PACKAGE -DDEBUG -DSWIFT_MODULE_RESOURCE_BUNDLE_UNAVAILABLE -DXcode -plugin-path /Applications/Xcode-27.0.0-Release.Candidate.app/Contents/Developer/Toolchains/XcodeDefault.xctoolchain/usr/lib/swift/host/plugins/testing -enable-experimental-feature DebugDescriptionMacro -sdk /Applications/Xcode-27.0.0-Release.Candidate.app/Contents/Developer/Platforms/WatchOS.platform/Developer/SDKs/WatchOS27.0.sdk -target arm64_32-apple-watchos9.0 -g -module-cache-path /Users/admin/builder/spi-builder-workspace/.derivedData/ModuleCache.noindex -Xfrontend -serialize-debugging-options -profile-coverage-mapping -profile-generate -enable-testing -index-store-path /Users/admin/builder/spi-builder-workspace/.derivedData/Index.noindex/DataStore -Xcc -D_LIBCPP_HARDENING_MODE\=_LIBCPP_HARDENING_MODE_DEBUG -swift-version 5 -I /Users/admin/builder/spi-builder-workspace/.derivedData/Build/Products/Debug-watchos -Isystem /Applications/Xcode-27.0.0-Release.Candidate.app/Contents/Developer/Platforms/WatchOS.platform/Developer/usr/lib -F /Users/admin/builder/spi-builder-workspace/.derivedData/Build/Products/Debug-watchos/PackageFrameworks -F /Users/admin/builder/spi-builder-workspace/.derivedData/Build/Products/Debug-watchos -F /Applications/Xcode-27.0.0-Release.Candidate.app/Contents/Developer/Platforms/WatchOS.platform/Developer/Library/Frameworks -F /Applications/Xcode-27.0.0-Release.Candidate.app/Contents/Developer/Platforms/WatchOS.platform/Developer/SDKs/WatchOS27.0.sdk/Developer/Library/Frameworks -c -j10 -enable-batch-mode -incremental -Xcc -ivfsstatcache -Xcc /Users/admin/builder/spi-builder-workspace/.derivedData/SDKStatCaches.noindex/watchos27.0-24R360-e829b21a6f8c9b70876ba0858053c04477534ef55a1706bf4c1112bbb242f0a2.sdkstatcache -output-file-map /Users/admin/builder/spi-builder-workspace/.derivedData/Build/Intermediates.noindex/swift-colorful.build/Debug-watchos/DemoShared-t.build/Objects-normal/arm64_32/DemoShared-OutputFileMap.json -save-temps -no-color-diagnostics -explicit-module-build -module-cache-path /Users/admin/builder/spi-builder-workspace/.derivedData/Build/Intermediates.noindex/SwiftExplicitPrecompiledModules -clang-scanner-module-cache-path /Users/admin/builder/spi-builder-workspace/.derivedData/ModuleCache.noindex -sdk-module-cache-path /Users/admin/builder/spi-builder-workspace/.derivedData/SDKExplicitPrecompiledModules -emit-dependencies -emit-module -emit-module-path /Users/admin/builder/spi-builder-workspace/.derivedData/Build/Intermediates.noindex/swift-colorful.build/Debug-watchos/DemoShared-t.build/Objects-normal/arm64_32/DemoShared.swiftmodule -serialize-diagnostics -dependency-scan-serialize-diagnostics-path /Users/admin/builder/spi-builder-workspace/.derivedData/Build/Intermediates.noindex/swift-colorful.build/Debug-watchos/DemoShared-t.build/Objects-normal/arm64_32/DemoShared-dependency-scan.dia -validate-clang-modules-once -clang-build-session-file /Users/admin/builder/spi-builder-workspace/.derivedData/ModuleCache.noindex/Session.modulevalidation -Xcc -fmodules-prune-interval\=86400 -Xcc -fmodules-prune-after\=345600 -emit-const-values -const-gather-protocols-list /Users/admin/builder/spi-builder-workspace/.derivedData/Build/Intermediates.noindex/swift-colorful.build/Debug-watchos/DemoShared-t.build/Objects-normal/arm64_32/DemoShared_const_extract_protocols.json -Xcc -I/Users/admin/builder/spi-builder-workspace/.derivedData/Build/Products/Debug-watchos/include -Xcc -I/Users/admin/builder/spi-builder-workspace/.derivedData/Build/Intermediates.noindex/swift-colorful.build/Debug-watchos/DemoShared-t.build/DerivedSources-normal/arm64_32 -Xcc -I/Users/admin/builder/spi-builder-workspace/.derivedData/Build/Intermediates.noindex/swift-colorful.build/Debug-watchos/DemoShared-t.build/DerivedSources/arm64_32 -Xcc -I/Users/admin/builder/spi-builder-workspace/.derivedData/Build/Intermediates.noindex/swift-colorful.build/Debug-watchos/DemoShared-t.build/DerivedSources -Xcc -DSWIFT_PACKAGE -Xcc -DDEBUG\=1 -emit-objc-header -emit-objc-header-path /Users/admin/builder/spi-builder-workspace/.derivedData/Build/Intermediates.noindex/swift-colorful.build/Debug-watchos/DemoShared-t.build/Objects-normal/arm64_32/DemoShared-Swift.h -working-directory /Users/admin/builder/spi-builder-workspace/.swiftpm/xcode -experimental-emit-module-separately -disable-cmo
error: Clang dependency scanning failure:  (in target 'DemoShared' from project 'swift-colorful')
/Users/admin/builder/spi-builder-workspace/Sources/Demos/Shared/shared.swift:2:8: error: Unable to resolve module dependency: 'AppKit' (in target 'DemoShared' from project 'swift-colorful')
    note: A dependency of main module 'DemoShared'
/Users/admin/builder/spi-builder-workspace/Sources/Demos/Shared/shared.swift:2:8: note: A dependency of main module 'DemoShared'
import AppKit
       ^ (in target 'DemoShared' from project 'swift-colorful')
SwiftDriver DemoShared normal arm64 com.apple.xcode.tools.swift.compiler (in target 'DemoShared' from project 'swift-colorful')
    cd /Users/admin/builder/spi-builder-workspace/.swiftpm/xcode
    builtin-SwiftDriver -- /Applications/Xcode-27.0.0-Release.Candidate.app/Contents/Developer/Toolchains/XcodeDefault.xctoolchain/usr/bin/swiftc -parse-as-library -module-name DemoShared -Onone @/Users/admin/builder/spi-builder-workspace/.derivedData/Build/Intermediates.noindex/swift-colorful.build/Debug-watchos/DemoShared-t.build/Objects-normal/arm64/DemoShared.SwiftFileList -DSWIFT_PACKAGE -DDEBUG -DSWIFT_MODULE_RESOURCE_BUNDLE_UNAVAILABLE -DXcode -plugin-path /Applications/Xcode-27.0.0-Release.Candidate.app/Contents/Developer/Toolchains/XcodeDefault.xctoolchain/usr/lib/swift/host/plugins/testing -enable-experimental-feature DebugDescriptionMacro -sdk /Applications/Xcode-27.0.0-Release.Candidate.app/Contents/Developer/Platforms/WatchOS.platform/Developer/SDKs/WatchOS27.0.sdk -target arm64-apple-watchos9.0 -g -module-cache-path /Users/admin/builder/spi-builder-workspace/.derivedData/ModuleCache.noindex -Xfrontend -serialize-debugging-options -profile-coverage-mapping -profile-generate -enable-testing -index-store-path /Users/admin/builder/spi-builder-workspace/.derivedData/Index.noindex/DataStore -Xcc -D_LIBCPP_HARDENING_MODE\=_LIBCPP_HARDENING_MODE_DEBUG -swift-version 5 -I /Users/admin/builder/spi-builder-workspace/.derivedData/Build/Products/Debug-watchos -Isystem /Applications/Xcode-27.0.0-Release.Candidate.app/Contents/Developer/Platforms/WatchOS.platform/Developer/usr/lib -F /Users/admin/builder/spi-builder-workspace/.derivedData/Build/Products/Debug-watchos/PackageFrameworks -F /Users/admin/builder/spi-builder-workspace/.derivedData/Build/Products/Debug-watchos -F /Applications/Xcode-27.0.0-Release.Candidate.app/Contents/Developer/Platforms/WatchOS.platform/Developer/Library/Frameworks -F /Applications/Xcode-27.0.0-Release.Candidate.app/Contents/Developer/Platforms/WatchOS.platform/Developer/SDKs/WatchOS27.0.sdk/Developer/Library/Frameworks -c -j10 -enable-batch-mode -incremental -Xcc -ivfsstatcache -Xcc /Users/admin/builder/spi-builder-workspace/.derivedData/SDKStatCaches.noindex/watchos27.0-24R360-e829b21a6f8c9b70876ba0858053c04477534ef55a1706bf4c1112bbb242f0a2.sdkstatcache -output-file-map /Users/admin/builder/spi-builder-workspace/.derivedData/Build/Intermediates.noindex/swift-colorful.build/Debug-watchos/DemoShared-t.build/Objects-normal/arm64/DemoShared-OutputFileMap.json -save-temps -no-color-diagnostics -explicit-module-build -module-cache-path /Users/admin/builder/spi-builder-workspace/.derivedData/Build/Intermediates.noindex/SwiftExplicitPrecompiledModules -clang-scanner-module-cache-path /Users/admin/builder/spi-builder-workspace/.derivedData/ModuleCache.noindex -sdk-module-cache-path /Users/admin/builder/spi-builder-workspace/.derivedData/SDKExplicitPrecompiledModules -emit-dependencies -emit-module -emit-module-path /Users/admin/builder/spi-builder-workspace/.derivedData/Build/Intermediates.noindex/swift-colorful.build/Debug-watchos/DemoShared-t.build/Objects-normal/arm64/DemoShared.swiftmodule -serialize-diagnostics -dependency-scan-serialize-diagnostics-path /Users/admin/builder/spi-builder-workspace/.derivedData/Build/Intermediates.noindex/swift-colorful.build/Debug-watchos/DemoShared-t.build/Objects-normal/arm64/DemoShared-dependency-scan.dia -validate-clang-modules-once -clang-build-session-file /Users/admin/builder/spi-builder-workspace/.derivedData/ModuleCache.noindex/Session.modulevalidation -Xcc -fmodules-prune-interval\=86400 -Xcc -fmodules-prune-after\=345600 -emit-const-values -const-gather-protocols-list /Users/admin/builder/spi-builder-workspace/.derivedData/Build/Intermediates.noindex/swift-colorful.build/Debug-watchos/DemoShared-t.build/Objects-normal/arm64/DemoShared_const_extract_protocols.json -Xcc -I/Users/admin/builder/spi-builder-workspace/.derivedData/Build/Products/Debug-watchos/include -Xcc -I/Users/admin/builder/spi-builder-workspace/.derivedData/Build/Intermediates.noindex/swift-colorful.build/Debug-watchos/DemoShared-t.build/DerivedSources-normal/arm64 -Xcc -I/Users/admin/builder/spi-builder-workspace/.derivedData/Build/Intermediates.noindex/swift-colorful.build/Debug-watchos/DemoShared-t.build/DerivedSources/arm64 -Xcc -I/Users/admin/builder/spi-builder-workspace/.derivedData/Build/Intermediates.noindex/swift-colorful.build/Debug-watchos/DemoShared-t.build/DerivedSources -Xcc -DSWIFT_PACKAGE -Xcc -DDEBUG\=1 -emit-objc-header -emit-objc-header-path /Users/admin/builder/spi-builder-workspace/.derivedData/Build/Intermediates.noindex/swift-colorful.build/Debug-watchos/DemoShared-t.build/Objects-normal/arm64/DemoShared-Swift.h -working-directory /Users/admin/builder/spi-builder-workspace/.swiftpm/xcode -experimental-emit-module-separately -disable-cmo
error: Clang dependency scanning failure:  (in target 'DemoShared' from project 'swift-colorful')
/Users/admin/builder/spi-builder-workspace/Sources/Demos/Shared/shared.swift:2:8: error: Unable to resolve module dependency: 'AppKit' (in target 'DemoShared' from project 'swift-colorful')
    note: A dependency of main module 'DemoShared'
/Users/admin/builder/spi-builder-workspace/Sources/Demos/Shared/shared.swift:2:8: note: A dependency of main module 'DemoShared'
import AppKit
       ^ (in target 'DemoShared' from project 'swift-colorful')
SwiftDriverJobDiscovery normal arm64_32 Compiling happy_palettegen.swift (in target 'Colorful' from project 'swift-colorful')
SwiftDriverJobDiscovery normal arm64_32 Compiling warm_palettegen.swift (in target 'Colorful' from project 'swift-colorful')
SwiftDriver DemoColorDist-macOS normal arm64 com.apple.xcode.tools.swift.compiler (in target 'DemoColorDist-macOS-product' from project 'swift-colorful')
    cd /Users/admin/builder/spi-builder-workspace/.swiftpm/xcode
    builtin-SwiftDriver -- /Applications/Xcode-27.0.0-Release.Candidate.app/Contents/Developer/Toolchains/XcodeDefault.xctoolchain/usr/bin/swiftc -module-name DemoColorDist -Onone @/Users/admin/builder/spi-builder-workspace/.derivedData/Build/Intermediates.noindex/swift-colorful.build/Debug-watchos/DemoColorDist-macOS-p.build/Objects-normal/arm64/DemoColorDist-macOS.SwiftFileList -DSWIFT_PACKAGE -DDEBUG -DXcode -plugin-path /Applications/Xcode-27.0.0-Release.Candidate.app/Contents/Developer/Toolchains/XcodeDefault.xctoolchain/usr/lib/swift/host/plugins/testing -enable-experimental-feature DebugDescriptionMacro -sdk /Applications/Xcode-27.0.0-Release.Candidate.app/Contents/Developer/Platforms/WatchOS.platform/Developer/SDKs/WatchOS27.0.sdk -target arm64-apple-watchos9.0 -g -module-cache-path /Users/admin/builder/spi-builder-workspace/.derivedData/ModuleCache.noindex -Xfrontend -serialize-debugging-options -profile-coverage-mapping -profile-generate -enable-testing -index-store-path /Users/admin/builder/spi-builder-workspace/.derivedData/Index.noindex/DataStore -Xcc -D_LIBCPP_HARDENING_MODE\=_LIBCPP_HARDENING_MODE_DEBUG -swift-version 5 -I /Users/admin/builder/spi-builder-workspace/.derivedData/Build/Products/Debug-watchos -Isystem /Applications/Xcode-27.0.0-Release.Candidate.app/Contents/Developer/Platforms/WatchOS.platform/Developer/usr/lib -F /Users/admin/builder/spi-builder-workspace/.derivedData/Build/Products/Debug-watchos/PackageFrameworks -F /Users/admin/builder/spi-builder-workspace/.derivedData/Build/Products/Debug-watchos -F /Applications/Xcode-27.0.0-Release.Candidate.app/Contents/Developer/Platforms/WatchOS.platform/Developer/Library/Frameworks -F /Applications/Xcode-27.0.0-Release.Candidate.app/Contents/Developer/Platforms/WatchOS.platform/Developer/SDKs/WatchOS27.0.sdk/Developer/Library/Frameworks -c -j10 -enable-batch-mode -incremental -Xcc -ivfsstatcache -Xcc /Users/admin/builder/spi-builder-workspace/.derivedData/SDKStatCaches.noindex/watchos27.0-24R360-e829b21a6f8c9b70876ba0858053c04477534ef55a1706bf4c1112bbb242f0a2.sdkstatcache -output-file-map /Users/admin/builder/spi-builder-workspace/.derivedData/Build/Intermediates.noindex/swift-colorful.build/Debug-watchos/DemoColorDist-macOS-p.build/Objects-normal/arm64/DemoColorDist-macOS-OutputFileMap.json -save-temps -no-color-diagnostics -explicit-module-build -module-cache-path /Users/admin/builder/spi-builder-workspace/.derivedData/Build/Intermediates.noindex/SwiftExplicitPrecompiledModules -clang-scanner-module-cache-path /Users/admin/builder/spi-builder-workspace/.derivedData/ModuleCache.noindex -sdk-module-cache-path /Users/admin/builder/spi-builder-workspace/.derivedData/SDKExplicitPrecompiledModules -emit-dependencies -emit-module -emit-module-path /Users/admin/builder/spi-builder-workspace/.derivedData/Build/Intermediates.noindex/swift-colorful.build/Debug-watchos/DemoColorDist-macOS-p.build/Objects-normal/arm64/DemoColorDist.swiftmodule -serialize-diagnostics -dependency-scan-serialize-diagnostics-path /Users/admin/builder/spi-builder-workspace/.derivedData/Build/Intermediates.noindex/swift-colorful.build/Debug-watchos/DemoColorDist-macOS-p.build/Objects-normal/arm64/DemoColorDist-dependency-scan.dia -validate-clang-modules-once -clang-build-session-file /Users/admin/builder/spi-builder-workspace/.derivedData/ModuleCache.noindex/Session.modulevalidation -Xcc -fmodules-prune-interval\=86400 -Xcc -fmodules-prune-after\=345600 -emit-const-values -const-gather-protocols-list /Users/admin/builder/spi-builder-workspace/.derivedData/Build/Intermediates.noindex/swift-colorful.build/Debug-watchos/DemoColorDist-macOS-p.build/Objects-normal/arm64/DemoColorDist-macOS_const_extract_protocols.json -Xcc -I/Users/admin/builder/spi-builder-workspace/.derivedData/Build/Products/Debug-watchos/include -Xcc -I/Users/admin/builder/spi-builder-workspace/.derivedData/Build/Intermediates.noindex/swift-colorful.build/Debug-watchos/DemoColorDist-macOS-p.build/DerivedSources-normal/arm64 -Xcc -I/Users/admin/builder/spi-builder-workspace/.derivedData/Build/Intermediates.noindex/swift-colorful.build/Debug-watchos/DemoColorDist-macOS-p.build/DerivedSources/arm64 -Xcc -I/Users/admin/builder/spi-builder-workspace/.derivedData/Build/Intermediates.noindex/swift-colorful.build/Debug-watchos/DemoColorDist-macOS-p.build/DerivedSources -Xcc -DSWIFT_PACKAGE -Xcc -DDEBUG\=1 -working-directory /Users/admin/builder/spi-builder-workspace/.swiftpm/xcode -experimental-emit-module-separately -disable-cmo
SwiftDriver DemoColorDist-macOS normal arm64_32 com.apple.xcode.tools.swift.compiler (in target 'DemoColorDist-macOS-product' from project 'swift-colorful')
    cd /Users/admin/builder/spi-builder-workspace/.swiftpm/xcode
    builtin-SwiftDriver -- /Applications/Xcode-27.0.0-Release.Candidate.app/Contents/Developer/Toolchains/XcodeDefault.xctoolchain/usr/bin/swiftc -module-name DemoColorDist -Onone @/Users/admin/builder/spi-builder-workspace/.derivedData/Build/Intermediates.noindex/swift-colorful.build/Debug-watchos/DemoColorDist-macOS-p.build/Objects-normal/arm64_32/DemoColorDist-macOS.SwiftFileList -DSWIFT_PACKAGE -DDEBUG -DXcode -plugin-path /Applications/Xcode-27.0.0-Release.Candidate.app/Contents/Developer/Toolchains/XcodeDefault.xctoolchain/usr/lib/swift/host/plugins/testing -enable-experimental-feature DebugDescriptionMacro -sdk /Applications/Xcode-27.0.0-Release.Candidate.app/Contents/Developer/Platforms/WatchOS.platform/Developer/SDKs/WatchOS27.0.sdk -target arm64_32-apple-watchos9.0 -g -module-cache-path /Users/admin/builder/spi-builder-workspace/.derivedData/ModuleCache.noindex -Xfrontend -serialize-debugging-options -profile-coverage-mapping -profile-generate -enable-testing -index-store-path /Users/admin/builder/spi-builder-workspace/.derivedData/Index.noindex/DataStore -Xcc -D_LIBCPP_HARDENING_MODE\=_LIBCPP_HARDENING_MODE_DEBUG -swift-version 5 -I /Users/admin/builder/spi-builder-workspace/.derivedData/Build/Products/Debug-watchos -Isystem /Applications/Xcode-27.0.0-Release.Candidate.app/Contents/Developer/Platforms/WatchOS.platform/Developer/usr/lib -F /Users/admin/builder/spi-builder-workspace/.derivedData/Build/Products/Debug-watchos/PackageFrameworks -F /Users/admin/builder/spi-builder-workspace/.derivedData/Build/Products/Debug-watchos -F /Applications/Xcode-27.0.0-Release.Candidate.app/Contents/Developer/Platforms/WatchOS.platform/Developer/Library/Frameworks -F /Applications/Xcode-27.0.0-Release.Candidate.app/Contents/Developer/Platforms/WatchOS.platform/Developer/SDKs/WatchOS27.0.sdk/Developer/Library/Frameworks -c -j10 -enable-batch-mode -incremental -Xcc -ivfsstatcache -Xcc /Users/admin/builder/spi-builder-workspace/.derivedData/SDKStatCaches.noindex/watchos27.0-24R360-e829b21a6f8c9b70876ba0858053c04477534ef55a1706bf4c1112bbb242f0a2.sdkstatcache -output-file-map /Users/admin/builder/spi-builder-workspace/.derivedData/Build/Intermediates.noindex/swift-colorful.build/Debug-watchos/DemoColorDist-macOS-p.build/Objects-normal/arm64_32/DemoColorDist-macOS-OutputFileMap.json -save-temps -no-color-diagnostics -explicit-module-build -module-cache-path /Users/admin/builder/spi-builder-workspace/.derivedData/Build/Intermediates.noindex/SwiftExplicitPrecompiledModules -clang-scanner-module-cache-path /Users/admin/builder/spi-builder-workspace/.derivedData/ModuleCache.noindex -sdk-module-cache-path /Users/admin/builder/spi-builder-workspace/.derivedData/SDKExplicitPrecompiledModules -emit-dependencies -emit-module -emit-module-path /Users/admin/builder/spi-builder-workspace/.derivedData/Build/Intermediates.noindex/swift-colorful.build/Debug-watchos/DemoColorDist-macOS-p.build/Objects-normal/arm64_32/DemoColorDist.swiftmodule -serialize-diagnostics -dependency-scan-serialize-diagnostics-path /Users/admin/builder/spi-builder-workspace/.derivedData/Build/Intermediates.noindex/swift-colorful.build/Debug-watchos/DemoColorDist-macOS-p.build/Objects-normal/arm64_32/DemoColorDist-dependency-scan.dia -validate-clang-modules-once -clang-build-session-file /Users/admin/builder/spi-builder-workspace/.derivedData/ModuleCache.noindex/Session.modulevalidation -Xcc -fmodules-prune-interval\=86400 -Xcc -fmodules-prune-after\=345600 -emit-const-values -const-gather-protocols-list /Users/admin/builder/spi-builder-workspace/.derivedData/Build/Intermediates.noindex/swift-colorful.build/Debug-watchos/DemoColorDist-macOS-p.build/Objects-normal/arm64_32/DemoColorDist-macOS_const_extract_protocols.json -Xcc -I/Users/admin/builder/spi-builder-workspace/.derivedData/Build/Products/Debug-watchos/include -Xcc -I/Users/admin/builder/spi-builder-workspace/.derivedData/Build/Intermediates.noindex/swift-colorful.build/Debug-watchos/DemoColorDist-macOS-p.build/DerivedSources-normal/arm64_32 -Xcc -I/Users/admin/builder/spi-builder-workspace/.derivedData/Build/Intermediates.noindex/swift-colorful.build/Debug-watchos/DemoColorDist-macOS-p.build/DerivedSources/arm64_32 -Xcc -I/Users/admin/builder/spi-builder-workspace/.derivedData/Build/Intermediates.noindex/swift-colorful.build/Debug-watchos/DemoColorDist-macOS-p.build/DerivedSources -Xcc -DSWIFT_PACKAGE -Xcc -DDEBUG\=1 -working-directory /Users/admin/builder/spi-builder-workspace/.swiftpm/xcode -experimental-emit-module-separately -disable-cmo
SwiftDriverJobDiscovery normal arm64_32 Compiling soft_palettegen.swift (in target 'Colorful' from project 'swift-colorful')
PruneExplicitPrecompiledModules /Users/admin/builder/spi-builder-workspace/.derivedData/Build/Intermediates.noindex/ExplicitPrecompiledModules
PruneExplicitPrecompiledModules /Users/admin/builder/spi-builder-workspace/.derivedData/Build/Intermediates.noindex/SwiftExplicitPrecompiledModules
PruneExplicitPrecompiledModules /Users/admin/builder/spi-builder-workspace/.derivedData/SDKExplicitPrecompiledModules
2026-09-18 08:48:23.611 xcodebuild[658:4271] [MT] IDERunDestination: Supported platforms for the buildables in the current scheme is empty.
** BUILD FAILED **
The following build commands failed:
	SwiftDriver DemoShared normal arm64_32 com.apple.xcode.tools.swift.compiler (in target 'DemoShared' from project 'swift-colorful')
	SwiftDriver DemoShared normal arm64 com.apple.xcode.tools.swift.compiler (in target 'DemoShared' from project 'swift-colorful')
	Building workspace swift-colorful with scheme swift-colorful-Package
(3 failures)
Command line invocation:
    /Applications/Xcode-27.0.0-Release.Candidate.app/Contents/Developer/usr/bin/xcodebuild -IDEClonedSourcePackagesDirPathOverride=/Users/admin/builder/spi-builder-workspace/.dependencies -resolvePackageDependencies
Resolve Package Graph
Resolved source packages:
  swift-colorful: /Users/admin/builder/spi-builder-workspace
resolved source packages: swift-colorful
2026-09-18 08:48:29.755 xcodebuild[741:4770] [MT] IDERunDestination: Supported platforms for the buildables in the current scheme is empty.
{
  "dependencies" : [
  ],
  "manifest_display_name" : "swift-colorful",
  "name" : "swift-colorful",
  "path" : "/Users/admin/builder/spi-builder-workspace",
  "platforms" : [
  ],
  "products" : [
    {
      "name" : "Colorful",
      "targets" : [
        "Colorful"
      ],
      "type" : {
        "library" : [
          "automatic"
        ]
      }
    },
    {
      "name" : "DemoColorBlend-macOS",
      "targets" : [
        "DemoColorBlend"
      ],
      "type" : {
        "executable" : null
      }
    },
    {
      "name" : "DemoColorDist-macOS",
      "targets" : [
        "DemoColorDist"
      ],
      "type" : {
        "executable" : null
      }
    },
    {
      "name" : "DemoColorGens-macOS",
      "targets" : [
        "DemoColorGens"
      ],
      "type" : {
        "executable" : null
      }
    },
    {
      "name" : "DemoColorSort-macOS",
      "targets" : [
        "DemoColorSort"
      ],
      "type" : {
        "executable" : null
      }
    },
    {
      "name" : "DemoGradientGen-macOS",
      "targets" : [
        "DemoGradientGen"
      ],
      "type" : {
        "executable" : null
      }
    },
    {
      "name" : "DemoPaletteGens-macOS",
      "targets" : [
        "DemoPaletteGens"
      ],
      "type" : {
        "executable" : null
      }
    },
    {
      "name" : "Benchmark-macOS",
      "targets" : [
        "Benchmark"
      ],
      "type" : {
        "executable" : null
      }
    }
  ],
  "targets" : [
    {
      "c99name" : "DemoShared",
      "module_type" : "SwiftTarget",
      "name" : "DemoShared",
      "path" : "Sources/Demos/Shared",
      "product_memberships" : [
        "DemoColorBlend-macOS",
        "DemoColorGens-macOS",
        "DemoColorSort-macOS",
        "DemoGradientGen-macOS",
        "DemoPaletteGens-macOS",
        "Benchmark-macOS"
      ],
      "sources" : [
        "shared.swift"
      ],
      "target_dependencies" : [
        "Colorful"
      ],
      "type" : "library"
    },
    {
      "c99name" : "DemoPaletteGens",
      "module_type" : "SwiftTarget",
      "name" : "DemoPaletteGens",
      "path" : "Sources/Demos/PaletteGens",
      "product_memberships" : [
        "DemoPaletteGens-macOS"
      ],
      "sources" : [
        "main.swift"
      ],
      "target_dependencies" : [
        "Colorful",
        "DemoShared"
      ],
      "type" : "executable"
    },
    {
      "c99name" : "DemoGradientGen",
      "module_type" : "SwiftTarget",
      "name" : "DemoGradientGen",
      "path" : "Sources/Demos/GradientGen",
      "product_memberships" : [
        "DemoGradientGen-macOS"
      ],
      "sources" : [
        "main.swift"
      ],
      "target_dependencies" : [
        "Colorful",
        "DemoShared"
      ],
      "type" : "executable"
    },
    {
      "c99name" : "DemoColorSort",
      "module_type" : "SwiftTarget",
      "name" : "DemoColorSort",
      "path" : "Sources/Demos/ColorSort",
      "product_memberships" : [
        "DemoColorSort-macOS"
      ],
      "sources" : [
        "main.swift"
      ],
      "target_dependencies" : [
        "Colorful",
        "DemoShared"
      ],
      "type" : "executable"
    },
    {
      "c99name" : "DemoColorGens",
      "module_type" : "SwiftTarget",
      "name" : "DemoColorGens",
      "path" : "Sources/Demos/ColorGens",
      "product_memberships" : [
        "DemoColorGens-macOS"
      ],
      "sources" : [
        "main.swift"
      ],
      "target_dependencies" : [
        "Colorful",
        "DemoShared"
      ],
      "type" : "executable"
    },
    {
      "c99name" : "DemoColorDist",
      "module_type" : "SwiftTarget",
      "name" : "DemoColorDist",
      "path" : "Sources/Demos/ColorDist",
      "product_memberships" : [
        "DemoColorDist-macOS"
      ],
      "sources" : [
        "main.swift"
      ],
      "target_dependencies" : [
        "Colorful"
      ],
      "type" : "executable"
    },
    {
      "c99name" : "DemoColorBlend",
      "module_type" : "SwiftTarget",
      "name" : "DemoColorBlend",
      "path" : "Sources/Demos/ColorBlend",
      "product_memberships" : [
        "DemoColorBlend-macOS"
      ],
      "sources" : [
        "main.swift"
      ],
      "target_dependencies" : [
        "Colorful",
        "DemoShared"
      ],
      "type" : "executable"
    },
    {
      "c99name" : "ColorfulTests",
      "module_type" : "SwiftTarget",
      "name" : "ColorfulTests",
      "path" : "Tests/ColorfulTests",
      "resources" : [
        {
          "path" : "/Users/admin/builder/spi-builder-workspace/Tests/ColorfulTests/Resources/hsluv-snapshot-rev4.json",
          "rule" : {
            "process" : {
            }
          }
        }
      ],
      "sources" : [
        "swift_colorfulTests.swift",
        "swift_hsluvTests.swift",
        "swift_sortTests.swift"
      ],
      "target_dependencies" : [
        "Colorful"
      ],
      "type" : "test"
    },
    {
      "c99name" : "Colorful",
      "module_type" : "SwiftTarget",
      "name" : "Colorful",
      "path" : "Sources/Colorful",
      "product_memberships" : [
        "Colorful",
        "DemoColorBlend-macOS",
        "DemoColorDist-macOS",
        "DemoColorGens-macOS",
        "DemoColorSort-macOS",
        "DemoGradientGen-macOS",
        "DemoPaletteGens-macOS",
        "Benchmark-macOS"
      ],
      "sources" : [
        "colorgens.swift",
        "colors.swift",
        "happy_palettegen.swift",
        "hsluv.swift",
        "soft_palettegen.swift",
        "sort.swift",
        "warm_palettegen.swift"
      ],
      "type" : "library"
    },
    {
      "c99name" : "Benchmark",
      "module_type" : "SwiftTarget",
      "name" : "Benchmark",
      "path" : "Sources/Demos/Benchmark",
      "product_memberships" : [
        "Benchmark-macOS"
      ],
      "sources" : [
        "main.swift"
      ],
      "target_dependencies" : [
        "Colorful",
        "DemoShared"
      ],
      "type" : "executable"
    }
  ],
  "tools_version" : "5.6"
}
{
  "workspace" : {
    "name" : "swift-colorful",
    "schemes" : [
      "Benchmark-macOS",
      "Colorful",
      "DemoColorBlend-macOS",
      "DemoColorDist-macOS",
      "DemoColorGens-macOS",
      "DemoColorSort-macOS",
      "DemoGradientGen-macOS",
      "DemoPaletteGens-macOS",
      "swift-colorful-Package"
    ]
  }
}
2026-09-18 08:48:30.963 xcodebuild[749:4838] [MT] IDERunDestination: Supported platforms for the buildables in the current scheme is empty.
Running build ...
env DEVELOPER_DIR=/Applications/Xcode-27.0.0-Release.Candidate.app xcrun xcodebuild -IDEClonedSourcePackagesDirPathOverride=$PWD/.dependencies -skipMacroValidation -skipPackagePluginValidation -derivedDataPath $PWD/.derivedData build -scheme swift-colorful-Package -destination generic/platform=watchOS
Command line invocation:
    /Applications/Xcode-27.0.0-Release.Candidate.app/Contents/Developer/usr/bin/xcodebuild -IDEClonedSourcePackagesDirPathOverride=/Users/admin/builder/spi-builder-workspace/.dependencies -skipMacroValidation -skipPackagePluginValidation -derivedDataPath /Users/admin/builder/spi-builder-workspace/.derivedData build -scheme swift-colorful-Package -destination generic/platform=watchOS
Resolve Package Graph
Resolved source packages:
  swift-colorful: /Users/admin/builder/spi-builder-workspace
ComputePackagePrebuildTargetDependencyGraph
Prepare packages
CreateBuildRequest
SendProjectDescription
CreateBuildOperation
ComputeTargetDependencyGraph
note: Building targets in dependency order
note: Target dependency graph (10 targets)
    Target 'Benchmark-macOS-product' in project 'swift-colorful'
        ➜ Explicit dependency on target 'Colorful' in project 'swift-colorful'
        ➜ Explicit dependency on target 'DemoShared' in project 'swift-colorful'
    Target 'DemoPaletteGens-macOS-product' in project 'swift-colorful'
        ➜ Explicit dependency on target 'Colorful' in project 'swift-colorful'
        ➜ Explicit dependency on target 'DemoShared' in project 'swift-colorful'
    Target 'DemoGradientGen-macOS-product' in project 'swift-colorful'
        ➜ Explicit dependency on target 'Colorful' in project 'swift-colorful'
        ➜ Explicit dependency on target 'DemoShared' in project 'swift-colorful'
    Target 'DemoColorSort-macOS-product' in project 'swift-colorful'
        ➜ Explicit dependency on target 'Colorful' in project 'swift-colorful'
        ➜ Explicit dependency on target 'DemoShared' in project 'swift-colorful'
    Target 'DemoColorGens-macOS-product' in project 'swift-colorful'
        ➜ Explicit dependency on target 'Colorful' in project 'swift-colorful'
        ➜ Explicit dependency on target 'DemoShared' in project 'swift-colorful'
    Target 'DemoColorDist-macOS-product' in project 'swift-colorful'
        ➜ Explicit dependency on target 'Colorful' in project 'swift-colorful'
    Target 'DemoColorBlend-macOS-product' in project 'swift-colorful'
        ➜ Explicit dependency on target 'Colorful' in project 'swift-colorful'
        ➜ Explicit dependency on target 'DemoShared' in project 'swift-colorful'
    Target 'DemoShared' in project 'swift-colorful'
        ➜ Explicit dependency on target 'Colorful' in project 'swift-colorful'
    Target 'Colorful-product' in project 'swift-colorful'
        ➜ Explicit dependency on target 'Colorful' in project 'swift-colorful'
    Target 'Colorful' in project 'swift-colorful' (no dependencies)
GatherProvisioningInputs
CreateBuildDescription
ClangStatCache /Applications/Xcode-27.0.0-Release.Candidate.app/Contents/Developer/Toolchains/XcodeDefault.xctoolchain/usr/bin/clang-stat-cache /Applications/Xcode-27.0.0-Release.Candidate.app/Contents/Developer/Platforms/WatchOS.platform/Developer/SDKs/WatchOS27.0.sdk /Users/admin/builder/spi-builder-workspace/.derivedData/SDKStatCaches.noindex/watchos27.0-24R360-e829b21a6f8c9b70876ba0858053c04477534ef55a1706bf4c1112bbb242f0a2.sdkstatcache
    cd /Users/admin/builder/spi-builder-workspace/.swiftpm/xcode
    /Applications/Xcode-27.0.0-Release.Candidate.app/Contents/Developer/Toolchains/XcodeDefault.xctoolchain/usr/bin/clang-stat-cache /Applications/Xcode-27.0.0-Release.Candidate.app/Contents/Developer/Platforms/WatchOS.platform/Developer/SDKs/WatchOS27.0.sdk -o /Users/admin/builder/spi-builder-workspace/.derivedData/SDKStatCaches.noindex/watchos27.0-24R360-e829b21a6f8c9b70876ba0858053c04477534ef55a1706bf4c1112bbb242f0a2.sdkstatcache
SwiftDriver DemoShared normal arm64_32 com.apple.xcode.tools.swift.compiler (in target 'DemoShared' from project 'swift-colorful')
    cd /Users/admin/builder/spi-builder-workspace/.swiftpm/xcode
    builtin-SwiftDriver -- /Applications/Xcode-27.0.0-Release.Candidate.app/Contents/Developer/Toolchains/XcodeDefault.xctoolchain/usr/bin/swiftc -parse-as-library -module-name DemoShared -Onone @/Users/admin/builder/spi-builder-workspace/.derivedData/Build/Intermediates.noindex/swift-colorful.build/Debug-watchos/DemoShared-t.build/Objects-normal/arm64_32/DemoShared.SwiftFileList -DSWIFT_PACKAGE -DDEBUG -DSWIFT_MODULE_RESOURCE_BUNDLE_UNAVAILABLE -DXcode -plugin-path /Applications/Xcode-27.0.0-Release.Candidate.app/Contents/Developer/Toolchains/XcodeDefault.xctoolchain/usr/lib/swift/host/plugins/testing -enable-experimental-feature DebugDescriptionMacro -sdk /Applications/Xcode-27.0.0-Release.Candidate.app/Contents/Developer/Platforms/WatchOS.platform/Developer/SDKs/WatchOS27.0.sdk -target arm64_32-apple-watchos9.0 -g -module-cache-path /Users/admin/builder/spi-builder-workspace/.derivedData/ModuleCache.noindex -Xfrontend -serialize-debugging-options -profile-coverage-mapping -profile-generate -enable-testing -index-store-path /Users/admin/builder/spi-builder-workspace/.derivedData/Index.noindex/DataStore -Xcc -D_LIBCPP_HARDENING_MODE\=_LIBCPP_HARDENING_MODE_DEBUG -swift-version 5 -I /Users/admin/builder/spi-builder-workspace/.derivedData/Build/Products/Debug-watchos -Isystem /Applications/Xcode-27.0.0-Release.Candidate.app/Contents/Developer/Platforms/WatchOS.platform/Developer/usr/lib -F /Users/admin/builder/spi-builder-workspace/.derivedData/Build/Products/Debug-watchos/PackageFrameworks -F /Users/admin/builder/spi-builder-workspace/.derivedData/Build/Products/Debug-watchos -F /Applications/Xcode-27.0.0-Release.Candidate.app/Contents/Developer/Platforms/WatchOS.platform/Developer/Library/Frameworks -F /Applications/Xcode-27.0.0-Release.Candidate.app/Contents/Developer/Platforms/WatchOS.platform/Developer/SDKs/WatchOS27.0.sdk/Developer/Library/Frameworks -c -j10 -enable-batch-mode -incremental -Xcc -ivfsstatcache -Xcc /Users/admin/builder/spi-builder-workspace/.derivedData/SDKStatCaches.noindex/watchos27.0-24R360-e829b21a6f8c9b70876ba0858053c04477534ef55a1706bf4c1112bbb242f0a2.sdkstatcache -output-file-map /Users/admin/builder/spi-builder-workspace/.derivedData/Build/Intermediates.noindex/swift-colorful.build/Debug-watchos/DemoShared-t.build/Objects-normal/arm64_32/DemoShared-OutputFileMap.json -save-temps -no-color-diagnostics -explicit-module-build -module-cache-path /Users/admin/builder/spi-builder-workspace/.derivedData/Build/Intermediates.noindex/SwiftExplicitPrecompiledModules -clang-scanner-module-cache-path /Users/admin/builder/spi-builder-workspace/.derivedData/ModuleCache.noindex -sdk-module-cache-path /Users/admin/builder/spi-builder-workspace/.derivedData/SDKExplicitPrecompiledModules -emit-dependencies -emit-module -emit-module-path /Users/admin/builder/spi-builder-workspace/.derivedData/Build/Intermediates.noindex/swift-colorful.build/Debug-watchos/DemoShared-t.build/Objects-normal/arm64_32/DemoShared.swiftmodule -serialize-diagnostics -dependency-scan-serialize-diagnostics-path /Users/admin/builder/spi-builder-workspace/.derivedData/Build/Intermediates.noindex/swift-colorful.build/Debug-watchos/DemoShared-t.build/Objects-normal/arm64_32/DemoShared-dependency-scan.dia -validate-clang-modules-once -clang-build-session-file /Users/admin/builder/spi-builder-workspace/.derivedData/ModuleCache.noindex/Session.modulevalidation -Xcc -fmodules-prune-interval\=86400 -Xcc -fmodules-prune-after\=345600 -emit-const-values -const-gather-protocols-list /Users/admin/builder/spi-builder-workspace/.derivedData/Build/Intermediates.noindex/swift-colorful.build/Debug-watchos/DemoShared-t.build/Objects-normal/arm64_32/DemoShared_const_extract_protocols.json -Xcc -I/Users/admin/builder/spi-builder-workspace/.derivedData/Build/Products/Debug-watchos/include -Xcc -I/Users/admin/builder/spi-builder-workspace/.derivedData/Build/Intermediates.noindex/swift-colorful.build/Debug-watchos/DemoShared-t.build/DerivedSources-normal/arm64_32 -Xcc -I/Users/admin/builder/spi-builder-workspace/.derivedData/Build/Intermediates.noindex/swift-colorful.build/Debug-watchos/DemoShared-t.build/DerivedSources/arm64_32 -Xcc -I/Users/admin/builder/spi-builder-workspace/.derivedData/Build/Intermediates.noindex/swift-colorful.build/Debug-watchos/DemoShared-t.build/DerivedSources -Xcc -DSWIFT_PACKAGE -Xcc -DDEBUG\=1 -emit-objc-header -emit-objc-header-path /Users/admin/builder/spi-builder-workspace/.derivedData/Build/Intermediates.noindex/swift-colorful.build/Debug-watchos/DemoShared-t.build/Objects-normal/arm64_32/DemoShared-Swift.h -working-directory /Users/admin/builder/spi-builder-workspace/.swiftpm/xcode -experimental-emit-module-separately -disable-cmo
error: Clang dependency scanning failure:  (in target 'DemoShared' from project 'swift-colorful')
/Users/admin/builder/spi-builder-workspace/Sources/Demos/Shared/shared.swift:2:8: error: Unable to resolve module dependency: 'AppKit' (in target 'DemoShared' from project 'swift-colorful')
    note: A dependency of main module 'DemoShared'
/Users/admin/builder/spi-builder-workspace/Sources/Demos/Shared/shared.swift:2:8: note: A dependency of main module 'DemoShared'
import AppKit
       ^ (in target 'DemoShared' from project 'swift-colorful')
SwiftDriver DemoShared normal arm64 com.apple.xcode.tools.swift.compiler (in target 'DemoShared' from project 'swift-colorful')
    cd /Users/admin/builder/spi-builder-workspace/.swiftpm/xcode
    builtin-SwiftDriver -- /Applications/Xcode-27.0.0-Release.Candidate.app/Contents/Developer/Toolchains/XcodeDefault.xctoolchain/usr/bin/swiftc -parse-as-library -module-name DemoShared -Onone @/Users/admin/builder/spi-builder-workspace/.derivedData/Build/Intermediates.noindex/swift-colorful.build/Debug-watchos/DemoShared-t.build/Objects-normal/arm64/DemoShared.SwiftFileList -DSWIFT_PACKAGE -DDEBUG -DSWIFT_MODULE_RESOURCE_BUNDLE_UNAVAILABLE -DXcode -plugin-path /Applications/Xcode-27.0.0-Release.Candidate.app/Contents/Developer/Toolchains/XcodeDefault.xctoolchain/usr/lib/swift/host/plugins/testing -enable-experimental-feature DebugDescriptionMacro -sdk /Applications/Xcode-27.0.0-Release.Candidate.app/Contents/Developer/Platforms/WatchOS.platform/Developer/SDKs/WatchOS27.0.sdk -target arm64-apple-watchos9.0 -g -module-cache-path /Users/admin/builder/spi-builder-workspace/.derivedData/ModuleCache.noindex -Xfrontend -serialize-debugging-options -profile-coverage-mapping -profile-generate -enable-testing -index-store-path /Users/admin/builder/spi-builder-workspace/.derivedData/Index.noindex/DataStore -Xcc -D_LIBCPP_HARDENING_MODE\=_LIBCPP_HARDENING_MODE_DEBUG -swift-version 5 -I /Users/admin/builder/spi-builder-workspace/.derivedData/Build/Products/Debug-watchos -Isystem /Applications/Xcode-27.0.0-Release.Candidate.app/Contents/Developer/Platforms/WatchOS.platform/Developer/usr/lib -F /Users/admin/builder/spi-builder-workspace/.derivedData/Build/Products/Debug-watchos/PackageFrameworks -F /Users/admin/builder/spi-builder-workspace/.derivedData/Build/Products/Debug-watchos -F /Applications/Xcode-27.0.0-Release.Candidate.app/Contents/Developer/Platforms/WatchOS.platform/Developer/Library/Frameworks -F /Applications/Xcode-27.0.0-Release.Candidate.app/Contents/Developer/Platforms/WatchOS.platform/Developer/SDKs/WatchOS27.0.sdk/Developer/Library/Frameworks -c -j10 -enable-batch-mode -incremental -Xcc -ivfsstatcache -Xcc /Users/admin/builder/spi-builder-workspace/.derivedData/SDKStatCaches.noindex/watchos27.0-24R360-e829b21a6f8c9b70876ba0858053c04477534ef55a1706bf4c1112bbb242f0a2.sdkstatcache -output-file-map /Users/admin/builder/spi-builder-workspace/.derivedData/Build/Intermediates.noindex/swift-colorful.build/Debug-watchos/DemoShared-t.build/Objects-normal/arm64/DemoShared-OutputFileMap.json -save-temps -no-color-diagnostics -explicit-module-build -module-cache-path /Users/admin/builder/spi-builder-workspace/.derivedData/Build/Intermediates.noindex/SwiftExplicitPrecompiledModules -clang-scanner-module-cache-path /Users/admin/builder/spi-builder-workspace/.derivedData/ModuleCache.noindex -sdk-module-cache-path /Users/admin/builder/spi-builder-workspace/.derivedData/SDKExplicitPrecompiledModules -emit-dependencies -emit-module -emit-module-path /Users/admin/builder/spi-builder-workspace/.derivedData/Build/Intermediates.noindex/swift-colorful.build/Debug-watchos/DemoShared-t.build/Objects-normal/arm64/DemoShared.swiftmodule -serialize-diagnostics -dependency-scan-serialize-diagnostics-path /Users/admin/builder/spi-builder-workspace/.derivedData/Build/Intermediates.noindex/swift-colorful.build/Debug-watchos/DemoShared-t.build/Objects-normal/arm64/DemoShared-dependency-scan.dia -validate-clang-modules-once -clang-build-session-file /Users/admin/builder/spi-builder-workspace/.derivedData/ModuleCache.noindex/Session.modulevalidation -Xcc -fmodules-prune-interval\=86400 -Xcc -fmodules-prune-after\=345600 -emit-const-values -const-gather-protocols-list /Users/admin/builder/spi-builder-workspace/.derivedData/Build/Intermediates.noindex/swift-colorful.build/Debug-watchos/DemoShared-t.build/Objects-normal/arm64/DemoShared_const_extract_protocols.json -Xcc -I/Users/admin/builder/spi-builder-workspace/.derivedData/Build/Products/Debug-watchos/include -Xcc -I/Users/admin/builder/spi-builder-workspace/.derivedData/Build/Intermediates.noindex/swift-colorful.build/Debug-watchos/DemoShared-t.build/DerivedSources-normal/arm64 -Xcc -I/Users/admin/builder/spi-builder-workspace/.derivedData/Build/Intermediates.noindex/swift-colorful.build/Debug-watchos/DemoShared-t.build/DerivedSources/arm64 -Xcc -I/Users/admin/builder/spi-builder-workspace/.derivedData/Build/Intermediates.noindex/swift-colorful.build/Debug-watchos/DemoShared-t.build/DerivedSources -Xcc -DSWIFT_PACKAGE -Xcc -DDEBUG\=1 -emit-objc-header -emit-objc-header-path /Users/admin/builder/spi-builder-workspace/.derivedData/Build/Intermediates.noindex/swift-colorful.build/Debug-watchos/DemoShared-t.build/Objects-normal/arm64/DemoShared-Swift.h -working-directory /Users/admin/builder/spi-builder-workspace/.swiftpm/xcode -experimental-emit-module-separately -disable-cmo
error: Clang dependency scanning failure:  (in target 'DemoShared' from project 'swift-colorful')
/Users/admin/builder/spi-builder-workspace/Sources/Demos/Shared/shared.swift:2:8: error: Unable to resolve module dependency: 'AppKit' (in target 'DemoShared' from project 'swift-colorful')
    note: A dependency of main module 'DemoShared'
/Users/admin/builder/spi-builder-workspace/Sources/Demos/Shared/shared.swift:2:8: note: A dependency of main module 'DemoShared'
import AppKit
       ^ (in target 'DemoShared' from project 'swift-colorful')
SwiftDriver DemoColorDist-macOS normal arm64 com.apple.xcode.tools.swift.compiler (in target 'DemoColorDist-macOS-product' from project 'swift-colorful')
    cd /Users/admin/builder/spi-builder-workspace/.swiftpm/xcode
    builtin-SwiftDriver -- /Applications/Xcode-27.0.0-Release.Candidate.app/Contents/Developer/Toolchains/XcodeDefault.xctoolchain/usr/bin/swiftc -module-name DemoColorDist -Onone @/Users/admin/builder/spi-builder-workspace/.derivedData/Build/Intermediates.noindex/swift-colorful.build/Debug-watchos/DemoColorDist-macOS-p.build/Objects-normal/arm64/DemoColorDist-macOS.SwiftFileList -DSWIFT_PACKAGE -DDEBUG -DXcode -plugin-path /Applications/Xcode-27.0.0-Release.Candidate.app/Contents/Developer/Toolchains/XcodeDefault.xctoolchain/usr/lib/swift/host/plugins/testing -enable-experimental-feature DebugDescriptionMacro -sdk /Applications/Xcode-27.0.0-Release.Candidate.app/Contents/Developer/Platforms/WatchOS.platform/Developer/SDKs/WatchOS27.0.sdk -target arm64-apple-watchos9.0 -g -module-cache-path /Users/admin/builder/spi-builder-workspace/.derivedData/ModuleCache.noindex -Xfrontend -serialize-debugging-options -profile-coverage-mapping -profile-generate -enable-testing -index-store-path /Users/admin/builder/spi-builder-workspace/.derivedData/Index.noindex/DataStore -Xcc -D_LIBCPP_HARDENING_MODE\=_LIBCPP_HARDENING_MODE_DEBUG -swift-version 5 -I /Users/admin/builder/spi-builder-workspace/.derivedData/Build/Products/Debug-watchos -Isystem /Applications/Xcode-27.0.0-Release.Candidate.app/Contents/Developer/Platforms/WatchOS.platform/Developer/usr/lib -F /Users/admin/builder/spi-builder-workspace/.derivedData/Build/Products/Debug-watchos/PackageFrameworks -F /Users/admin/builder/spi-builder-workspace/.derivedData/Build/Products/Debug-watchos -F /Applications/Xcode-27.0.0-Release.Candidate.app/Contents/Developer/Platforms/WatchOS.platform/Developer/Library/Frameworks -F /Applications/Xcode-27.0.0-Release.Candidate.app/Contents/Developer/Platforms/WatchOS.platform/Developer/SDKs/WatchOS27.0.sdk/Developer/Library/Frameworks -c -j10 -enable-batch-mode -incremental -Xcc -ivfsstatcache -Xcc /Users/admin/builder/spi-builder-workspace/.derivedData/SDKStatCaches.noindex/watchos27.0-24R360-e829b21a6f8c9b70876ba0858053c04477534ef55a1706bf4c1112bbb242f0a2.sdkstatcache -output-file-map /Users/admin/builder/spi-builder-workspace/.derivedData/Build/Intermediates.noindex/swift-colorful.build/Debug-watchos/DemoColorDist-macOS-p.build/Objects-normal/arm64/DemoColorDist-macOS-OutputFileMap.json -save-temps -no-color-diagnostics -explicit-module-build -module-cache-path /Users/admin/builder/spi-builder-workspace/.derivedData/Build/Intermediates.noindex/SwiftExplicitPrecompiledModules -clang-scanner-module-cache-path /Users/admin/builder/spi-builder-workspace/.derivedData/ModuleCache.noindex -sdk-module-cache-path /Users/admin/builder/spi-builder-workspace/.derivedData/SDKExplicitPrecompiledModules -emit-dependencies -emit-module -emit-module-path /Users/admin/builder/spi-builder-workspace/.derivedData/Build/Intermediates.noindex/swift-colorful.build/Debug-watchos/DemoColorDist-macOS-p.build/Objects-normal/arm64/DemoColorDist.swiftmodule -serialize-diagnostics -dependency-scan-serialize-diagnostics-path /Users/admin/builder/spi-builder-workspace/.derivedData/Build/Intermediates.noindex/swift-colorful.build/Debug-watchos/DemoColorDist-macOS-p.build/Objects-normal/arm64/DemoColorDist-dependency-scan.dia -validate-clang-modules-once -clang-build-session-file /Users/admin/builder/spi-builder-workspace/.derivedData/ModuleCache.noindex/Session.modulevalidation -Xcc -fmodules-prune-interval\=86400 -Xcc -fmodules-prune-after\=345600 -emit-const-values -const-gather-protocols-list /Users/admin/builder/spi-builder-workspace/.derivedData/Build/Intermediates.noindex/swift-colorful.build/Debug-watchos/DemoColorDist-macOS-p.build/Objects-normal/arm64/DemoColorDist-macOS_const_extract_protocols.json -Xcc -I/Users/admin/builder/spi-builder-workspace/.derivedData/Build/Products/Debug-watchos/include -Xcc -I/Users/admin/builder/spi-builder-workspace/.derivedData/Build/Intermediates.noindex/swift-colorful.build/Debug-watchos/DemoColorDist-macOS-p.build/DerivedSources-normal/arm64 -Xcc -I/Users/admin/builder/spi-builder-workspace/.derivedData/Build/Intermediates.noindex/swift-colorful.build/Debug-watchos/DemoColorDist-macOS-p.build/DerivedSources/arm64 -Xcc -I/Users/admin/builder/spi-builder-workspace/.derivedData/Build/Intermediates.noindex/swift-colorful.build/Debug-watchos/DemoColorDist-macOS-p.build/DerivedSources -Xcc -DSWIFT_PACKAGE -Xcc -DDEBUG\=1 -working-directory /Users/admin/builder/spi-builder-workspace/.swiftpm/xcode -experimental-emit-module-separately -disable-cmo
SwiftDriver DemoColorDist-macOS normal arm64_32 com.apple.xcode.tools.swift.compiler (in target 'DemoColorDist-macOS-product' from project 'swift-colorful')
    cd /Users/admin/builder/spi-builder-workspace/.swiftpm/xcode
    builtin-SwiftDriver -- /Applications/Xcode-27.0.0-Release.Candidate.app/Contents/Developer/Toolchains/XcodeDefault.xctoolchain/usr/bin/swiftc -module-name DemoColorDist -Onone @/Users/admin/builder/spi-builder-workspace/.derivedData/Build/Intermediates.noindex/swift-colorful.build/Debug-watchos/DemoColorDist-macOS-p.build/Objects-normal/arm64_32/DemoColorDist-macOS.SwiftFileList -DSWIFT_PACKAGE -DDEBUG -DXcode -plugin-path /Applications/Xcode-27.0.0-Release.Candidate.app/Contents/Developer/Toolchains/XcodeDefault.xctoolchain/usr/lib/swift/host/plugins/testing -enable-experimental-feature DebugDescriptionMacro -sdk /Applications/Xcode-27.0.0-Release.Candidate.app/Contents/Developer/Platforms/WatchOS.platform/Developer/SDKs/WatchOS27.0.sdk -target arm64_32-apple-watchos9.0 -g -module-cache-path /Users/admin/builder/spi-builder-workspace/.derivedData/ModuleCache.noindex -Xfrontend -serialize-debugging-options -profile-coverage-mapping -profile-generate -enable-testing -index-store-path /Users/admin/builder/spi-builder-workspace/.derivedData/Index.noindex/DataStore -Xcc -D_LIBCPP_HARDENING_MODE\=_LIBCPP_HARDENING_MODE_DEBUG -swift-version 5 -I /Users/admin/builder/spi-builder-workspace/.derivedData/Build/Products/Debug-watchos -Isystem /Applications/Xcode-27.0.0-Release.Candidate.app/Contents/Developer/Platforms/WatchOS.platform/Developer/usr/lib -F /Users/admin/builder/spi-builder-workspace/.derivedData/Build/Products/Debug-watchos/PackageFrameworks -F /Users/admin/builder/spi-builder-workspace/.derivedData/Build/Products/Debug-watchos -F /Applications/Xcode-27.0.0-Release.Candidate.app/Contents/Developer/Platforms/WatchOS.platform/Developer/Library/Frameworks -F /Applications/Xcode-27.0.0-Release.Candidate.app/Contents/Developer/Platforms/WatchOS.platform/Developer/SDKs/WatchOS27.0.sdk/Developer/Library/Frameworks -c -j10 -enable-batch-mode -incremental -Xcc -ivfsstatcache -Xcc /Users/admin/builder/spi-builder-workspace/.derivedData/SDKStatCaches.noindex/watchos27.0-24R360-e829b21a6f8c9b70876ba0858053c04477534ef55a1706bf4c1112bbb242f0a2.sdkstatcache -output-file-map /Users/admin/builder/spi-builder-workspace/.derivedData/Build/Intermediates.noindex/swift-colorful.build/Debug-watchos/DemoColorDist-macOS-p.build/Objects-normal/arm64_32/DemoColorDist-macOS-OutputFileMap.json -save-temps -no-color-diagnostics -explicit-module-build -module-cache-path /Users/admin/builder/spi-builder-workspace/.derivedData/Build/Intermediates.noindex/SwiftExplicitPrecompiledModules -clang-scanner-module-cache-path /Users/admin/builder/spi-builder-workspace/.derivedData/ModuleCache.noindex -sdk-module-cache-path /Users/admin/builder/spi-builder-workspace/.derivedData/SDKExplicitPrecompiledModules -emit-dependencies -emit-module -emit-module-path /Users/admin/builder/spi-builder-workspace/.derivedData/Build/Intermediates.noindex/swift-colorful.build/Debug-watchos/DemoColorDist-macOS-p.build/Objects-normal/arm64_32/DemoColorDist.swiftmodule -serialize-diagnostics -dependency-scan-serialize-diagnostics-path /Users/admin/builder/spi-builder-workspace/.derivedData/Build/Intermediates.noindex/swift-colorful.build/Debug-watchos/DemoColorDist-macOS-p.build/Objects-normal/arm64_32/DemoColorDist-dependency-scan.dia -validate-clang-modules-once -clang-build-session-file /Users/admin/builder/spi-builder-workspace/.derivedData/ModuleCache.noindex/Session.modulevalidation -Xcc -fmodules-prune-interval\=86400 -Xcc -fmodules-prune-after\=345600 -emit-const-values -const-gather-protocols-list /Users/admin/builder/spi-builder-workspace/.derivedData/Build/Intermediates.noindex/swift-colorful.build/Debug-watchos/DemoColorDist-macOS-p.build/Objects-normal/arm64_32/DemoColorDist-macOS_const_extract_protocols.json -Xcc -I/Users/admin/builder/spi-builder-workspace/.derivedData/Build/Products/Debug-watchos/include -Xcc -I/Users/admin/builder/spi-builder-workspace/.derivedData/Build/Intermediates.noindex/swift-colorful.build/Debug-watchos/DemoColorDist-macOS-p.build/DerivedSources-normal/arm64_32 -Xcc -I/Users/admin/builder/spi-builder-workspace/.derivedData/Build/Intermediates.noindex/swift-colorful.build/Debug-watchos/DemoColorDist-macOS-p.build/DerivedSources/arm64_32 -Xcc -I/Users/admin/builder/spi-builder-workspace/.derivedData/Build/Intermediates.noindex/swift-colorful.build/Debug-watchos/DemoColorDist-macOS-p.build/DerivedSources -Xcc -DSWIFT_PACKAGE -Xcc -DDEBUG\=1 -working-directory /Users/admin/builder/spi-builder-workspace/.swiftpm/xcode -experimental-emit-module-separately -disable-cmo
SwiftDriver Colorful normal arm64_32 com.apple.xcode.tools.swift.compiler (in target 'Colorful' from project 'swift-colorful')
    cd /Users/admin/builder/spi-builder-workspace/.swiftpm/xcode
    builtin-SwiftDriver -- /Applications/Xcode-27.0.0-Release.Candidate.app/Contents/Developer/Toolchains/XcodeDefault.xctoolchain/usr/bin/swiftc -parse-as-library -module-name Colorful -Onone @/Users/admin/builder/spi-builder-workspace/.derivedData/Build/Intermediates.noindex/swift-colorful.build/Debug-watchos/Colorful-t.build/Objects-normal/arm64_32/Colorful.SwiftFileList -DSWIFT_PACKAGE -DDEBUG -DSWIFT_MODULE_RESOURCE_BUNDLE_UNAVAILABLE -DXcode -plugin-path /Applications/Xcode-27.0.0-Release.Candidate.app/Contents/Developer/Toolchains/XcodeDefault.xctoolchain/usr/lib/swift/host/plugins/testing -enable-experimental-feature DebugDescriptionMacro -sdk /Applications/Xcode-27.0.0-Release.Candidate.app/Contents/Developer/Platforms/WatchOS.platform/Developer/SDKs/WatchOS27.0.sdk -target arm64_32-apple-watchos9.0 -g -module-cache-path /Users/admin/builder/spi-builder-workspace/.derivedData/ModuleCache.noindex -Xfrontend -serialize-debugging-options -profile-coverage-mapping -profile-generate -enable-testing -index-store-path /Users/admin/builder/spi-builder-workspace/.derivedData/Index.noindex/DataStore -Xcc -D_LIBCPP_HARDENING_MODE\=_LIBCPP_HARDENING_MODE_DEBUG -swift-version 5 -I /Users/admin/builder/spi-builder-workspace/.derivedData/Build/Products/Debug-watchos -Isystem /Applications/Xcode-27.0.0-Release.Candidate.app/Contents/Developer/Platforms/WatchOS.platform/Developer/usr/lib -F /Users/admin/builder/spi-builder-workspace/.derivedData/Build/Products/Debug-watchos -F /Applications/Xcode-27.0.0-Release.Candidate.app/Contents/Developer/Platforms/WatchOS.platform/Developer/Library/Frameworks -F /Applications/Xcode-27.0.0-Release.Candidate.app/Contents/Developer/Platforms/WatchOS.platform/Developer/SDKs/WatchOS27.0.sdk/Developer/Library/Frameworks -c -j10 -enable-batch-mode -incremental -Xcc -ivfsstatcache -Xcc /Users/admin/builder/spi-builder-workspace/.derivedData/SDKStatCaches.noindex/watchos27.0-24R360-e829b21a6f8c9b70876ba0858053c04477534ef55a1706bf4c1112bbb242f0a2.sdkstatcache -output-file-map /Users/admin/builder/spi-builder-workspace/.derivedData/Build/Intermediates.noindex/swift-colorful.build/Debug-watchos/Colorful-t.build/Objects-normal/arm64_32/Colorful-OutputFileMap.json -save-temps -no-color-diagnostics -explicit-module-build -module-cache-path /Users/admin/builder/spi-builder-workspace/.derivedData/Build/Intermediates.noindex/SwiftExplicitPrecompiledModules -clang-scanner-module-cache-path /Users/admin/builder/spi-builder-workspace/.derivedData/ModuleCache.noindex -sdk-module-cache-path /Users/admin/builder/spi-builder-workspace/.derivedData/SDKExplicitPrecompiledModules -emit-dependencies -emit-module -emit-module-path /Users/admin/builder/spi-builder-workspace/.derivedData/Build/Intermediates.noindex/swift-colorful.build/Debug-watchos/Colorful-t.build/Objects-normal/arm64_32/Colorful.swiftmodule -serialize-diagnostics -dependency-scan-serialize-diagnostics-path /Users/admin/builder/spi-builder-workspace/.derivedData/Build/Intermediates.noindex/swift-colorful.build/Debug-watchos/Colorful-t.build/Objects-normal/arm64_32/Colorful-dependency-scan.dia -validate-clang-modules-once -clang-build-session-file /Users/admin/builder/spi-builder-workspace/.derivedData/ModuleCache.noindex/Session.modulevalidation -Xcc -fmodules-prune-interval\=86400 -Xcc -fmodules-prune-after\=345600 -emit-const-values -const-gather-protocols-list /Users/admin/builder/spi-builder-workspace/.derivedData/Build/Intermediates.noindex/swift-colorful.build/Debug-watchos/Colorful-t.build/Objects-normal/arm64_32/Colorful_const_extract_protocols.json -Xcc -I/Users/admin/builder/spi-builder-workspace/.derivedData/Build/Products/Debug-watchos/include -Xcc -I/Users/admin/builder/spi-builder-workspace/.derivedData/Build/Intermediates.noindex/swift-colorful.build/Debug-watchos/Colorful-t.build/DerivedSources-normal/arm64_32 -Xcc -I/Users/admin/builder/spi-builder-workspace/.derivedData/Build/Intermediates.noindex/swift-colorful.build/Debug-watchos/Colorful-t.build/DerivedSources/arm64_32 -Xcc -I/Users/admin/builder/spi-builder-workspace/.derivedData/Build/Intermediates.noindex/swift-colorful.build/Debug-watchos/Colorful-t.build/DerivedSources -Xcc -DSWIFT_PACKAGE -Xcc -DDEBUG\=1 -emit-objc-header -emit-objc-header-path /Users/admin/builder/spi-builder-workspace/.derivedData/Build/Intermediates.noindex/swift-colorful.build/Debug-watchos/Colorful-t.build/Objects-normal/arm64_32/Colorful-Swift.h -working-directory /Users/admin/builder/spi-builder-workspace/.swiftpm/xcode -experimental-emit-module-separately -disable-cmo
SwiftDriver Colorful normal arm64 com.apple.xcode.tools.swift.compiler (in target 'Colorful' from project 'swift-colorful')
    cd /Users/admin/builder/spi-builder-workspace/.swiftpm/xcode
    builtin-SwiftDriver -- /Applications/Xcode-27.0.0-Release.Candidate.app/Contents/Developer/Toolchains/XcodeDefault.xctoolchain/usr/bin/swiftc -parse-as-library -module-name Colorful -Onone @/Users/admin/builder/spi-builder-workspace/.derivedData/Build/Intermediates.noindex/swift-colorful.build/Debug-watchos/Colorful-t.build/Objects-normal/arm64/Colorful.SwiftFileList -DSWIFT_PACKAGE -DDEBUG -DSWIFT_MODULE_RESOURCE_BUNDLE_UNAVAILABLE -DXcode -plugin-path /Applications/Xcode-27.0.0-Release.Candidate.app/Contents/Developer/Toolchains/XcodeDefault.xctoolchain/usr/lib/swift/host/plugins/testing -enable-experimental-feature DebugDescriptionMacro -sdk /Applications/Xcode-27.0.0-Release.Candidate.app/Contents/Developer/Platforms/WatchOS.platform/Developer/SDKs/WatchOS27.0.sdk -target arm64-apple-watchos9.0 -g -module-cache-path /Users/admin/builder/spi-builder-workspace/.derivedData/ModuleCache.noindex -Xfrontend -serialize-debugging-options -profile-coverage-mapping -profile-generate -enable-testing -index-store-path /Users/admin/builder/spi-builder-workspace/.derivedData/Index.noindex/DataStore -Xcc -D_LIBCPP_HARDENING_MODE\=_LIBCPP_HARDENING_MODE_DEBUG -swift-version 5 -I /Users/admin/builder/spi-builder-workspace/.derivedData/Build/Products/Debug-watchos -Isystem /Applications/Xcode-27.0.0-Release.Candidate.app/Contents/Developer/Platforms/WatchOS.platform/Developer/usr/lib -F /Users/admin/builder/spi-builder-workspace/.derivedData/Build/Products/Debug-watchos -F /Applications/Xcode-27.0.0-Release.Candidate.app/Contents/Developer/Platforms/WatchOS.platform/Developer/Library/Frameworks -F /Applications/Xcode-27.0.0-Release.Candidate.app/Contents/Developer/Platforms/WatchOS.platform/Developer/SDKs/WatchOS27.0.sdk/Developer/Library/Frameworks -c -j10 -enable-batch-mode -incremental -Xcc -ivfsstatcache -Xcc /Users/admin/builder/spi-builder-workspace/.derivedData/SDKStatCaches.noindex/watchos27.0-24R360-e829b21a6f8c9b70876ba0858053c04477534ef55a1706bf4c1112bbb242f0a2.sdkstatcache -output-file-map /Users/admin/builder/spi-builder-workspace/.derivedData/Build/Intermediates.noindex/swift-colorful.build/Debug-watchos/Colorful-t.build/Objects-normal/arm64/Colorful-OutputFileMap.json -save-temps -no-color-diagnostics -explicit-module-build -module-cache-path /Users/admin/builder/spi-builder-workspace/.derivedData/Build/Intermediates.noindex/SwiftExplicitPrecompiledModules -clang-scanner-module-cache-path /Users/admin/builder/spi-builder-workspace/.derivedData/ModuleCache.noindex -sdk-module-cache-path /Users/admin/builder/spi-builder-workspace/.derivedData/SDKExplicitPrecompiledModules -emit-dependencies -emit-module -emit-module-path /Users/admin/builder/spi-builder-workspace/.derivedData/Build/Intermediates.noindex/swift-colorful.build/Debug-watchos/Colorful-t.build/Objects-normal/arm64/Colorful.swiftmodule -serialize-diagnostics -dependency-scan-serialize-diagnostics-path /Users/admin/builder/spi-builder-workspace/.derivedData/Build/Intermediates.noindex/swift-colorful.build/Debug-watchos/Colorful-t.build/Objects-normal/arm64/Colorful-dependency-scan.dia -validate-clang-modules-once -clang-build-session-file /Users/admin/builder/spi-builder-workspace/.derivedData/ModuleCache.noindex/Session.modulevalidation -Xcc -fmodules-prune-interval\=86400 -Xcc -fmodules-prune-after\=345600 -emit-const-values -const-gather-protocols-list /Users/admin/builder/spi-builder-workspace/.derivedData/Build/Intermediates.noindex/swift-colorful.build/Debug-watchos/Colorful-t.build/Objects-normal/arm64/Colorful_const_extract_protocols.json -Xcc -I/Users/admin/builder/spi-builder-workspace/.derivedData/Build/Products/Debug-watchos/include -Xcc -I/Users/admin/builder/spi-builder-workspace/.derivedData/Build/Intermediates.noindex/swift-colorful.build/Debug-watchos/Colorful-t.build/DerivedSources-normal/arm64 -Xcc -I/Users/admin/builder/spi-builder-workspace/.derivedData/Build/Intermediates.noindex/swift-colorful.build/Debug-watchos/Colorful-t.build/DerivedSources/arm64 -Xcc -I/Users/admin/builder/spi-builder-workspace/.derivedData/Build/Intermediates.noindex/swift-colorful.build/Debug-watchos/Colorful-t.build/DerivedSources -Xcc -DSWIFT_PACKAGE -Xcc -DDEBUG\=1 -emit-objc-header -emit-objc-header-path /Users/admin/builder/spi-builder-workspace/.derivedData/Build/Intermediates.noindex/swift-colorful.build/Debug-watchos/Colorful-t.build/Objects-normal/arm64/Colorful-Swift.h -working-directory /Users/admin/builder/spi-builder-workspace/.swiftpm/xcode -experimental-emit-module-separately -disable-cmo
PruneExplicitPrecompiledModules /Users/admin/builder/spi-builder-workspace/.derivedData/Build/Intermediates.noindex/ExplicitPrecompiledModules
PruneExplicitPrecompiledModules /Users/admin/builder/spi-builder-workspace/.derivedData/Build/Intermediates.noindex/SwiftExplicitPrecompiledModules
PruneExplicitPrecompiledModules /Users/admin/builder/spi-builder-workspace/.derivedData/SDKExplicitPrecompiledModules
2026-09-18 08:48:31.954 xcodebuild[750:4861] [MT] IDERunDestination: Supported platforms for the buildables in the current scheme is empty.
** BUILD FAILED **
The following build commands failed:
	SwiftDriver DemoShared normal arm64_32 com.apple.xcode.tools.swift.compiler (in target 'DemoShared' from project 'swift-colorful')
	SwiftDriver DemoShared normal arm64 com.apple.xcode.tools.swift.compiler (in target 'DemoShared' from project 'swift-colorful')
	Building workspace swift-colorful with scheme swift-colorful-Package
(3 failures)
BUILD FAILURE 6.4 watchOS