The Swift Package Index logo.Swift Package Index

Build Information

Failed to build PaversSugar, reference 1.0.0 (4589b7), with Swift 6.4 for Wasm on 17 Sep 2026 03:58:31 UTC.

Build Command

bash -c docker run --pull=always --rm -v "checkouts-53886770-0":/host -w "$PWD" -e JAVA_HOME="/root/.sdkman/candidates/java/current" -e SPI_BUILD="1" -e SPI_PROCESSING="1" registry.gitlab.com/saguaro1/spi-images:wasm-6.4-latest swift build --swift-sdk swift-6.4.x-DEVELOPMENT-SNAPSHOT-2026-09-04-a_wasm 2>&1

Build Log

========================================
RunAll
========================================
Builder version: 5.1.0
Interrupt handler set up.
========================================
Checkout
========================================
Clone URL: https://github.com/KeithPiTsui/PaversSugar.git
Reference: 1.0.0
Initialized empty Git repository in /host/spi-builder-workspace/.git/
hint: Using 'master' as the name for the initial branch. This default branch name
hint: is subject to change. To configure the initial branch name to use in all
hint: of your new repositories, which will suppress this warning, call:
hint:
hint: 	git config --global init.defaultBranch <name>
hint:
hint: Names commonly chosen instead of 'master' are 'main', 'trunk' and
hint: 'development'. The just-created branch can be renamed via this command:
hint:
hint: 	git branch -m <name>
From https://github.com/KeithPiTsui/PaversSugar
 * tag               1.0.0      -> FETCH_HEAD
HEAD is now at 4589b7a initialization
Cloned https://github.com/KeithPiTsui/PaversSugar.git
Revision (git rev-parse @):
4589b7a40f2b502ba3a003fb9b05cd5d5afa2f78
SUCCESS checkout https://github.com/KeithPiTsui/PaversSugar.git at 1.0.0
========================================
Build
========================================
Selected platform:         wasm
Swift version:             6.4
Building package at path:  $PWD
https://github.com/KeithPiTsui/PaversSugar.git
Running build ...
bash -c docker run --pull=always --rm -v "checkouts-53886770-0":/host -w "$PWD" -e JAVA_HOME="/root/.sdkman/candidates/java/current" -e SPI_BUILD="1" -e SPI_PROCESSING="1" registry.gitlab.com/saguaro1/spi-images:wasm-6.4-latest swift build --swift-sdk swift-6.4.x-DEVELOPMENT-SNAPSHOT-2026-09-04-a_wasm 2>&1
wasm-6.4-latest: Pulling from saguaro1/spi-images
Digest: sha256:4328fdb43c680d205c1d6761b1e3267aa38277eefdda9ddfb17b6a0f1a77857a
Status: Image is up to date for registry.gitlab.com/saguaro1/spi-images:wasm-6.4-latest
Fetching https://github.com/KeithPiTsui/PaversFRP.git
[1/135] Fetching paversfrp
Fetched https://github.com/KeithPiTsui/PaversFRP.git (0.42s)
Computing version for https://github.com/KeithPiTsui/PaversFRP.git
Computed https://github.com/KeithPiTsui/PaversFRP.git at 1.0.0 (1.47s)
Creating working copy for https://github.com/KeithPiTsui/PaversFRP.git
Working copy of https://github.com/KeithPiTsui/PaversFRP.git resolved at 1.0.0
Building for debugging...
[Pre-planning 1 / 96]
error: SwiftCompile normal wasm32 failed with a nonzero exit code. Command line:     cd /host

/host/spi-builder-workspace/.build/checkouts/PaversFRP/Sources/PaversFRP/Types/SumType/Result.swift:145:27: error: cannot find type 'NSErrorPointer' in scope
143 |                   file: String = #file,
144 |                   line: Int = #line,
145 |                   `try`: (NSErrorPointer) -> T?)
    |                           `- error: cannot find type 'NSErrorPointer' in scope
146 |   -> Result<T, NSError> {
147 | 	var error: NSError?
/host/spi-builder-workspace/.build/checkouts/PaversFRP/Sources/PaversFRP/Types/SumType/Result.swift:160:27: error: cannot find type 'NSErrorPointer' in scope
158 |                   file: String = #file,
159 |                   line: Int = #line,
160 |                   `try`: (NSErrorPointer) -> Bool)
    |                           `- error: cannot find type 'NSErrorPointer' in scope
161 |   -> Result<(), NSError> {
162 | 	var error: NSError?
Failed frontend command:
/usr/bin/swift-frontend -frontend -emit-module -experimental-skip-non-inlinable-function-bodies-without-types /host/spi-builder-workspace/.build/checkouts/PaversFRP/Sources/PaversFRP/Protocols/EitherType.swift /host/spi-builder-workspace/.build/checkouts/PaversFRP/Sources/PaversFRP/Protocols/Enumerable.swift /host/spi-builder-workspace/.build/checkouts/PaversFRP/Sources/PaversFRP/Protocols/LensObject.swift /host/spi-builder-workspace/.build/checkouts/PaversFRP/Sources/PaversFRP/Protocols/Monoid.swift /host/spi-builder-workspace/.build/checkouts/PaversFRP/Sources/PaversFRP/Protocols/NonEmptyType.swift /host/spi-builder-workspace/.build/checkouts/PaversFRP/Sources/PaversFRP/Protocols/NumericType.swift /host/spi-builder-workspace/.build/checkouts/PaversFRP/Sources/PaversFRP/Protocols/OptionalType.swift /host/spi-builder-workspace/.build/checkouts/PaversFRP/Sources/PaversFRP/Protocols/ResultProtocol.swift /host/spi-builder-workspace/.build/checkouts/PaversFRP/Sources/PaversFRP/Protocols/Semigroup.swift /host/spi-builder-workspace/.build/checkouts/PaversFRP/Sources/PaversFRP/Protocols/VectorType.swift /host/spi-builder-workspace/.build/checkouts/PaversFRP/Sources/PaversFRP/Types/Array/Array+Alternative.swift /host/spi-builder-workspace/.build/checkouts/PaversFRP/Sources/PaversFRP/Types/Array/Array+Applicative.swift /host/spi-builder-workspace/.build/checkouts/PaversFRP/Sources/PaversFRP/Types/Array/Array+Functor.swift /host/spi-builder-workspace/.build/checkouts/PaversFRP/Sources/PaversFRP/Types/Array/Array+Monad.swift /host/spi-builder-workspace/.build/checkouts/PaversFRP/Sources/PaversFRP/Types/Array/Array.swift /host/spi-builder-workspace/.build/checkouts/PaversFRP/Sources/PaversFRP/Types/Array/NonEmpties.swift /host/spi-builder-workspace/.build/checkouts/PaversFRP/Sources/PaversFRP/Types/Comparator.swift /host/spi-builder-workspace/.build/checkouts/PaversFRP/Sources/PaversFRP/Types/Dictionary.swift /host/spi-builder-workspace/.build/checkouts/PaversFRP/Sources/PaversFRP/Types/Error/AnyError.swift /host/spi-builder-workspace/.build/checkouts/PaversFRP/Sources/PaversFRP/Types/Error/NoError.swift /host/spi-builder-workspace/.build/checkouts/PaversFRP/Sources/PaversFRP/Types/Error/SomeError.swift /host/spi-builder-workspace/.build/checkouts/PaversFRP/Sources/PaversFRP/Types/Exponentials/Comparable.swift /host/spi-builder-workspace/.build/checkouts/PaversFRP/Sources/PaversFRP/Types/Exponentials/Function.swift /host/spi-builder-workspace/.build/checkouts/PaversFRP/Sources/PaversFRP/Types/Exponentials/Unpack.swift /host/spi-builder-workspace/.build/checkouts/PaversFRP/Sources/PaversFRP/Types/Lens/Lens.swift /host/spi-builder-workspace/.build/checkouts/PaversFRP/Sources/PaversFRP/Types/Lens/LensHolder.swift /host/spi-builder-workspace/.build/checkouts/PaversFRP/Sources/PaversFRP/Types/Optional/Optional+Alternative.swift /host/spi-builder-workspace/.build/checkouts/PaversFRP/Sources/PaversFRP/Types/Optional/Optional+Applicative.swift /host/spi-builder-workspace/.build/checkouts/PaversFRP/Sources/PaversFRP/Types/Optional/Optional+Functor.swift /host/spi-builder-workspace/.build/checkouts/PaversFRP/Sources/PaversFRP/Types/Optional/Optional+Monad.swift /host/spi-builder-workspace/.build/checkouts/PaversFRP/Sources/PaversFRP/Types/Optional/Optional.swift /host/spi-builder-workspace/.build/checkouts/PaversFRP/Sources/PaversFRP/Types/ProductType/Pair.swift /host/spi-builder-workspace/.build/checkouts/PaversFRP/Sources/PaversFRP/Types/ProductType/Tuple.swift /host/spi-builder-workspace/.build/checkouts/PaversFRP/Sources/PaversFRP/Types/ProductType/Unit.swift /host/spi-builder-workspace/.build/checkouts/PaversFRP/Sources/PaversFRP/Types/Set/Set+CartesianProduct.swift /host/spi-builder-workspace/.build/checkouts/PaversFRP/Sources/PaversFRP/Types/Set/Set+Monoid.swift /host/spi-builder-workspace/.build/checkouts/PaversFRP/Sources/PaversFRP/Types/State/State+Functor.swift /host/spi-builder-workspace/.build/checkouts/PaversFRP/Sources/PaversFRP/Types/State/State+Monad.swift /host/spi-builder-workspace/.build/checkouts/PaversFRP/Sources/PaversFRP/Types/State/State.swift /host/spi-builder-workspace/.build/checkouts/PaversFRP/Sources/PaversFRP/Types/String.swift /host/spi-builder-workspace/.build/checkouts/PaversFRP/Sources/PaversFRP/Types/SumType/Bool.swift /host/spi-builder-workspace/.build/checkouts/PaversFRP/Sources/PaversFRP/Types/SumType/Either.swift /host/spi-builder-workspace/.build/checkouts/PaversFRP/Sources/PaversFRP/Types/SumType/Empty.swift /host/spi-builder-workspace/.build/checkouts/PaversFRP/Sources/PaversFRP/Types/SumType/Ordering.swift /host/spi-builder-workspace/.build/checkouts/PaversFRP/Sources/PaversFRP/Types/SumType/Result.swift /host/spi-builder-workspace/.build/checkouts/PaversFRP/Sources/PaversFRP/Types/Value/Value+NumericType.swift /host/spi-builder-workspace/.build/checkouts/PaversFRP/Sources/PaversFRP/Utilities/Curry.swift /host/spi-builder-workspace/.build/checkouts/PaversFRP/Sources/PaversFRP/Utilities/Runes.swift -target wasm32-unknown-wasip1 -disable-objc-interop -sdk /root/.swiftpm/swift-sdks/swift-6.4.x-DEVELOPMENT-SNAPSHOT-2026-09-04-a_wasm.artifactbundle/swift-6.4.x-DEVELOPMENT-SNAPSHOT-2026-09-04-a_wasm/wasm32-unknown-wasip1/WASI.sdk -sysroot /root/.swiftpm/swift-sdks/swift-6.4.x-DEVELOPMENT-SNAPSHOT-2026-09-04-a_wasm.artifactbundle/swift-6.4.x-DEVELOPMENT-SNAPSHOT-2026-09-04-a_wasm/wasm32-unknown-wasip1/WASI.sdk -I /host/spi-builder-workspace/.build/out/Products/Debug-webassembly-wasm32 -module-cache-path /host/spi-builder-workspace/.build/out/ModuleCache.noindex -color-diagnostics -Xcc -fcolor-diagnostics -enable-testing -g -debug-info-format\=dwarf -dwarf-version\=4 -suppress-warnings -swift-version 4 -Onone -D SWIFT_PACKAGE -D DEBUG -D SWIFT_MODULE_RESOURCE_BUNDLE_UNAVAILABLE -D Xcode -serialize-debugging-options -enable-experimental-feature DebugDescriptionMacro -empty-abi-descriptor -external-plugin-path /usr/lib/swift/host/plugins/testing\#/usr/bin/swift-plugin-server -validate-clang-modules-once -clang-build-session-file /host/spi-builder-workspace/.build/out/ModuleCache.noindex/Session.modulevalidation -Xcc -working-directory -Xcc /host -resource-dir /root/.swiftpm/swift-sdks/swift-6.4.x-DEVELOPMENT-SNAPSHOT-2026-09-04-a_wasm.artifactbundle/swift-6.4.x-DEVELOPMENT-SNAPSHOT-2026-09-04-a_wasm/wasm32-unknown-wasip1/swift.xctoolchain/usr/lib/swift_static -use-static-resource-dir -enable-anonymous-context-mangled-names -file-compilation-dir /host -Xcc -resource-dir -Xcc /root/.swiftpm/swift-sdks/swift-6.4.x-DEVELOPMENT-SNAPSHOT-2026-09-04-a_wasm.artifactbundle/swift-6.4.x-DEVELOPMENT-SNAPSHOT-2026-09-04-a_wasm/wasm32-unknown-wasip1/swift.xctoolchain/usr/lib/swift_static/clang -Xcc -D_LIBCPP_HARDENING_MODE\=_LIBCPP_HARDENING_MODE_DEBUG -Xcc -fmodules-prune-interval\=86400 -Xcc -fmodules-prune-after\=345600 -Xcc -I/host/spi-builder-workspace/.build/out/Products/Debug-webassembly-wasm32/include -Xcc -I/host/spi-builder-workspace/.build/out/Intermediates.noindex/PaversFRP.build/Debug-webassembly-wasm32/PaversFRP-t.build/DerivedSources-normal/wasm32 -Xcc -I/host/spi-builder-workspace/.build/out/Intermediates.noindex/PaversFRP.build/Debug-webassembly-wasm32/PaversFRP-t.build/DerivedSources/wasm32 -Xcc -I/host/spi-builder-workspace/.build/out/Intermediates.noindex/PaversFRP.build/Debug-webassembly-wasm32/PaversFRP-t.build/DerivedSources -Xcc -DSWIFT_PACKAGE -Xcc -DDEBUG\=1 -no-auto-bridging-header-chaining -module-name PaversFRP -const-gather-protocols-file /host/spi-builder-workspace/.build/out/Intermediates.noindex/PaversFRP.build/Debug-webassembly-wasm32/PaversFRP-t.build/Objects-normal/wasm32/PaversFRP_const_extract_protocols.json -in-process-plugin-server-path /usr/lib/swift/host/libSwiftInProcPluginServer.so -plugin-path /usr/lib/swift/host/plugins -plugin-path /usr/local/lib/swift/host/plugins -emit-module-doc-path /host/spi-builder-workspace/.build/out/Intermediates.noindex/PaversFRP.build/Debug-webassembly-wasm32/PaversFRP-t.build/Objects-normal/wasm32/Modules/PaversFRP.swiftdoc -emit-module-source-info-path /host/spi-builder-workspace/.build/out/Intermediates.noindex/PaversFRP.build/Debug-webassembly-wasm32/PaversFRP-t.build/Objects-normal/wasm32/Modules/PaversFRP.swiftsourceinfo -emit-objc-header-path /host/spi-builder-workspace/.build/out/Intermediates.noindex/PaversFRP.build/Debug-webassembly-wasm32/PaversFRP-t.build/Objects-normal/wasm32/PaversFRP-Swift.h -serialize-diagnostics-path /host/spi-builder-workspace/.build/out/Intermediates.noindex/PaversFRP.build/Debug-webassembly-wasm32/PaversFRP-t.build/Objects-normal/wasm32/PaversFRP-primary-emit-module.dia -emit-dependencies-path /host/spi-builder-workspace/.build/out/Intermediates.noindex/PaversFRP.build/Debug-webassembly-wasm32/PaversFRP-t.build/Objects-normal/wasm32/PaversFRP-primary-emit-module.d -parse-as-library -o /host/spi-builder-workspace/.build/out/Intermediates.noindex/PaversFRP.build/Debug-webassembly-wasm32/PaversFRP-t.build/Objects-normal/wasm32/Modules/PaversFRP.swiftmodule
[32 / 47] PaversFRP
error: Build failed
BUILD FAILURE 6.4 wasm