Build Information
Failed to build swift-pjsua, reference 0.1.0 (fd2130), with Swift 6.2 for visionOS using Xcode 26.3 on 13 Oct 2026 16:39:37 UTC.
Build Command
env DEVELOPER_DIR=/Applications/Xcode-26.3.0.app xcrun xcodebuild -IDEClonedSourcePackagesDirPathOverride=$PWD/.dependencies -skipMacroValidation -skipPackagePluginValidation -derivedDataPath $PWD/.derivedData build -scheme swift-pjsua-Package -destination generic/platform=xrOSBuild Log
========================================
RunAll
========================================
Builder version: 5.1.2
Interrupt handler set up.
========================================
Checkout
========================================
Clone URL: https://github.com/laconicman/swift-pjsua.git
Reference: 0.1.0
Initialized empty Git repository in /Users/admin/builder/spi-builder-workspace/.git/
From https://github.com/laconicman/swift-pjsua
* tag 0.1.0 -> FETCH_HEAD
HEAD is now at fd2130d Account-level SIP instance ID and a SIP outbound switch (#31)
Cloned https://github.com/laconicman/swift-pjsua.git
Revision (git rev-parse @):
fd2130df4cb427d8524c7058bded84ae550294cd
SUCCESS checkout https://github.com/laconicman/swift-pjsua.git at 0.1.0
========================================
Build
========================================
Selected platform: visionOS
Swift version: 6.2
Building package at path: $PWD
https://github.com/laconicman/swift-pjsua.git
Command line invocation:
/Applications/Xcode-26.3.0.app/Contents/Developer/usr/bin/xcodebuild -IDEClonedSourcePackagesDirPathOverride=/Users/admin/builder/spi-builder-workspace/.dependencies -resolvePackageDependencies
Resolve Package Graph
Fetching from https://github.com/laconicman/swift-pjsip
Creating working copy of package ‘swift-pjsip’
Checking out 0.3.0 of package ‘swift-pjsip’
Resolve Package Graph
Resolved source packages:
PJSIP: https://github.com/laconicman/swift-pjsip @ 0.3.0
swift-pjsua: /Users/admin/builder/spi-builder-workspace
resolved source packages: PJSIP, swift-pjsua
2026-10-13 12:39:10.169 xcodebuild[539:3093] [MT] IDERunDestination: Supported platforms for the buildables in the current scheme is empty.
2026-10-13 12:39:10.384 xcodebuild[539:3093] [MT] DVTAssertions: Warning in IDEFrameworks/IDEFoundation/Execution/RunContextManager/IDERunContextManager.m:926
Details: Error deleting scheme: Cannot modify data because the process disallows saving.
Object: <IDERunContextManager: 0xa7246e040>
Method: -deleteRunContexts:completionQueue:completionBlock:
Thread: <_NSMainThread: 0x105901850>{number = 1, name = main}
Please file a bug at https://feedbackassistant.apple.com with this warning message and any useful information you can provide.
2026-10-13 12:39:10.385 xcodebuild[539:3093] could not delete old scheme: Error Domain=DVTCustomDataStoringErrors Code=0 "Cannot modify data because the process disallows saving." UserInfo={NSLocalizedDescription=Cannot modify data because the process disallows saving.}
2026-10-13 12:39:10.385 xcodebuild[539:3093] [MT] DVTAssertions: Warning in IDEFrameworks/IDEFoundation/Execution/RunContextManager/IDERunContextManager.m:926
Details: Error deleting scheme: Cannot modify data because the process disallows saving.
Object: <IDERunContextManager: 0xa7246e040>
Method: -deleteRunContexts:completionQueue:completionBlock:
Thread: <_NSMainThread: 0x105901850>{number = 1, name = main}
Please file a bug at https://feedbackassistant.apple.com with this warning message and any useful information you can provide.
2026-10-13 12:39:10.385 xcodebuild[539:3093] could not delete old scheme: Error Domain=DVTCustomDataStoringErrors Code=0 "Cannot modify data because the process disallows saving." UserInfo={NSLocalizedDescription=Cannot modify data because the process disallows saving.}
2026-10-13 12:39:10.385 xcodebuild[539:3093] [MT] DVTAssertions: Warning in IDEFrameworks/IDEFoundation/Execution/RunContextManager/IDERunContextManager.m:926
Details: Error deleting scheme: Cannot modify data because the process disallows saving.
Object: <IDERunContextManager: 0xa7246e040>
Method: -deleteRunContexts:completionQueue:completionBlock:
Thread: <_NSMainThread: 0x105901850>{number = 1, name = main}
Please file a bug at https://feedbackassistant.apple.com with this warning message and any useful information you can provide.
2026-10-13 12:39:10.385 xcodebuild[539:3093] could not delete old scheme: Error Domain=DVTCustomDataStoringErrors Code=0 "Cannot modify data because the process disallows saving." UserInfo={NSLocalizedDescription=Cannot modify data because the process disallows saving.}
{
"dependencies" : [
{
"identity" : "swift-pjsip",
"requirement" : {
"range" : [
{
"lower_bound" : "0.3.0",
"upper_bound" : "0.4.0"
}
]
},
"type" : "sourceControl",
"url" : "https://github.com/laconicman/swift-pjsip"
}
],
"manifest_display_name" : "swift-pjsua",
"name" : "swift-pjsua",
"path" : "/Users/admin/builder/spi-builder-workspace",
"platforms" : [
{
"name" : "ios",
"version" : "17.0"
}
],
"products" : [
{
"name" : "SwiftPJSUA",
"targets" : [
"SwiftPJSUA"
],
"type" : {
"library" : [
"automatic"
]
}
},
{
"name" : "SwiftPJSUAKit",
"targets" : [
"SwiftPJSUAKit"
],
"type" : {
"library" : [
"automatic"
]
}
}
],
"targets" : [
{
"c99name" : "SwiftPJSUATests",
"module_type" : "SwiftTarget",
"name" : "SwiftPJSUATests",
"path" : "Tests/SwiftPJSUATests",
"product_dependencies" : [
"PJSIP"
],
"resources" : [
{
"path" : "/Users/admin/builder/spi-builder-workspace/Tests/SwiftPJSUATests/Fixtures",
"rule" : {
"copy" : {
}
}
}
],
"sources" : [
"AccountConfigurationTests.swift",
"CallStateTests.swift",
"IPChangeTests.swift",
"LogSinkTests.swift",
"Registration/AddAccountTests.swift",
"Registration/HandleIPChangeTests.swift",
"Registration/ReRegisterTests.swift",
"Registration/RegistrationTests.swift",
"Registration/RemoveAccountTests.swift",
"Registration/ScriptedRegistrar.swift",
"Registration/SetRegistrationTests.swift",
"StartTests.swift",
"TLSTransportTests.swift",
"TransferTests.swift",
"TransportTests.swift"
],
"target_dependencies" : [
"SwiftPJSUA"
],
"type" : "test"
},
{
"c99name" : "SwiftPJSUAKitTests",
"module_type" : "SwiftTarget",
"name" : "SwiftPJSUAKitTests",
"path" : "Tests/SwiftPJSUAKitTests",
"sources" : [
"CallIdentityTests.swift",
"CallRegistryTests.swift",
"EventRelayTests.swift",
"VoIPPushPayloadTests.swift"
],
"target_dependencies" : [
"SwiftPJSUAKit"
],
"type" : "test"
},
{
"c99name" : "SwiftPJSUAKit",
"module_type" : "SwiftTarget",
"name" : "SwiftPJSUAKit",
"path" : "Sources/SwiftPJSUAKit",
"product_memberships" : [
"SwiftPJSUAKit"
],
"sources" : [
"CallIdentity.swift",
"CallKitController.swift",
"CallRegistry.swift",
"CallSessionRouter.swift",
"PendingCallAction.swift",
"UUID+Version5.swift",
"VoIPPushHandler.swift",
"VoIPPushPayload.swift"
],
"target_dependencies" : [
"SwiftPJSUA"
],
"type" : "library"
},
{
"c99name" : "SwiftPJSUA",
"module_type" : "SwiftTarget",
"name" : "SwiftPJSUA",
"path" : "Sources/SwiftPJSUA",
"product_dependencies" : [
"PJSIP"
],
"product_memberships" : [
"SwiftPJSUA",
"SwiftPJSUAKit"
],
"sources" : [
"AccountConfiguration.swift",
"AccountID.swift",
"CallID.swift",
"CallMediaEvent.swift",
"CallMediaInfo.swift",
"CallMediaStatus.swift",
"CallState.swift",
"CallStreamStatistics.swift",
"CredentialStore.swift",
"Executor/PJSIPExecutor.swift",
"Executor/PJThreadRegistration.swift",
"Interop/PJ+Log.swift",
"Interop/PJ+ScheduleTimer.swift",
"Interop/PJBool+Bool.swift",
"Interop/PJSUAError.swift",
"Interop/PJStatus+Throw.swift",
"Interop/PJStr+String.swift",
"Interop/PJString.swift",
"Interop/String+PJStr.swift",
"PJSUA+Accounts.swift",
"PJSUA+Audio.swift",
"PJSUA+Calls.swift",
"PJSUA+Conference.swift",
"PJSUA+ReRegister.swift",
"PJSUA+RegistrationLifecycle.swift",
"PJSUA+Statistics.swift",
"PJSUA+Video.swift",
"PJSUA.swift",
"PJSUACallbacks.swift",
"PJSUAEvent.swift",
"PJSUAUsageError.swift",
"PushConfiguration.swift",
"RegistrationError.swift",
"RegistrationLifecycle.swift",
"RegistrationSignal.swift",
"RegistrationWait.swift",
"Transport.swift",
"TransportConfiguration.swift",
"VideoWindowInfo.swift"
],
"type" : "library"
}
],
"tools_version" : "5.9"
}
{
"workspace" : {
"name" : "spi-builder-workspace",
"schemes" : [
"swift-pjsua-Package",
"SwiftPJSUA",
"SwiftPJSUAKit"
]
}
}
2026-10-13 12:39:28.367 xcodebuild[720:4347] [MT] IDERunDestination: Supported platforms for the buildables in the current scheme is empty.
{
"workspace" : {
"name" : "spi-builder-workspace",
"schemes" : [
"swift-pjsua-Package",
"SwiftPJSUA",
"SwiftPJSUAKit"
]
}
}
2026-10-13 12:39:29.333 xcodebuild[723:4401] [MT] IDERunDestination: Supported platforms for the buildables in the current scheme is empty.
Running build ...
env DEVELOPER_DIR=/Applications/Xcode-26.3.0.app xcrun xcodebuild -IDEClonedSourcePackagesDirPathOverride=$PWD/.dependencies -skipMacroValidation -skipPackagePluginValidation -derivedDataPath $PWD/.derivedData build -scheme swift-pjsua-Package -destination generic/platform=xrOS
Command line invocation:
/Applications/Xcode-26.3.0.app/Contents/Developer/usr/bin/xcodebuild -IDEClonedSourcePackagesDirPathOverride=/Users/admin/builder/spi-builder-workspace/.dependencies -skipMacroValidation -skipPackagePluginValidation -derivedDataPath /Users/admin/builder/spi-builder-workspace/.derivedData build -scheme swift-pjsua-Package -destination generic/platform=xrOS
Resolve Package Graph
Resolve Package Graph
Resolved source packages:
PJSIP: https://github.com/laconicman/swift-pjsip @ 0.3.0
swift-pjsua: /Users/admin/builder/spi-builder-workspace
2026-10-13 12:39:31.437 xcodebuild[725:4433] [MT] IDERunDestination: Supported platforms for the buildables in the current scheme is empty.
2026-10-13 12:39:31.546 xcodebuild[725:4433] [MT] DVTAssertions: Warning in IDEFrameworks/IDEFoundation/Execution/RunContextManager/IDERunContextManager.m:926
Details: Error deleting scheme: Cannot modify data because the process disallows saving.
Object: <IDERunContextManager: 0x7b8469200>
Method: -deleteRunContexts:completionQueue:completionBlock:
Thread: <_NSMainThread: 0x10103d850>{number = 1, name = main}
Please file a bug at https://feedbackassistant.apple.com with this warning message and any useful information you can provide.
2026-10-13 12:39:31.547 xcodebuild[725:4433] could not delete old scheme: Error Domain=DVTCustomDataStoringErrors Code=0 "Cannot modify data because the process disallows saving." UserInfo={NSLocalizedDescription=Cannot modify data because the process disallows saving.}
2026-10-13 12:39:31.547 xcodebuild[725:4433] [MT] DVTAssertions: Warning in IDEFrameworks/IDEFoundation/Execution/RunContextManager/IDERunContextManager.m:926
Details: Error deleting scheme: Cannot modify data because the process disallows saving.
Object: <IDERunContextManager: 0x7b8469200>
Method: -deleteRunContexts:completionQueue:completionBlock:
Thread: <_NSMainThread: 0x10103d850>{number = 1, name = main}
Please file a bug at https://feedbackassistant.apple.com with this warning message and any useful information you can provide.
2026-10-13 12:39:31.547 xcodebuild[725:4433] could not delete old scheme: Error Domain=DVTCustomDataStoringErrors Code=0 "Cannot modify data because the process disallows saving." UserInfo={NSLocalizedDescription=Cannot modify data because the process disallows saving.}
2026-10-13 12:39:31.547 xcodebuild[725:4433] [MT] DVTAssertions: Warning in IDEFrameworks/IDEFoundation/Execution/RunContextManager/IDERunContextManager.m:926
Details: Error deleting scheme: Cannot modify data because the process disallows saving.
Object: <IDERunContextManager: 0x7b8469200>
Method: -deleteRunContexts:completionQueue:completionBlock:
Thread: <_NSMainThread: 0x10103d850>{number = 1, name = main}
Please file a bug at https://feedbackassistant.apple.com with this warning message and any useful information you can provide.
2026-10-13 12:39:31.547 xcodebuild[725:4433] could not delete old scheme: Error Domain=DVTCustomDataStoringErrors Code=0 "Cannot modify data because the process disallows saving." UserInfo={NSLocalizedDescription=Cannot modify data because the process disallows saving.}
2026-10-13 12:39:31.549 xcodebuild[725:4433] Writing error result bundle to /var/folders/xq/y_g06wb113726d38xsyx71_h0000gn/T/ResultBundle_2026-13-10_12-39-0031.xcresult
xcodebuild: error: The workspace named "spi-builder-workspace" does not contain a scheme named "swift-pjsua-Package". The "-list" option can be used to find the names of the schemes in the workspace.
Command line invocation:
/Applications/Xcode-26.3.0.app/Contents/Developer/usr/bin/xcodebuild -IDEClonedSourcePackagesDirPathOverride=/Users/admin/builder/spi-builder-workspace/.dependencies -resolvePackageDependencies
Resolve Package Graph
Resolved source packages:
swift-pjsua: /Users/admin/builder/spi-builder-workspace
PJSIP: https://github.com/laconicman/swift-pjsip @ 0.3.0
resolved source packages: swift-pjsua, PJSIP
2026-10-13 12:39:32.440 xcodebuild[743:4545] [MT] IDERunDestination: Supported platforms for the buildables in the current scheme is empty.
{
"dependencies" : [
{
"identity" : "swift-pjsip",
"requirement" : {
"range" : [
{
"lower_bound" : "0.3.0",
"upper_bound" : "0.4.0"
}
]
},
"type" : "sourceControl",
"url" : "https://github.com/laconicman/swift-pjsip"
}
],
"manifest_display_name" : "swift-pjsua",
"name" : "swift-pjsua",
"path" : "/Users/admin/builder/spi-builder-workspace",
"platforms" : [
{
"name" : "ios",
"version" : "17.0"
}
],
"products" : [
{
"name" : "SwiftPJSUA",
"targets" : [
"SwiftPJSUA"
],
"type" : {
"library" : [
"automatic"
]
}
},
{
"name" : "SwiftPJSUAKit",
"targets" : [
"SwiftPJSUAKit"
],
"type" : {
"library" : [
"automatic"
]
}
}
],
"targets" : [
{
"c99name" : "SwiftPJSUATests",
"module_type" : "SwiftTarget",
"name" : "SwiftPJSUATests",
"path" : "Tests/SwiftPJSUATests",
"product_dependencies" : [
"PJSIP"
],
"resources" : [
{
"path" : "/Users/admin/builder/spi-builder-workspace/Tests/SwiftPJSUATests/Fixtures",
"rule" : {
"copy" : {
}
}
}
],
"sources" : [
"AccountConfigurationTests.swift",
"CallStateTests.swift",
"IPChangeTests.swift",
"LogSinkTests.swift",
"Registration/AddAccountTests.swift",
"Registration/HandleIPChangeTests.swift",
"Registration/ReRegisterTests.swift",
"Registration/RegistrationTests.swift",
"Registration/RemoveAccountTests.swift",
"Registration/ScriptedRegistrar.swift",
"Registration/SetRegistrationTests.swift",
"StartTests.swift",
"TLSTransportTests.swift",
"TransferTests.swift",
"TransportTests.swift"
],
"target_dependencies" : [
"SwiftPJSUA"
],
"type" : "test"
},
{
"c99name" : "SwiftPJSUAKitTests",
"module_type" : "SwiftTarget",
"name" : "SwiftPJSUAKitTests",
"path" : "Tests/SwiftPJSUAKitTests",
"sources" : [
"CallIdentityTests.swift",
"CallRegistryTests.swift",
"EventRelayTests.swift",
"VoIPPushPayloadTests.swift"
],
"target_dependencies" : [
"SwiftPJSUAKit"
],
"type" : "test"
},
{
"c99name" : "SwiftPJSUAKit",
"module_type" : "SwiftTarget",
"name" : "SwiftPJSUAKit",
"path" : "Sources/SwiftPJSUAKit",
"product_memberships" : [
"SwiftPJSUAKit"
],
"sources" : [
"CallIdentity.swift",
"CallKitController.swift",
"CallRegistry.swift",
"CallSessionRouter.swift",
"PendingCallAction.swift",
"UUID+Version5.swift",
"VoIPPushHandler.swift",
"VoIPPushPayload.swift"
],
"target_dependencies" : [
"SwiftPJSUA"
],
"type" : "library"
},
{
"c99name" : "SwiftPJSUA",
"module_type" : "SwiftTarget",
"name" : "SwiftPJSUA",
"path" : "Sources/SwiftPJSUA",
"product_dependencies" : [
"PJSIP"
],
"product_memberships" : [
"SwiftPJSUA",
"SwiftPJSUAKit"
],
"sources" : [
"AccountConfiguration.swift",
"AccountID.swift",
"CallID.swift",
"CallMediaEvent.swift",
"CallMediaInfo.swift",
"CallMediaStatus.swift",
"CallState.swift",
"CallStreamStatistics.swift",
"CredentialStore.swift",
"Executor/PJSIPExecutor.swift",
"Executor/PJThreadRegistration.swift",
"Interop/PJ+Log.swift",
"Interop/PJ+ScheduleTimer.swift",
"Interop/PJBool+Bool.swift",
"Interop/PJSUAError.swift",
"Interop/PJStatus+Throw.swift",
"Interop/PJStr+String.swift",
"Interop/PJString.swift",
"Interop/String+PJStr.swift",
"PJSUA+Accounts.swift",
"PJSUA+Audio.swift",
"PJSUA+Calls.swift",
"PJSUA+Conference.swift",
"PJSUA+ReRegister.swift",
"PJSUA+RegistrationLifecycle.swift",
"PJSUA+Statistics.swift",
"PJSUA+Video.swift",
"PJSUA.swift",
"PJSUACallbacks.swift",
"PJSUAEvent.swift",
"PJSUAUsageError.swift",
"PushConfiguration.swift",
"RegistrationError.swift",
"RegistrationLifecycle.swift",
"RegistrationSignal.swift",
"RegistrationWait.swift",
"Transport.swift",
"TransportConfiguration.swift",
"VideoWindowInfo.swift"
],
"type" : "library"
}
],
"tools_version" : "5.9"
}
{
"workspace" : {
"name" : "spi-builder-workspace",
"schemes" : [
"swift-pjsua-Package",
"SwiftPJSUA",
"SwiftPJSUAKit"
]
}
}
2026-10-13 12:39:33.550 xcodebuild[751:4604] [MT] IDERunDestination: Supported platforms for the buildables in the current scheme is empty.
{
"workspace" : {
"name" : "spi-builder-workspace",
"schemes" : [
"swift-pjsua-Package",
"SwiftPJSUA",
"SwiftPJSUAKit"
]
}
}
2026-10-13 12:39:34.460 xcodebuild[754:4641] [MT] IDERunDestination: Supported platforms for the buildables in the current scheme is empty.
Running build ...
env DEVELOPER_DIR=/Applications/Xcode-26.3.0.app xcrun xcodebuild -IDEClonedSourcePackagesDirPathOverride=$PWD/.dependencies -skipMacroValidation -skipPackagePluginValidation -derivedDataPath $PWD/.derivedData build -scheme swift-pjsua-Package -destination generic/platform=xrOS
Command line invocation:
/Applications/Xcode-26.3.0.app/Contents/Developer/usr/bin/xcodebuild -IDEClonedSourcePackagesDirPathOverride=/Users/admin/builder/spi-builder-workspace/.dependencies -skipMacroValidation -skipPackagePluginValidation -derivedDataPath /Users/admin/builder/spi-builder-workspace/.derivedData build -scheme swift-pjsua-Package -destination generic/platform=xrOS
Resolve Package Graph
Resolved source packages:
swift-pjsua: /Users/admin/builder/spi-builder-workspace
PJSIP: https://github.com/laconicman/swift-pjsip @ 0.3.0
ComputePackagePrebuildTargetDependencyGraph
Prepare packages
CreateBuildRequest
SendProjectDescription
CreateBuildOperation
ComputeTargetDependencyGraph
note: Building targets in dependency order
note: Target dependency graph (5 targets)
Target 'SwiftPJSUAKit' in project 'swift-pjsua'
➜ Explicit dependency on target 'SwiftPJSUAKit' in project 'swift-pjsua'
➜ Explicit dependency on target 'SwiftPJSUA' in project 'swift-pjsua'
➜ Explicit dependency on target 'PJSIP' in project 'PJSIP'
Target 'SwiftPJSUAKit' in project 'swift-pjsua'
➜ Explicit dependency on target 'SwiftPJSUA' in project 'swift-pjsua'
➜ Explicit dependency on target 'PJSIP' in project 'PJSIP'
Target 'SwiftPJSUA' in project 'swift-pjsua'
➜ Explicit dependency on target 'SwiftPJSUA' in project 'swift-pjsua'
➜ Explicit dependency on target 'PJSIP' in project 'PJSIP'
Target 'SwiftPJSUA' in project 'swift-pjsua'
➜ Explicit dependency on target 'PJSIP' in project 'PJSIP'
Target 'PJSIP' in project 'PJSIP' (no dependencies)
GatherProvisioningInputs
CreateBuildDescription
ExecuteExternalTool /Applications/Xcode-26.3.0.app/Contents/Developer/Toolchains/XcodeDefault.xctoolchain/usr/bin/clang -v -E -dM -isysroot /Applications/Xcode-26.3.0.app/Contents/Developer/Platforms/XROS.platform/Developer/SDKs/XROS26.2.sdk -x c -c /dev/null
ExecuteExternalTool /Applications/Xcode-26.3.0.app/Contents/Developer/Toolchains/XcodeDefault.xctoolchain/usr/bin/swiftc --version
ExecuteExternalTool /Applications/Xcode-26.3.0.app/Contents/Developer/Toolchains/XcodeDefault.xctoolchain/usr/bin/ld -version_details
Build description signature: d9ab7f54423ef740d6dc0bb7cf97fa1a
Build description path: /Users/admin/builder/spi-builder-workspace/.derivedData/Build/Intermediates.noindex/XCBuildData/d9ab7f54423ef740d6dc0bb7cf97fa1a.xcbuilddata
/Users/admin/builder/spi-builder-workspace/.dependencies/artifacts/swift-pjsip/PJSIP/PJSIP.xcframework:1:1: error: While building for visionOS, no library for this platform was found in '/Users/admin/builder/spi-builder-workspace/.dependencies/artifacts/swift-pjsip/PJSIP/PJSIP.xcframework'. (in target 'SwiftPJSUA' from project 'swift-pjsua')
/Users/admin/builder/spi-builder-workspace/.dependencies/artifacts/swift-pjsip/PJSIP/PJSIP.xcframework:1:1: error: While building for visionOS, no library for this platform was found in '/Users/admin/builder/spi-builder-workspace/.dependencies/artifacts/swift-pjsip/PJSIP/PJSIP.xcframework'. (in target 'PJSIP' from project 'PJSIP')
/Users/admin/builder/spi-builder-workspace/.dependencies/artifacts/swift-pjsip/PJSIP/PJSIP.xcframework:1:1: error: While building for visionOS, no library for this platform was found in '/Users/admin/builder/spi-builder-workspace/.dependencies/artifacts/swift-pjsip/PJSIP/PJSIP.xcframework'. (in target 'SwiftPJSUA' from project 'swift-pjsua')
/Users/admin/builder/spi-builder-workspace/.dependencies/artifacts/swift-pjsip/PJSIP/PJSIP.xcframework:1:1: error: While building for visionOS, no library for this platform was found in '/Users/admin/builder/spi-builder-workspace/.dependencies/artifacts/swift-pjsip/PJSIP/PJSIP.xcframework'. (in target 'SwiftPJSUA' from project 'swift-pjsua')
/Users/admin/builder/spi-builder-workspace/.dependencies/artifacts/swift-pjsip/PJSIP/PJSIP.xcframework:1:1: error: While building for visionOS, no library for this platform was found in '/Users/admin/builder/spi-builder-workspace/.dependencies/artifacts/swift-pjsip/PJSIP/PJSIP.xcframework'. (in target 'SwiftPJSUAKit' from project 'swift-pjsua')
/Users/admin/builder/spi-builder-workspace/.dependencies/artifacts/swift-pjsip/PJSIP/PJSIP.xcframework:1:1: error: While building for visionOS, no library for this platform was found in '/Users/admin/builder/spi-builder-workspace/.dependencies/artifacts/swift-pjsip/PJSIP/PJSIP.xcframework'. (in target 'SwiftPJSUAKit' from project 'swift-pjsua')
/Users/admin/builder/spi-builder-workspace/.dependencies/artifacts/swift-pjsip/PJSIP/PJSIP.xcframework:1:1: error: While building for visionOS, no library for this platform was found in '/Users/admin/builder/spi-builder-workspace/.dependencies/artifacts/swift-pjsip/PJSIP/PJSIP.xcframework'. (in target 'SwiftPJSUAKit' from project 'swift-pjsua')
2026-10-13 12:39:35.352 xcodebuild[756:4671] [MT] IDERunDestination: Supported platforms for the buildables in the current scheme is empty.
** BUILD FAILED **
The following build commands failed:
Building workspace spi-builder-workspace with scheme swift-pjsua-Package
(1 failure)
BUILD FAILURE 6.2 visionOS