Build Information
Failed to build RadarSDK, reference 3.44.0 (a61ba8), with Swift 6.1 for tvOS using Xcode 16.3 on 17 Oct 2026 21:49:10 UTC.
Build Command
env DEVELOPER_DIR=/Applications/Xcode-16.3.0.app xcrun xcodebuild -IDEClonedSourcePackagesDirPathOverride=$PWD/.dependencies -skipMacroValidation -skipPackagePluginValidation -derivedDataPath $PWD/.derivedData build -scheme RadarSDK-Package -destination generic/platform=tvOSBuild Log
========================================
RunAll
========================================
Builder version: 5.1.3
Interrupt handler set up.
========================================
Checkout
========================================
Clone URL: https://github.com/radarlabs/radar-sdk-ios-spm.git
Reference: 3.44.0
Initialized empty Git repository in /Users/admin/builder/spi-builder-workspace/.git/
From https://github.com/radarlabs/radar-sdk-ios-spm
* tag 3.44.0 -> FETCH_HEAD
HEAD is now at a61ba88 [create-pull-request] automated change
Cloned https://github.com/radarlabs/radar-sdk-ios-spm.git
Revision (git rev-parse @):
a61ba8829f3abba5eea77f73cd376dd5d360cd02
SUCCESS checkout https://github.com/radarlabs/radar-sdk-ios-spm.git at 3.44.0
========================================
Build
========================================
Selected platform: tvOS
Swift version: 6.1
Building package at path: $PWD
https://github.com/radarlabs/radar-sdk-ios-spm.git
https://github.com/radarlabs/radar-sdk-ios-spm.git
{
"dependencies" : [
],
"manifest_display_name" : "RadarSDK",
"name" : "RadarSDK",
"path" : "/Users/admin/builder/spi-builder-workspace",
"platforms" : [
{
"name" : "ios",
"version" : "15.0"
}
],
"products" : [
{
"name" : "RadarSDK",
"targets" : [
"RadarSDK",
"_RadarStub"
],
"type" : {
"library" : [
"automatic"
]
}
},
{
"name" : "RadarSDKMotion",
"targets" : [
"RadarSDKMotion",
"_RadarStub"
],
"type" : {
"library" : [
"automatic"
]
}
},
{
"name" : "RadarSDKIndoors",
"targets" : [
"RadarSDKIndoors",
"_RadarStub"
],
"type" : {
"library" : [
"automatic"
]
}
}
],
"targets" : [
{
"c99name" : "_RadarStub",
"module_type" : "SwiftTarget",
"name" : "_RadarStub",
"path" : "Sources/_RadarStub",
"product_memberships" : [
"RadarSDK",
"RadarSDKMotion",
"RadarSDKIndoors"
],
"sources" : [
"Stub.swift"
],
"type" : "library"
},
{
"c99name" : "RadarSDKMotion",
"module_type" : "BinaryTarget",
"name" : "RadarSDKMotion",
"path" : "remote/archive/RadarSDKMotion.xcframework.zip",
"product_memberships" : [
"RadarSDKMotion"
],
"sources" : [
],
"type" : "binary"
},
{
"c99name" : "RadarSDKIndoors",
"module_type" : "BinaryTarget",
"name" : "RadarSDKIndoors",
"path" : "remote/archive/RadarSDKIndoors.xcframework.zip",
"product_memberships" : [
"RadarSDKIndoors"
],
"sources" : [
],
"type" : "binary"
},
{
"c99name" : "RadarSDK",
"module_type" : "BinaryTarget",
"name" : "RadarSDK",
"path" : "remote/archive/RadarSDK.xcframework.zip",
"product_memberships" : [
"RadarSDK"
],
"sources" : [
],
"type" : "binary"
}
],
"tools_version" : "5.6"
}
Command line invocation:
/Applications/Xcode-16.3.0.app/Contents/Developer/usr/bin/xcodebuild -IDEClonedSourcePackagesDirPathOverride=/Users/admin/builder/spi-builder-workspace/.dependencies -resolvePackageDependencies
Resolve Package Graph
Resolve Package Graph
Resolved source packages:
RadarSDK: /Users/admin/builder/spi-builder-workspace
resolved source packages: RadarSDK
{
"dependencies" : [
],
"manifest_display_name" : "RadarSDK",
"name" : "RadarSDK",
"path" : "/Users/admin/builder/spi-builder-workspace",
"platforms" : [
{
"name" : "ios",
"version" : "15.0"
}
],
"products" : [
{
"name" : "RadarSDK",
"targets" : [
"RadarSDK",
"_RadarStub"
],
"type" : {
"library" : [
"automatic"
]
}
},
{
"name" : "RadarSDKMotion",
"targets" : [
"RadarSDKMotion",
"_RadarStub"
],
"type" : {
"library" : [
"automatic"
]
}
},
{
"name" : "RadarSDKIndoors",
"targets" : [
"RadarSDKIndoors",
"_RadarStub"
],
"type" : {
"library" : [
"automatic"
]
}
}
],
"targets" : [
{
"c99name" : "_RadarStub",
"module_type" : "SwiftTarget",
"name" : "_RadarStub",
"path" : "Sources/_RadarStub",
"product_memberships" : [
"RadarSDK",
"RadarSDKMotion",
"RadarSDKIndoors"
],
"sources" : [
"Stub.swift"
],
"type" : "library"
},
{
"c99name" : "RadarSDKMotion",
"module_type" : "BinaryTarget",
"name" : "RadarSDKMotion",
"path" : "remote/archive/RadarSDKMotion.xcframework.zip",
"product_memberships" : [
"RadarSDKMotion"
],
"sources" : [
],
"type" : "binary"
},
{
"c99name" : "RadarSDKIndoors",
"module_type" : "BinaryTarget",
"name" : "RadarSDKIndoors",
"path" : "remote/archive/RadarSDKIndoors.xcframework.zip",
"product_memberships" : [
"RadarSDKIndoors"
],
"sources" : [
],
"type" : "binary"
},
{
"c99name" : "RadarSDK",
"module_type" : "BinaryTarget",
"name" : "RadarSDK",
"path" : "remote/archive/RadarSDK.xcframework.zip",
"product_memberships" : [
"RadarSDK"
],
"sources" : [
],
"type" : "binary"
}
],
"tools_version" : "5.6"
}
{
"workspace" : {
"name" : "spi-builder-workspace",
"schemes" : [
"RadarSDK",
"RadarSDK-Package",
"RadarSDKIndoors",
"RadarSDKMotion"
]
}
}
Running build ...
env DEVELOPER_DIR=/Applications/Xcode-16.3.0.app xcrun xcodebuild -IDEClonedSourcePackagesDirPathOverride=$PWD/.dependencies -skipMacroValidation -skipPackagePluginValidation -derivedDataPath $PWD/.derivedData build -scheme RadarSDK-Package -destination generic/platform=tvOS OTHER_SWIFT_FLAGS=-stats-output-dir .stats -strict-concurrency=complete -enable-upcoming-feature StrictConcurrency -enable-upcoming-feature DisableOutwardActorInference -enable-upcoming-feature GlobalActorIsolatedTypesUsability -enable-upcoming-feature InferSendableFromCaptures
Command line invocation:
/Applications/Xcode-16.3.0.app/Contents/Developer/usr/bin/xcodebuild -IDEClonedSourcePackagesDirPathOverride=/Users/admin/builder/spi-builder-workspace/.dependencies -skipMacroValidation -skipPackagePluginValidation -derivedDataPath /Users/admin/builder/spi-builder-workspace/.derivedData build -scheme RadarSDK-Package -destination generic/platform=tvOS "OTHER_SWIFT_FLAGS=-stats-output-dir .stats -strict-concurrency=complete -enable-upcoming-feature StrictConcurrency -enable-upcoming-feature DisableOutwardActorInference -enable-upcoming-feature GlobalActorIsolatedTypesUsability -enable-upcoming-feature InferSendableFromCaptures"
Build settings from command line:
OTHER_SWIFT_FLAGS = -stats-output-dir .stats -strict-concurrency=complete -enable-upcoming-feature StrictConcurrency -enable-upcoming-feature DisableOutwardActorInference -enable-upcoming-feature GlobalActorIsolatedTypesUsability -enable-upcoming-feature InferSendableFromCaptures
Resolve Package Graph
Resolved source packages:
RadarSDK: /Users/admin/builder/spi-builder-workspace
ComputePackagePrebuildTargetDependencyGraph
Prepare packages
CreateBuildRequest
SendProjectDescription
CreateBuildOperation
ComputeTargetDependencyGraph
note: Building targets in dependency order
note: Target dependency graph (4 targets)
Target 'RadarSDKMotion' in project 'RadarSDK'
➜ Explicit dependency on target '_RadarStub' in project 'RadarSDK'
Target 'RadarSDKIndoors' in project 'RadarSDK'
➜ Explicit dependency on target '_RadarStub' in project 'RadarSDK'
Target 'RadarSDK' in project 'RadarSDK'
➜ Explicit dependency on target '_RadarStub' in project 'RadarSDK'
Target '_RadarStub' in project 'RadarSDK' (no dependencies)
GatherProvisioningInputs
CreateBuildDescription
ExecuteExternalTool /Applications/Xcode-16.3.0.app/Contents/Developer/Toolchains/XcodeDefault.xctoolchain/usr/bin/clang -v -E -dM -isysroot /Applications/Xcode-16.3.0.app/Contents/Developer/Platforms/AppleTVOS.platform/Developer/SDKs/AppleTVOS18.4.sdk -x c -c /dev/null
ExecuteExternalTool /Applications/Xcode-16.3.0.app/Contents/Developer/Toolchains/XcodeDefault.xctoolchain/usr/bin/swiftc --version
ExecuteExternalTool /Applications/Xcode-16.3.0.app/Contents/Developer/Toolchains/XcodeDefault.xctoolchain/usr/bin/ld -version_details
Build description signature: 4813c687e6be02e81305873d82bab365
Build description path: /Users/admin/builder/spi-builder-workspace/.derivedData/Build/Intermediates.noindex/XCBuildData/4813c687e6be02e81305873d82bab365.xcbuilddata
/Users/admin/builder/spi-builder-workspace/.dependencies/artifacts/spi-builder-workspace/RadarSDK/RadarSDK.xcframework:1:1: error: While building for tvOS, no library for this platform was found in '/Users/admin/builder/spi-builder-workspace/.dependencies/artifacts/spi-builder-workspace/RadarSDK/RadarSDK.xcframework'. (in target 'RadarSDK' from project 'RadarSDK')
/Users/admin/builder/spi-builder-workspace/.dependencies/artifacts/spi-builder-workspace/RadarSDKMotion/RadarSDKMotion.xcframework:1:1: error: While building for tvOS, no library for this platform was found in '/Users/admin/builder/spi-builder-workspace/.dependencies/artifacts/spi-builder-workspace/RadarSDKMotion/RadarSDKMotion.xcframework'. (in target 'RadarSDKMotion' from project 'RadarSDK')
/Users/admin/builder/spi-builder-workspace/.dependencies/artifacts/spi-builder-workspace/RadarSDKIndoors/RadarSDKIndoors.xcframework:1:1: error: While building for tvOS, no library for this platform was found in '/Users/admin/builder/spi-builder-workspace/.dependencies/artifacts/spi-builder-workspace/RadarSDKIndoors/RadarSDKIndoors.xcframework'. (in target 'RadarSDKIndoors' from project 'RadarSDK')
** BUILD FAILED **
The following build commands failed:
Building workspace spi-builder-workspace with scheme RadarSDK-Package
(1 failure)
Command line invocation:
/Applications/Xcode-16.3.0.app/Contents/Developer/usr/bin/xcodebuild -IDEClonedSourcePackagesDirPathOverride=/Users/admin/builder/spi-builder-workspace/.dependencies -resolvePackageDependencies
Resolve Package Graph
Resolved source packages:
RadarSDK: /Users/admin/builder/spi-builder-workspace
resolved source packages: RadarSDK
{
"dependencies" : [
],
"manifest_display_name" : "RadarSDK",
"name" : "RadarSDK",
"path" : "/Users/admin/builder/spi-builder-workspace",
"platforms" : [
{
"name" : "ios",
"version" : "15.0"
}
],
"products" : [
{
"name" : "RadarSDK",
"targets" : [
"RadarSDK",
"_RadarStub"
],
"type" : {
"library" : [
"automatic"
]
}
},
{
"name" : "RadarSDKMotion",
"targets" : [
"RadarSDKMotion",
"_RadarStub"
],
"type" : {
"library" : [
"automatic"
]
}
},
{
"name" : "RadarSDKIndoors",
"targets" : [
"RadarSDKIndoors",
"_RadarStub"
],
"type" : {
"library" : [
"automatic"
]
}
}
],
"targets" : [
{
"c99name" : "_RadarStub",
"module_type" : "SwiftTarget",
"name" : "_RadarStub",
"path" : "Sources/_RadarStub",
"product_memberships" : [
"RadarSDK",
"RadarSDKMotion",
"RadarSDKIndoors"
],
"sources" : [
"Stub.swift"
],
"type" : "library"
},
{
"c99name" : "RadarSDKMotion",
"module_type" : "BinaryTarget",
"name" : "RadarSDKMotion",
"path" : "remote/archive/RadarSDKMotion.xcframework.zip",
"product_memberships" : [
"RadarSDKMotion"
],
"sources" : [
],
"type" : "binary"
},
{
"c99name" : "RadarSDKIndoors",
"module_type" : "BinaryTarget",
"name" : "RadarSDKIndoors",
"path" : "remote/archive/RadarSDKIndoors.xcframework.zip",
"product_memberships" : [
"RadarSDKIndoors"
],
"sources" : [
],
"type" : "binary"
},
{
"c99name" : "RadarSDK",
"module_type" : "BinaryTarget",
"name" : "RadarSDK",
"path" : "remote/archive/RadarSDK.xcframework.zip",
"product_memberships" : [
"RadarSDK"
],
"sources" : [
],
"type" : "binary"
}
],
"tools_version" : "5.6"
}
{
"workspace" : {
"name" : "spi-builder-workspace",
"schemes" : [
"RadarSDK",
"RadarSDK-Package",
"RadarSDKIndoors",
"RadarSDKMotion"
]
}
}
Running build ...
env DEVELOPER_DIR=/Applications/Xcode-16.3.0.app xcrun xcodebuild -IDEClonedSourcePackagesDirPathOverride=$PWD/.dependencies -skipMacroValidation -skipPackagePluginValidation -derivedDataPath $PWD/.derivedData build -scheme RadarSDK-Package -destination generic/platform=tvOS
Command line invocation:
/Applications/Xcode-16.3.0.app/Contents/Developer/usr/bin/xcodebuild -IDEClonedSourcePackagesDirPathOverride=/Users/admin/builder/spi-builder-workspace/.dependencies -skipMacroValidation -skipPackagePluginValidation -derivedDataPath /Users/admin/builder/spi-builder-workspace/.derivedData build -scheme RadarSDK-Package -destination generic/platform=tvOS
Resolve Package Graph
Resolved source packages:
RadarSDK: /Users/admin/builder/spi-builder-workspace
ComputePackagePrebuildTargetDependencyGraph
Prepare packages
CreateBuildRequest
SendProjectDescription
CreateBuildOperation
ComputeTargetDependencyGraph
note: Building targets in dependency order
note: Target dependency graph (4 targets)
Target 'RadarSDKMotion' in project 'RadarSDK'
➜ Explicit dependency on target '_RadarStub' in project 'RadarSDK'
Target 'RadarSDKIndoors' in project 'RadarSDK'
➜ Explicit dependency on target '_RadarStub' in project 'RadarSDK'
Target 'RadarSDK' in project 'RadarSDK'
➜ Explicit dependency on target '_RadarStub' in project 'RadarSDK'
Target '_RadarStub' in project 'RadarSDK' (no dependencies)
GatherProvisioningInputs
CreateBuildDescription
ExecuteExternalTool /Applications/Xcode-16.3.0.app/Contents/Developer/Toolchains/XcodeDefault.xctoolchain/usr/bin/clang -v -E -dM -isysroot /Applications/Xcode-16.3.0.app/Contents/Developer/Platforms/AppleTVOS.platform/Developer/SDKs/AppleTVOS18.4.sdk -x c -c /dev/null
ExecuteExternalTool /Applications/Xcode-16.3.0.app/Contents/Developer/Toolchains/XcodeDefault.xctoolchain/usr/bin/swiftc --version
ExecuteExternalTool /Applications/Xcode-16.3.0.app/Contents/Developer/Toolchains/XcodeDefault.xctoolchain/usr/bin/ld -version_details
Build description signature: 655e39786dcce12ff94612f5ec4d0299
Build description path: /Users/admin/builder/spi-builder-workspace/.derivedData/Build/Intermediates.noindex/XCBuildData/655e39786dcce12ff94612f5ec4d0299.xcbuilddata
/Users/admin/builder/spi-builder-workspace/.dependencies/artifacts/spi-builder-workspace/RadarSDKIndoors/RadarSDKIndoors.xcframework:1:1: error: While building for tvOS, no library for this platform was found in '/Users/admin/builder/spi-builder-workspace/.dependencies/artifacts/spi-builder-workspace/RadarSDKIndoors/RadarSDKIndoors.xcframework'. (in target 'RadarSDKIndoors' from project 'RadarSDK')
/Users/admin/builder/spi-builder-workspace/.dependencies/artifacts/spi-builder-workspace/RadarSDK/RadarSDK.xcframework:1:1: error: While building for tvOS, no library for this platform was found in '/Users/admin/builder/spi-builder-workspace/.dependencies/artifacts/spi-builder-workspace/RadarSDK/RadarSDK.xcframework'. (in target 'RadarSDK' from project 'RadarSDK')
/Users/admin/builder/spi-builder-workspace/.dependencies/artifacts/spi-builder-workspace/RadarSDKMotion/RadarSDKMotion.xcframework:1:1: error: While building for tvOS, no library for this platform was found in '/Users/admin/builder/spi-builder-workspace/.dependencies/artifacts/spi-builder-workspace/RadarSDKMotion/RadarSDKMotion.xcframework'. (in target 'RadarSDKMotion' from project 'RadarSDK')
** BUILD FAILED **
The following build commands failed:
Building workspace spi-builder-workspace with scheme RadarSDK-Package
(1 failure)
BUILD FAILURE 6.1 tvOS