The Swift Package Index logo.Swift Package Index

Build Information

Failed to build XCEAPIClient, reference 6.0.0 (22c92e), with Swift 6.4 for Android on 21 Sep 2026 17:24:17 UTC.

Build Command

bash -c docker run --pull=always --rm -v "checkouts-54344844-0":/host -w "$PWD" -e JAVA_HOME="/root/.sdkman/candidates/java/current" -e SPI_BUILD="1" -e SPI_PROCESSING="1" registry.gitlab.com/saguaro1/spi-images:android-6.4-latest swift build --swift-sdk aarch64-unknown-linux-android28 2>&1

Build Log

========================================
RunAll
========================================
Builder version: 5.1.0
Interrupt handler set up.
========================================
Checkout
========================================
Clone URL: https://github.com/XCEssentials/APIClient.git
Reference: 6.0.0
Initialized empty Git repository in /host/spi-builder-workspace/.git/
hint: Using 'master' as the name for the initial branch. This default branch name
hint: is subject to change. To configure the initial branch name to use in all
hint: of your new repositories, which will suppress this warning, call:
hint:
hint: 	git config --global init.defaultBranch <name>
hint:
hint: Names commonly chosen instead of 'master' are 'main', 'trunk' and
hint: 'development'. The just-created branch can be renamed via this command:
hint:
hint: 	git branch -m <name>
From https://github.com/XCEssentials/APIClient
 * tag               6.0.0      -> FETCH_HEAD
HEAD is now at 22c92e1 Merge branch 'release/6.0.0'
Cloned https://github.com/XCEssentials/APIClient.git
Revision (git rev-parse @):
22c92e1cacf738d1ac32c90389212abadcdf27fa
SUCCESS checkout https://github.com/XCEssentials/APIClient.git at 6.0.0
========================================
Build
========================================
Selected platform:         android
Swift version:             6.4
Building package at path:  $PWD
https://github.com/XCEssentials/APIClient.git
Running build ...
bash -c docker run --pull=always --rm -v "checkouts-54344844-0":/host -w "$PWD" -e JAVA_HOME="/root/.sdkman/candidates/java/current" -e SPI_BUILD="1" -e SPI_PROCESSING="1" registry.gitlab.com/saguaro1/spi-images:android-6.4-latest swift build --swift-sdk aarch64-unknown-linux-android28 2>&1
android-6.4-latest: Pulling from saguaro1/spi-images
Digest: sha256:abadcff584c273feba50641b454858d377ba30b35ea7287a94f45ebd8afd0ea0
Status: Image is up to date for registry.gitlab.com/saguaro1/spi-images:android-6.4-latest
Building for debugging...
[Planning deferred tasks]
error: SwiftCompile normal aarch64 failed with a nonzero exit code. Command line:     cd /host

/host/spi-builder-workspace/Sources/XCEAPIClient/3rdParty/Alamofire/ParameterEncoding.swift:68:17: error: cannot find type 'URLRequest' in scope
 66 |         _ urlRequest: URLRequest,
 67 |         with parameters: Parameters?
 68 |     ) -> Result<URLRequest, RequestEncodingIssue>
    |                 `- error: cannot find type 'URLRequest' in scope
 69 | }
 70 |
/host/spi-builder-workspace/Sources/XCEAPIClient/3rdParty/Alamofire/ParameterEncoding.swift:66:23: error: cannot find type 'URLRequest' in scope
 64 |     /// - returns: The encoded request.
 65 |     func encode(
 66 |         _ urlRequest: URLRequest,
    |                       `- error: cannot find type 'URLRequest' in scope
 67 |         with parameters: Parameters?
 68 |     ) -> Result<URLRequest, RequestEncodingIssue>
/host/spi-builder-workspace/Sources/XCEAPIClient/3rdParty/Alamofire/ParameterEncoding.swift:160:17: error: cannot find type 'URLRequest' in scope
158 |         _ urlRequest: URLRequest,
159 |         with parameters: Parameters?
160 |     ) -> Result<URLRequest, RequestEncodingIssue> {
    |                 `- error: cannot find type 'URLRequest' in scope
161 |
162 |         var urlRequest = urlRequest
/host/spi-builder-workspace/Sources/XCEAPIClient/3rdParty/Alamofire/ParameterEncoding.swift:158:23: error: cannot find type 'URLRequest' in scope
156 |     /// - returns: The encoded request.
157 |     public func encode(
158 |         _ urlRequest: URLRequest,
    |                       `- error: cannot find type 'URLRequest' in scope
159 |         with parameters: Parameters?
160 |     ) -> Result<URLRequest, RequestEncodingIssue> {
/host/spi-builder-workspace/Sources/XCEAPIClient/3rdParty/Alamofire/ParameterEncoding.swift:421:17: error: cannot find type 'URLRequest' in scope
419 |         _ urlRequest: URLRequest,
420 |         with parameters: Parameters?
421 |     ) -> Result<URLRequest, RequestEncodingIssue> {
    |                 `- error: cannot find type 'URLRequest' in scope
422 |
423 |         var urlRequest = urlRequest
/host/spi-builder-workspace/Sources/XCEAPIClient/3rdParty/Alamofire/ParameterEncoding.swift:419:23: error: cannot find type 'URLRequest' in scope
417 |     public
418 |     func encode(
419 |         _ urlRequest: URLRequest,
    |                       `- error: cannot find type 'URLRequest' in scope
420 |         with parameters: Parameters?
421 |     ) -> Result<URLRequest, RequestEncodingIssue> {
/host/spi-builder-workspace/Sources/XCEAPIClient/3rdParty/Alamofire/ParameterEncoding.swift:468:17: error: cannot find type 'URLRequest' in scope
466 |         _ urlRequest: URLRequest,
467 |         withJSONObject jsonObject: Any? = nil
468 |     ) throws -> URLRequest {
    |                 `- error: cannot find type 'URLRequest' in scope
469 |
470 |         var urlRequest = urlRequest
/host/spi-builder-workspace/Sources/XCEAPIClient/3rdParty/Alamofire/ParameterEncoding.swift:466:23: error: cannot find type 'URLRequest' in scope
464 |     public
465 |     func encode(
466 |         _ urlRequest: URLRequest,
    |                       `- error: cannot find type 'URLRequest' in scope
467 |         withJSONObject jsonObject: Any? = nil
468 |     ) throws -> URLRequest {
/host/spi-builder-workspace/Sources/XCEAPIClient/3rdParty/Alamofire/ParameterEncoding.swift:568:17: error: cannot find type 'URLRequest' in scope
566 |         _ urlRequest: URLRequest,
567 |         with parameters: Parameters?
568 |     ) -> Result<URLRequest, RequestEncodingIssue> {
    |                 `- error: cannot find type 'URLRequest' in scope
569 |
570 |         var urlRequest = urlRequest
/host/spi-builder-workspace/Sources/XCEAPIClient/3rdParty/Alamofire/ParameterEncoding.swift:566:23: error: cannot find type 'URLRequest' in scope
564 |     public
565 |     func encode(
566 |         _ urlRequest: URLRequest,
    |                       `- error: cannot find type 'URLRequest' in scope
567 |         with parameters: Parameters?
568 |     ) -> Result<URLRequest, RequestEncodingIssue> {
/host/spi-builder-workspace/Sources/XCEAPIClient/BasicURLRequestFacilitator.swift:36:18: error: 'URLSession' is unavailable: This type has moved to the FoundationNetworking module. Import that module to use it.
34 | struct BasicURLRequestFacilitator: URLRequestFacilitator
35 | {
36 |     let session: URLSession
   |                  `- error: 'URLSession' is unavailable: This type has moved to the FoundationNetworking module. Import that module to use it.
37 |
38 |     public
Foundation.URLSession:2:18: note: 'URLSession' has been explicitly marked unavailable here
1 | @available(*, unavailable, message: "This type has moved to the FoundationNetworking module. Import that module to use it.")
2 | public typealias URLSession = AnyObject
  |                  `- note: 'URLSession' has been explicitly marked unavailable here
/host/spi-builder-workspace/Sources/XCEAPIClient/BasicURLRequestFacilitator.swift:46:18: error: 'URLSession' is unavailable: This type has moved to the FoundationNetworking module. Import that module to use it.
44 |     init(
45 |         sharedPrefixURL: URL,
46 |         session: URLSession = .shared
   |                  `- error: 'URLSession' is unavailable: This type has moved to the FoundationNetworking module. Import that module to use it.
47 |     ) {
48 |         self.sharedPrefixURL = sharedPrefixURL
Foundation.URLSession:2:18: note: 'URLSession' has been explicitly marked unavailable here
1 | @available(*, unavailable, message: "This type has moved to the FoundationNetworking module. Import that module to use it.")
2 | public typealias URLSession = AnyObject
  |                  `- note: 'URLSession' has been explicitly marked unavailable here
/host/spi-builder-workspace/Sources/XCEAPIClient/BasicURLRequestFacilitator.swift:46:32: error: value of type '_' expected to be instance of class or class-constrained type
44 |     init(
45 |         sharedPrefixURL: URL,
46 |         session: URLSession = .shared
   |                                `- error: value of type '_' expected to be instance of class or class-constrained type
47 |     ) {
48 |         self.sharedPrefixURL = sharedPrefixURL
/host/spi-builder-workspace/Sources/XCEAPIClient/BasicURLRequestFacilitator.swift:46:32: error: type 'URLSession' (aka 'AnyObject') has no member 'shared'
44 |     init(
45 |         sharedPrefixURL: URL,
46 |         session: URLSession = .shared
   |                                `- error: type 'URLSession' (aka 'AnyObject') has no member 'shared'
47 |     ) {
48 |         self.sharedPrefixURL = sharedPrefixURL
/host/spi-builder-workspace/Sources/XCEAPIClient/URLRequestFacilitator.swift:38:18: error: 'URLSession' is unavailable: This type has moved to the FoundationNetworking module. Import that module to use it.
 36 |     init(
 37 |         sharedPrefixURL: URL,
 38 |         session: URLSession
    |                  `- error: 'URLSession' is unavailable: This type has moved to the FoundationNetworking module. Import that module to use it.
 39 |     )
 40 | }
Foundation.URLSession:2:18: note: 'URLSession' has been explicitly marked unavailable here
1 | @available(*, unavailable, message: "This type has moved to the FoundationNetworking module. Import that module to use it.")
2 | public typealias URLSession = AnyObject
  |                  `- note: 'URLSession' has been explicitly marked unavailable here
/host/spi-builder-workspace/Sources/XCEAPIClient/URLRequestFacilitator.swift:49:23: error: cannot find type 'URLRequest' in scope
 47 |     func prepareRequest<R: RequestDefinition>(
 48 |         from definition: R
 49 |     ) async throws -> URLRequest {
    |                       `- error: cannot find type 'URLRequest' in scope
 50 |
 51 |         let parametersData: Data
/host/spi-builder-workspace/Sources/XCEAPIClient/URLRequestFacilitator.swift:107:23: error: cannot find type 'URLRequest' in scope
105 |         parameterEncoding: ParameterEncoding,
106 |         parameters: Parameters? = nil
107 |     ) async throws -> URLRequest {
    |                       `- error: cannot find type 'URLRequest' in scope
108 |
109 |         guard
Failed frontend command:
/root/.local/share/swiftly/toolchains/6.4.x-snapshot-2026-09-04/usr/bin/swift-frontend -frontend -emit-module -experimental-skip-non-inlinable-function-bodies-without-types /host/spi-builder-workspace/Sources/XCEAPIClient/3rdParty/Alamofire/ParameterEncoding.swift /host/spi-builder-workspace/Sources/XCEAPIClient/BasicURLRequestFacilitator.swift /host/spi-builder-workspace/Sources/XCEAPIClient/Errors.swift /host/spi-builder-workspace/Sources/XCEAPIClient/Helpers.swift /host/spi-builder-workspace/Sources/XCEAPIClient/RequestDefinition.swift /host/spi-builder-workspace/Sources/XCEAPIClient/URLRequestFacilitator.swift -target aarch64-unknown-linux-android28 -Xllvm -aarch64-use-tbi -disable-objc-interop -sdk /android-ndk/android-ndk-r27d/toolchains/llvm/prebuilt/linux-x86_64/sysroot -sysroot /android-ndk/android-ndk-r27d/toolchains/llvm/prebuilt/linux-x86_64/sysroot -I /host/spi-builder-workspace/.build/out/Products/Debug-android-aarch64 -module-cache-path /host/spi-builder-workspace/.build/out/ModuleCache.noindex -color-diagnostics -Xcc -fcolor-diagnostics -enable-testing -g -debug-info-format\=dwarf -dwarf-version\=4 -swift-version 5 -Onone -D SWIFT_PACKAGE -D DEBUG -D SWIFT_MODULE_RESOURCE_BUNDLE_UNAVAILABLE -D Xcode -serialize-debugging-options -enable-experimental-feature DebugDescriptionMacro -empty-abi-descriptor -external-plugin-path /root/.local/share/swiftly/toolchains/6.4.x-snapshot-2026-09-04/usr/lib/swift/host/plugins/testing\#/root/.local/share/swiftly/toolchains/6.4.x-snapshot-2026-09-04/usr/bin/swift-plugin-server -validate-clang-modules-once -clang-build-session-file /host/spi-builder-workspace/.build/out/ModuleCache.noindex/Session.modulevalidation -Xcc -working-directory -Xcc /host -resource-dir /root/.swiftpm/swift-sdks/swift-6.4.x-DEVELOPMENT-SNAPSHOT-2026-09-04-a_android.artifactbundle/swift-android/swift-resources/usr/lib/swift-aarch64 -enable-anonymous-context-mangled-names -file-compilation-dir /host -Xcc -resource-dir -Xcc /android-ndk/android-ndk-r27d/toolchains/llvm/prebuilt/linux-x86_64/lib/clang/18 -Xcc -fno-omit-frame-pointer -Xcc -D_LIBCPP_HARDENING_MODE\=_LIBCPP_HARDENING_MODE_DEBUG -Xcc -fmodules-prune-interval\=86400 -Xcc -fmodules-prune-after\=345600 -Xcc -I/host/spi-builder-workspace/.build/out/Products/Debug-android-aarch64/include -Xcc -I/host/spi-builder-workspace/.build/out/Intermediates.noindex/XCEAPIClient.build/Debug-android-aarch64/XCEAPIClient-t.build/DerivedSources-normal/aarch64 -Xcc -I/host/spi-builder-workspace/.build/out/Intermediates.noindex/XCEAPIClient.build/Debug-android-aarch64/XCEAPIClient-t.build/DerivedSources/aarch64 -Xcc -I/host/spi-builder-workspace/.build/out/Intermediates.noindex/XCEAPIClient.build/Debug-android-aarch64/XCEAPIClient-t.build/DerivedSources -Xcc -DSWIFT_PACKAGE -Xcc -DDEBUG\=1 -no-auto-bridging-header-chaining -module-name XCEAPIClient -package-name spi_builder_workspace -const-gather-protocols-file /host/spi-builder-workspace/.build/out/Intermediates.noindex/XCEAPIClient.build/Debug-android-aarch64/XCEAPIClient-t.build/Objects-normal/aarch64/XCEAPIClient_const_extract_protocols.json -in-process-plugin-server-path /root/.local/share/swiftly/toolchains/6.4.x-snapshot-2026-09-04/usr/lib/swift/host/libSwiftInProcPluginServer.so -plugin-path /root/.local/share/swiftly/toolchains/6.4.x-snapshot-2026-09-04/usr/lib/swift/host/plugins -plugin-path /root/.local/share/swiftly/toolchains/6.4.x-snapshot-2026-09-04/usr/local/lib/swift/host/plugins -emit-module-doc-path /host/spi-builder-workspace/.build/out/Intermediates.noindex/XCEAPIClient.build/Debug-android-aarch64/XCEAPIClient-t.build/Objects-normal/aarch64/Modules/XCEAPIClient.swiftdoc -emit-module-source-info-path /host/spi-builder-workspace/.build/out/Intermediates.noindex/XCEAPIClient.build/Debug-android-aarch64/XCEAPIClient-t.build/Objects-normal/aarch64/Modules/XCEAPIClient.swiftsourceinfo -emit-objc-header-path /host/spi-builder-workspace/.build/out/Intermediates.noindex/XCEAPIClient.build/Debug-android-aarch64/XCEAPIClient-t.build/Objects-normal/aarch64/XCEAPIClient-Swift.h -serialize-diagnostics-path /host/spi-builder-workspace/.build/out/Intermediates.noindex/XCEAPIClient.build/Debug-android-aarch64/XCEAPIClient-t.build/Objects-normal/aarch64/XCEAPIClient-primary-emit-module.dia -emit-dependencies-path /host/spi-builder-workspace/.build/out/Intermediates.noindex/XCEAPIClient.build/Debug-android-aarch64/XCEAPIClient-t.build/Objects-normal/aarch64/XCEAPIClient-primary-emit-module.d -parse-as-library -o /host/spi-builder-workspace/.build/out/Intermediates.noindex/XCEAPIClient.build/Debug-android-aarch64/XCEAPIClient-t.build/Objects-normal/aarch64/Modules/XCEAPIClient.swiftmodule
error: Build failed
BUILD FAILURE 6.4 android