The Swift Package Index logo.Swift Package Index

Build Information

Failed to build Assimp, reference master (b8c8e3), with Swift 6.1 for macOS (SPM) on 14 Aug 2026 07:11:38 UTC.

Build Command

env DEVELOPER_DIR=/Applications/Xcode-16.3.0.app xcrun swift build --arch arm64

Build Log

========================================
RunAll
========================================
Builder version: undefined version: run 'make version' to update
Interrupt handler set up.
========================================
Checkout
========================================
Clone URL: https://github.com/ctreffs/SwiftAssimp.git
Reference: master
Initialized empty Git repository in /Users/admin/builder/spi-builder-workspace/.git/
From https://github.com/ctreffs/SwiftAssimp
 * branch            master     -> FETCH_HEAD
 * [new branch]      master     -> origin/master
HEAD is now at b8c8e31 chore: migrate Renovate config to .github/renovate.json (#44)
Cloned https://github.com/ctreffs/SwiftAssimp.git
Revision (git rev-parse @):
b8c8e31cd4ec115a7016a0c22580151d61ed4d4c
SUCCESS checkout https://github.com/ctreffs/SwiftAssimp.git at master
========================================
Build
========================================
Selected platform:         macosSpm
Swift version:             6.1
Building package at path:  $PWD
https://github.com/ctreffs/SwiftAssimp.git
https://github.com/ctreffs/SwiftAssimp.git
{
  "dependencies" : [
  ],
  "manifest_display_name" : "Assimp",
  "name" : "Assimp",
  "path" : "/Users/admin/builder/spi-builder-workspace",
  "platforms" : [
  ],
  "products" : [
    {
      "name" : "Assimp",
      "targets" : [
        "Assimp"
      ],
      "type" : {
        "library" : [
          "static"
        ]
      }
    }
  ],
  "targets" : [
    {
      "c99name" : "CAssimp",
      "module_type" : "SystemLibraryTarget",
      "name" : "CAssimp",
      "path" : "Sources/CAssimp",
      "product_memberships" : [
        "Assimp"
      ],
      "sources" : [
      ],
      "type" : "system-target"
    },
    {
      "c99name" : "AssimpTests",
      "module_type" : "SwiftTarget",
      "name" : "AssimpTests",
      "path" : "Tests/AssimpTests",
      "sources" : [
        "AssimpTests.swift",
        "InternalTests.swift",
        "Resource.swift"
      ],
      "target_dependencies" : [
        "Assimp"
      ],
      "type" : "test"
    },
    {
      "c99name" : "Assimp",
      "module_type" : "SwiftTarget",
      "name" : "Assimp",
      "path" : "Sources/Assimp",
      "product_memberships" : [
        "Assimp"
      ],
      "sources" : [
        "AiCamera.swift",
        "AiFace.swift",
        "AiLight.swift",
        "AiMatKey.swift",
        "AiMaterial.swift",
        "AiMaterialProperty.swift",
        "AiMesh.swift",
        "AiNode.swift",
        "AiPostProcessStep.swift",
        "AiScene.swift",
        "AiShadingMode.swift",
        "AiTexture.swift",
        "AiTextureType.swift",
        "Assimp.swift",
        "CArray.swift",
        "String+aiString.swift",
        "simd+aiVector.swift"
      ],
      "target_dependencies" : [
        "CAssimp"
      ],
      "type" : "library"
    }
  ],
  "tools_version" : "5.3"
}
Running build ...
env DEVELOPER_DIR=/Applications/Xcode-16.3.0.app xcrun swift build --arch arm64 -Xswiftc -Xfrontend -Xswiftc -stats-output-dir -Xswiftc -Xfrontend -Xswiftc .stats -Xswiftc -strict-concurrency=complete -Xswiftc -enable-upcoming-feature -Xswiftc StrictConcurrency -Xswiftc -enable-upcoming-feature -Xswiftc DisableOutwardActorInference -Xswiftc -enable-upcoming-feature -Xswiftc GlobalActorIsolatedTypesUsability -Xswiftc -enable-upcoming-feature -Xswiftc InferSendableFromCaptures
Building for debugging...
[0/4] Write sources
[1/4] Write swift-version-2F0A5646E1D333AE.txt
[3/21] Compiling Assimp String+aiString.swift
<module-includes>:1:9: note: in file included from <module-includes>:1:
1 | #import "shims.h"
  |         `- note: in file included from <module-includes>:1:
2 |
/Users/admin/builder/spi-builder-workspace/Sources/CAssimp/shims.h:1:9: error: 'assimp/aabb.h' file not found
 1 | #import <assimp/aabb.h>
   |         `- error: 'assimp/aabb.h' file not found
 2 | #import <assimp/anim.h>
 3 | #import <assimp/camera.h>
/Users/admin/builder/spi-builder-workspace/Sources/Assimp/AiCamera.swift:8:29: error: could not build Objective-C module 'CAssimp'
  6 | // Licensed under BSD 3-Clause License. See LICENSE file for details.
  7 |
  8 | @_implementationOnly import CAssimp
    |                             `- error: could not build Objective-C module 'CAssimp'
  9 |
 10 | public struct AiCamera {
[4/22] Compiling Assimp CArray.swift
<module-includes>:1:9: note: in file included from <module-includes>:1:
1 | #import "shims.h"
  |         `- note: in file included from <module-includes>:1:
2 |
/Users/admin/builder/spi-builder-workspace/Sources/CAssimp/shims.h:1:9: error: 'assimp/aabb.h' file not found
 1 | #import <assimp/aabb.h>
   |         `- error: 'assimp/aabb.h' file not found
 2 | #import <assimp/anim.h>
 3 | #import <assimp/camera.h>
/Users/admin/builder/spi-builder-workspace/Sources/Assimp/AiCamera.swift:8:29: error: could not build Objective-C module 'CAssimp'
  6 | // Licensed under BSD 3-Clause License. See LICENSE file for details.
  7 |
  8 | @_implementationOnly import CAssimp
    |                             `- error: could not build Objective-C module 'CAssimp'
  9 |
 10 | public struct AiCamera {
[5/22] Compiling Assimp AiPostProcessStep.swift
<module-includes>:1:9: note: in file included from <module-includes>:1:
1 | #import "shims.h"
  |         `- note: in file included from <module-includes>:1:
2 |
/Users/admin/builder/spi-builder-workspace/Sources/CAssimp/shims.h:1:9: error: 'assimp/aabb.h' file not found
 1 | #import <assimp/aabb.h>
   |         `- error: 'assimp/aabb.h' file not found
 2 | #import <assimp/anim.h>
 3 | #import <assimp/camera.h>
/Users/admin/builder/spi-builder-workspace/Sources/Assimp/AiCamera.swift:8:29: error: could not build Objective-C module 'CAssimp'
  6 | // Licensed under BSD 3-Clause License. See LICENSE file for details.
  7 |
  8 | @_implementationOnly import CAssimp
    |                             `- error: could not build Objective-C module 'CAssimp'
  9 |
 10 | public struct AiCamera {
[6/22] Compiling Assimp AiScene.swift
<module-includes>:1:9: note: in file included from <module-includes>:1:
1 | #import "shims.h"
  |         `- note: in file included from <module-includes>:1:
2 |
/Users/admin/builder/spi-builder-workspace/Sources/CAssimp/shims.h:1:9: error: 'assimp/aabb.h' file not found
 1 | #import <assimp/aabb.h>
   |         `- error: 'assimp/aabb.h' file not found
 2 | #import <assimp/anim.h>
 3 | #import <assimp/camera.h>
/Users/admin/builder/spi-builder-workspace/Sources/Assimp/AiCamera.swift:8:29: error: could not build Objective-C module 'CAssimp'
  6 | // Licensed under BSD 3-Clause License. See LICENSE file for details.
  7 |
  8 | @_implementationOnly import CAssimp
    |                             `- error: could not build Objective-C module 'CAssimp'
  9 |
 10 | public struct AiCamera {
[7/22] Compiling Assimp AiShadingMode.swift
<module-includes>:1:9: note: in file included from <module-includes>:1:
1 | #import "shims.h"
  |         `- note: in file included from <module-includes>:1:
2 |
/Users/admin/builder/spi-builder-workspace/Sources/CAssimp/shims.h:1:9: error: 'assimp/aabb.h' file not found
 1 | #import <assimp/aabb.h>
   |         `- error: 'assimp/aabb.h' file not found
 2 | #import <assimp/anim.h>
 3 | #import <assimp/camera.h>
/Users/admin/builder/spi-builder-workspace/Sources/Assimp/AiCamera.swift:8:29: error: could not build Objective-C module 'CAssimp'
  6 | // Licensed under BSD 3-Clause License. See LICENSE file for details.
  7 |
  8 | @_implementationOnly import CAssimp
    |                             `- error: could not build Objective-C module 'CAssimp'
  9 |
 10 | public struct AiCamera {
[8/22] Compiling Assimp AiTexture.swift
<module-includes>:1:9: note: in file included from <module-includes>:1:
1 | #import "shims.h"
  |         `- note: in file included from <module-includes>:1:
2 |
/Users/admin/builder/spi-builder-workspace/Sources/CAssimp/shims.h:1:9: error: 'assimp/aabb.h' file not found
 1 | #import <assimp/aabb.h>
   |         `- error: 'assimp/aabb.h' file not found
 2 | #import <assimp/anim.h>
 3 | #import <assimp/camera.h>
/Users/admin/builder/spi-builder-workspace/Sources/Assimp/AiCamera.swift:8:29: error: could not build Objective-C module 'CAssimp'
  6 | // Licensed under BSD 3-Clause License. See LICENSE file for details.
  7 |
  8 | @_implementationOnly import CAssimp
    |                             `- error: could not build Objective-C module 'CAssimp'
  9 |
 10 | public struct AiCamera {
[9/22] Compiling Assimp AiTextureType.swift
<module-includes>:1:9: note: in file included from <module-includes>:1:
1 | #import "shims.h"
  |         `- note: in file included from <module-includes>:1:
2 |
/Users/admin/builder/spi-builder-workspace/Sources/CAssimp/shims.h:1:9: error: 'assimp/aabb.h' file not found
 1 | #import <assimp/aabb.h>
   |         `- error: 'assimp/aabb.h' file not found
 2 | #import <assimp/anim.h>
 3 | #import <assimp/camera.h>
/Users/admin/builder/spi-builder-workspace/Sources/Assimp/AiCamera.swift:8:29: error: could not build Objective-C module 'CAssimp'
  6 | // Licensed under BSD 3-Clause License. See LICENSE file for details.
  7 |
  8 | @_implementationOnly import CAssimp
    |                             `- error: could not build Objective-C module 'CAssimp'
  9 |
 10 | public struct AiCamera {
[10/22] Compiling Assimp Assimp.swift
<module-includes>:1:9: note: in file included from <module-includes>:1:
1 | #import "shims.h"
  |         `- note: in file included from <module-includes>:1:
2 |
/Users/admin/builder/spi-builder-workspace/Sources/CAssimp/shims.h:1:9: error: 'assimp/aabb.h' file not found
 1 | #import <assimp/aabb.h>
   |         `- error: 'assimp/aabb.h' file not found
 2 | #import <assimp/anim.h>
 3 | #import <assimp/camera.h>
/Users/admin/builder/spi-builder-workspace/Sources/Assimp/AiCamera.swift:8:29: error: could not build Objective-C module 'CAssimp'
  6 | // Licensed under BSD 3-Clause License. See LICENSE file for details.
  7 |
  8 | @_implementationOnly import CAssimp
    |                             `- error: could not build Objective-C module 'CAssimp'
  9 |
 10 | public struct AiCamera {
[11/22] Compiling Assimp simd+aiVector.swift
<module-includes>:1:9: note: in file included from <module-includes>:1:
1 | #import "shims.h"
  |         `- note: in file included from <module-includes>:1:
2 |
/Users/admin/builder/spi-builder-workspace/Sources/CAssimp/shims.h:1:9: error: 'assimp/aabb.h' file not found
 1 | #import <assimp/aabb.h>
   |         `- error: 'assimp/aabb.h' file not found
 2 | #import <assimp/anim.h>
 3 | #import <assimp/camera.h>
/Users/admin/builder/spi-builder-workspace/Sources/Assimp/AiCamera.swift:8:29: error: could not build Objective-C module 'CAssimp'
  6 | // Licensed under BSD 3-Clause License. See LICENSE file for details.
  7 |
  8 | @_implementationOnly import CAssimp
    |                             `- error: could not build Objective-C module 'CAssimp'
  9 |
 10 | public struct AiCamera {
[12/22] Compiling Assimp AiMaterial.swift
<module-includes>:1:9: note: in file included from <module-includes>:1:
1 | #import "shims.h"
  |         `- note: in file included from <module-includes>:1:
2 |
/Users/admin/builder/spi-builder-workspace/Sources/CAssimp/shims.h:1:9: error: 'assimp/aabb.h' file not found
 1 | #import <assimp/aabb.h>
   |         `- error: 'assimp/aabb.h' file not found
 2 | #import <assimp/anim.h>
 3 | #import <assimp/camera.h>
/Users/admin/builder/spi-builder-workspace/Sources/Assimp/AiCamera.swift:8:29: error: could not build Objective-C module 'CAssimp'
  6 | // Licensed under BSD 3-Clause License. See LICENSE file for details.
  7 |
  8 | @_implementationOnly import CAssimp
    |                             `- error: could not build Objective-C module 'CAssimp'
  9 |
 10 | public struct AiCamera {
[13/22] Compiling Assimp AiMaterialProperty.swift
<module-includes>:1:9: note: in file included from <module-includes>:1:
1 | #import "shims.h"
  |         `- note: in file included from <module-includes>:1:
2 |
/Users/admin/builder/spi-builder-workspace/Sources/CAssimp/shims.h:1:9: error: 'assimp/aabb.h' file not found
 1 | #import <assimp/aabb.h>
   |         `- error: 'assimp/aabb.h' file not found
 2 | #import <assimp/anim.h>
 3 | #import <assimp/camera.h>
/Users/admin/builder/spi-builder-workspace/Sources/Assimp/AiCamera.swift:8:29: error: could not build Objective-C module 'CAssimp'
  6 | // Licensed under BSD 3-Clause License. See LICENSE file for details.
  7 |
  8 | @_implementationOnly import CAssimp
    |                             `- error: could not build Objective-C module 'CAssimp'
  9 |
 10 | public struct AiCamera {
[14/22] Compiling Assimp AiLight.swift
<module-includes>:1:9: note: in file included from <module-includes>:1:
1 | #import "shims.h"
  |         `- note: in file included from <module-includes>:1:
2 |
/Users/admin/builder/spi-builder-workspace/Sources/CAssimp/shims.h:1:9: error: 'assimp/aabb.h' file not found
 1 | #import <assimp/aabb.h>
   |         `- error: 'assimp/aabb.h' file not found
 2 | #import <assimp/anim.h>
 3 | #import <assimp/camera.h>
/Users/admin/builder/spi-builder-workspace/Sources/Assimp/AiCamera.swift:8:29: error: could not build Objective-C module 'CAssimp'
  6 | // Licensed under BSD 3-Clause License. See LICENSE file for details.
  7 |
  8 | @_implementationOnly import CAssimp
    |                             `- error: could not build Objective-C module 'CAssimp'
  9 |
 10 | public struct AiCamera {
[15/22] Compiling Assimp AiMatKey.swift
<module-includes>:1:9: note: in file included from <module-includes>:1:
1 | #import "shims.h"
  |         `- note: in file included from <module-includes>:1:
2 |
/Users/admin/builder/spi-builder-workspace/Sources/CAssimp/shims.h:1:9: error: 'assimp/aabb.h' file not found
 1 | #import <assimp/aabb.h>
   |         `- error: 'assimp/aabb.h' file not found
 2 | #import <assimp/anim.h>
 3 | #import <assimp/camera.h>
/Users/admin/builder/spi-builder-workspace/Sources/Assimp/AiCamera.swift:8:29: error: could not build Objective-C module 'CAssimp'
  6 | // Licensed under BSD 3-Clause License. See LICENSE file for details.
  7 |
  8 | @_implementationOnly import CAssimp
    |                             `- error: could not build Objective-C module 'CAssimp'
  9 |
 10 | public struct AiCamera {
[16/22] Compiling Assimp AiMesh.swift
<module-includes>:1:9: note: in file included from <module-includes>:1:
1 | #import "shims.h"
  |         `- note: in file included from <module-includes>:1:
2 |
/Users/admin/builder/spi-builder-workspace/Sources/CAssimp/shims.h:1:9: error: 'assimp/aabb.h' file not found
 1 | #import <assimp/aabb.h>
   |         `- error: 'assimp/aabb.h' file not found
 2 | #import <assimp/anim.h>
 3 | #import <assimp/camera.h>
/Users/admin/builder/spi-builder-workspace/Sources/Assimp/AiCamera.swift:8:29: error: could not build Objective-C module 'CAssimp'
  6 | // Licensed under BSD 3-Clause License. See LICENSE file for details.
  7 |
  8 | @_implementationOnly import CAssimp
    |                             `- error: could not build Objective-C module 'CAssimp'
  9 |
 10 | public struct AiCamera {
[17/22] Compiling Assimp AiNode.swift
<module-includes>:1:9: note: in file included from <module-includes>:1:
1 | #import "shims.h"
  |         `- note: in file included from <module-includes>:1:
2 |
/Users/admin/builder/spi-builder-workspace/Sources/CAssimp/shims.h:1:9: error: 'assimp/aabb.h' file not found
 1 | #import <assimp/aabb.h>
   |         `- error: 'assimp/aabb.h' file not found
 2 | #import <assimp/anim.h>
 3 | #import <assimp/camera.h>
/Users/admin/builder/spi-builder-workspace/Sources/Assimp/AiCamera.swift:8:29: error: could not build Objective-C module 'CAssimp'
  6 | // Licensed under BSD 3-Clause License. See LICENSE file for details.
  7 |
  8 | @_implementationOnly import CAssimp
    |                             `- error: could not build Objective-C module 'CAssimp'
  9 |
 10 | public struct AiCamera {
error: emit-module command failed with exit code 1 (use -v to see invocation)
[18/22] Emitting module Assimp
<module-includes>:1:9: note: in file included from <module-includes>:1:
1 | #import "shims.h"
  |         `- note: in file included from <module-includes>:1:
2 |
/Users/admin/builder/spi-builder-workspace/Sources/CAssimp/shims.h:1:9: error: 'assimp/aabb.h' file not found
 1 | #import <assimp/aabb.h>
   |         `- error: 'assimp/aabb.h' file not found
 2 | #import <assimp/anim.h>
 3 | #import <assimp/camera.h>
/Users/admin/builder/spi-builder-workspace/Sources/Assimp/AiCamera.swift:8:29: error: could not build Objective-C module 'CAssimp'
  6 | // Licensed under BSD 3-Clause License. See LICENSE file for details.
  7 |
  8 | @_implementationOnly import CAssimp
    |                             `- error: could not build Objective-C module 'CAssimp'
  9 |
 10 | public struct AiCamera {
[19/22] Compiling Assimp AiCamera.swift
<module-includes>:1:9: note: in file included from <module-includes>:1:
1 | #import "shims.h"
  |         `- note: in file included from <module-includes>:1:
2 |
/Users/admin/builder/spi-builder-workspace/Sources/CAssimp/shims.h:1:9: error: 'assimp/aabb.h' file not found
 1 | #import <assimp/aabb.h>
   |         `- error: 'assimp/aabb.h' file not found
 2 | #import <assimp/anim.h>
 3 | #import <assimp/camera.h>
/Users/admin/builder/spi-builder-workspace/Sources/Assimp/AiCamera.swift:8:29: error: could not build Objective-C module 'CAssimp'
  6 | // Licensed under BSD 3-Clause License. See LICENSE file for details.
  7 |
  8 | @_implementationOnly import CAssimp
    |                             `- error: could not build Objective-C module 'CAssimp'
  9 |
 10 | public struct AiCamera {
[20/22] Compiling Assimp AiFace.swift
<module-includes>:1:9: note: in file included from <module-includes>:1:
1 | #import "shims.h"
  |         `- note: in file included from <module-includes>:1:
2 |
/Users/admin/builder/spi-builder-workspace/Sources/CAssimp/shims.h:1:9: error: 'assimp/aabb.h' file not found
 1 | #import <assimp/aabb.h>
   |         `- error: 'assimp/aabb.h' file not found
 2 | #import <assimp/anim.h>
 3 | #import <assimp/camera.h>
/Users/admin/builder/spi-builder-workspace/Sources/Assimp/AiCamera.swift:8:29: error: could not build Objective-C module 'CAssimp'
  6 | // Licensed under BSD 3-Clause License. See LICENSE file for details.
  7 |
  8 | @_implementationOnly import CAssimp
    |                             `- error: could not build Objective-C module 'CAssimp'
  9 |
 10 | public struct AiCamera {
warning: failed to retrieve search paths with pkg-config; maybe pkg-config is not installed
warning: you may be able to install assimp using your system-packager:
    brew install assimp
warning: you may be able to install assimp using your system-packager:
    brew install assimp
Running build ...
env DEVELOPER_DIR=/Applications/Xcode-16.3.0.app xcrun swift build --arch arm64
[0/1] Planning build
Building for debugging...
[0/3] Write swift-version-2F0A5646E1D333AE.txt
[2/20] Compiling Assimp CArray.swift
<module-includes>:1:9: note: in file included from <module-includes>:1:
1 | #import "shims.h"
  |         `- note: in file included from <module-includes>:1:
2 |
/Users/admin/builder/spi-builder-workspace/Sources/CAssimp/shims.h:1:9: error: 'assimp/aabb.h' file not found
 1 | #import <assimp/aabb.h>
   |         `- error: 'assimp/aabb.h' file not found
 2 | #import <assimp/anim.h>
 3 | #import <assimp/camera.h>
/Users/admin/builder/spi-builder-workspace/Sources/Assimp/AiCamera.swift:8:29: error: could not build Objective-C module 'CAssimp'
  6 | // Licensed under BSD 3-Clause License. See LICENSE file for details.
  7 |
  8 | @_implementationOnly import CAssimp
    |                             `- error: could not build Objective-C module 'CAssimp'
  9 |
 10 | public struct AiCamera {
[3/20] Compiling Assimp String+aiString.swift
<module-includes>:1:9: note: in file included from <module-includes>:1:
1 | #import "shims.h"
  |         `- note: in file included from <module-includes>:1:
2 |
/Users/admin/builder/spi-builder-workspace/Sources/CAssimp/shims.h:1:9: error: 'assimp/aabb.h' file not found
 1 | #import <assimp/aabb.h>
   |         `- error: 'assimp/aabb.h' file not found
 2 | #import <assimp/anim.h>
 3 | #import <assimp/camera.h>
/Users/admin/builder/spi-builder-workspace/Sources/Assimp/AiCamera.swift:8:29: error: could not build Objective-C module 'CAssimp'
  6 | // Licensed under BSD 3-Clause License. See LICENSE file for details.
  7 |
  8 | @_implementationOnly import CAssimp
    |                             `- error: could not build Objective-C module 'CAssimp'
  9 |
 10 | public struct AiCamera {
[4/21] Compiling Assimp AiPostProcessStep.swift
<module-includes>:1:9: note: in file included from <module-includes>:1:
1 | #import "shims.h"
  |         `- note: in file included from <module-includes>:1:
2 |
/Users/admin/builder/spi-builder-workspace/Sources/CAssimp/shims.h:1:9: error: 'assimp/aabb.h' file not found
 1 | #import <assimp/aabb.h>
   |         `- error: 'assimp/aabb.h' file not found
 2 | #import <assimp/anim.h>
 3 | #import <assimp/camera.h>
/Users/admin/builder/spi-builder-workspace/Sources/Assimp/AiCamera.swift:8:29: error: could not build Objective-C module 'CAssimp'
  6 | // Licensed under BSD 3-Clause License. See LICENSE file for details.
  7 |
  8 | @_implementationOnly import CAssimp
    |                             `- error: could not build Objective-C module 'CAssimp'
  9 |
 10 | public struct AiCamera {
[5/21] Compiling Assimp AiScene.swift
<module-includes>:1:9: note: in file included from <module-includes>:1:
1 | #import "shims.h"
  |         `- note: in file included from <module-includes>:1:
2 |
/Users/admin/builder/spi-builder-workspace/Sources/CAssimp/shims.h:1:9: error: 'assimp/aabb.h' file not found
 1 | #import <assimp/aabb.h>
   |         `- error: 'assimp/aabb.h' file not found
 2 | #import <assimp/anim.h>
 3 | #import <assimp/camera.h>
/Users/admin/builder/spi-builder-workspace/Sources/Assimp/AiCamera.swift:8:29: error: could not build Objective-C module 'CAssimp'
  6 | // Licensed under BSD 3-Clause License. See LICENSE file for details.
  7 |
  8 | @_implementationOnly import CAssimp
    |                             `- error: could not build Objective-C module 'CAssimp'
  9 |
 10 | public struct AiCamera {
[6/21] Compiling Assimp AiShadingMode.swift
<module-includes>:1:9: note: in file included from <module-includes>:1:
1 | #import "shims.h"
  |         `- note: in file included from <module-includes>:1:
2 |
/Users/admin/builder/spi-builder-workspace/Sources/CAssimp/shims.h:1:9: error: 'assimp/aabb.h' file not found
 1 | #import <assimp/aabb.h>
   |         `- error: 'assimp/aabb.h' file not found
 2 | #import <assimp/anim.h>
 3 | #import <assimp/camera.h>
/Users/admin/builder/spi-builder-workspace/Sources/Assimp/AiCamera.swift:8:29: error: could not build Objective-C module 'CAssimp'
  6 | // Licensed under BSD 3-Clause License. See LICENSE file for details.
  7 |
  8 | @_implementationOnly import CAssimp
    |                             `- error: could not build Objective-C module 'CAssimp'
  9 |
 10 | public struct AiCamera {
[7/21] Compiling Assimp AiTexture.swift
<module-includes>:1:9: note: in file included from <module-includes>:1:
1 | #import "shims.h"
  |         `- note: in file included from <module-includes>:1:
2 |
/Users/admin/builder/spi-builder-workspace/Sources/CAssimp/shims.h:1:9: error: 'assimp/aabb.h' file not found
 1 | #import <assimp/aabb.h>
   |         `- error: 'assimp/aabb.h' file not found
 2 | #import <assimp/anim.h>
 3 | #import <assimp/camera.h>
/Users/admin/builder/spi-builder-workspace/Sources/Assimp/AiCamera.swift:8:29: error: could not build Objective-C module 'CAssimp'
  6 | // Licensed under BSD 3-Clause License. See LICENSE file for details.
  7 |
  8 | @_implementationOnly import CAssimp
    |                             `- error: could not build Objective-C module 'CAssimp'
  9 |
 10 | public struct AiCamera {
[8/21] Compiling Assimp AiTextureType.swift
<module-includes>:1:9: note: in file included from <module-includes>:1:
1 | #import "shims.h"
  |         `- note: in file included from <module-includes>:1:
2 |
/Users/admin/builder/spi-builder-workspace/Sources/CAssimp/shims.h:1:9: error: 'assimp/aabb.h' file not found
 1 | #import <assimp/aabb.h>
   |         `- error: 'assimp/aabb.h' file not found
 2 | #import <assimp/anim.h>
 3 | #import <assimp/camera.h>
/Users/admin/builder/spi-builder-workspace/Sources/Assimp/AiCamera.swift:8:29: error: could not build Objective-C module 'CAssimp'
  6 | // Licensed under BSD 3-Clause License. See LICENSE file for details.
  7 |
  8 | @_implementationOnly import CAssimp
    |                             `- error: could not build Objective-C module 'CAssimp'
  9 |
 10 | public struct AiCamera {
[9/21] Compiling Assimp Assimp.swift
<module-includes>:1:9: note: in file included from <module-includes>:1:
1 | #import "shims.h"
  |         `- note: in file included from <module-includes>:1:
2 |
/Users/admin/builder/spi-builder-workspace/Sources/CAssimp/shims.h:1:9: error: 'assimp/aabb.h' file not found
 1 | #import <assimp/aabb.h>
   |         `- error: 'assimp/aabb.h' file not found
 2 | #import <assimp/anim.h>
 3 | #import <assimp/camera.h>
/Users/admin/builder/spi-builder-workspace/Sources/Assimp/AiCamera.swift:8:29: error: could not build Objective-C module 'CAssimp'
  6 | // Licensed under BSD 3-Clause License. See LICENSE file for details.
  7 |
  8 | @_implementationOnly import CAssimp
    |                             `- error: could not build Objective-C module 'CAssimp'
  9 |
 10 | public struct AiCamera {
[10/21] Compiling Assimp simd+aiVector.swift
<module-includes>:1:9: note: in file included from <module-includes>:1:
1 | #import "shims.h"
  |         `- note: in file included from <module-includes>:1:
2 |
/Users/admin/builder/spi-builder-workspace/Sources/CAssimp/shims.h:1:9: error: 'assimp/aabb.h' file not found
 1 | #import <assimp/aabb.h>
   |         `- error: 'assimp/aabb.h' file not found
 2 | #import <assimp/anim.h>
 3 | #import <assimp/camera.h>
/Users/admin/builder/spi-builder-workspace/Sources/Assimp/AiCamera.swift:8:29: error: could not build Objective-C module 'CAssimp'
  6 | // Licensed under BSD 3-Clause License. See LICENSE file for details.
  7 |
  8 | @_implementationOnly import CAssimp
    |                             `- error: could not build Objective-C module 'CAssimp'
  9 |
 10 | public struct AiCamera {
error: emit-module command failed with exit code 1 (use -v to see invocation)
[11/21] Emitting module Assimp
<module-includes>:1:9: note: in file included from <module-includes>:1:
1 | #import "shims.h"
  |         `- note: in file included from <module-includes>:1:
2 |
/Users/admin/builder/spi-builder-workspace/Sources/CAssimp/shims.h:1:9: error: 'assimp/aabb.h' file not found
 1 | #import <assimp/aabb.h>
   |         `- error: 'assimp/aabb.h' file not found
 2 | #import <assimp/anim.h>
 3 | #import <assimp/camera.h>
/Users/admin/builder/spi-builder-workspace/Sources/Assimp/AiCamera.swift:8:29: error: could not build Objective-C module 'CAssimp'
  6 | // Licensed under BSD 3-Clause License. See LICENSE file for details.
  7 |
  8 | @_implementationOnly import CAssimp
    |                             `- error: could not build Objective-C module 'CAssimp'
  9 |
 10 | public struct AiCamera {
[12/21] Compiling Assimp AiMaterial.swift
<module-includes>:1:9: note: in file included from <module-includes>:1:
1 | #import "shims.h"
  |         `- note: in file included from <module-includes>:1:
2 |
/Users/admin/builder/spi-builder-workspace/Sources/CAssimp/shims.h:1:9: error: 'assimp/aabb.h' file not found
 1 | #import <assimp/aabb.h>
   |         `- error: 'assimp/aabb.h' file not found
 2 | #import <assimp/anim.h>
 3 | #import <assimp/camera.h>
/Users/admin/builder/spi-builder-workspace/Sources/Assimp/AiCamera.swift:8:29: error: could not build Objective-C module 'CAssimp'
  6 | // Licensed under BSD 3-Clause License. See LICENSE file for details.
  7 |
  8 | @_implementationOnly import CAssimp
    |                             `- error: could not build Objective-C module 'CAssimp'
  9 |
 10 | public struct AiCamera {
[13/21] Compiling Assimp AiMaterialProperty.swift
<module-includes>:1:9: note: in file included from <module-includes>:1:
1 | #import "shims.h"
  |         `- note: in file included from <module-includes>:1:
2 |
/Users/admin/builder/spi-builder-workspace/Sources/CAssimp/shims.h:1:9: error: 'assimp/aabb.h' file not found
 1 | #import <assimp/aabb.h>
   |         `- error: 'assimp/aabb.h' file not found
 2 | #import <assimp/anim.h>
 3 | #import <assimp/camera.h>
/Users/admin/builder/spi-builder-workspace/Sources/Assimp/AiCamera.swift:8:29: error: could not build Objective-C module 'CAssimp'
  6 | // Licensed under BSD 3-Clause License. See LICENSE file for details.
  7 |
  8 | @_implementationOnly import CAssimp
    |                             `- error: could not build Objective-C module 'CAssimp'
  9 |
 10 | public struct AiCamera {
[14/21] Compiling Assimp AiCamera.swift
<module-includes>:1:9: note: in file included from <module-includes>:1:
1 | #import "shims.h"
  |         `- note: in file included from <module-includes>:1:
2 |
/Users/admin/builder/spi-builder-workspace/Sources/CAssimp/shims.h:1:9: error: 'assimp/aabb.h' file not found
 1 | #import <assimp/aabb.h>
   |         `- error: 'assimp/aabb.h' file not found
 2 | #import <assimp/anim.h>
 3 | #import <assimp/camera.h>
/Users/admin/builder/spi-builder-workspace/Sources/Assimp/AiCamera.swift:8:29: error: could not build Objective-C module 'CAssimp'
  6 | // Licensed under BSD 3-Clause License. See LICENSE file for details.
  7 |
  8 | @_implementationOnly import CAssimp
    |                             `- error: could not build Objective-C module 'CAssimp'
  9 |
 10 | public struct AiCamera {
[15/21] Compiling Assimp AiFace.swift
<module-includes>:1:9: note: in file included from <module-includes>:1:
1 | #import "shims.h"
  |         `- note: in file included from <module-includes>:1:
2 |
/Users/admin/builder/spi-builder-workspace/Sources/CAssimp/shims.h:1:9: error: 'assimp/aabb.h' file not found
 1 | #import <assimp/aabb.h>
   |         `- error: 'assimp/aabb.h' file not found
 2 | #import <assimp/anim.h>
 3 | #import <assimp/camera.h>
/Users/admin/builder/spi-builder-workspace/Sources/Assimp/AiCamera.swift:8:29: error: could not build Objective-C module 'CAssimp'
  6 | // Licensed under BSD 3-Clause License. See LICENSE file for details.
  7 |
  8 | @_implementationOnly import CAssimp
    |                             `- error: could not build Objective-C module 'CAssimp'
  9 |
 10 | public struct AiCamera {
[16/21] Compiling Assimp AiLight.swift
<module-includes>:1:9: note: in file included from <module-includes>:1:
1 | #import "shims.h"
  |         `- note: in file included from <module-includes>:1:
2 |
/Users/admin/builder/spi-builder-workspace/Sources/CAssimp/shims.h:1:9: error: 'assimp/aabb.h' file not found
 1 | #import <assimp/aabb.h>
   |         `- error: 'assimp/aabb.h' file not found
 2 | #import <assimp/anim.h>
 3 | #import <assimp/camera.h>
/Users/admin/builder/spi-builder-workspace/Sources/Assimp/AiCamera.swift:8:29: error: could not build Objective-C module 'CAssimp'
  6 | // Licensed under BSD 3-Clause License. See LICENSE file for details.
  7 |
  8 | @_implementationOnly import CAssimp
    |                             `- error: could not build Objective-C module 'CAssimp'
  9 |
 10 | public struct AiCamera {
[17/21] Compiling Assimp AiMatKey.swift
<module-includes>:1:9: note: in file included from <module-includes>:1:
1 | #import "shims.h"
  |         `- note: in file included from <module-includes>:1:
2 |
/Users/admin/builder/spi-builder-workspace/Sources/CAssimp/shims.h:1:9: error: 'assimp/aabb.h' file not found
 1 | #import <assimp/aabb.h>
   |         `- error: 'assimp/aabb.h' file not found
 2 | #import <assimp/anim.h>
 3 | #import <assimp/camera.h>
/Users/admin/builder/spi-builder-workspace/Sources/Assimp/AiCamera.swift:8:29: error: could not build Objective-C module 'CAssimp'
  6 | // Licensed under BSD 3-Clause License. See LICENSE file for details.
  7 |
  8 | @_implementationOnly import CAssimp
    |                             `- error: could not build Objective-C module 'CAssimp'
  9 |
 10 | public struct AiCamera {
[18/21] Compiling Assimp AiMesh.swift
<module-includes>:1:9: note: in file included from <module-includes>:1:
1 | #import "shims.h"
  |         `- note: in file included from <module-includes>:1:
2 |
/Users/admin/builder/spi-builder-workspace/Sources/CAssimp/shims.h:1:9: error: 'assimp/aabb.h' file not found
 1 | #import <assimp/aabb.h>
   |         `- error: 'assimp/aabb.h' file not found
 2 | #import <assimp/anim.h>
 3 | #import <assimp/camera.h>
/Users/admin/builder/spi-builder-workspace/Sources/Assimp/AiCamera.swift:8:29: error: could not build Objective-C module 'CAssimp'
  6 | // Licensed under BSD 3-Clause License. See LICENSE file for details.
  7 |
  8 | @_implementationOnly import CAssimp
    |                             `- error: could not build Objective-C module 'CAssimp'
  9 |
 10 | public struct AiCamera {
[19/21] Compiling Assimp AiNode.swift
<module-includes>:1:9: note: in file included from <module-includes>:1:
1 | #import "shims.h"
  |         `- note: in file included from <module-includes>:1:
2 |
/Users/admin/builder/spi-builder-workspace/Sources/CAssimp/shims.h:1:9: error: 'assimp/aabb.h' file not found
 1 | #import <assimp/aabb.h>
   |         `- error: 'assimp/aabb.h' file not found
 2 | #import <assimp/anim.h>
 3 | #import <assimp/camera.h>
/Users/admin/builder/spi-builder-workspace/Sources/Assimp/AiCamera.swift:8:29: error: could not build Objective-C module 'CAssimp'
  6 | // Licensed under BSD 3-Clause License. See LICENSE file for details.
  7 |
  8 | @_implementationOnly import CAssimp
    |                             `- error: could not build Objective-C module 'CAssimp'
  9 |
 10 | public struct AiCamera {
warning: failed to retrieve search paths with pkg-config; maybe pkg-config is not installed
warning: you may be able to install assimp using your system-packager:
    brew install assimp
warning: you may be able to install assimp using your system-packager:
    brew install assimp
BUILD FAILURE 6.1 macosSpm