The Swift Package Index logo.Swift Package Index

Build Information

Failed to build swift-openai, reference v0.1.0 (714419), with Swift 6.4 for watchOS using Xcode 27.0 on 22 Sep 2026 11:24:27 UTC.

Build Command

env DEVELOPER_DIR=/Applications/Xcode-27.0.0-Release.Candidate.app xcrun xcodebuild -IDEClonedSourcePackagesDirPathOverride=$PWD/.dependencies -skipMacroValidation -skipPackagePluginValidation -derivedDataPath $PWD/.derivedData build -scheme swift-openai-Package -destination generic/platform=watchOS

Build Log

    cd /Users/admin/builder/spi-builder-workspace/.swiftpm/xcode
    builtin-SwiftPerFileCompile ValidationResult+JSONValue.swift
SwiftCompile normal arm64_32 /Users/admin/builder/spi-builder-workspace/.dependencies/checkouts/swift-json-schema/Sources/JSONSchema/Validation/ValidationResult.swift (in target 'JSONSchema' from project 'swift-json-schema')
    cd /Users/admin/builder/spi-builder-workspace/.swiftpm/xcode
    builtin-SwiftPerFileCompile ValidationResult.swift
SwiftCompile normal arm64_32 Compiling\ Bundle+JSONSchemaResources.swift,\ LockIsolated.swift,\ Context.swift /Users/admin/builder/spi-builder-workspace/.dependencies/checkouts/swift-json-schema/Sources/JSONSchema/Utilities/Bundle+JSONSchemaResources.swift /Users/admin/builder/spi-builder-workspace/.dependencies/checkouts/swift-json-schema/Sources/JSONSchema/Utilities/LockIsolated.swift /Users/admin/builder/spi-builder-workspace/.dependencies/checkouts/swift-json-schema/Sources/JSONSchema/Validation/Context.swift (in target 'JSONSchema' from project 'swift-json-schema')
SwiftCompile normal arm64_32 /Users/admin/builder/spi-builder-workspace/.dependencies/checkouts/swift-json-schema/Sources/JSONSchema/Utilities/Bundle+JSONSchemaResources.swift (in target 'JSONSchema' from project 'swift-json-schema')
    cd /Users/admin/builder/spi-builder-workspace/.swiftpm/xcode
    builtin-SwiftPerFileCompile Bundle+JSONSchemaResources.swift
SwiftCompile normal arm64_32 /Users/admin/builder/spi-builder-workspace/.dependencies/checkouts/swift-json-schema/Sources/JSONSchema/Utilities/LockIsolated.swift (in target 'JSONSchema' from project 'swift-json-schema')
    cd /Users/admin/builder/spi-builder-workspace/.swiftpm/xcode
    builtin-SwiftPerFileCompile LockIsolated.swift
SwiftCompile normal arm64_32 /Users/admin/builder/spi-builder-workspace/.dependencies/checkouts/swift-json-schema/Sources/JSONSchema/Validation/Context.swift (in target 'JSONSchema' from project 'swift-json-schema')
    cd /Users/admin/builder/spi-builder-workspace/.swiftpm/xcode
    builtin-SwiftPerFileCompile Context.swift
SwiftDriverJobDiscovery normal x86_64 Compiling SyntaxExpressibleByStringInterpolationConformances.swift (in target 'SwiftSyntaxBuilder' from project 'swift-syntax')
SwiftCompile normal arm64_32 Compiling\ SchemaIssue.swift,\ ValidationIssue.swift,\ SchemaDocument.swift /Users/admin/builder/spi-builder-workspace/.dependencies/checkouts/swift-json-schema/Sources/JSONSchema/Validation/Errors/SchemaIssue.swift /Users/admin/builder/spi-builder-workspace/.dependencies/checkouts/swift-json-schema/Sources/JSONSchema/Validation/Errors/ValidationIssue.swift /Users/admin/builder/spi-builder-workspace/.dependencies/checkouts/swift-json-schema/Sources/JSONSchema/Validation/SchemaDocument.swift (in target 'JSONSchema' from project 'swift-json-schema')
SwiftCompile normal arm64_32 /Users/admin/builder/spi-builder-workspace/.dependencies/checkouts/swift-json-schema/Sources/JSONSchema/Validation/Errors/SchemaIssue.swift (in target 'JSONSchema' from project 'swift-json-schema')
    cd /Users/admin/builder/spi-builder-workspace/.swiftpm/xcode
    builtin-SwiftPerFileCompile SchemaIssue.swift
SwiftCompile normal arm64_32 /Users/admin/builder/spi-builder-workspace/.dependencies/checkouts/swift-json-schema/Sources/JSONSchema/Validation/Errors/ValidationIssue.swift (in target 'JSONSchema' from project 'swift-json-schema')
    cd /Users/admin/builder/spi-builder-workspace/.swiftpm/xcode
    builtin-SwiftPerFileCompile ValidationIssue.swift
SwiftCompile normal arm64_32 /Users/admin/builder/spi-builder-workspace/.dependencies/checkouts/swift-json-schema/Sources/JSONSchema/Validation/SchemaDocument.swift (in target 'JSONSchema' from project 'swift-json-schema')
    cd /Users/admin/builder/spi-builder-workspace/.swiftpm/xcode
    builtin-SwiftPerFileCompile SchemaDocument.swift
SwiftCompile normal arm64 Compiling\ Schema+Equatable.swift,\ Schema+JSONValue.swift,\ Schema.swift /Users/admin/builder/spi-builder-workspace/.dependencies/checkouts/swift-json-schema/Sources/JSONSchema/Schema+Equatable.swift /Users/admin/builder/spi-builder-workspace/.dependencies/checkouts/swift-json-schema/Sources/JSONSchema/Schema+JSONValue.swift /Users/admin/builder/spi-builder-workspace/.dependencies/checkouts/swift-json-schema/Sources/JSONSchema/Schema.swift (in target 'JSONSchema' from project 'swift-json-schema')
SwiftCompile normal arm64 /Users/admin/builder/spi-builder-workspace/.dependencies/checkouts/swift-json-schema/Sources/JSONSchema/Schema+Equatable.swift (in target 'JSONSchema' from project 'swift-json-schema')
    cd /Users/admin/builder/spi-builder-workspace/.swiftpm/xcode
    builtin-SwiftPerFileCompile Schema+Equatable.swift
SwiftCompile normal arm64 /Users/admin/builder/spi-builder-workspace/.dependencies/checkouts/swift-json-schema/Sources/JSONSchema/Schema+JSONValue.swift (in target 'JSONSchema' from project 'swift-json-schema')
    cd /Users/admin/builder/spi-builder-workspace/.swiftpm/xcode
    builtin-SwiftPerFileCompile Schema+JSONValue.swift
SwiftCompile normal arm64 /Users/admin/builder/spi-builder-workspace/.dependencies/checkouts/swift-json-schema/Sources/JSONSchema/Schema.swift (in target 'JSONSchema' from project 'swift-json-schema')
    cd /Users/admin/builder/spi-builder-workspace/.swiftpm/xcode
    builtin-SwiftPerFileCompile Schema.swift
SwiftDriverJobDiscovery normal x86_64 Compiling Indenter.swift, ListBuilder.swift (in target 'SwiftSyntaxBuilder' from project 'swift-syntax')
SwiftCompile normal arm64 Compiling\ resource_bundle_accessor.swift,\ Annotation.swift,\ AnnotationContainer.swift,\ JSONType+Matches.swift /Users/admin/builder/spi-builder-workspace/.derivedData/Build/Intermediates.noindex/swift-json-schema.build/Debug-watchos/JSONSchema-t.build/DerivedSources/resource_bundle_accessor.swift /Users/admin/builder/spi-builder-workspace/.dependencies/checkouts/swift-json-schema/Sources/JSONSchema/Annotations/Annotation.swift /Users/admin/builder/spi-builder-workspace/.dependencies/checkouts/swift-json-schema/Sources/JSONSchema/Annotations/AnnotationContainer.swift /Users/admin/builder/spi-builder-workspace/.dependencies/checkouts/swift-json-schema/Sources/JSONSchema/Annotations/JSONType+Matches.swift (in target 'JSONSchema' from project 'swift-json-schema')
SwiftCompile normal arm64 /Users/admin/builder/spi-builder-workspace/.derivedData/Build/Intermediates.noindex/swift-json-schema.build/Debug-watchos/JSONSchema-t.build/DerivedSources/resource_bundle_accessor.swift (in target 'JSONSchema' from project 'swift-json-schema')
    cd /Users/admin/builder/spi-builder-workspace/.swiftpm/xcode
    builtin-SwiftPerFileCompile resource_bundle_accessor.swift
SwiftCompile normal arm64 /Users/admin/builder/spi-builder-workspace/.dependencies/checkouts/swift-json-schema/Sources/JSONSchema/Annotations/Annotation.swift (in target 'JSONSchema' from project 'swift-json-schema')
    cd /Users/admin/builder/spi-builder-workspace/.swiftpm/xcode
    builtin-SwiftPerFileCompile Annotation.swift
SwiftCompile normal arm64 /Users/admin/builder/spi-builder-workspace/.dependencies/checkouts/swift-json-schema/Sources/JSONSchema/Annotations/AnnotationContainer.swift (in target 'JSONSchema' from project 'swift-json-schema')
    cd /Users/admin/builder/spi-builder-workspace/.swiftpm/xcode
    builtin-SwiftPerFileCompile AnnotationContainer.swift
SwiftCompile normal arm64 /Users/admin/builder/spi-builder-workspace/.dependencies/checkouts/swift-json-schema/Sources/JSONSchema/Annotations/JSONType+Matches.swift (in target 'JSONSchema' from project 'swift-json-schema')
    cd /Users/admin/builder/spi-builder-workspace/.swiftpm/xcode
    builtin-SwiftPerFileCompile JSONType+Matches.swift
SwiftDriverJobDiscovery normal arm64 Compiling SyntaxExpressibleByStringInterpolationConformances.swift (in target 'SwiftSyntaxBuilder' from project 'swift-syntax')
SwiftCompile normal arm64_32 Compiling\ JSONValue+Integer.swift,\ Dialect.swift,\ BuiltinValidators.swift,\ FormatValidator.swift /Users/admin/builder/spi-builder-workspace/.dependencies/checkouts/swift-json-schema/Sources/JSONSchema/Annotations/JSONValue+Integer.swift /Users/admin/builder/spi-builder-workspace/.dependencies/checkouts/swift-json-schema/Sources/JSONSchema/Dialect.swift /Users/admin/builder/spi-builder-workspace/.dependencies/checkouts/swift-json-schema/Sources/JSONSchema/FormatValidators/BuiltinValidators.swift /Users/admin/builder/spi-builder-workspace/.dependencies/checkouts/swift-json-schema/Sources/JSONSchema/FormatValidators/FormatValidator.swift (in target 'JSONSchema' from project 'swift-json-schema')
SwiftCompile normal arm64_32 /Users/admin/builder/spi-builder-workspace/.dependencies/checkouts/swift-json-schema/Sources/JSONSchema/Annotations/JSONValue+Integer.swift (in target 'JSONSchema' from project 'swift-json-schema')
    cd /Users/admin/builder/spi-builder-workspace/.swiftpm/xcode
    builtin-SwiftPerFileCompile JSONValue+Integer.swift
SwiftCompile normal arm64_32 /Users/admin/builder/spi-builder-workspace/.dependencies/checkouts/swift-json-schema/Sources/JSONSchema/Dialect.swift (in target 'JSONSchema' from project 'swift-json-schema')
    cd /Users/admin/builder/spi-builder-workspace/.swiftpm/xcode
    builtin-SwiftPerFileCompile Dialect.swift
SwiftCompile normal arm64_32 /Users/admin/builder/spi-builder-workspace/.dependencies/checkouts/swift-json-schema/Sources/JSONSchema/FormatValidators/BuiltinValidators.swift (in target 'JSONSchema' from project 'swift-json-schema')
    cd /Users/admin/builder/spi-builder-workspace/.swiftpm/xcode
    builtin-SwiftPerFileCompile BuiltinValidators.swift
SwiftCompile normal arm64_32 /Users/admin/builder/spi-builder-workspace/.dependencies/checkouts/swift-json-schema/Sources/JSONSchema/FormatValidators/FormatValidator.swift (in target 'JSONSchema' from project 'swift-json-schema')
    cd /Users/admin/builder/spi-builder-workspace/.swiftpm/xcode
    builtin-SwiftPerFileCompile FormatValidator.swift
SwiftDriverJobDiscovery normal x86_64 Compiling RenamedChildrenBuilderCompatibility.swift (in target 'SwiftSyntaxBuilder' from project 'swift-syntax')
SwiftDriver\ Compilation SwiftSyntaxBuilder normal x86_64 com.apple.xcode.tools.swift.compiler (in target 'SwiftSyntaxBuilder' from project 'swift-syntax')
    cd /Users/admin/builder/spi-builder-workspace/.swiftpm/xcode
    builtin-Swift-Compilation -- /Applications/Xcode-27.0.0-Release.Candidate.app/Contents/Developer/Toolchains/XcodeDefault.xctoolchain/usr/bin/swiftc -parse-as-library -module-name SwiftSyntaxBuilder -Onone @/Users/admin/builder/spi-builder-workspace/.derivedData/Build/Intermediates.noindex/swift-syntax.build/Debug/SwiftSyntaxBuilder-t.build/Objects-normal/x86_64/SwiftSyntaxBuilder.SwiftFileList -DSWIFT_PACKAGE -DDEBUG -DSWIFT_MODULE_RESOURCE_BUNDLE_UNAVAILABLE -Xcc -fmodule-map-file\=/Users/admin/builder/spi-builder-workspace/.dependencies/checkouts/swift-syntax/Sources/_SwiftSyntaxCShims/include/module.modulemap -DXcode -plugin-path /Applications/Xcode-27.0.0-Release.Candidate.app/Contents/Developer/Toolchains/XcodeDefault.xctoolchain/usr/lib/swift/host/plugins/testing -enable-experimental-feature DebugDescriptionMacro -sdk /Applications/Xcode-27.0.0-Release.Candidate.app/Contents/Developer/Platforms/MacOSX.platform/Developer/SDKs/MacOSX27.0.sdk -target x86_64-apple-macos12.0 -g -module-cache-path /Users/admin/builder/spi-builder-workspace/.derivedData/ModuleCache.noindex -Xfrontend -serialize-debugging-options -profile-coverage-mapping -profile-generate -enable-testing -suppress-warnings -index-store-path /Users/admin/builder/spi-builder-workspace/.derivedData/Index.noindex/DataStore -Xcc -D_LIBCPP_HARDENING_MODE\=_LIBCPP_HARDENING_MODE_DEBUG -swift-version 6 -I /Users/admin/builder/spi-builder-workspace/.derivedData/Build/Products/Debug -Isystem /Applications/Xcode-27.0.0-Release.Candidate.app/Contents/Developer/Platforms/MacOSX.platform/Developer/usr/lib -F /Users/admin/builder/spi-builder-workspace/.derivedData/Build/Products/Debug/PackageFrameworks -F /Users/admin/builder/spi-builder-workspace/.derivedData/Build/Products/Debug -F /Applications/Xcode-27.0.0-Release.Candidate.app/Contents/Developer/Platforms/MacOSX.platform/Developer/Library/Frameworks -c -j10 -enable-batch-mode -incremental -Xcc -ivfsstatcache -Xcc /Users/admin/builder/spi-builder-workspace/.derivedData/SDKStatCaches.noindex/macosx27.0-26A425-e829b21a6f8c9b70876ba0858053c0446a22442a12e9d48fe1a705f55a1adfc4.sdkstatcache -output-file-map /Users/admin/builder/spi-builder-workspace/.derivedData/Build/Intermediates.noindex/swift-syntax.build/Debug/SwiftSyntaxBuilder-t.build/Objects-normal/x86_64/SwiftSyntaxBuilder-OutputFileMap.json -save-temps -no-color-diagnostics -explicit-module-build -module-cache-path /Users/admin/builder/spi-builder-workspace/.derivedData/Build/Intermediates.noindex/SwiftExplicitPrecompiledModules -clang-scanner-module-cache-path /Users/admin/builder/spi-builder-workspace/.derivedData/ModuleCache.noindex -sdk-module-cache-path /Users/admin/builder/spi-builder-workspace/.derivedData/SDKExplicitPrecompiledModules -emit-dependencies -emit-module -emit-module-path /Users/admin/builder/spi-builder-workspace/.derivedData/Build/Intermediates.noindex/swift-syntax.build/Debug/SwiftSyntaxBuilder-t.build/Objects-normal/x86_64/SwiftSyntaxBuilder.swiftmodule -serialize-diagnostics -dependency-scan-serialize-diagnostics-path /Users/admin/builder/spi-builder-workspace/.derivedData/Build/Intermediates.noindex/swift-syntax.build/Debug/SwiftSyntaxBuilder-t.build/Objects-normal/x86_64/SwiftSyntaxBuilder-dependency-scan.dia -validate-clang-modules-once -clang-build-session-file /Users/admin/builder/spi-builder-workspace/.derivedData/ModuleCache.noindex/Session.modulevalidation -Xcc -fmodules-prune-interval\=86400 -Xcc -fmodules-prune-after\=345600 -package-name swift_syntax -emit-const-values -const-gather-protocols-list /Users/admin/builder/spi-builder-workspace/.derivedData/Build/Intermediates.noindex/swift-syntax.build/Debug/SwiftSyntaxBuilder-t.build/Objects-normal/x86_64/SwiftSyntaxBuilder_const_extract_protocols.json -Xcc -I/Users/admin/builder/spi-builder-workspace/.dependencies/checkouts/swift-syntax/Sources/_SwiftSyntaxCShims/include -Xcc -I/Users/admin/builder/spi-builder-workspace/.derivedData/Build/Products/Debug/include -Xcc -I/Users/admin/builder/spi-builder-workspace/.derivedData/Build/Intermediates.noindex/swift-syntax.build/Debug/SwiftSyntaxBuilder-t.build/DerivedSources-normal/x86_64 -Xcc -I/Users/admin/builder/spi-builder-workspace/.derivedData/Build/Intermediates.noindex/swift-syntax.build/Debug/SwiftSyntaxBuilder-t.build/DerivedSources/x86_64 -Xcc -I/Users/admin/builder/spi-builder-workspace/.derivedData/Build/Intermediates.noindex/swift-syntax.build/Debug/SwiftSyntaxBuilder-t.build/DerivedSources -Xcc -DSWIFT_PACKAGE -Xcc -DDEBUG\=1 -emit-objc-header -emit-objc-header-path /Users/admin/builder/spi-builder-workspace/.derivedData/Build/Intermediates.noindex/swift-syntax.build/Debug/SwiftSyntaxBuilder-t.build/Objects-normal/x86_64/SwiftSyntaxBuilder-Swift.h -working-directory /Users/admin/builder/spi-builder-workspace/.swiftpm/xcode -experimental-emit-module-separately -disable-cmo
SwiftDriverJobDiscovery normal arm64_32 Compiling Bundle+JSONSchemaResources.swift, LockIsolated.swift, Context.swift (in target 'JSONSchema' from project 'swift-json-schema')
SwiftCompile normal arm64_32 Compiling\ Keywords+Identifier.swift,\ Keywords+Metadata.swift,\ Keywords+Reference.swift,\ Keywords+Reserved.swift /Users/admin/builder/spi-builder-workspace/.dependencies/checkouts/swift-json-schema/Sources/JSONSchema/Keywords/Keywords+Identifier.swift /Users/admin/builder/spi-builder-workspace/.dependencies/checkouts/swift-json-schema/Sources/JSONSchema/Keywords/Keywords+Metadata.swift /Users/admin/builder/spi-builder-workspace/.dependencies/checkouts/swift-json-schema/Sources/JSONSchema/Keywords/Keywords+Reference.swift /Users/admin/builder/spi-builder-workspace/.dependencies/checkouts/swift-json-schema/Sources/JSONSchema/Keywords/Keywords+Reserved.swift (in target 'JSONSchema' from project 'swift-json-schema')
SwiftCompile normal arm64_32 /Users/admin/builder/spi-builder-workspace/.dependencies/checkouts/swift-json-schema/Sources/JSONSchema/Keywords/Keywords+Identifier.swift (in target 'JSONSchema' from project 'swift-json-schema')
    cd /Users/admin/builder/spi-builder-workspace/.swiftpm/xcode
    builtin-SwiftPerFileCompile Keywords+Identifier.swift
SwiftCompile normal arm64_32 /Users/admin/builder/spi-builder-workspace/.dependencies/checkouts/swift-json-schema/Sources/JSONSchema/Keywords/Keywords+Metadata.swift (in target 'JSONSchema' from project 'swift-json-schema')
    cd /Users/admin/builder/spi-builder-workspace/.swiftpm/xcode
    builtin-SwiftPerFileCompile Keywords+Metadata.swift
SwiftCompile normal arm64_32 /Users/admin/builder/spi-builder-workspace/.dependencies/checkouts/swift-json-schema/Sources/JSONSchema/Keywords/Keywords+Reference.swift (in target 'JSONSchema' from project 'swift-json-schema')
    cd /Users/admin/builder/spi-builder-workspace/.swiftpm/xcode
    builtin-SwiftPerFileCompile Keywords+Reference.swift
SwiftCompile normal arm64_32 /Users/admin/builder/spi-builder-workspace/.dependencies/checkouts/swift-json-schema/Sources/JSONSchema/Keywords/Keywords+Reserved.swift (in target 'JSONSchema' from project 'swift-json-schema')
    cd /Users/admin/builder/spi-builder-workspace/.swiftpm/xcode
    builtin-SwiftPerFileCompile Keywords+Reserved.swift
SwiftCompile normal arm64_32 Compiling\ SchemaEvaluation.swift,\ ValidatableSchema.swift,\ ValidationLocation.swift /Users/admin/builder/spi-builder-workspace/.dependencies/checkouts/swift-json-schema/Sources/JSONSchema/Validation/SchemaEvaluation.swift /Users/admin/builder/spi-builder-workspace/.dependencies/checkouts/swift-json-schema/Sources/JSONSchema/Validation/ValidatableSchema.swift /Users/admin/builder/spi-builder-workspace/.dependencies/checkouts/swift-json-schema/Sources/JSONSchema/Validation/ValidationLocation.swift (in target 'JSONSchema' from project 'swift-json-schema')
SwiftCompile normal arm64_32 /Users/admin/builder/spi-builder-workspace/.dependencies/checkouts/swift-json-schema/Sources/JSONSchema/Validation/SchemaEvaluation.swift (in target 'JSONSchema' from project 'swift-json-schema')
    cd /Users/admin/builder/spi-builder-workspace/.swiftpm/xcode
    builtin-SwiftPerFileCompile SchemaEvaluation.swift
SwiftCompile normal arm64_32 /Users/admin/builder/spi-builder-workspace/.dependencies/checkouts/swift-json-schema/Sources/JSONSchema/Validation/ValidatableSchema.swift (in target 'JSONSchema' from project 'swift-json-schema')
    cd /Users/admin/builder/spi-builder-workspace/.swiftpm/xcode
    builtin-SwiftPerFileCompile ValidatableSchema.swift
SwiftCompile normal arm64_32 /Users/admin/builder/spi-builder-workspace/.dependencies/checkouts/swift-json-schema/Sources/JSONSchema/Validation/ValidationLocation.swift (in target 'JSONSchema' from project 'swift-json-schema')
    cd /Users/admin/builder/spi-builder-workspace/.swiftpm/xcode
    builtin-SwiftPerFileCompile ValidationLocation.swift
SwiftDriverJobDiscovery normal arm64 Compiling ResultBuilders.swift (in target 'SwiftSyntaxBuilder' from project 'swift-syntax')
SwiftDriver\ Compilation SwiftSyntaxBuilder normal arm64 com.apple.xcode.tools.swift.compiler (in target 'SwiftSyntaxBuilder' from project 'swift-syntax')
    cd /Users/admin/builder/spi-builder-workspace/.swiftpm/xcode
    builtin-Swift-Compilation -- /Applications/Xcode-27.0.0-Release.Candidate.app/Contents/Developer/Toolchains/XcodeDefault.xctoolchain/usr/bin/swiftc -parse-as-library -module-name SwiftSyntaxBuilder -Onone @/Users/admin/builder/spi-builder-workspace/.derivedData/Build/Intermediates.noindex/swift-syntax.build/Debug/SwiftSyntaxBuilder-t.build/Objects-normal/arm64/SwiftSyntaxBuilder.SwiftFileList -DSWIFT_PACKAGE -DDEBUG -DSWIFT_MODULE_RESOURCE_BUNDLE_UNAVAILABLE -Xcc -fmodule-map-file\=/Users/admin/builder/spi-builder-workspace/.dependencies/checkouts/swift-syntax/Sources/_SwiftSyntaxCShims/include/module.modulemap -DXcode -plugin-path /Applications/Xcode-27.0.0-Release.Candidate.app/Contents/Developer/Toolchains/XcodeDefault.xctoolchain/usr/lib/swift/host/plugins/testing -enable-experimental-feature DebugDescriptionMacro -sdk /Applications/Xcode-27.0.0-Release.Candidate.app/Contents/Developer/Platforms/MacOSX.platform/Developer/SDKs/MacOSX27.0.sdk -target arm64-apple-macos12.0 -g -module-cache-path /Users/admin/builder/spi-builder-workspace/.derivedData/ModuleCache.noindex -Xfrontend -serialize-debugging-options -profile-coverage-mapping -profile-generate -enable-testing -suppress-warnings -index-store-path /Users/admin/builder/spi-builder-workspace/.derivedData/Index.noindex/DataStore -Xcc -D_LIBCPP_HARDENING_MODE\=_LIBCPP_HARDENING_MODE_DEBUG -swift-version 6 -I /Users/admin/builder/spi-builder-workspace/.derivedData/Build/Products/Debug -Isystem /Applications/Xcode-27.0.0-Release.Candidate.app/Contents/Developer/Platforms/MacOSX.platform/Developer/usr/lib -F /Users/admin/builder/spi-builder-workspace/.derivedData/Build/Products/Debug/PackageFrameworks -F /Users/admin/builder/spi-builder-workspace/.derivedData/Build/Products/Debug -F /Applications/Xcode-27.0.0-Release.Candidate.app/Contents/Developer/Platforms/MacOSX.platform/Developer/Library/Frameworks -c -j10 -enable-batch-mode -incremental -Xcc -ivfsstatcache -Xcc /Users/admin/builder/spi-builder-workspace/.derivedData/SDKStatCaches.noindex/macosx27.0-26A425-e829b21a6f8c9b70876ba0858053c0446a22442a12e9d48fe1a705f55a1adfc4.sdkstatcache -output-file-map /Users/admin/builder/spi-builder-workspace/.derivedData/Build/Intermediates.noindex/swift-syntax.build/Debug/SwiftSyntaxBuilder-t.build/Objects-normal/arm64/SwiftSyntaxBuilder-OutputFileMap.json -save-temps -no-color-diagnostics -explicit-module-build -module-cache-path /Users/admin/builder/spi-builder-workspace/.derivedData/Build/Intermediates.noindex/SwiftExplicitPrecompiledModules -clang-scanner-module-cache-path /Users/admin/builder/spi-builder-workspace/.derivedData/ModuleCache.noindex -sdk-module-cache-path /Users/admin/builder/spi-builder-workspace/.derivedData/SDKExplicitPrecompiledModules -emit-dependencies -emit-module -emit-module-path /Users/admin/builder/spi-builder-workspace/.derivedData/Build/Intermediates.noindex/swift-syntax.build/Debug/SwiftSyntaxBuilder-t.build/Objects-normal/arm64/SwiftSyntaxBuilder.swiftmodule -serialize-diagnostics -dependency-scan-serialize-diagnostics-path /Users/admin/builder/spi-builder-workspace/.derivedData/Build/Intermediates.noindex/swift-syntax.build/Debug/SwiftSyntaxBuilder-t.build/Objects-normal/arm64/SwiftSyntaxBuilder-dependency-scan.dia -validate-clang-modules-once -clang-build-session-file /Users/admin/builder/spi-builder-workspace/.derivedData/ModuleCache.noindex/Session.modulevalidation -Xcc -fmodules-prune-interval\=86400 -Xcc -fmodules-prune-after\=345600 -package-name swift_syntax -emit-const-values -const-gather-protocols-list /Users/admin/builder/spi-builder-workspace/.derivedData/Build/Intermediates.noindex/swift-syntax.build/Debug/SwiftSyntaxBuilder-t.build/Objects-normal/arm64/SwiftSyntaxBuilder_const_extract_protocols.json -Xcc -I/Users/admin/builder/spi-builder-workspace/.dependencies/checkouts/swift-syntax/Sources/_SwiftSyntaxCShims/include -Xcc -I/Users/admin/builder/spi-builder-workspace/.derivedData/Build/Products/Debug/include -Xcc -I/Users/admin/builder/spi-builder-workspace/.derivedData/Build/Intermediates.noindex/swift-syntax.build/Debug/SwiftSyntaxBuilder-t.build/DerivedSources-normal/arm64 -Xcc -I/Users/admin/builder/spi-builder-workspace/.derivedData/Build/Intermediates.noindex/swift-syntax.build/Debug/SwiftSyntaxBuilder-t.build/DerivedSources/arm64 -Xcc -I/Users/admin/builder/spi-builder-workspace/.derivedData/Build/Intermediates.noindex/swift-syntax.build/Debug/SwiftSyntaxBuilder-t.build/DerivedSources -Xcc -DSWIFT_PACKAGE -Xcc -DDEBUG\=1 -emit-objc-header -emit-objc-header-path /Users/admin/builder/spi-builder-workspace/.derivedData/Build/Intermediates.noindex/swift-syntax.build/Debug/SwiftSyntaxBuilder-t.build/Objects-normal/arm64/SwiftSyntaxBuilder-Swift.h -working-directory /Users/admin/builder/spi-builder-workspace/.swiftpm/xcode -experimental-emit-module-separately -disable-cmo
SwiftDriverJobDiscovery normal arm64_32 Compiling ValidationOutput.swift, ValidationResult+JSONValue.swift, ValidationResult.swift (in target 'JSONSchema' from project 'swift-json-schema')
SwiftCompile normal arm64_32 Compiling\ Keywords.swift,\ OrderedJSON+Reexport.swift,\ JSONPointer.swift,\ Schema+Codable.swift /Users/admin/builder/spi-builder-workspace/.dependencies/checkouts/swift-json-schema/Sources/JSONSchema/Keywords/Keywords.swift /Users/admin/builder/spi-builder-workspace/.dependencies/checkouts/swift-json-schema/Sources/JSONSchema/OrderedJSON+Reexport.swift /Users/admin/builder/spi-builder-workspace/.dependencies/checkouts/swift-json-schema/Sources/JSONSchema/Pointers/JSONPointer.swift /Users/admin/builder/spi-builder-workspace/.dependencies/checkouts/swift-json-schema/Sources/JSONSchema/Schema+Codable.swift (in target 'JSONSchema' from project 'swift-json-schema')
SwiftCompile normal arm64_32 /Users/admin/builder/spi-builder-workspace/.dependencies/checkouts/swift-json-schema/Sources/JSONSchema/Keywords/Keywords.swift (in target 'JSONSchema' from project 'swift-json-schema')
    cd /Users/admin/builder/spi-builder-workspace/.swiftpm/xcode
    builtin-SwiftPerFileCompile Keywords.swift
SwiftCompile normal arm64_32 /Users/admin/builder/spi-builder-workspace/.dependencies/checkouts/swift-json-schema/Sources/JSONSchema/OrderedJSON+Reexport.swift (in target 'JSONSchema' from project 'swift-json-schema')
    cd /Users/admin/builder/spi-builder-workspace/.swiftpm/xcode
    builtin-SwiftPerFileCompile OrderedJSON+Reexport.swift
SwiftCompile normal arm64_32 /Users/admin/builder/spi-builder-workspace/.dependencies/checkouts/swift-json-schema/Sources/JSONSchema/Pointers/JSONPointer.swift (in target 'JSONSchema' from project 'swift-json-schema')
    cd /Users/admin/builder/spi-builder-workspace/.swiftpm/xcode
    builtin-SwiftPerFileCompile JSONPointer.swift
SwiftCompile normal arm64_32 /Users/admin/builder/spi-builder-workspace/.dependencies/checkouts/swift-json-schema/Sources/JSONSchema/Schema+Codable.swift (in target 'JSONSchema' from project 'swift-json-schema')
    cd /Users/admin/builder/spi-builder-workspace/.swiftpm/xcode
    builtin-SwiftPerFileCompile Schema+Codable.swift
SwiftCompile normal arm64 Compiling\ ValidationOutput.swift,\ ValidationResult+JSONValue.swift,\ ValidationResult.swift /Users/admin/builder/spi-builder-workspace/.dependencies/checkouts/swift-json-schema/Sources/JSONSchema/Validation/ValidationOutput.swift /Users/admin/builder/spi-builder-workspace/.dependencies/checkouts/swift-json-schema/Sources/JSONSchema/Validation/ValidationResult+JSONValue.swift /Users/admin/builder/spi-builder-workspace/.dependencies/checkouts/swift-json-schema/Sources/JSONSchema/Validation/ValidationResult.swift (in target 'JSONSchema' from project 'swift-json-schema')
SwiftCompile normal arm64 /Users/admin/builder/spi-builder-workspace/.dependencies/checkouts/swift-json-schema/Sources/JSONSchema/Validation/ValidationOutput.swift (in target 'JSONSchema' from project 'swift-json-schema')
    cd /Users/admin/builder/spi-builder-workspace/.swiftpm/xcode
    builtin-SwiftPerFileCompile ValidationOutput.swift
SwiftCompile normal arm64 /Users/admin/builder/spi-builder-workspace/.dependencies/checkouts/swift-json-schema/Sources/JSONSchema/Validation/ValidationResult+JSONValue.swift (in target 'JSONSchema' from project 'swift-json-schema')
    cd /Users/admin/builder/spi-builder-workspace/.swiftpm/xcode
    builtin-SwiftPerFileCompile ValidationResult+JSONValue.swift
SwiftCompile normal arm64 /Users/admin/builder/spi-builder-workspace/.dependencies/checkouts/swift-json-schema/Sources/JSONSchema/Validation/ValidationResult.swift (in target 'JSONSchema' from project 'swift-json-schema')
    cd /Users/admin/builder/spi-builder-workspace/.swiftpm/xcode
    builtin-SwiftPerFileCompile ValidationResult.swift
SwiftDriverJobDiscovery normal arm64 Compiling resource_bundle_accessor.swift, Annotation.swift, AnnotationContainer.swift, JSONType+Matches.swift (in target 'JSONSchema' from project 'swift-json-schema')
SwiftCompile normal arm64 Compiling\ Keyword.swift,\ Keywords+Annotation.swift,\ Keywords+Applicator.swift,\ Keywords+Assertion.swift /Users/admin/builder/spi-builder-workspace/.dependencies/checkouts/swift-json-schema/Sources/JSONSchema/Keywords/Keyword.swift /Users/admin/builder/spi-builder-workspace/.dependencies/checkouts/swift-json-schema/Sources/JSONSchema/Keywords/Keywords+Annotation.swift /Users/admin/builder/spi-builder-workspace/.dependencies/checkouts/swift-json-schema/Sources/JSONSchema/Keywords/Keywords+Applicator.swift /Users/admin/builder/spi-builder-workspace/.dependencies/checkouts/swift-json-schema/Sources/JSONSchema/Keywords/Keywords+Assertion.swift (in target 'JSONSchema' from project 'swift-json-schema')
SwiftCompile normal arm64 /Users/admin/builder/spi-builder-workspace/.dependencies/checkouts/swift-json-schema/Sources/JSONSchema/Keywords/Keyword.swift (in target 'JSONSchema' from project 'swift-json-schema')
    cd /Users/admin/builder/spi-builder-workspace/.swiftpm/xcode
    builtin-SwiftPerFileCompile Keyword.swift
SwiftCompile normal arm64 /Users/admin/builder/spi-builder-workspace/.dependencies/checkouts/swift-json-schema/Sources/JSONSchema/Keywords/Keywords+Annotation.swift (in target 'JSONSchema' from project 'swift-json-schema')
    cd /Users/admin/builder/spi-builder-workspace/.swiftpm/xcode
    builtin-SwiftPerFileCompile Keywords+Annotation.swift
SwiftCompile normal arm64 /Users/admin/builder/spi-builder-workspace/.dependencies/checkouts/swift-json-schema/Sources/JSONSchema/Keywords/Keywords+Applicator.swift (in target 'JSONSchema' from project 'swift-json-schema')
    cd /Users/admin/builder/spi-builder-workspace/.swiftpm/xcode
    builtin-SwiftPerFileCompile Keywords+Applicator.swift
SwiftCompile normal arm64 /Users/admin/builder/spi-builder-workspace/.dependencies/checkouts/swift-json-schema/Sources/JSONSchema/Keywords/Keywords+Assertion.swift (in target 'JSONSchema' from project 'swift-json-schema')
    cd /Users/admin/builder/spi-builder-workspace/.swiftpm/xcode
    builtin-SwiftPerFileCompile Keywords+Assertion.swift
SwiftDriverJobDiscovery normal arm64 Compiling Schema+Equatable.swift, Schema+JSONValue.swift, Schema.swift (in target 'JSONSchema' from project 'swift-json-schema')
SwiftCompile normal arm64_32 Compiling\ Schema+Equatable.swift,\ Schema+JSONValue.swift,\ Schema.swift /Users/admin/builder/spi-builder-workspace/.dependencies/checkouts/swift-json-schema/Sources/JSONSchema/Schema+Equatable.swift /Users/admin/builder/spi-builder-workspace/.dependencies/checkouts/swift-json-schema/Sources/JSONSchema/Schema+JSONValue.swift /Users/admin/builder/spi-builder-workspace/.dependencies/checkouts/swift-json-schema/Sources/JSONSchema/Schema.swift (in target 'JSONSchema' from project 'swift-json-schema')
SwiftCompile normal arm64_32 /Users/admin/builder/spi-builder-workspace/.dependencies/checkouts/swift-json-schema/Sources/JSONSchema/Schema+Equatable.swift (in target 'JSONSchema' from project 'swift-json-schema')
    cd /Users/admin/builder/spi-builder-workspace/.swiftpm/xcode
    builtin-SwiftPerFileCompile Schema+Equatable.swift
SwiftCompile normal arm64_32 /Users/admin/builder/spi-builder-workspace/.dependencies/checkouts/swift-json-schema/Sources/JSONSchema/Schema+JSONValue.swift (in target 'JSONSchema' from project 'swift-json-schema')
    cd /Users/admin/builder/spi-builder-workspace/.swiftpm/xcode
    builtin-SwiftPerFileCompile Schema+JSONValue.swift
SwiftCompile normal arm64_32 /Users/admin/builder/spi-builder-workspace/.dependencies/checkouts/swift-json-schema/Sources/JSONSchema/Schema.swift (in target 'JSONSchema' from project 'swift-json-schema')
    cd /Users/admin/builder/spi-builder-workspace/.swiftpm/xcode
    builtin-SwiftPerFileCompile Schema.swift
SwiftDriverJobDiscovery normal arm64_32 Compiling SchemaEvaluation.swift, ValidatableSchema.swift, ValidationLocation.swift (in target 'JSONSchema' from project 'swift-json-schema')
SwiftCompile normal arm64_32 Compiling\ resource_bundle_accessor.swift,\ Annotation.swift,\ AnnotationContainer.swift,\ JSONType+Matches.swift /Users/admin/builder/spi-builder-workspace/.derivedData/Build/Intermediates.noindex/swift-json-schema.build/Debug-watchos/JSONSchema-t.build/DerivedSources/resource_bundle_accessor.swift /Users/admin/builder/spi-builder-workspace/.dependencies/checkouts/swift-json-schema/Sources/JSONSchema/Annotations/Annotation.swift /Users/admin/builder/spi-builder-workspace/.dependencies/checkouts/swift-json-schema/Sources/JSONSchema/Annotations/AnnotationContainer.swift /Users/admin/builder/spi-builder-workspace/.dependencies/checkouts/swift-json-schema/Sources/JSONSchema/Annotations/JSONType+Matches.swift (in target 'JSONSchema' from project 'swift-json-schema')
SwiftCompile normal arm64_32 /Users/admin/builder/spi-builder-workspace/.derivedData/Build/Intermediates.noindex/swift-json-schema.build/Debug-watchos/JSONSchema-t.build/DerivedSources/resource_bundle_accessor.swift (in target 'JSONSchema' from project 'swift-json-schema')
    cd /Users/admin/builder/spi-builder-workspace/.swiftpm/xcode
    builtin-SwiftPerFileCompile resource_bundle_accessor.swift
SwiftCompile normal arm64_32 /Users/admin/builder/spi-builder-workspace/.dependencies/checkouts/swift-json-schema/Sources/JSONSchema/Annotations/Annotation.swift (in target 'JSONSchema' from project 'swift-json-schema')
    cd /Users/admin/builder/spi-builder-workspace/.swiftpm/xcode
    builtin-SwiftPerFileCompile Annotation.swift
SwiftCompile normal arm64_32 /Users/admin/builder/spi-builder-workspace/.dependencies/checkouts/swift-json-schema/Sources/JSONSchema/Annotations/AnnotationContainer.swift (in target 'JSONSchema' from project 'swift-json-schema')
    cd /Users/admin/builder/spi-builder-workspace/.swiftpm/xcode
    builtin-SwiftPerFileCompile AnnotationContainer.swift
SwiftCompile normal arm64_32 /Users/admin/builder/spi-builder-workspace/.dependencies/checkouts/swift-json-schema/Sources/JSONSchema/Annotations/JSONType+Matches.swift (in target 'JSONSchema' from project 'swift-json-schema')
    cd /Users/admin/builder/spi-builder-workspace/.swiftpm/xcode
    builtin-SwiftPerFileCompile JSONType+Matches.swift
SwiftDriverJobDiscovery normal arm64_32 Compiling JSONValue+Integer.swift, Dialect.swift, BuiltinValidators.swift, FormatValidator.swift (in target 'JSONSchema' from project 'swift-json-schema')
SwiftCompile normal arm64 Compiling\ JSONValue+Integer.swift,\ Dialect.swift,\ BuiltinValidators.swift,\ FormatValidator.swift /Users/admin/builder/spi-builder-workspace/.dependencies/checkouts/swift-json-schema/Sources/JSONSchema/Annotations/JSONValue+Integer.swift /Users/admin/builder/spi-builder-workspace/.dependencies/checkouts/swift-json-schema/Sources/JSONSchema/Dialect.swift /Users/admin/builder/spi-builder-workspace/.dependencies/checkouts/swift-json-schema/Sources/JSONSchema/FormatValidators/BuiltinValidators.swift /Users/admin/builder/spi-builder-workspace/.dependencies/checkouts/swift-json-schema/Sources/JSONSchema/FormatValidators/FormatValidator.swift (in target 'JSONSchema' from project 'swift-json-schema')
SwiftCompile normal arm64 /Users/admin/builder/spi-builder-workspace/.dependencies/checkouts/swift-json-schema/Sources/JSONSchema/Annotations/JSONValue+Integer.swift (in target 'JSONSchema' from project 'swift-json-schema')
    cd /Users/admin/builder/spi-builder-workspace/.swiftpm/xcode
    builtin-SwiftPerFileCompile JSONValue+Integer.swift
SwiftCompile normal arm64 /Users/admin/builder/spi-builder-workspace/.dependencies/checkouts/swift-json-schema/Sources/JSONSchema/Dialect.swift (in target 'JSONSchema' from project 'swift-json-schema')
    cd /Users/admin/builder/spi-builder-workspace/.swiftpm/xcode
    builtin-SwiftPerFileCompile Dialect.swift
SwiftCompile normal arm64 /Users/admin/builder/spi-builder-workspace/.dependencies/checkouts/swift-json-schema/Sources/JSONSchema/FormatValidators/BuiltinValidators.swift (in target 'JSONSchema' from project 'swift-json-schema')
    cd /Users/admin/builder/spi-builder-workspace/.swiftpm/xcode
    builtin-SwiftPerFileCompile BuiltinValidators.swift
SwiftCompile normal arm64 /Users/admin/builder/spi-builder-workspace/.dependencies/checkouts/swift-json-schema/Sources/JSONSchema/FormatValidators/FormatValidator.swift (in target 'JSONSchema' from project 'swift-json-schema')
    cd /Users/admin/builder/spi-builder-workspace/.swiftpm/xcode
    builtin-SwiftPerFileCompile FormatValidator.swift
SwiftDriverJobDiscovery normal arm64 Compiling ValidationOutput.swift, ValidationResult+JSONValue.swift, ValidationResult.swift (in target 'JSONSchema' from project 'swift-json-schema')
SwiftCompile normal arm64_32 Compiling\ Keyword.swift,\ Keywords+Annotation.swift,\ Keywords+Applicator.swift,\ Keywords+Assertion.swift /Users/admin/builder/spi-builder-workspace/.dependencies/checkouts/swift-json-schema/Sources/JSONSchema/Keywords/Keyword.swift /Users/admin/builder/spi-builder-workspace/.dependencies/checkouts/swift-json-schema/Sources/JSONSchema/Keywords/Keywords+Annotation.swift /Users/admin/builder/spi-builder-workspace/.dependencies/checkouts/swift-json-schema/Sources/JSONSchema/Keywords/Keywords+Applicator.swift /Users/admin/builder/spi-builder-workspace/.dependencies/checkouts/swift-json-schema/Sources/JSONSchema/Keywords/Keywords+Assertion.swift (in target 'JSONSchema' from project 'swift-json-schema')
SwiftCompile normal arm64_32 /Users/admin/builder/spi-builder-workspace/.dependencies/checkouts/swift-json-schema/Sources/JSONSchema/Keywords/Keyword.swift (in target 'JSONSchema' from project 'swift-json-schema')
    cd /Users/admin/builder/spi-builder-workspace/.swiftpm/xcode
    builtin-SwiftPerFileCompile Keyword.swift
SwiftCompile normal arm64_32 /Users/admin/builder/spi-builder-workspace/.dependencies/checkouts/swift-json-schema/Sources/JSONSchema/Keywords/Keywords+Annotation.swift (in target 'JSONSchema' from project 'swift-json-schema')
    cd /Users/admin/builder/spi-builder-workspace/.swiftpm/xcode
    builtin-SwiftPerFileCompile Keywords+Annotation.swift
SwiftCompile normal arm64_32 /Users/admin/builder/spi-builder-workspace/.dependencies/checkouts/swift-json-schema/Sources/JSONSchema/Keywords/Keywords+Applicator.swift (in target 'JSONSchema' from project 'swift-json-schema')
    cd /Users/admin/builder/spi-builder-workspace/.swiftpm/xcode
    builtin-SwiftPerFileCompile Keywords+Applicator.swift
SwiftCompile normal arm64_32 /Users/admin/builder/spi-builder-workspace/.dependencies/checkouts/swift-json-schema/Sources/JSONSchema/Keywords/Keywords+Assertion.swift (in target 'JSONSchema' from project 'swift-json-schema')
    cd /Users/admin/builder/spi-builder-workspace/.swiftpm/xcode
    builtin-SwiftPerFileCompile Keywords+Assertion.swift
SwiftDriverJobDiscovery normal arm64_32 Compiling Keywords.swift, OrderedJSON+Reexport.swift, JSONPointer.swift, Schema+Codable.swift (in target 'JSONSchema' from project 'swift-json-schema')
SwiftCompile normal arm64 Compiling\ Keywords.swift,\ OrderedJSON+Reexport.swift,\ JSONPointer.swift,\ Schema+Codable.swift /Users/admin/builder/spi-builder-workspace/.dependencies/checkouts/swift-json-schema/Sources/JSONSchema/Keywords/Keywords.swift /Users/admin/builder/spi-builder-workspace/.dependencies/checkouts/swift-json-schema/Sources/JSONSchema/OrderedJSON+Reexport.swift /Users/admin/builder/spi-builder-workspace/.dependencies/checkouts/swift-json-schema/Sources/JSONSchema/Pointers/JSONPointer.swift /Users/admin/builder/spi-builder-workspace/.dependencies/checkouts/swift-json-schema/Sources/JSONSchema/Schema+Codable.swift (in target 'JSONSchema' from project 'swift-json-schema')
SwiftCompile normal arm64 /Users/admin/builder/spi-builder-workspace/.dependencies/checkouts/swift-json-schema/Sources/JSONSchema/Keywords/Keywords.swift (in target 'JSONSchema' from project 'swift-json-schema')
    cd /Users/admin/builder/spi-builder-workspace/.swiftpm/xcode
    builtin-SwiftPerFileCompile Keywords.swift
SwiftCompile normal arm64 /Users/admin/builder/spi-builder-workspace/.dependencies/checkouts/swift-json-schema/Sources/JSONSchema/OrderedJSON+Reexport.swift (in target 'JSONSchema' from project 'swift-json-schema')
    cd /Users/admin/builder/spi-builder-workspace/.swiftpm/xcode
    builtin-SwiftPerFileCompile OrderedJSON+Reexport.swift
SwiftCompile normal arm64 /Users/admin/builder/spi-builder-workspace/.dependencies/checkouts/swift-json-schema/Sources/JSONSchema/Pointers/JSONPointer.swift (in target 'JSONSchema' from project 'swift-json-schema')
    cd /Users/admin/builder/spi-builder-workspace/.swiftpm/xcode
    builtin-SwiftPerFileCompile JSONPointer.swift
SwiftCompile normal arm64 /Users/admin/builder/spi-builder-workspace/.dependencies/checkouts/swift-json-schema/Sources/JSONSchema/Schema+Codable.swift (in target 'JSONSchema' from project 'swift-json-schema')
    cd /Users/admin/builder/spi-builder-workspace/.swiftpm/xcode
    builtin-SwiftPerFileCompile Schema+Codable.swift
SwiftDriverJobDiscovery normal arm64_32 Compiling Keywords+Identifier.swift, Keywords+Metadata.swift, Keywords+Reference.swift, Keywords+Reserved.swift (in target 'JSONSchema' from project 'swift-json-schema')
SwiftDriverJobDiscovery normal arm64_32 Compiling resource_bundle_accessor.swift, Annotation.swift, AnnotationContainer.swift, JSONType+Matches.swift (in target 'JSONSchema' from project 'swift-json-schema')
SwiftDriver SwiftIfConfig normal x86_64 com.apple.xcode.tools.swift.compiler (in target 'SwiftIfConfig' from project 'swift-syntax')
    cd /Users/admin/builder/spi-builder-workspace/.swiftpm/xcode
    builtin-SwiftDriver -- /Applications/Xcode-27.0.0-Release.Candidate.app/Contents/Developer/Toolchains/XcodeDefault.xctoolchain/usr/bin/swiftc -parse-as-library -module-name SwiftIfConfig -Onone @/Users/admin/builder/spi-builder-workspace/.derivedData/Build/Intermediates.noindex/swift-syntax.build/Debug/SwiftIfConfig-t.build/Objects-normal/x86_64/SwiftIfConfig.SwiftFileList -DSWIFT_PACKAGE -DDEBUG -DSWIFT_MODULE_RESOURCE_BUNDLE_UNAVAILABLE -Xcc -fmodule-map-file\=/Users/admin/builder/spi-builder-workspace/.dependencies/checkouts/swift-syntax/Sources/_SwiftSyntaxCShims/include/module.modulemap -DXcode -plugin-path /Applications/Xcode-27.0.0-Release.Candidate.app/Contents/Developer/Toolchains/XcodeDefault.xctoolchain/usr/lib/swift/host/plugins/testing -enable-experimental-feature DebugDescriptionMacro -sdk /Applications/Xcode-27.0.0-Release.Candidate.app/Contents/Developer/Platforms/MacOSX.platform/Developer/SDKs/MacOSX27.0.sdk -target x86_64-apple-macos12.0 -g -module-cache-path /Users/admin/builder/spi-builder-workspace/.derivedData/ModuleCache.noindex -Xfrontend -serialize-debugging-options -profile-coverage-mapping -profile-generate -enable-testing -suppress-warnings -index-store-path /Users/admin/builder/spi-builder-workspace/.derivedData/Index.noindex/DataStore -Xcc -D_LIBCPP_HARDENING_MODE\=_LIBCPP_HARDENING_MODE_DEBUG -swift-version 6 -I /Users/admin/builder/spi-builder-workspace/.derivedData/Build/Products/Debug -Isystem /Applications/Xcode-27.0.0-Release.Candidate.app/Contents/Developer/Platforms/MacOSX.platform/Developer/usr/lib -F /Users/admin/builder/spi-builder-workspace/.derivedData/Build/Products/Debug/PackageFrameworks -F /Users/admin/builder/spi-builder-workspace/.derivedData/Build/Products/Debug -F /Applications/Xcode-27.0.0-Release.Candidate.app/Contents/Developer/Platforms/MacOSX.platform/Developer/Library/Frameworks -c -j10 -enable-batch-mode -incremental -Xcc -ivfsstatcache -Xcc /Users/admin/builder/spi-builder-workspace/.derivedData/SDKStatCaches.noindex/macosx27.0-26A425-e829b21a6f8c9b70876ba0858053c0446a22442a12e9d48fe1a705f55a1adfc4.sdkstatcache -output-file-map /Users/admin/builder/spi-builder-workspace/.derivedData/Build/Intermediates.noindex/swift-syntax.build/Debug/SwiftIfConfig-t.build/Objects-normal/x86_64/SwiftIfConfig-OutputFileMap.json -save-temps -no-color-diagnostics -explicit-module-build -module-cache-path /Users/admin/builder/spi-builder-workspace/.derivedData/Build/Intermediates.noindex/SwiftExplicitPrecompiledModules -clang-scanner-module-cache-path /Users/admin/builder/spi-builder-workspace/.derivedData/ModuleCache.noindex -sdk-module-cache-path /Users/admin/builder/spi-builder-workspace/.derivedData/SDKExplicitPrecompiledModules -emit-dependencies -emit-module -emit-module-path /Users/admin/builder/spi-builder-workspace/.derivedData/Build/Intermediates.noindex/swift-syntax.build/Debug/SwiftIfConfig-t.build/Objects-normal/x86_64/SwiftIfConfig.swiftmodule -serialize-diagnostics -dependency-scan-serialize-diagnostics-path /Users/admin/builder/spi-builder-workspace/.derivedData/Build/Intermediates.noindex/swift-syntax.build/Debug/SwiftIfConfig-t.build/Objects-normal/x86_64/SwiftIfConfig-dependency-scan.dia -validate-clang-modules-once -clang-build-session-file /Users/admin/builder/spi-builder-workspace/.derivedData/ModuleCache.noindex/Session.modulevalidation -Xcc -fmodules-prune-interval\=86400 -Xcc -fmodules-prune-after\=345600 -package-name swift_syntax -emit-const-values -const-gather-protocols-list /Users/admin/builder/spi-builder-workspace/.derivedData/Build/Intermediates.noindex/swift-syntax.build/Debug/SwiftIfConfig-t.build/Objects-normal/x86_64/SwiftIfConfig_const_extract_protocols.json -Xcc -I/Users/admin/builder/spi-builder-workspace/.dependencies/checkouts/swift-syntax/Sources/_SwiftSyntaxCShims/include -Xcc -I/Users/admin/builder/spi-builder-workspace/.derivedData/Build/Products/Debug/include -Xcc -I/Users/admin/builder/spi-builder-workspace/.derivedData/Build/Intermediates.noindex/swift-syntax.build/Debug/SwiftIfConfig-t.build/DerivedSources-normal/x86_64 -Xcc -I/Users/admin/builder/spi-builder-workspace/.derivedData/Build/Intermediates.noindex/swift-syntax.build/Debug/SwiftIfConfig-t.build/DerivedSources/x86_64 -Xcc -I/Users/admin/builder/spi-builder-workspace/.derivedData/Build/Intermediates.noindex/swift-syntax.build/Debug/SwiftIfConfig-t.build/DerivedSources -Xcc -DSWIFT_PACKAGE -Xcc -DDEBUG\=1 -emit-objc-header -emit-objc-header-path /Users/admin/builder/spi-builder-workspace/.derivedData/Build/Intermediates.noindex/swift-syntax.build/Debug/SwiftIfConfig-t.build/Objects-normal/x86_64/SwiftIfConfig-Swift.h -working-directory /Users/admin/builder/spi-builder-workspace/.swiftpm/xcode -experimental-emit-module-separately -disable-cmo
SwiftDriver SwiftIfConfig normal arm64 com.apple.xcode.tools.swift.compiler (in target 'SwiftIfConfig' from project 'swift-syntax')
    cd /Users/admin/builder/spi-builder-workspace/.swiftpm/xcode
    builtin-SwiftDriver -- /Applications/Xcode-27.0.0-Release.Candidate.app/Contents/Developer/Toolchains/XcodeDefault.xctoolchain/usr/bin/swiftc -parse-as-library -module-name SwiftIfConfig -Onone @/Users/admin/builder/spi-builder-workspace/.derivedData/Build/Intermediates.noindex/swift-syntax.build/Debug/SwiftIfConfig-t.build/Objects-normal/arm64/SwiftIfConfig.SwiftFileList -DSWIFT_PACKAGE -DDEBUG -DSWIFT_MODULE_RESOURCE_BUNDLE_UNAVAILABLE -Xcc -fmodule-map-file\=/Users/admin/builder/spi-builder-workspace/.dependencies/checkouts/swift-syntax/Sources/_SwiftSyntaxCShims/include/module.modulemap -DXcode -plugin-path /Applications/Xcode-27.0.0-Release.Candidate.app/Contents/Developer/Toolchains/XcodeDefault.xctoolchain/usr/lib/swift/host/plugins/testing -enable-experimental-feature DebugDescriptionMacro -sdk /Applications/Xcode-27.0.0-Release.Candidate.app/Contents/Developer/Platforms/MacOSX.platform/Developer/SDKs/MacOSX27.0.sdk -target arm64-apple-macos12.0 -g -module-cache-path /Users/admin/builder/spi-builder-workspace/.derivedData/ModuleCache.noindex -Xfrontend -serialize-debugging-options -profile-coverage-mapping -profile-generate -enable-testing -suppress-warnings -index-store-path /Users/admin/builder/spi-builder-workspace/.derivedData/Index.noindex/DataStore -Xcc -D_LIBCPP_HARDENING_MODE\=_LIBCPP_HARDENING_MODE_DEBUG -swift-version 6 -I /Users/admin/builder/spi-builder-workspace/.derivedData/Build/Products/Debug -Isystem /Applications/Xcode-27.0.0-Release.Candidate.app/Contents/Developer/Platforms/MacOSX.platform/Developer/usr/lib -F /Users/admin/builder/spi-builder-workspace/.derivedData/Build/Products/Debug/PackageFrameworks -F /Users/admin/builder/spi-builder-workspace/.derivedData/Build/Products/Debug -F /Applications/Xcode-27.0.0-Release.Candidate.app/Contents/Developer/Platforms/MacOSX.platform/Developer/Library/Frameworks -c -j10 -enable-batch-mode -incremental -Xcc -ivfsstatcache -Xcc /Users/admin/builder/spi-builder-workspace/.derivedData/SDKStatCaches.noindex/macosx27.0-26A425-e829b21a6f8c9b70876ba0858053c0446a22442a12e9d48fe1a705f55a1adfc4.sdkstatcache -output-file-map /Users/admin/builder/spi-builder-workspace/.derivedData/Build/Intermediates.noindex/swift-syntax.build/Debug/SwiftIfConfig-t.build/Objects-normal/arm64/SwiftIfConfig-OutputFileMap.json -save-temps -no-color-diagnostics -explicit-module-build -module-cache-path /Users/admin/builder/spi-builder-workspace/.derivedData/Build/Intermediates.noindex/SwiftExplicitPrecompiledModules -clang-scanner-module-cache-path /Users/admin/builder/spi-builder-workspace/.derivedData/ModuleCache.noindex -sdk-module-cache-path /Users/admin/builder/spi-builder-workspace/.derivedData/SDKExplicitPrecompiledModules -emit-dependencies -emit-module -emit-module-path /Users/admin/builder/spi-builder-workspace/.derivedData/Build/Intermediates.noindex/swift-syntax.build/Debug/SwiftIfConfig-t.build/Objects-normal/arm64/SwiftIfConfig.swiftmodule -serialize-diagnostics -dependency-scan-serialize-diagnostics-path /Users/admin/builder/spi-builder-workspace/.derivedData/Build/Intermediates.noindex/swift-syntax.build/Debug/SwiftIfConfig-t.build/Objects-normal/arm64/SwiftIfConfig-dependency-scan.dia -validate-clang-modules-once -clang-build-session-file /Users/admin/builder/spi-builder-workspace/.derivedData/ModuleCache.noindex/Session.modulevalidation -Xcc -fmodules-prune-interval\=86400 -Xcc -fmodules-prune-after\=345600 -package-name swift_syntax -emit-const-values -const-gather-protocols-list /Users/admin/builder/spi-builder-workspace/.derivedData/Build/Intermediates.noindex/swift-syntax.build/Debug/SwiftIfConfig-t.build/Objects-normal/arm64/SwiftIfConfig_const_extract_protocols.json -Xcc -I/Users/admin/builder/spi-builder-workspace/.dependencies/checkouts/swift-syntax/Sources/_SwiftSyntaxCShims/include -Xcc -I/Users/admin/builder/spi-builder-workspace/.derivedData/Build/Products/Debug/include -Xcc -I/Users/admin/builder/spi-builder-workspace/.derivedData/Build/Intermediates.noindex/swift-syntax.build/Debug/SwiftIfConfig-t.build/DerivedSources-normal/arm64 -Xcc -I/Users/admin/builder/spi-builder-workspace/.derivedData/Build/Intermediates.noindex/swift-syntax.build/Debug/SwiftIfConfig-t.build/DerivedSources/arm64 -Xcc -I/Users/admin/builder/spi-builder-workspace/.derivedData/Build/Intermediates.noindex/swift-syntax.build/Debug/SwiftIfConfig-t.build/DerivedSources -Xcc -DSWIFT_PACKAGE -Xcc -DDEBUG\=1 -emit-objc-header -emit-objc-header-path /Users/admin/builder/spi-builder-workspace/.derivedData/Build/Intermediates.noindex/swift-syntax.build/Debug/SwiftIfConfig-t.build/Objects-normal/arm64/SwiftIfConfig-Swift.h -working-directory /Users/admin/builder/spi-builder-workspace/.swiftpm/xcode -experimental-emit-module-separately -disable-cmo
SwiftDriverJobDiscovery normal arm64_32 Compiling SchemaIssue.swift, ValidationIssue.swift, SchemaDocument.swift (in target 'JSONSchema' from project 'swift-json-schema')
SwiftDriverJobDiscovery normal arm64_32 Compiling Schema+Equatable.swift, Schema+JSONValue.swift, Schema.swift (in target 'JSONSchema' from project 'swift-json-schema')
SwiftDriver OpenAICore normal arm64_32 com.apple.xcode.tools.swift.compiler (in target 'OpenAICore' from project 'swift-openai')
    cd /Users/admin/builder/spi-builder-workspace/.swiftpm/xcode
    builtin-SwiftDriver -- /Applications/Xcode-27.0.0-Release.Candidate.app/Contents/Developer/Toolchains/XcodeDefault.xctoolchain/usr/bin/swiftc -parse-as-library -module-name OpenAICore -Onone @/Users/admin/builder/spi-builder-workspace/.derivedData/Build/Intermediates.noindex/swift-openai.build/Debug-watchos/OpenAICore-t.build/Objects-normal/arm64_32/OpenAICore.SwiftFileList -DSWIFT_PACKAGE -DDEBUG -DSWIFT_MODULE_RESOURCE_BUNDLE_UNAVAILABLE -DXcode -plugin-path /Applications/Xcode-27.0.0-Release.Candidate.app/Contents/Developer/Toolchains/XcodeDefault.xctoolchain/usr/lib/swift/host/plugins/testing -enable-experimental-feature DebugDescriptionMacro -sdk /Applications/Xcode-27.0.0-Release.Candidate.app/Contents/Developer/Platforms/WatchOS.platform/Developer/SDKs/WatchOS27.0.sdk -target arm64_32-apple-watchos9.0 -g -module-cache-path /Users/admin/builder/spi-builder-workspace/.derivedData/ModuleCache.noindex -Xfrontend -serialize-debugging-options -profile-coverage-mapping -profile-generate -enable-testing -index-store-path /Users/admin/builder/spi-builder-workspace/.derivedData/Index.noindex/DataStore -Xcc -D_LIBCPP_HARDENING_MODE\=_LIBCPP_HARDENING_MODE_DEBUG -swift-version 5 -I /Users/admin/builder/spi-builder-workspace/.derivedData/Build/Products/Debug-watchos -Isystem /Applications/Xcode-27.0.0-Release.Candidate.app/Contents/Developer/Platforms/WatchOS.platform/Developer/usr/lib -F /Users/admin/builder/spi-builder-workspace/.derivedData/Build/Products/Debug-watchos/PackageFrameworks -F /Users/admin/builder/spi-builder-workspace/.derivedData/Build/Products/Debug-watchos -F /Applications/Xcode-27.0.0-Release.Candidate.app/Contents/Developer/Platforms/WatchOS.platform/Developer/Library/Frameworks -F /Applications/Xcode-27.0.0-Release.Candidate.app/Contents/Developer/Platforms/WatchOS.platform/Developer/SDKs/WatchOS27.0.sdk/Developer/Library/Frameworks -c -j10 -enable-batch-mode -incremental -Xcc -ivfsstatcache -Xcc /Users/admin/builder/spi-builder-workspace/.derivedData/SDKStatCaches.noindex/watchos27.0-24R360-e829b21a6f8c9b70876ba0858053c04477534ef55a1706bf4c1112bbb242f0a2.sdkstatcache -output-file-map /Users/admin/builder/spi-builder-workspace/.derivedData/Build/Intermediates.noindex/swift-openai.build/Debug-watchos/OpenAICore-t.build/Objects-normal/arm64_32/OpenAICore-OutputFileMap.json -save-temps -no-color-diagnostics -explicit-module-build -module-cache-path /Users/admin/builder/spi-builder-workspace/.derivedData/Build/Intermediates.noindex/SwiftExplicitPrecompiledModules -clang-scanner-module-cache-path /Users/admin/builder/spi-builder-workspace/.derivedData/ModuleCache.noindex -sdk-module-cache-path /Users/admin/builder/spi-builder-workspace/.derivedData/SDKExplicitPrecompiledModules -emit-dependencies -emit-module -emit-module-path /Users/admin/builder/spi-builder-workspace/.derivedData/Build/Intermediates.noindex/swift-openai.build/Debug-watchos/OpenAICore-t.build/Objects-normal/arm64_32/OpenAICore.swiftmodule -serialize-diagnostics -dependency-scan-serialize-diagnostics-path /Users/admin/builder/spi-builder-workspace/.derivedData/Build/Intermediates.noindex/swift-openai.build/Debug-watchos/OpenAICore-t.build/Objects-normal/arm64_32/OpenAICore-dependency-scan.dia -validate-clang-modules-once -clang-build-session-file /Users/admin/builder/spi-builder-workspace/.derivedData/ModuleCache.noindex/Session.modulevalidation -Xcc -fmodules-prune-interval\=86400 -Xcc -fmodules-prune-after\=345600 -package-name spi_builder_workspace -emit-const-values -const-gather-protocols-list /Users/admin/builder/spi-builder-workspace/.derivedData/Build/Intermediates.noindex/swift-openai.build/Debug-watchos/OpenAICore-t.build/Objects-normal/arm64_32/OpenAICore_const_extract_protocols.json -Xcc -I/Users/admin/builder/spi-builder-workspace/.derivedData/Build/Products/Debug-watchos/include -Xcc -I/Users/admin/builder/spi-builder-workspace/.derivedData/Build/Intermediates.noindex/swift-openai.build/Debug-watchos/OpenAICore-t.build/DerivedSources-normal/arm64_32 -Xcc -I/Users/admin/builder/spi-builder-workspace/.derivedData/Build/Intermediates.noindex/swift-openai.build/Debug-watchos/OpenAICore-t.build/DerivedSources/arm64_32 -Xcc -I/Users/admin/builder/spi-builder-workspace/.derivedData/Build/Intermediates.noindex/swift-openai.build/Debug-watchos/OpenAICore-t.build/DerivedSources -Xcc -DSWIFT_PACKAGE -Xcc -DDEBUG\=1 -emit-objc-header -emit-objc-header-path /Users/admin/builder/spi-builder-workspace/.derivedData/Build/Intermediates.noindex/swift-openai.build/Debug-watchos/OpenAICore-t.build/Objects-normal/arm64_32/OpenAICore-Swift.h -working-directory /Users/admin/builder/spi-builder-workspace/.swiftpm/xcode -experimental-emit-module-separately -disable-cmo
SwiftDriver OpenAICore normal arm64 com.apple.xcode.tools.swift.compiler (in target 'OpenAICore' from project 'swift-openai')
    cd /Users/admin/builder/spi-builder-workspace/.swiftpm/xcode
    builtin-SwiftDriver -- /Applications/Xcode-27.0.0-Release.Candidate.app/Contents/Developer/Toolchains/XcodeDefault.xctoolchain/usr/bin/swiftc -parse-as-library -module-name OpenAICore -Onone @/Users/admin/builder/spi-builder-workspace/.derivedData/Build/Intermediates.noindex/swift-openai.build/Debug-watchos/OpenAICore-t.build/Objects-normal/arm64/OpenAICore.SwiftFileList -DSWIFT_PACKAGE -DDEBUG -DSWIFT_MODULE_RESOURCE_BUNDLE_UNAVAILABLE -DXcode -plugin-path /Applications/Xcode-27.0.0-Release.Candidate.app/Contents/Developer/Toolchains/XcodeDefault.xctoolchain/usr/lib/swift/host/plugins/testing -enable-experimental-feature DebugDescriptionMacro -sdk /Applications/Xcode-27.0.0-Release.Candidate.app/Contents/Developer/Platforms/WatchOS.platform/Developer/SDKs/WatchOS27.0.sdk -target arm64-apple-watchos9.0 -g -module-cache-path /Users/admin/builder/spi-builder-workspace/.derivedData/ModuleCache.noindex -Xfrontend -serialize-debugging-options -profile-coverage-mapping -profile-generate -enable-testing -index-store-path /Users/admin/builder/spi-builder-workspace/.derivedData/Index.noindex/DataStore -Xcc -D_LIBCPP_HARDENING_MODE\=_LIBCPP_HARDENING_MODE_DEBUG -swift-version 5 -I /Users/admin/builder/spi-builder-workspace/.derivedData/Build/Products/Debug-watchos -Isystem /Applications/Xcode-27.0.0-Release.Candidate.app/Contents/Developer/Platforms/WatchOS.platform/Developer/usr/lib -F /Users/admin/builder/spi-builder-workspace/.derivedData/Build/Products/Debug-watchos/PackageFrameworks -F /Users/admin/builder/spi-builder-workspace/.derivedData/Build/Products/Debug-watchos -F /Applications/Xcode-27.0.0-Release.Candidate.app/Contents/Developer/Platforms/WatchOS.platform/Developer/Library/Frameworks -F /Applications/Xcode-27.0.0-Release.Candidate.app/Contents/Developer/Platforms/WatchOS.platform/Developer/SDKs/WatchOS27.0.sdk/Developer/Library/Frameworks -c -j10 -enable-batch-mode -incremental -Xcc -ivfsstatcache -Xcc /Users/admin/builder/spi-builder-workspace/.derivedData/SDKStatCaches.noindex/watchos27.0-24R360-e829b21a6f8c9b70876ba0858053c04477534ef55a1706bf4c1112bbb242f0a2.sdkstatcache -output-file-map /Users/admin/builder/spi-builder-workspace/.derivedData/Build/Intermediates.noindex/swift-openai.build/Debug-watchos/OpenAICore-t.build/Objects-normal/arm64/OpenAICore-OutputFileMap.json -save-temps -no-color-diagnostics -explicit-module-build -module-cache-path /Users/admin/builder/spi-builder-workspace/.derivedData/Build/Intermediates.noindex/SwiftExplicitPrecompiledModules -clang-scanner-module-cache-path /Users/admin/builder/spi-builder-workspace/.derivedData/ModuleCache.noindex -sdk-module-cache-path /Users/admin/builder/spi-builder-workspace/.derivedData/SDKExplicitPrecompiledModules -emit-dependencies -emit-module -emit-module-path /Users/admin/builder/spi-builder-workspace/.derivedData/Build/Intermediates.noindex/swift-openai.build/Debug-watchos/OpenAICore-t.build/Objects-normal/arm64/OpenAICore.swiftmodule -serialize-diagnostics -dependency-scan-serialize-diagnostics-path /Users/admin/builder/spi-builder-workspace/.derivedData/Build/Intermediates.noindex/swift-openai.build/Debug-watchos/OpenAICore-t.build/Objects-normal/arm64/OpenAICore-dependency-scan.dia -validate-clang-modules-once -clang-build-session-file /Users/admin/builder/spi-builder-workspace/.derivedData/ModuleCache.noindex/Session.modulevalidation -Xcc -fmodules-prune-interval\=86400 -Xcc -fmodules-prune-after\=345600 -package-name spi_builder_workspace -emit-const-values -const-gather-protocols-list /Users/admin/builder/spi-builder-workspace/.derivedData/Build/Intermediates.noindex/swift-openai.build/Debug-watchos/OpenAICore-t.build/Objects-normal/arm64/OpenAICore_const_extract_protocols.json -Xcc -I/Users/admin/builder/spi-builder-workspace/.derivedData/Build/Products/Debug-watchos/include -Xcc -I/Users/admin/builder/spi-builder-workspace/.derivedData/Build/Intermediates.noindex/swift-openai.build/Debug-watchos/OpenAICore-t.build/DerivedSources-normal/arm64 -Xcc -I/Users/admin/builder/spi-builder-workspace/.derivedData/Build/Intermediates.noindex/swift-openai.build/Debug-watchos/OpenAICore-t.build/DerivedSources/arm64 -Xcc -I/Users/admin/builder/spi-builder-workspace/.derivedData/Build/Intermediates.noindex/swift-openai.build/Debug-watchos/OpenAICore-t.build/DerivedSources -Xcc -DSWIFT_PACKAGE -Xcc -DDEBUG\=1 -emit-objc-header -emit-objc-header-path /Users/admin/builder/spi-builder-workspace/.derivedData/Build/Intermediates.noindex/swift-openai.build/Debug-watchos/OpenAICore-t.build/Objects-normal/arm64/OpenAICore-Swift.h -working-directory /Users/admin/builder/spi-builder-workspace/.swiftpm/xcode -experimental-emit-module-separately -disable-cmo
SwiftEmitModule normal x86_64 Emitting\ module\ for\ SwiftIfConfig (in target 'SwiftIfConfig' from project 'swift-syntax')
SwiftCompile normal x86_64 (in target 'SwiftIfConfig' from project 'swift-syntax')
    cd /Users/admin/builder/spi-builder-workspace/.swiftpm/xcode

SwiftEmitModule normal arm64 Emitting\ module\ for\ SwiftIfConfig (in target 'SwiftIfConfig' from project 'swift-syntax')
SwiftCompile normal arm64 (in target 'SwiftIfConfig' from project 'swift-syntax')
    cd /Users/admin/builder/spi-builder-workspace/.swiftpm/xcode

SwiftDriverJobDiscovery normal arm64 Compiling JSONValue+Integer.swift, Dialect.swift, BuiltinValidators.swift, FormatValidator.swift (in target 'JSONSchema' from project 'swift-json-schema')
SwiftCompile normal x86_64 Compiling\ IfConfigDiagnostic.swift,\ IfConfigEvaluation.swift /Users/admin/builder/spi-builder-workspace/.dependencies/checkouts/swift-syntax/Sources/SwiftIfConfig/IfConfigDiagnostic.swift /Users/admin/builder/spi-builder-workspace/.dependencies/checkouts/swift-syntax/Sources/SwiftIfConfig/IfConfigEvaluation.swift (in target 'SwiftIfConfig' from project 'swift-syntax')
SwiftCompile normal x86_64 /Users/admin/builder/spi-builder-workspace/.dependencies/checkouts/swift-syntax/Sources/SwiftIfConfig/IfConfigDiagnostic.swift (in target 'SwiftIfConfig' from project 'swift-syntax')
    cd /Users/admin/builder/spi-builder-workspace/.swiftpm/xcode
    builtin-SwiftPerFileCompile IfConfigDiagnostic.swift
SwiftCompile normal x86_64 /Users/admin/builder/spi-builder-workspace/.dependencies/checkouts/swift-syntax/Sources/SwiftIfConfig/IfConfigEvaluation.swift (in target 'SwiftIfConfig' from project 'swift-syntax')
    cd /Users/admin/builder/spi-builder-workspace/.swiftpm/xcode
    builtin-SwiftPerFileCompile IfConfigEvaluation.swift
SwiftEmitModule normal arm64_32 Emitting\ module\ for\ OpenAICore (in target 'OpenAICore' from project 'swift-openai')
/Users/admin/builder/spi-builder-workspace/Sources/OpenAICore/OpenAI+Responses.swift:108:58: error: 'Failure' is only available in watchOS 11.0 or newer
  2 | import OpenAPIRuntime
  3 |
  4 | extension OpenAI {
    | `- note: add '@available' attribute to enclosing extension
  5 |   // MARK: - Create Response
  6 |
    :
 87 |
 88 |   @available(macOS 15.0, *)
 89 |   public func streamCreateResponse(
    |               `- note: add '@available' attribute to enclosing instance method
 90 |     input: InputPayload,
 91 |     model: Model,
    :
106 |     truncation: Truncation? = nil,
107 |     user: String? = nil
108 |   ) async throws -> any AsyncSequence<StreamingResponse, any Error> {
    |                                                          `- error: 'Failure' is only available in watchOS 11.0 or newer
109 |     let requestData = CreateResponse(
110 |       modelProperties: CreateModelResponseProperties(
/Users/admin/builder/spi-builder-workspace/Sources/OpenAICore/OpenAI+Responses.swift:141:45: error: 'Failure' is only available in watchOS 11.0 or newer
  2 | import OpenAPIRuntime
  3 |
  4 | extension OpenAI {
    | `- note: add '@available' attribute to enclosing extension
  5 |   // MARK: - Create Response
  6 |
    :
138 |
139 |   @available(macOS 15.0, *)
140 |   public func streamCreateResponse(_ requestData: CreateResponse) async throws
    |               `- note: add '@available' attribute to enclosing instance method
141 |     -> any AsyncSequence<StreamingResponse, any Error>
    |                                             `- error: 'Failure' is only available in watchOS 11.0 or newer
142 |   {
143 |     let input = Operations.CreateResponse.Input(
Failed frontend command:
/Applications/Xcode-27.0.0-Release.Candidate.app/Contents/Developer/Toolchains/XcodeDefault.xctoolchain/usr/bin/swift-frontend -frontend -emit-module -experimental-skip-non-inlinable-function-bodies-without-types /Users/admin/builder/spi-builder-workspace/Sources/OpenAICore/Images/CreateImageEditRequest.swift /Users/admin/builder/spi-builder-workspace/Sources/OpenAICore/Images/CreateImageRequest.swift /Users/admin/builder/spi-builder-workspace/Sources/OpenAICore/Images/ImagesResponse.swift /Users/admin/builder/spi-builder-workspace/Sources/OpenAICore/Middleware/AuthenticationMiddleware.swift /Users/admin/builder/spi-builder-workspace/Sources/OpenAICore/Middleware/LoggingMiddleware.swift /Users/admin/builder/spi-builder-workspace/Sources/OpenAICore/Model.swift /Users/admin/builder/spi-builder-workspace/Sources/OpenAICore/OpenAI+Images.swift /Users/admin/builder/spi-builder-workspace/Sources/OpenAICore/OpenAI+Responses.swift /Users/admin/builder/spi-builder-workspace/Sources/OpenAICore/OpenAI.swift /Users/admin/builder/spi-builder-workspace/Sources/OpenAICore/Responses/CreateModelResponse.swift /Users/admin/builder/spi-builder-workspace/Sources/OpenAICore/Responses/ListInputItemsResponse.swift /Users/admin/builder/spi-builder-workspace/Sources/OpenAICore/Responses/Messages/InputItem.swift /Users/admin/builder/spi-builder-workspace/Sources/OpenAICore/Responses/Messages/InputMessage.swift /Users/admin/builder/spi-builder-workspace/Sources/OpenAICore/Responses/Messages/InputPayload.swift /Users/admin/builder/spi-builder-workspace/Sources/OpenAICore/Responses/Messages/OutputItem.swift /Users/admin/builder/spi-builder-workspace/Sources/OpenAICore/Responses/Messages/OutputMessage.swift /Users/admin/builder/spi-builder-workspace/Sources/OpenAICore/Responses/Reasoning.swift /Users/admin/builder/spi-builder-workspace/Sources/OpenAICore/Responses/Response.swift /Users/admin/builder/spi-builder-workspace/Sources/OpenAICore/Responses/ServiceTier.swift /Users/admin/builder/spi-builder-workspace/Sources/OpenAICore/Responses/StreamingResponse.swift /Users/admin/builder/spi-builder-workspace/Sources/OpenAICore/Responses/Tools/FunctionTool.swift /Users/admin/builder/spi-builder-workspace/Sources/OpenAICore/Responses/Tools/ImageGenTool.swift /Users/admin/builder/spi-builder-workspace/Sources/OpenAICore/Responses/Tools/Tool.swift /Users/admin/builder/spi-builder-workspace/Sources/OpenAICore/Responses/Truncation.swift /Users/admin/builder/spi-builder-workspace/Sources/OpenAICore/Responses/Usage.swift -target arm64_32-apple-watchos9.0 -disable-cross-import-overlay-search -load-resolved-plugin /Applications/Xcode-27.0.0-Release.Candidate.app/Contents/Developer/Platforms/WatchOS.platform/Developer/usr/lib/swift/host/plugins/libFoundationMacros.dylib\#/Applications/Xcode-27.0.0-Release.Candidate.app/Contents/Developer/Platforms/WatchOS.platform/Developer/usr/bin/swift-plugin-server\#FoundationMacros -load-resolved-plugin /Applications/Xcode-27.0.0-Release.Candidate.app/Contents/Developer/Platforms/WatchOS.platform/Developer/usr/lib/swift/host/plugins/libObservationMacros.dylib\#/Applications/Xcode-27.0.0-Release.Candidate.app/Contents/Developer/Platforms/WatchOS.platform/Developer/usr/bin/swift-plugin-server\#ObservationMacros -load-resolved-plugin /Applications/Xcode-27.0.0-Release.Candidate.app/Contents/Developer/Platforms/WatchOS.platform/Developer/usr/lib/swift/host/plugins/libSwiftMacros.dylib\#/Applications/Xcode-27.0.0-Release.Candidate.app/Contents/Developer/Platforms/WatchOS.platform/Developer/usr/bin/swift-plugin-server\#SwiftMacros -disable-implicit-swift-modules -Xcc -fno-implicit-modules -Xcc -fno-implicit-module-maps -explicit-swift-module-map-file /Users/admin/builder/spi-builder-workspace/.derivedData/Build/Intermediates.noindex/swift-openai.build/Debug-watchos/OpenAICore-t.build/Objects-normal/arm64_32/OpenAICore-dependencies-1.json -enable-objc-interop -sdk /Applications/Xcode-27.0.0-Release.Candidate.app/Contents/Developer/Platforms/WatchOS.platform/Developer/SDKs/WatchOS27.0.sdk -I /Users/admin/builder/spi-builder-workspace/.derivedData/Build/Products/Debug-watchos -Isystem /Applications/Xcode-27.0.0-Release.Candidate.app/Contents/Developer/Platforms/WatchOS.platform/Developer/usr/lib -F /Users/admin/builder/spi-builder-workspace/.derivedData/Build/Products/Debug-watchos/PackageFrameworks -F /Users/admin/builder/spi-builder-workspace/.derivedData/Build/Products/Debug-watchos -F /Applications/Xcode-27.0.0-Release.Candidate.app/Contents/Developer/Platforms/WatchOS.platform/Developer/Library/Frameworks -F /Applications/Xcode-27.0.0-Release.Candidate.app/Contents/Developer/Platforms/WatchOS.platform/Developer/SDKs/WatchOS27.0.sdk/Developer/Library/Frameworks -module-cache-path /Users/admin/builder/spi-builder-workspace/.derivedData/Build/Intermediates.noindex/SwiftExplicitPrecompiledModules -no-color-diagnostics -Xcc -fno-color-diagnostics -enable-testing -g -debug-info-format\=dwarf -dwarf-version\=4 -profile-generate -profile-coverage-mapping -swift-version 5 -Onone -D SWIFT_PACKAGE -D DEBUG -D SWIFT_MODULE_RESOURCE_BUNDLE_UNAVAILABLE -D Xcode -serialize-debugging-options -enable-experimental-feature DebugDescriptionMacro -empty-abi-descriptor -validate-clang-modules-once -clang-build-session-file /Users/admin/builder/spi-builder-workspace/.derivedData/ModuleCache.noindex/Session.modulevalidation -Xcc -working-directory -Xcc /Users/admin/builder/spi-builder-workspace/.swiftpm/xcode -enable-anonymous-context-mangled-names -file-compilation-dir /Users/admin/builder/spi-builder-workspace/.swiftpm/xcode -Xcc -D_LIBCPP_HARDENING_MODE\=_LIBCPP_HARDENING_MODE_DEBUG -Xcc -ivfsstatcache -Xcc /Users/admin/builder/spi-builder-workspace/.derivedData/SDKStatCaches.noindex/watchos27.0-24R360-e829b21a6f8c9b70876ba0858053c04477534ef55a1706bf4c1112bbb242f0a2.sdkstatcache -Xcc -fmodules-prune-interval\=86400 -Xcc -fmodules-prune-after\=345600 -Xcc -I/Users/admin/builder/spi-builder-workspace/.derivedData/Build/Products/Debug-watchos/include -Xcc -I/Users/admin/builder/spi-builder-workspace/.derivedData/Build/Intermediates.noindex/swift-openai.build/Debug-watchos/OpenAICore-t.build/DerivedSources-normal/arm64_32 -Xcc -I/Users/admin/builder/spi-builder-workspace/.derivedData/Build/Intermediates.noindex/swift-openai.build/Debug-watchos/OpenAICore-t.build/DerivedSources/arm64_32 -Xcc -I/Users/admin/builder/spi-builder-workspace/.derivedData/Build/Intermediates.noindex/swift-openai.build/Debug-watchos/OpenAICore-t.build/DerivedSources -Xcc -DSWIFT_PACKAGE -Xcc -DDEBUG\=1 -no-auto-bridging-header-chaining -module-name OpenAICore -package-name spi_builder_workspace -const-gather-protocols-file /Users/admin/builder/spi-builder-workspace/.derivedData/Build/Intermediates.noindex/swift-openai.build/Debug-watchos/OpenAICore-t.build/Objects-normal/arm64_32/OpenAICore_const_extract_protocols.json -disable-clang-spi -clang-target arm64_32-apple-watchos27.0 -target-sdk-version 27.0 -target-sdk-name watchos27.0 -in-process-plugin-server-path /Applications/Xcode-27.0.0-Release.Candidate.app/Contents/Developer/Toolchains/XcodeDefault.xctoolchain/usr/lib/swift/host/libSwiftInProcPluginServer.dylib -emit-module-doc-path /Users/admin/builder/spi-builder-workspace/.derivedData/Build/Intermediates.noindex/swift-openai.build/Debug-watchos/OpenAICore-t.build/Objects-normal/arm64_32/OpenAICore.swiftdoc -emit-module-source-info-path /Users/admin/builder/spi-builder-workspace/.derivedData/Build/Intermediates.noindex/swift-openai.build/Debug-watchos/OpenAICore-t.build/Objects-normal/arm64_32/OpenAICore.swiftsourceinfo -emit-objc-header-path /Users/admin/builder/spi-builder-workspace/.derivedData/Build/Intermediates.noindex/swift-openai.build/Debug-watchos/OpenAICore-t.build/Objects-normal/arm64_32/OpenAICore-Swift.h -serialize-diagnostics-path /Users/admin/builder/spi-builder-workspace/.derivedData/Build/Intermediates.noindex/swift-openai.build/Debug-watchos/OpenAICore-t.build/Objects-normal/arm64_32/OpenAICore-primary-emit-module.dia -emit-dependencies-path /Users/admin/builder/spi-builder-workspace/.derivedData/Build/Intermediates.noindex/swift-openai.build/Debug-watchos/OpenAICore-t.build/Objects-normal/arm64_32/OpenAICore-primary-emit-module.d -parse-as-library -o /Users/admin/builder/spi-builder-workspace/.derivedData/Build/Intermediates.noindex/swift-openai.build/Debug-watchos/OpenAICore-t.build/Objects-normal/arm64_32/OpenAICore.swiftmodule -emit-abi-descriptor-path /Users/admin/builder/spi-builder-workspace/.derivedData/Build/Intermediates.noindex/swift-openai.build/Debug-watchos/OpenAICore-t.build/Objects-normal/arm64_32/OpenAICore.abi.json
SwiftCompile normal arm64_32 (in target 'OpenAICore' from project 'swift-openai')
    cd /Users/admin/builder/spi-builder-workspace/.swiftpm/xcode

SwiftDriverJobDiscovery normal arm64 Compiling Keywords.swift, OrderedJSON+Reexport.swift, JSONPointer.swift, Schema+Codable.swift (in target 'JSONSchema' from project 'swift-json-schema')
SwiftCompile normal x86_64 Compiling\ ActiveSyntaxVisitor.swift,\ BuildConfiguration.swift /Users/admin/builder/spi-builder-workspace/.dependencies/checkouts/swift-syntax/Sources/SwiftIfConfig/ActiveSyntaxVisitor.swift /Users/admin/builder/spi-builder-workspace/.dependencies/checkouts/swift-syntax/Sources/SwiftIfConfig/BuildConfiguration.swift (in target 'SwiftIfConfig' from project 'swift-syntax')
SwiftCompile normal x86_64 /Users/admin/builder/spi-builder-workspace/.dependencies/checkouts/swift-syntax/Sources/SwiftIfConfig/ActiveSyntaxVisitor.swift (in target 'SwiftIfConfig' from project 'swift-syntax')
    cd /Users/admin/builder/spi-builder-workspace/.swiftpm/xcode
    builtin-SwiftPerFileCompile ActiveSyntaxVisitor.swift
SwiftCompile normal x86_64 /Users/admin/builder/spi-builder-workspace/.dependencies/checkouts/swift-syntax/Sources/SwiftIfConfig/BuildConfiguration.swift (in target 'SwiftIfConfig' from project 'swift-syntax')
    cd /Users/admin/builder/spi-builder-workspace/.swiftpm/xcode
    builtin-SwiftPerFileCompile BuildConfiguration.swift
SwiftEmitModule normal arm64 Emitting\ module\ for\ OpenAICore (in target 'OpenAICore' from project 'swift-openai')
SwiftCompile normal arm64 (in target 'OpenAICore' from project 'swift-openai')
    cd /Users/admin/builder/spi-builder-workspace/.swiftpm/xcode

SwiftDriverJobDiscovery normal arm64 Compiling Keyword.swift, Keywords+Annotation.swift, Keywords+Applicator.swift, Keywords+Assertion.swift (in target 'JSONSchema' from project 'swift-json-schema')
SwiftCompile normal arm64 Compiling\ VersionTuple+Parsing.swift /Users/admin/builder/spi-builder-workspace/.dependencies/checkouts/swift-syntax/Sources/SwiftIfConfig/VersionTuple+Parsing.swift (in target 'SwiftIfConfig' from project 'swift-syntax')
SwiftCompile normal arm64 /Users/admin/builder/spi-builder-workspace/.dependencies/checkouts/swift-syntax/Sources/SwiftIfConfig/VersionTuple+Parsing.swift (in target 'SwiftIfConfig' from project 'swift-syntax')
    cd /Users/admin/builder/spi-builder-workspace/.swiftpm/xcode
    builtin-SwiftPerFileCompile VersionTuple+Parsing.swift
PruneExplicitPrecompiledModules /Users/admin/builder/spi-builder-workspace/.derivedData/Build/Intermediates.noindex/SwiftExplicitPrecompiledModules
PruneExplicitPrecompiledModules /Users/admin/builder/spi-builder-workspace/.derivedData/SDKExplicitPrecompiledModules
PruneExplicitPrecompiledModules /Users/admin/builder/spi-builder-workspace/.derivedData/Build/Intermediates.noindex/ExplicitPrecompiledModules
2026-09-22 07:23:36.603 xcodebuild[1223:6680] [MT] IDERunDestination: Supported platforms for the buildables in the current scheme is empty.
** BUILD FAILED **
The following build commands failed:
	SwiftEmitModule normal arm64_32 Emitting\ module\ for\ OpenAICore (in target 'OpenAICore' from project 'swift-openai')
	SwiftCompile normal arm64_32 (in target 'OpenAICore' from project 'swift-openai')
	Building workspace swift-openai with scheme swift-openai-Package
(3 failures)
Command line invocation:
    /Applications/Xcode-27.0.0-Release.Candidate.app/Contents/Developer/usr/bin/xcodebuild -IDEClonedSourcePackagesDirPathOverride=/Users/admin/builder/spi-builder-workspace/.dependencies -resolvePackageDependencies
Resolve Package Graph
Resolved source packages:
  swift-json-schema: https://github.com/ajevans99/swift-json-schema.git @ 0.14.1
  swift-algorithms: https://github.com/apple/swift-algorithms @ 1.2.1
  swift-collections: https://github.com/apple/swift-collections.git @ 1.6.0
  Yams: https://github.com/jpsim/Yams @ 6.2.2
  swift-openapi-generator: https://github.com/apple/swift-openapi-generator.git @ 1.13.1
  swift-log: https://github.com/apple/swift-log.git @ 1.15.1
  swift-openapi-runtime: https://github.com/apple/swift-openapi-runtime.git @ 1.12.1
  swift-http-types: https://github.com/apple/swift-http-types @ 1.8.0
  swift-argument-parser: https://github.com/apple/swift-argument-parser @ 1.8.2
  swift-syntax: https://github.com/swiftlang/swift-syntax.git @ 604.0.0
  swift-numerics: https://github.com/apple/swift-numerics.git @ 1.1.1
  swift-openai: /Users/admin/builder/spi-builder-workspace
  OpenAPIKit: https://github.com/mattpolzin/OpenAPIKit @ 6.4.0
resolved source packages: swift-json-schema, swift-algorithms, swift-collections, Yams, swift-openapi-generator, swift-log, swift-openapi-runtime, swift-http-types, swift-argument-parser, swift-syntax, swift-numerics, swift-openai, OpenAPIKit
2026-09-22 07:24:15.033 xcodebuild[1998:10922] [MT] IDERunDestination: Supported platforms for the buildables in the current scheme is empty.
{
  "dependencies" : [
    {
      "identity" : "swift-openapi-generator",
      "requirement" : {
        "range" : [
          {
            "lower_bound" : "1.7.2",
            "upper_bound" : "2.0.0"
          }
        ]
      },
      "type" : "sourceControl",
      "url" : "https://github.com/apple/swift-openapi-generator.git"
    },
    {
      "identity" : "swift-openapi-runtime",
      "requirement" : {
        "range" : [
          {
            "lower_bound" : "1.8.2",
            "upper_bound" : "2.0.0"
          }
        ]
      },
      "type" : "sourceControl",
      "url" : "https://github.com/apple/swift-openapi-runtime.git"
    },
    {
      "identity" : "swift-json-schema",
      "requirement" : {
        "range" : [
          {
            "lower_bound" : "0.5.0",
            "upper_bound" : "1.0.0"
          }
        ]
      },
      "type" : "sourceControl",
      "url" : "https://github.com/ajevans99/swift-json-schema.git"
    },
    {
      "identity" : "swift-log",
      "requirement" : {
        "range" : [
          {
            "lower_bound" : "1.0.0",
            "upper_bound" : "2.0.0"
          }
        ]
      },
      "type" : "sourceControl",
      "url" : "https://github.com/apple/swift-log.git"
    }
  ],
  "manifest_display_name" : "swift-openai",
  "name" : "swift-openai",
  "path" : "/Users/admin/builder/spi-builder-workspace",
  "platforms" : [
    {
      "name" : "macos",
      "version" : "14.0"
    }
  ],
  "products" : [
    {
      "name" : "OpenAI",
      "targets" : [
        "OpenAIKit",
        "OpenAICore",
        "OpenAIFoundation"
      ],
      "type" : {
        "library" : [
          "automatic"
        ]
      }
    },
    {
      "name" : "OpenAIKit",
      "targets" : [
        "OpenAIKit"
      ],
      "type" : {
        "library" : [
          "automatic"
        ]
      }
    },
    {
      "name" : "OpenAICore",
      "targets" : [
        "OpenAICore"
      ],
      "type" : {
        "library" : [
          "automatic"
        ]
      }
    },
    {
      "name" : "OpenAIFoundation",
      "targets" : [
        "OpenAIFoundation"
      ],
      "type" : {
        "library" : [
          "automatic"
        ]
      }
    }
  ],
  "targets" : [
    {
      "c99name" : "OpenAIKitTests",
      "module_type" : "SwiftTarget",
      "name" : "OpenAIKitTests",
      "path" : "Tests/OpenAIKitTests",
      "sources" : [
        "OpenAIKitTests.swift"
      ],
      "target_dependencies" : [
        "OpenAIKit"
      ],
      "type" : "test"
    },
    {
      "c99name" : "OpenAIKit",
      "module_type" : "SwiftTarget",
      "name" : "OpenAIKit",
      "path" : "Sources/OpenAIKit",
      "product_dependencies" : [
        "OpenAPIRuntime",
        "JSONSchema",
        "JSONSchemaBuilder"
      ],
      "product_memberships" : [
        "OpenAI",
        "OpenAIKit"
      ],
      "sources" : [
        "Responses/ResponseSession.swift",
        "Responses/ResponseSessionError.swift",
        "Responses/ToolErrorPolicy.swift",
        "Tools/Extensions/OpenAPIValueContainer+JSONValue.swift",
        "Tools/Tool.swift"
      ],
      "target_dependencies" : [
        "OpenAICore",
        "OpenAIFoundation"
      ],
      "type" : "library"
    },
    {
      "c99name" : "OpenAIFoundation",
      "module_type" : "SwiftTarget",
      "name" : "OpenAIFoundation",
      "path" : "Sources/OpenAIFoundation",
      "product_dependencies" : [
        "OpenAPIRuntime"
      ],
      "product_memberships" : [
        "OpenAI",
        "OpenAIKit",
        "OpenAICore",
        "OpenAIFoundation"
      ],
      "sources" : [
        "Generated/Client.swift",
        "Generated/Types.swift"
      ],
      "type" : "library"
    },
    {
      "c99name" : "OpenAICore",
      "module_type" : "SwiftTarget",
      "name" : "OpenAICore",
      "path" : "Sources/OpenAICore",
      "product_dependencies" : [
        "OpenAPIRuntime",
        "Logging"
      ],
      "product_memberships" : [
        "OpenAI",
        "OpenAIKit",
        "OpenAICore"
      ],
      "sources" : [
        "Images/CreateImageEditRequest.swift",
        "Images/CreateImageRequest.swift",
        "Images/ImagesResponse.swift",
        "Middleware/AuthenticationMiddleware.swift",
        "Middleware/LoggingMiddleware.swift",
        "Model.swift",
        "OpenAI+Images.swift",
        "OpenAI+Responses.swift",
        "OpenAI.swift",
        "Responses/CreateModelResponse.swift",
        "Responses/ListInputItemsResponse.swift",
        "Responses/Messages/InputItem.swift",
        "Responses/Messages/InputMessage.swift",
        "Responses/Messages/InputPayload.swift",
        "Responses/Messages/OutputItem.swift",
        "Responses/Messages/OutputMessage.swift",
        "Responses/Reasoning.swift",
        "Responses/Response.swift",
        "Responses/ServiceTier.swift",
        "Responses/StreamingResponse.swift",
        "Responses/Tools/FunctionTool.swift",
        "Responses/Tools/ImageGenTool.swift",
        "Responses/Tools/Tool.swift",
        "Responses/Truncation.swift",
        "Responses/Usage.swift"
      ],
      "target_dependencies" : [
        "OpenAIFoundation"
      ],
      "type" : "library"
    }
  ],
  "tools_version" : "5.10"
}
{
  "workspace" : {
    "name" : "swift-openai",
    "schemes" : [
      "OpenAI",
      "OpenAICore",
      "OpenAIFoundation",
      "OpenAIKit",
      "swift-openai-Package"
    ]
  }
}
2026-09-22 07:24:19.578 xcodebuild[2025:11105] [MT] IDERunDestination: Supported platforms for the buildables in the current scheme is empty.
Running build ...
env DEVELOPER_DIR=/Applications/Xcode-27.0.0-Release.Candidate.app xcrun xcodebuild -IDEClonedSourcePackagesDirPathOverride=$PWD/.dependencies -skipMacroValidation -skipPackagePluginValidation -derivedDataPath $PWD/.derivedData build -scheme swift-openai-Package -destination generic/platform=watchOS
Command line invocation:
    /Applications/Xcode-27.0.0-Release.Candidate.app/Contents/Developer/usr/bin/xcodebuild -IDEClonedSourcePackagesDirPathOverride=/Users/admin/builder/spi-builder-workspace/.dependencies -skipMacroValidation -skipPackagePluginValidation -derivedDataPath /Users/admin/builder/spi-builder-workspace/.derivedData build -scheme swift-openai-Package -destination generic/platform=watchOS
Resolve Package Graph
Resolved source packages:
  swift-openapi-generator: https://github.com/apple/swift-openapi-generator.git @ 1.13.1
  Yams: https://github.com/jpsim/Yams @ 6.2.2
  swift-syntax: https://github.com/swiftlang/swift-syntax.git @ 604.0.0
  swift-json-schema: https://github.com/ajevans99/swift-json-schema.git @ 0.14.1
  swift-collections: https://github.com/apple/swift-collections.git @ 1.6.0
  swift-algorithms: https://github.com/apple/swift-algorithms @ 1.2.1
  swift-argument-parser: https://github.com/apple/swift-argument-parser @ 1.8.2
  OpenAPIKit: https://github.com/mattpolzin/OpenAPIKit @ 6.4.0
  swift-http-types: https://github.com/apple/swift-http-types @ 1.8.0
  swift-openai: /Users/admin/builder/spi-builder-workspace
  swift-log: https://github.com/apple/swift-log.git @ 1.15.1
  swift-openapi-runtime: https://github.com/apple/swift-openapi-runtime.git @ 1.12.1
  swift-numerics: https://github.com/apple/swift-numerics.git @ 1.1.1
ComputePackagePrebuildTargetDependencyGraph
Prepare packages
CreateBuildRequest
SendProjectDescription
CreateBuildOperation
ComputeTargetDependencyGraph
note: Building targets in dependency order
note: Target dependency graph (51 targets)
    Target 'OpenAIFoundation-product' in project 'swift-openai'
        ➜ Explicit dependency on target 'OpenAIFoundation' in project 'swift-openai'
        ➜ Explicit dependency on target 'OpenAPIRuntime-product' in project 'swift-openapi-runtime'
    Target 'OpenAICore-product' in project 'swift-openai'
        ➜ Explicit dependency on target 'OpenAICore' in project 'swift-openai'
        ➜ Explicit dependency on target 'OpenAIFoundation' in project 'swift-openai'
        ➜ Explicit dependency on target 'OpenAPIRuntime-product' in project 'swift-openapi-runtime'
        ➜ Explicit dependency on target 'Logging-product' in project 'swift-log'
    Target 'OpenAIKit-product' in project 'swift-openai'
        ➜ Explicit dependency on target 'OpenAIKit' in project 'swift-openai'
        ➜ Explicit dependency on target 'OpenAIFoundation' in project 'swift-openai'
        ➜ Explicit dependency on target 'OpenAICore' in project 'swift-openai'
        ➜ Explicit dependency on target 'OpenAPIRuntime-product' in project 'swift-openapi-runtime'
        ➜ Explicit dependency on target 'Logging-product' in project 'swift-log'
        ➜ Explicit dependency on target 'JSONSchema-product' in project 'swift-json-schema'
        ➜ Explicit dependency on target 'JSONSchemaBuilder-product' in project 'swift-json-schema'
    Target 'OpenAI-product' in project 'swift-openai'
        ➜ Explicit dependency on target 'OpenAIKit' in project 'swift-openai'
        ➜ Explicit dependency on target 'OpenAICore' in project 'swift-openai'
        ➜ Explicit dependency on target 'OpenAIFoundation' in project 'swift-openai'
        ➜ Explicit dependency on target 'OpenAPIRuntime-product' in project 'swift-openapi-runtime'
        ➜ Explicit dependency on target 'Logging-product' in project 'swift-log'
        ➜ Explicit dependency on target 'JSONSchema-product' in project 'swift-json-schema'
        ➜ Explicit dependency on target 'JSONSchemaBuilder-product' in project 'swift-json-schema'
    Target 'OpenAIKit' in project 'swift-openai'
        ➜ Explicit dependency on target 'OpenAIFoundation' in project 'swift-openai'
        ➜ Explicit dependency on target 'OpenAICore' in project 'swift-openai'
        ➜ Explicit dependency on target 'OpenAPIRuntime-product' in project 'swift-openapi-runtime'
        ➜ Explicit dependency on target 'Logging-product' in project 'swift-log'
        ➜ Explicit dependency on target 'JSONSchema-product' in project 'swift-json-schema'
        ➜ Explicit dependency on target 'JSONSchemaBuilder-product' in project 'swift-json-schema'
    Target 'JSONSchemaBuilder-product' in project 'swift-json-schema'
        ➜ Explicit dependency on target 'JSONSchemaBuilder' in project 'swift-json-schema'
        ➜ Explicit dependency on target 'OrderedJSON' in project 'swift-json-schema'
        ➜ Explicit dependency on target 'JSONSchema' in project 'swift-json-schema'
        ➜ Explicit dependency on target 'JSONSchemaMacro' in project 'swift-json-schema'
        ➜ Explicit dependency on target 'OrderedCollections-product' in project 'swift-collections'
    Target 'JSONSchemaBuilder' in project 'swift-json-schema'
        ➜ Explicit dependency on target 'OrderedJSON' in project 'swift-json-schema'
        ➜ Explicit dependency on target 'JSONSchema' in project 'swift-json-schema'
        ➜ Explicit dependency on target 'JSONSchemaMacro' in project 'swift-json-schema'
        ➜ Explicit dependency on target 'OrderedCollections-product' in project 'swift-collections'
    Target 'JSONSchemaMacro' in project 'swift-json-schema'
        ➜ Explicit dependency on target 'SwiftSyntax-product' in project 'swift-syntax'
        ➜ Explicit dependency on target 'SwiftParser-product' in project 'swift-syntax'
        ➜ Explicit dependency on target 'SwiftParserDiagnostics-product' in project 'swift-syntax'
        ➜ Explicit dependency on target 'SwiftSyntaxMacros-product' in project 'swift-syntax'
        ➜ Explicit dependency on target 'SwiftCompilerPlugin-product' in project 'swift-syntax'
        ➜ Explicit dependency on target 'SwiftBasicFormat-product' in project 'swift-syntax'
        ➜ Explicit dependency on target 'SwiftDiagnostics-product' in project 'swift-syntax'
        ➜ Explicit dependency on target 'SwiftSyntaxBuilder-product' in project 'swift-syntax'
    Target 'SwiftSyntaxBuilder-product' in project 'swift-syntax'
        ➜ Explicit dependency on target 'SwiftSyntaxBuilder' in project 'swift-syntax'
        ➜ Explicit dependency on target '_SwiftSyntaxCShims' in project 'swift-syntax'
        ➜ Explicit dependency on target 'SwiftSyntax509' in project 'swift-syntax'
        ➜ Explicit dependency on target 'SwiftSyntax510' in project 'swift-syntax'
        ➜ Explicit dependency on target 'SwiftSyntax600' in project 'swift-syntax'
        ➜ Explicit dependency on target 'SwiftSyntax601' in project 'swift-syntax'
        ➜ Explicit dependency on target 'SwiftSyntax602' in project 'swift-syntax'
        ➜ Explicit dependency on target 'SwiftSyntax603' in project 'swift-syntax'
        ➜ Explicit dependency on target 'SwiftSyntax604' in project 'swift-syntax'
        ➜ Explicit dependency on target 'SwiftSyntax' in project 'swift-syntax'
        ➜ Explicit dependency on target 'SwiftBasicFormat' in project 'swift-syntax'
        ➜ Explicit dependency on target 'SwiftParser' in project 'swift-syntax'
        ➜ Explicit dependency on target 'SwiftDiagnostics' in project 'swift-syntax'
        ➜ Explicit dependency on target 'SwiftParserDiagnostics' in project 'swift-syntax'
    Target 'SwiftDiagnostics-product' in project 'swift-syntax'
        ➜ Explicit dependency on target 'SwiftDiagnostics' in project 'swift-syntax'
        ➜ Explicit dependency on target '_SwiftSyntaxCShims' in project 'swift-syntax'
        ➜ Explicit dependency on target 'SwiftSyntax509' in project 'swift-syntax'
        ➜ Explicit dependency on target 'SwiftSyntax510' in project 'swift-syntax'
        ➜ Explicit dependency on target 'SwiftSyntax600' in project 'swift-syntax'
        ➜ Explicit dependency on target 'SwiftSyntax601' in project 'swift-syntax'
        ➜ Explicit dependency on target 'SwiftSyntax602' in project 'swift-syntax'
        ➜ Explicit dependency on target 'SwiftSyntax603' in project 'swift-syntax'
        ➜ Explicit dependency on target 'SwiftSyntax604' in project 'swift-syntax'
        ➜ Explicit dependency on target 'SwiftSyntax' in project 'swift-syntax'
    Target 'SwiftBasicFormat-product' in project 'swift-syntax'
        ➜ Explicit dependency on target 'SwiftBasicFormat' in project 'swift-syntax'
        ➜ Explicit dependency on target '_SwiftSyntaxCShims' in project 'swift-syntax'
        ➜ Explicit dependency on target 'SwiftSyntax509' in project 'swift-syntax'
        ➜ Explicit dependency on target 'SwiftSyntax510' in project 'swift-syntax'
        ➜ Explicit dependency on target 'SwiftSyntax600' in project 'swift-syntax'
        ➜ Explicit dependency on target 'SwiftSyntax601' in project 'swift-syntax'
        ➜ Explicit dependency on target 'SwiftSyntax602' in project 'swift-syntax'
        ➜ Explicit dependency on target 'SwiftSyntax603' in project 'swift-syntax'
        ➜ Explicit dependency on target 'SwiftSyntax604' in project 'swift-syntax'
        ➜ Explicit dependency on target 'SwiftSyntax' in project 'swift-syntax'
    Target 'SwiftCompilerPlugin-product' in project 'swift-syntax'
        ➜ Explicit dependency on target 'SwiftCompilerPlugin' in project 'swift-syntax'
        ➜ Explicit dependency on target '_SwiftSyntaxCShims' in project 'swift-syntax'
        ➜ Explicit dependency on target 'SwiftSyntax509' in project 'swift-syntax'
        ➜ Explicit dependency on target 'SwiftSyntax510' in project 'swift-syntax'
        ➜ Explicit dependency on target 'SwiftSyntax600' in project 'swift-syntax'
        ➜ Explicit dependency on target 'SwiftSyntax601' in project 'swift-syntax'
        ➜ Explicit dependency on target 'SwiftSyntax602' in project 'swift-syntax'
        ➜ Explicit dependency on target 'SwiftSyntax603' in project 'swift-syntax'
        ➜ Explicit dependency on target 'SwiftSyntax604' in project 'swift-syntax'
        ➜ Explicit dependency on target 'SwiftSyntax' in project 'swift-syntax'
        ➜ Explicit dependency on target 'SwiftDiagnostics' in project 'swift-syntax'
        ➜ Explicit dependency on target 'SwiftParser' in project 'swift-syntax'
        ➜ Explicit dependency on target 'SwiftOperators' in project 'swift-syntax'
        ➜ Explicit dependency on target 'SwiftBasicFormat' in project 'swift-syntax'
        ➜ Explicit dependency on target 'SwiftParserDiagnostics' in project 'swift-syntax'
        ➜ Explicit dependency on target 'SwiftSyntaxBuilder' in project 'swift-syntax'
        ➜ Explicit dependency on target 'SwiftIfConfig' in project 'swift-syntax'
        ➜ Explicit dependency on target 'SwiftSyntaxMacros' in project 'swift-syntax'
        ➜ Explicit dependency on target 'SwiftSyntaxMacroExpansion' in project 'swift-syntax'
        ➜ Explicit dependency on target 'SwiftCompilerPluginMessageHandling' in project 'swift-syntax'
    Target 'SwiftCompilerPlugin' in project 'swift-syntax'
        ➜ Explicit dependency on target '_SwiftSyntaxCShims' in project 'swift-syntax'
        ➜ Explicit dependency on target 'SwiftSyntax509' in project 'swift-syntax'
        ➜ Explicit dependency on target 'SwiftSyntax510' in project 'swift-syntax'
        ➜ Explicit dependency on target 'SwiftSyntax600' in project 'swift-syntax'
        ➜ Explicit dependency on target 'SwiftSyntax601' in project 'swift-syntax'
        ➜ Explicit dependency on target 'SwiftSyntax602' in project 'swift-syntax'
        ➜ Explicit dependency on target 'SwiftSyntax603' in project 'swift-syntax'
        ➜ Explicit dependency on target 'SwiftSyntax604' in project 'swift-syntax'
        ➜ Explicit dependency on target 'SwiftSyntax' in project 'swift-syntax'
        ➜ Explicit dependency on target 'SwiftDiagnostics' in project 'swift-syntax'
        ➜ Explicit dependency on target 'SwiftParser' in project 'swift-syntax'
        ➜ Explicit dependency on target 'SwiftOperators' in project 'swift-syntax'
        ➜ Explicit dependency on target 'SwiftBasicFormat' in project 'swift-syntax'
        ➜ Explicit dependency on target 'SwiftParserDiagnostics' in project 'swift-syntax'
        ➜ Explicit dependency on target 'SwiftSyntaxBuilder' in project 'swift-syntax'
        ➜ Explicit dependency on target 'SwiftIfConfig' in project 'swift-syntax'
        ➜ Explicit dependency on target 'SwiftSyntaxMacros' in project 'swift-syntax'
        ➜ Explicit dependency on target 'SwiftSyntaxMacroExpansion' in project 'swift-syntax'
        ➜ Explicit dependency on target 'SwiftCompilerPluginMessageHandling' in project 'swift-syntax'
    Target 'SwiftCompilerPluginMessageHandling' in project 'swift-syntax'
        ➜ Explicit dependency on target '_SwiftSyntaxCShims' in project 'swift-syntax'
        ➜ Explicit dependency on target 'SwiftSyntax509' in project 'swift-syntax'
        ➜ Explicit dependency on target 'SwiftSyntax510' in project 'swift-syntax'
        ➜ Explicit dependency on target 'SwiftSyntax600' in project 'swift-syntax'
        ➜ Explicit dependency on target 'SwiftSyntax601' in project 'swift-syntax'
        ➜ Explicit dependency on target 'SwiftSyntax602' in project 'swift-syntax'
        ➜ Explicit dependency on target 'SwiftSyntax603' in project 'swift-syntax'
        ➜ Explicit dependency on target 'SwiftSyntax604' in project 'swift-syntax'
        ➜ Explicit dependency on target 'SwiftSyntax' in project 'swift-syntax'
        ➜ Explicit dependency on target 'SwiftDiagnostics' in project 'swift-syntax'
        ➜ Explicit dependency on target 'SwiftParser' in project 'swift-syntax'
        ➜ Explicit dependency on target 'SwiftOperators' in project 'swift-syntax'
        ➜ Explicit dependency on target 'SwiftBasicFormat' in project 'swift-syntax'
        ➜ Explicit dependency on target 'SwiftParserDiagnostics' in project 'swift-syntax'
        ➜ Explicit dependency on target 'SwiftSyntaxBuilder' in project 'swift-syntax'
        ➜ Explicit dependency on target 'SwiftIfConfig' in project 'swift-syntax'
        ➜ Explicit dependency on target 'SwiftSyntaxMacros' in project 'swift-syntax'
        ➜ Explicit dependency on target 'SwiftSyntaxMacroExpansion' in project 'swift-syntax'
    Target 'SwiftSyntaxMacroExpansion' in project 'swift-syntax'
        ➜ Explicit dependency on target '_SwiftSyntaxCShims' in project 'swift-syntax'
        ➜ Explicit dependency on target 'SwiftSyntax509' in project 'swift-syntax'
        ➜ Explicit dependency on target 'SwiftSyntax510' in project 'swift-syntax'
        ➜ Explicit dependency on target 'SwiftSyntax600' in project 'swift-syntax'
        ➜ Explicit dependency on target 'SwiftSyntax601' in project 'swift-syntax'
        ➜ Explicit dependency on target 'SwiftSyntax602' in project 'swift-syntax'
        ➜ Explicit dependency on target 'SwiftSyntax603' in project 'swift-syntax'
        ➜ Explicit dependency on target 'SwiftSyntax604' in project 'swift-syntax'
        ➜ Explicit dependency on target 'SwiftSyntax' in project 'swift-syntax'
        ➜ Explicit dependency on target 'SwiftBasicFormat' in project 'swift-syntax'
        ➜ Explicit dependency on target 'SwiftParser' in project 'swift-syntax'
        ➜ Explicit dependency on target 'SwiftDiagnostics' in project 'swift-syntax'
        ➜ Explicit dependency on target 'SwiftParserDiagnostics' in project 'swift-syntax'
        ➜ Explicit dependency on target 'SwiftSyntaxBuilder' in project 'swift-syntax'
        ➜ Explicit dependency on target 'SwiftOperators' in project 'swift-syntax'
        ➜ Explicit dependency on target 'SwiftIfConfig' in project 'swift-syntax'
        ➜ Explicit dependency on target 'SwiftSyntaxMacros' in project 'swift-syntax'
    Target 'SwiftSyntaxMacros-product' in project 'swift-syntax'
        ➜ Explicit dependency on target 'SwiftSyntaxMacros' in project 'swift-syntax'
        ➜ Explicit dependency on target '_SwiftSyntaxCShims' in project 'swift-syntax'
        ➜ Explicit dependency on target 'SwiftSyntax509' in project 'swift-syntax'
        ➜ Explicit dependency on target 'SwiftSyntax510' in project 'swift-syntax'
        ➜ Explicit dependency on target 'SwiftSyntax600' in project 'swift-syntax'
        ➜ Explicit dependency on target 'SwiftSyntax601' in project 'swift-syntax'
        ➜ Explicit dependency on target 'SwiftSyntax602' in project 'swift-syntax'
        ➜ Explicit dependency on target 'SwiftSyntax603' in project 'swift-syntax'
        ➜ Explicit dependency on target 'SwiftSyntax604' in project 'swift-syntax'
        ➜ Explicit dependency on target 'SwiftSyntax' in project 'swift-syntax'
        ➜ Explicit dependency on target 'SwiftDiagnostics' in project 'swift-syntax'
        ➜ Explicit dependency on target 'SwiftBasicFormat' in project 'swift-syntax'
        ➜ Explicit dependency on target 'SwiftParser' in project 'swift-syntax'
        ➜ Explicit dependency on target 'SwiftParserDiagnostics' in project 'swift-syntax'
        ➜ Explicit dependency on target 'SwiftSyntaxBuilder' in project 'swift-syntax'
        ➜ Explicit dependency on target 'SwiftOperators' in project 'swift-syntax'
        ➜ Explicit dependency on target 'SwiftIfConfig' in project 'swift-syntax'
    Target 'SwiftSyntaxMacros' in project 'swift-syntax'
        ➜ Explicit dependency on target '_SwiftSyntaxCShims' in project 'swift-syntax'
        ➜ Explicit dependency on target 'SwiftSyntax509' in project 'swift-syntax'
        ➜ Explicit dependency on target 'SwiftSyntax510' in project 'swift-syntax'
        ➜ Explicit dependency on target 'SwiftSyntax600' in project 'swift-syntax'
        ➜ Explicit dependency on target 'SwiftSyntax601' in project 'swift-syntax'
        ➜ Explicit dependency on target 'SwiftSyntax602' in project 'swift-syntax'
        ➜ Explicit dependency on target 'SwiftSyntax603' in project 'swift-syntax'
        ➜ Explicit dependency on target 'SwiftSyntax604' in project 'swift-syntax'
        ➜ Explicit dependency on target 'SwiftSyntax' in project 'swift-syntax'
        ➜ Explicit dependency on target 'SwiftDiagnostics' in project 'swift-syntax'
        ➜ Explicit dependency on target 'SwiftBasicFormat' in project 'swift-syntax'
        ➜ Explicit dependency on target 'SwiftParser' in project 'swift-syntax'
        ➜ Explicit dependency on target 'SwiftParserDiagnostics' in project 'swift-syntax'
        ➜ Explicit dependency on target 'SwiftSyntaxBuilder' in project 'swift-syntax'
        ➜ Explicit dependency on target 'SwiftOperators' in project 'swift-syntax'
        ➜ Explicit dependency on target 'SwiftIfConfig' in project 'swift-syntax'
    Target 'SwiftIfConfig' in project 'swift-syntax'
        ➜ Explicit dependency on target '_SwiftSyntaxCShims' in project 'swift-syntax'
        ➜ Explicit dependency on target 'SwiftSyntax509' in project 'swift-syntax'
        ➜ Explicit dependency on target 'SwiftSyntax510' in project 'swift-syntax'
        ➜ Explicit dependency on target 'SwiftSyntax600' in project 'swift-syntax'
        ➜ Explicit dependency on target 'SwiftSyntax601' in project 'swift-syntax'
        ➜ Explicit dependency on target 'SwiftSyntax602' in project 'swift-syntax'
        ➜ Explicit dependency on target 'SwiftSyntax603' in project 'swift-syntax'
        ➜ Explicit dependency on target 'SwiftSyntax604' in project 'swift-syntax'
        ➜ Explicit dependency on target 'SwiftSyntax' in project 'swift-syntax'
        ➜ Explicit dependency on target 'SwiftBasicFormat' in project 'swift-syntax'
        ➜ Explicit dependency on target 'SwiftParser' in project 'swift-syntax'
        ➜ Explicit dependency on target 'SwiftDiagnostics' in project 'swift-syntax'
        ➜ Explicit dependency on target 'SwiftParserDiagnostics' in project 'swift-syntax'
        ➜ Explicit dependency on target 'SwiftSyntaxBuilder' in project 'swift-syntax'
        ➜ Explicit dependency on target 'SwiftOperators' in project 'swift-syntax'
    Target 'SwiftOperators' in project 'swift-syntax'
        ➜ Explicit dependency on target '_SwiftSyntaxCShims' in project 'swift-syntax'
        ➜ Explicit dependency on target 'SwiftSyntax509' in project 'swift-syntax'
        ➜ Explicit dependency on target 'SwiftSyntax510' in project 'swift-syntax'
        ➜ Explicit dependency on target 'SwiftSyntax600' in project 'swift-syntax'
        ➜ Explicit dependency on target 'SwiftSyntax601' in project 'swift-syntax'
        ➜ Explicit dependency on target 'SwiftSyntax602' in project 'swift-syntax'
        ➜ Explicit dependency on target 'SwiftSyntax603' in project 'swift-syntax'
        ➜ Explicit dependency on target 'SwiftSyntax604' in project 'swift-syntax'
        ➜ Explicit dependency on target 'SwiftSyntax' in project 'swift-syntax'
        ➜ Explicit dependency on target 'SwiftDiagnostics' in project 'swift-syntax'
        ➜ Explicit dependency on target 'SwiftParser' in project 'swift-syntax'
    Target 'SwiftSyntaxBuilder' in project 'swift-syntax'
        ➜ Explicit dependency on target '_SwiftSyntaxCShims' in project 'swift-syntax'
        ➜ Explicit dependency on target 'SwiftSyntax509' in project 'swift-syntax'
        ➜ Explicit dependency on target 'SwiftSyntax510' in project 'swift-syntax'
        ➜ Explicit dependency on target 'SwiftSyntax600' in project 'swift-syntax'
        ➜ Explicit dependency on target 'SwiftSyntax601' in project 'swift-syntax'
        ➜ Explicit dependency on target 'SwiftSyntax602' in project 'swift-syntax'
        ➜ Explicit dependency on target 'SwiftSyntax603' in project 'swift-syntax'
        ➜ Explicit dependency on target 'SwiftSyntax604' in project 'swift-syntax'
        ➜ Explicit dependency on target 'SwiftSyntax' in project 'swift-syntax'
        ➜ Explicit dependency on target 'SwiftBasicFormat' in project 'swift-syntax'
        ➜ Explicit dependency on target 'SwiftParser' in project 'swift-syntax'
        ➜ Explicit dependency on target 'SwiftDiagnostics' in project 'swift-syntax'
        ➜ Explicit dependency on target 'SwiftParserDiagnostics' in project 'swift-syntax'
    Target 'SwiftParserDiagnostics-product' in project 'swift-syntax'
        ➜ Explicit dependency on target 'SwiftParserDiagnostics' in project 'swift-syntax'
        ➜ Explicit dependency on target '_SwiftSyntaxCShims' in project 'swift-syntax'
        ➜ Explicit dependency on target 'SwiftSyntax509' in project 'swift-syntax'
        ➜ Explicit dependency on target 'SwiftSyntax510' in project 'swift-syntax'
        ➜ Explicit dependency on target 'SwiftSyntax600' in project 'swift-syntax'
        ➜ Explicit dependency on target 'SwiftSyntax601' in project 'swift-syntax'
        ➜ Explicit dependency on target 'SwiftSyntax602' in project 'swift-syntax'
        ➜ Explicit dependency on target 'SwiftSyntax603' in project 'swift-syntax'
        ➜ Explicit dependency on target 'SwiftSyntax604' in project 'swift-syntax'
        ➜ Explicit dependency on target 'SwiftSyntax' in project 'swift-syntax'
        ➜ Explicit dependency on target 'SwiftBasicFormat' in project 'swift-syntax'
        ➜ Explicit dependency on target 'SwiftDiagnostics' in project 'swift-syntax'
        ➜ Explicit dependency on target 'SwiftParser' in project 'swift-syntax'
    Target 'SwiftParserDiagnostics' in project 'swift-syntax'
        ➜ Explicit dependency on target '_SwiftSyntaxCShims' in project 'swift-syntax'
        ➜ Explicit dependency on target 'SwiftSyntax509' in project 'swift-syntax'
        ➜ Explicit dependency on target 'SwiftSyntax510' in project 'swift-syntax'
        ➜ Explicit dependency on target 'SwiftSyntax600' in project 'swift-syntax'
        ➜ Explicit dependency on target 'SwiftSyntax601' in project 'swift-syntax'
        ➜ Explicit dependency on target 'SwiftSyntax602' in project 'swift-syntax'
        ➜ Explicit dependency on target 'SwiftSyntax603' in project 'swift-syntax'
        ➜ Explicit dependency on target 'SwiftSyntax604' in project 'swift-syntax'
        ➜ Explicit dependency on target 'SwiftSyntax' in project 'swift-syntax'
        ➜ Explicit dependency on target 'SwiftBasicFormat' in project 'swift-syntax'
        ➜ Explicit dependency on target 'SwiftDiagnostics' in project 'swift-syntax'
        ➜ Explicit dependency on target 'SwiftParser' in project 'swift-syntax'
    Target 'SwiftDiagnostics' in project 'swift-syntax'
        ➜ Explicit dependency on target '_SwiftSyntaxCShims' in project 'swift-syntax'
        ➜ Explicit dependency on target 'SwiftSyntax509' in project 'swift-syntax'
        ➜ Explicit dependency on target 'SwiftSyntax510' in project 'swift-syntax'
        ➜ Explicit dependency on target 'SwiftSyntax600' in project 'swift-syntax'
        ➜ Explicit dependency on target 'SwiftSyntax601' in project 'swift-syntax'
        ➜ Explicit dependency on target 'SwiftSyntax602' in project 'swift-syntax'
        ➜ Explicit dependency on target 'SwiftSyntax603' in project 'swift-syntax'
        ➜ Explicit dependency on target 'SwiftSyntax604' in project 'swift-syntax'
        ➜ Explicit dependency on target 'SwiftSyntax' in project 'swift-syntax'
    Target 'SwiftBasicFormat' in project 'swift-syntax'
        ➜ Explicit dependency on target '_SwiftSyntaxCShims' in project 'swift-syntax'
        ➜ Explicit dependency on target 'SwiftSyntax509' in project 'swift-syntax'
        ➜ Explicit dependency on target 'SwiftSyntax510' in project 'swift-syntax'
        ➜ Explicit dependency on target 'SwiftSyntax600' in project 'swift-syntax'
        ➜ Explicit dependency on target 'SwiftSyntax601' in project 'swift-syntax'
        ➜ Explicit dependency on target 'SwiftSyntax602' in project 'swift-syntax'
        ➜ Explicit dependency on target 'SwiftSyntax603' in project 'swift-syntax'
        ➜ Explicit dependency on target 'SwiftSyntax604' in project 'swift-syntax'
        ➜ Explicit dependency on target 'SwiftSyntax' in project 'swift-syntax'
    Target 'SwiftParser-product' in project 'swift-syntax'
        ➜ Explicit dependency on target 'SwiftParser' in project 'swift-syntax'
        ➜ Explicit dependency on target '_SwiftSyntaxCShims' in project 'swift-syntax'
        ➜ Explicit dependency on target 'SwiftSyntax509' in project 'swift-syntax'
        ➜ Explicit dependency on target 'SwiftSyntax510' in project 'swift-syntax'
        ➜ Explicit dependency on target 'SwiftSyntax600' in project 'swift-syntax'
        ➜ Explicit dependency on target 'SwiftSyntax601' in project 'swift-syntax'
        ➜ Explicit dependency on target 'SwiftSyntax602' in project 'swift-syntax'
        ➜ Explicit dependency on target 'SwiftSyntax603' in project 'swift-syntax'
        ➜ Explicit dependency on target 'SwiftSyntax604' in project 'swift-syntax'
        ➜ Explicit dependency on target 'SwiftSyntax' in project 'swift-syntax'
    Target 'SwiftParser' in project 'swift-syntax'
        ➜ Explicit dependency on target '_SwiftSyntaxCShims' in project 'swift-syntax'
        ➜ Explicit dependency on target 'SwiftSyntax509' in project 'swift-syntax'
        ➜ Explicit dependency on target 'SwiftSyntax510' in project 'swift-syntax'
        ➜ Explicit dependency on target 'SwiftSyntax600' in project 'swift-syntax'
        ➜ Explicit dependency on target 'SwiftSyntax601' in project 'swift-syntax'
        ➜ Explicit dependency on target 'SwiftSyntax602' in project 'swift-syntax'
        ➜ Explicit dependency on target 'SwiftSyntax603' in project 'swift-syntax'
        ➜ Explicit dependency on target 'SwiftSyntax604' in project 'swift-syntax'
        ➜ Explicit dependency on target 'SwiftSyntax' in project 'swift-syntax'
    Target 'SwiftSyntax-product' in project 'swift-syntax'
        ➜ Explicit dependency on target 'SwiftSyntax' in project 'swift-syntax'
        ➜ Explicit dependency on target '_SwiftSyntaxCShims' in project 'swift-syntax'
        ➜ Explicit dependency on target 'SwiftSyntax509' in project 'swift-syntax'
        ➜ Explicit dependency on target 'SwiftSyntax510' in project 'swift-syntax'
        ➜ Explicit dependency on target 'SwiftSyntax600' in project 'swift-syntax'
        ➜ Explicit dependency on target 'SwiftSyntax601' in project 'swift-syntax'
        ➜ Explicit dependency on target 'SwiftSyntax602' in project 'swift-syntax'
        ➜ Explicit dependency on target 'SwiftSyntax603' in project 'swift-syntax'
        ➜ Explicit dependency on target 'SwiftSyntax604' in project 'swift-syntax'
    Target 'SwiftSyntax' in project 'swift-syntax'
        ➜ Explicit dependency on target '_SwiftSyntaxCShims' in project 'swift-syntax'
        ➜ Explicit dependency on target 'SwiftSyntax509' in project 'swift-syntax'
        ➜ Explicit dependency on target 'SwiftSyntax510' in project 'swift-syntax'
        ➜ Explicit dependency on target 'SwiftSyntax600' in project 'swift-syntax'
        ➜ Explicit dependency on target 'SwiftSyntax601' in project 'swift-syntax'
        ➜ Explicit dependency on target 'SwiftSyntax602' in project 'swift-syntax'
        ➜ Explicit dependency on target 'SwiftSyntax603' in project 'swift-syntax'
        ➜ Explicit dependency on target 'SwiftSyntax604' in project 'swift-syntax'
    Target 'SwiftSyntax604' in project 'swift-syntax' (no dependencies)
    Target 'SwiftSyntax603' in project 'swift-syntax' (no dependencies)
    Target 'SwiftSyntax602' in project 'swift-syntax' (no dependencies)
    Target 'SwiftSyntax601' in project 'swift-syntax' (no dependencies)
    Target 'SwiftSyntax600' in project 'swift-syntax' (no dependencies)
    Target 'SwiftSyntax510' in project 'swift-syntax' (no dependencies)
    Target 'SwiftSyntax509' in project 'swift-syntax' (no dependencies)
    Target '_SwiftSyntaxCShims' in project 'swift-syntax' (no dependencies)
    Target 'JSONSchema-product' in project 'swift-json-schema'
        ➜ Explicit dependency on target 'JSONSchema' in project 'swift-json-schema'
        ➜ Explicit dependency on target 'swift-json-schema_JSONSchema' in project 'swift-json-schema'
        ➜ Explicit dependency on target 'OrderedJSON' in project 'swift-json-schema'
        ➜ Explicit dependency on target 'OrderedCollections-product' in project 'swift-collections'
    Target 'JSONSchema' in project 'swift-json-schema'
        ➜ Explicit dependency on target 'swift-json-schema_JSONSchema' in project 'swift-json-schema'
        ➜ Explicit dependency on target 'OrderedJSON' in project 'swift-json-schema'
        ➜ Explicit dependency on target 'OrderedCollections-product' in project 'swift-collections'
    Target 'OrderedJSON' in project 'swift-json-schema'
        ➜ Explicit dependency on target 'OrderedCollections-product' in project 'swift-collections'
    Target 'OrderedCollections-product' in project 'swift-collections'
        ➜ Explicit dependency on target 'OrderedCollections' in project 'swift-collections'
        ➜ Explicit dependency on target 'InternalCollectionsUtilities' in project 'swift-collections'
    Target 'OrderedCollections' in project 'swift-collections'
        ➜ Explicit dependency on target 'InternalCollectionsUtilities' in project 'swift-collections'
    Target 'InternalCollectionsUtilities' in project 'swift-collections' (no dependencies)
    Target 'swift-json-schema_JSONSchema' in project 'swift-json-schema' (no dependencies)
    Target 'OpenAICore' in project 'swift-openai'
        ➜ Explicit dependency on target 'OpenAIFoundation' in project 'swift-openai'
        ➜ Explicit dependency on target 'OpenAPIRuntime-product' in project 'swift-openapi-runtime'
        ➜ Explicit dependency on target 'Logging-product' in project 'swift-log'
    Target 'Logging-product' in project 'swift-log'
        ➜ Explicit dependency on target 'Logging' in project 'swift-log'
    Target 'Logging' in project 'swift-log' (no dependencies)
    Target 'OpenAIFoundation' in project 'swift-openai'
        ➜ Explicit dependency on target 'OpenAPIRuntime-product' in project 'swift-openapi-runtime'
    Target 'OpenAPIRuntime-product' in project 'swift-openapi-runtime'
        ➜ Explicit dependency on target 'OpenAPIRuntime' in project 'swift-openapi-runtime'
        ➜ Explicit dependency on target 'HTTPTypes-product' in project 'swift-http-types'
    Target 'OpenAPIRuntime' in project 'swift-openapi-runtime'
        ➜ Explicit dependency on target 'HTTPTypes-product' in project 'swift-http-types'
    Target 'HTTPTypes-product' in project 'swift-http-types'
        ➜ Explicit dependency on target 'HTTPTypes' in project 'swift-http-types'
    Target 'HTTPTypes' in project 'swift-http-types' (no dependencies)
GatherProvisioningInputs
CreateBuildDescription
ClangStatCache /Applications/Xcode-27.0.0-Release.Candidate.app/Contents/Developer/Toolchains/XcodeDefault.xctoolchain/usr/bin/clang-stat-cache /Applications/Xcode-27.0.0-Release.Candidate.app/Contents/Developer/Platforms/MacOSX.platform/Developer/SDKs/MacOSX27.0.sdk /Users/admin/builder/spi-builder-workspace/.derivedData/SDKStatCaches.noindex/macosx27.0-26A425-e829b21a6f8c9b70876ba0858053c0446a22442a12e9d48fe1a705f55a1adfc4.sdkstatcache
    cd /Users/admin/builder/spi-builder-workspace/.swiftpm/xcode
    /Applications/Xcode-27.0.0-Release.Candidate.app/Contents/Developer/Toolchains/XcodeDefault.xctoolchain/usr/bin/clang-stat-cache /Applications/Xcode-27.0.0-Release.Candidate.app/Contents/Developer/Platforms/MacOSX.platform/Developer/SDKs/MacOSX27.0.sdk -o /Users/admin/builder/spi-builder-workspace/.derivedData/SDKStatCaches.noindex/macosx27.0-26A425-e829b21a6f8c9b70876ba0858053c0446a22442a12e9d48fe1a705f55a1adfc4.sdkstatcache
ClangStatCache /Applications/Xcode-27.0.0-Release.Candidate.app/Contents/Developer/Toolchains/XcodeDefault.xctoolchain/usr/bin/clang-stat-cache /Applications/Xcode-27.0.0-Release.Candidate.app/Contents/Developer/Platforms/WatchOS.platform/Developer/SDKs/WatchOS27.0.sdk /Users/admin/builder/spi-builder-workspace/.derivedData/SDKStatCaches.noindex/watchos27.0-24R360-e829b21a6f8c9b70876ba0858053c04477534ef55a1706bf4c1112bbb242f0a2.sdkstatcache
    cd /Users/admin/builder/spi-builder-workspace/.swiftpm/xcode
    /Applications/Xcode-27.0.0-Release.Candidate.app/Contents/Developer/Toolchains/XcodeDefault.xctoolchain/usr/bin/clang-stat-cache /Applications/Xcode-27.0.0-Release.Candidate.app/Contents/Developer/Platforms/WatchOS.platform/Developer/SDKs/WatchOS27.0.sdk -o /Users/admin/builder/spi-builder-workspace/.derivedData/SDKStatCaches.noindex/watchos27.0-24R360-e829b21a6f8c9b70876ba0858053c04477534ef55a1706bf4c1112bbb242f0a2.sdkstatcache
SwiftDriver OpenAIFoundation normal arm64 com.apple.xcode.tools.swift.compiler (in target 'OpenAIFoundation' from project 'swift-openai')
    cd /Users/admin/builder/spi-builder-workspace/.swiftpm/xcode
    builtin-SwiftDriver -- /Applications/Xcode-27.0.0-Release.Candidate.app/Contents/Developer/Toolchains/XcodeDefault.xctoolchain/usr/bin/swiftc -parse-as-library -module-name OpenAIFoundation -Onone @/Users/admin/builder/spi-builder-workspace/.derivedData/Build/Intermediates.noindex/swift-openai.build/Debug-watchos/OpenAIFoundation-t.build/Objects-normal/arm64/OpenAIFoundation.SwiftFileList -DSWIFT_PACKAGE -DDEBUG -DSWIFT_MODULE_RESOURCE_BUNDLE_UNAVAILABLE -DXcode -plugin-path /Applications/Xcode-27.0.0-Release.Candidate.app/Contents/Developer/Toolchains/XcodeDefault.xctoolchain/usr/lib/swift/host/plugins/testing -enable-experimental-feature DebugDescriptionMacro -sdk /Applications/Xcode-27.0.0-Release.Candidate.app/Contents/Developer/Platforms/WatchOS.platform/Developer/SDKs/WatchOS27.0.sdk -target arm64-apple-watchos9.0 -g -module-cache-path /Users/admin/builder/spi-builder-workspace/.derivedData/ModuleCache.noindex -Xfrontend -serialize-debugging-options -profile-coverage-mapping -profile-generate -enable-testing -index-store-path /Users/admin/builder/spi-builder-workspace/.derivedData/Index.noindex/DataStore -Xcc -D_LIBCPP_HARDENING_MODE\=_LIBCPP_HARDENING_MODE_DEBUG -swift-version 5 -I /Users/admin/builder/spi-builder-workspace/.derivedData/Build/Products/Debug-watchos -Isystem /Applications/Xcode-27.0.0-Release.Candidate.app/Contents/Developer/Platforms/WatchOS.platform/Developer/usr/lib -F /Users/admin/builder/spi-builder-workspace/.derivedData/Build/Products/Debug-watchos/PackageFrameworks -F /Users/admin/builder/spi-builder-workspace/.derivedData/Build/Products/Debug-watchos -F /Applications/Xcode-27.0.0-Release.Candidate.app/Contents/Developer/Platforms/WatchOS.platform/Developer/Library/Frameworks -F /Applications/Xcode-27.0.0-Release.Candidate.app/Contents/Developer/Platforms/WatchOS.platform/Developer/SDKs/WatchOS27.0.sdk/Developer/Library/Frameworks -c -j10 -enable-batch-mode -incremental -Xcc -ivfsstatcache -Xcc /Users/admin/builder/spi-builder-workspace/.derivedData/SDKStatCaches.noindex/watchos27.0-24R360-e829b21a6f8c9b70876ba0858053c04477534ef55a1706bf4c1112bbb242f0a2.sdkstatcache -output-file-map /Users/admin/builder/spi-builder-workspace/.derivedData/Build/Intermediates.noindex/swift-openai.build/Debug-watchos/OpenAIFoundation-t.build/Objects-normal/arm64/OpenAIFoundation-OutputFileMap.json -save-temps -no-color-diagnostics -explicit-module-build -module-cache-path /Users/admin/builder/spi-builder-workspace/.derivedData/Build/Intermediates.noindex/SwiftExplicitPrecompiledModules -clang-scanner-module-cache-path /Users/admin/builder/spi-builder-workspace/.derivedData/ModuleCache.noindex -sdk-module-cache-path /Users/admin/builder/spi-builder-workspace/.derivedData/SDKExplicitPrecompiledModules -emit-dependencies -emit-module -emit-module-path /Users/admin/builder/spi-builder-workspace/.derivedData/Build/Intermediates.noindex/swift-openai.build/Debug-watchos/OpenAIFoundation-t.build/Objects-normal/arm64/OpenAIFoundation.swiftmodule -serialize-diagnostics -dependency-scan-serialize-diagnostics-path /Users/admin/builder/spi-builder-workspace/.derivedData/Build/Intermediates.noindex/swift-openai.build/Debug-watchos/OpenAIFoundation-t.build/Objects-normal/arm64/OpenAIFoundation-dependency-scan.dia -validate-clang-modules-once -clang-build-session-file /Users/admin/builder/spi-builder-workspace/.derivedData/ModuleCache.noindex/Session.modulevalidation -Xcc -fmodules-prune-interval\=86400 -Xcc -fmodules-prune-after\=345600 -package-name spi_builder_workspace -emit-const-values -const-gather-protocols-list /Users/admin/builder/spi-builder-workspace/.derivedData/Build/Intermediates.noindex/swift-openai.build/Debug-watchos/OpenAIFoundation-t.build/Objects-normal/arm64/OpenAIFoundation_const_extract_protocols.json -Xcc -I/Users/admin/builder/spi-builder-workspace/.derivedData/Build/Products/Debug-watchos/include -Xcc -I/Users/admin/builder/spi-builder-workspace/.derivedData/Build/Intermediates.noindex/swift-openai.build/Debug-watchos/OpenAIFoundation-t.build/DerivedSources-normal/arm64 -Xcc -I/Users/admin/builder/spi-builder-workspace/.derivedData/Build/Intermediates.noindex/swift-openai.build/Debug-watchos/OpenAIFoundation-t.build/DerivedSources/arm64 -Xcc -I/Users/admin/builder/spi-builder-workspace/.derivedData/Build/Intermediates.noindex/swift-openai.build/Debug-watchos/OpenAIFoundation-t.build/DerivedSources -Xcc -DSWIFT_PACKAGE -Xcc -DDEBUG\=1 -emit-objc-header -emit-objc-header-path /Users/admin/builder/spi-builder-workspace/.derivedData/Build/Intermediates.noindex/swift-openai.build/Debug-watchos/OpenAIFoundation-t.build/Objects-normal/arm64/OpenAIFoundation-Swift.h -working-directory /Users/admin/builder/spi-builder-workspace/.swiftpm/xcode -experimental-emit-module-separately -disable-cmo
SwiftDriver OpenAIFoundation normal arm64_32 com.apple.xcode.tools.swift.compiler (in target 'OpenAIFoundation' from project 'swift-openai')
    cd /Users/admin/builder/spi-builder-workspace/.swiftpm/xcode
    builtin-SwiftDriver -- /Applications/Xcode-27.0.0-Release.Candidate.app/Contents/Developer/Toolchains/XcodeDefault.xctoolchain/usr/bin/swiftc -parse-as-library -module-name OpenAIFoundation -Onone @/Users/admin/builder/spi-builder-workspace/.derivedData/Build/Intermediates.noindex/swift-openai.build/Debug-watchos/OpenAIFoundation-t.build/Objects-normal/arm64_32/OpenAIFoundation.SwiftFileList -DSWIFT_PACKAGE -DDEBUG -DSWIFT_MODULE_RESOURCE_BUNDLE_UNAVAILABLE -DXcode -plugin-path /Applications/Xcode-27.0.0-Release.Candidate.app/Contents/Developer/Toolchains/XcodeDefault.xctoolchain/usr/lib/swift/host/plugins/testing -enable-experimental-feature DebugDescriptionMacro -sdk /Applications/Xcode-27.0.0-Release.Candidate.app/Contents/Developer/Platforms/WatchOS.platform/Developer/SDKs/WatchOS27.0.sdk -target arm64_32-apple-watchos9.0 -g -module-cache-path /Users/admin/builder/spi-builder-workspace/.derivedData/ModuleCache.noindex -Xfrontend -serialize-debugging-options -profile-coverage-mapping -profile-generate -enable-testing -index-store-path /Users/admin/builder/spi-builder-workspace/.derivedData/Index.noindex/DataStore -Xcc -D_LIBCPP_HARDENING_MODE\=_LIBCPP_HARDENING_MODE_DEBUG -swift-version 5 -I /Users/admin/builder/spi-builder-workspace/.derivedData/Build/Products/Debug-watchos -Isystem /Applications/Xcode-27.0.0-Release.Candidate.app/Contents/Developer/Platforms/WatchOS.platform/Developer/usr/lib -F /Users/admin/builder/spi-builder-workspace/.derivedData/Build/Products/Debug-watchos/PackageFrameworks -F /Users/admin/builder/spi-builder-workspace/.derivedData/Build/Products/Debug-watchos -F /Applications/Xcode-27.0.0-Release.Candidate.app/Contents/Developer/Platforms/WatchOS.platform/Developer/Library/Frameworks -F /Applications/Xcode-27.0.0-Release.Candidate.app/Contents/Developer/Platforms/WatchOS.platform/Developer/SDKs/WatchOS27.0.sdk/Developer/Library/Frameworks -c -j10 -enable-batch-mode -incremental -Xcc -ivfsstatcache -Xcc /Users/admin/builder/spi-builder-workspace/.derivedData/SDKStatCaches.noindex/watchos27.0-24R360-e829b21a6f8c9b70876ba0858053c04477534ef55a1706bf4c1112bbb242f0a2.sdkstatcache -output-file-map /Users/admin/builder/spi-builder-workspace/.derivedData/Build/Intermediates.noindex/swift-openai.build/Debug-watchos/OpenAIFoundation-t.build/Objects-normal/arm64_32/OpenAIFoundation-OutputFileMap.json -save-temps -no-color-diagnostics -explicit-module-build -module-cache-path /Users/admin/builder/spi-builder-workspace/.derivedData/Build/Intermediates.noindex/SwiftExplicitPrecompiledModules -clang-scanner-module-cache-path /Users/admin/builder/spi-builder-workspace/.derivedData/ModuleCache.noindex -sdk-module-cache-path /Users/admin/builder/spi-builder-workspace/.derivedData/SDKExplicitPrecompiledModules -emit-dependencies -emit-module -emit-module-path /Users/admin/builder/spi-builder-workspace/.derivedData/Build/Intermediates.noindex/swift-openai.build/Debug-watchos/OpenAIFoundation-t.build/Objects-normal/arm64_32/OpenAIFoundation.swiftmodule -serialize-diagnostics -dependency-scan-serialize-diagnostics-path /Users/admin/builder/spi-builder-workspace/.derivedData/Build/Intermediates.noindex/swift-openai.build/Debug-watchos/OpenAIFoundation-t.build/Objects-normal/arm64_32/OpenAIFoundation-dependency-scan.dia -validate-clang-modules-once -clang-build-session-file /Users/admin/builder/spi-builder-workspace/.derivedData/ModuleCache.noindex/Session.modulevalidation -Xcc -fmodules-prune-interval\=86400 -Xcc -fmodules-prune-after\=345600 -package-name spi_builder_workspace -emit-const-values -const-gather-protocols-list /Users/admin/builder/spi-builder-workspace/.derivedData/Build/Intermediates.noindex/swift-openai.build/Debug-watchos/OpenAIFoundation-t.build/Objects-normal/arm64_32/OpenAIFoundation_const_extract_protocols.json -Xcc -I/Users/admin/builder/spi-builder-workspace/.derivedData/Build/Products/Debug-watchos/include -Xcc -I/Users/admin/builder/spi-builder-workspace/.derivedData/Build/Intermediates.noindex/swift-openai.build/Debug-watchos/OpenAIFoundation-t.build/DerivedSources-normal/arm64_32 -Xcc -I/Users/admin/builder/spi-builder-workspace/.derivedData/Build/Intermediates.noindex/swift-openai.build/Debug-watchos/OpenAIFoundation-t.build/DerivedSources/arm64_32 -Xcc -I/Users/admin/builder/spi-builder-workspace/.derivedData/Build/Intermediates.noindex/swift-openai.build/Debug-watchos/OpenAIFoundation-t.build/DerivedSources -Xcc -DSWIFT_PACKAGE -Xcc -DDEBUG\=1 -emit-objc-header -emit-objc-header-path /Users/admin/builder/spi-builder-workspace/.derivedData/Build/Intermediates.noindex/swift-openai.build/Debug-watchos/OpenAIFoundation-t.build/Objects-normal/arm64_32/OpenAIFoundation-Swift.h -working-directory /Users/admin/builder/spi-builder-workspace/.swiftpm/xcode -experimental-emit-module-separately -disable-cmo
SwiftDriver OpenAICore normal arm64_32 com.apple.xcode.tools.swift.compiler (in target 'OpenAICore' from project 'swift-openai')
    cd /Users/admin/builder/spi-builder-workspace/.swiftpm/xcode
    builtin-SwiftDriver -- /Applications/Xcode-27.0.0-Release.Candidate.app/Contents/Developer/Toolchains/XcodeDefault.xctoolchain/usr/bin/swiftc -parse-as-library -module-name OpenAICore -Onone @/Users/admin/builder/spi-builder-workspace/.derivedData/Build/Intermediates.noindex/swift-openai.build/Debug-watchos/OpenAICore-t.build/Objects-normal/arm64_32/OpenAICore.SwiftFileList -DSWIFT_PACKAGE -DDEBUG -DSWIFT_MODULE_RESOURCE_BUNDLE_UNAVAILABLE -DXcode -plugin-path /Applications/Xcode-27.0.0-Release.Candidate.app/Contents/Developer/Toolchains/XcodeDefault.xctoolchain/usr/lib/swift/host/plugins/testing -enable-experimental-feature DebugDescriptionMacro -sdk /Applications/Xcode-27.0.0-Release.Candidate.app/Contents/Developer/Platforms/WatchOS.platform/Developer/SDKs/WatchOS27.0.sdk -target arm64_32-apple-watchos9.0 -g -module-cache-path /Users/admin/builder/spi-builder-workspace/.derivedData/ModuleCache.noindex -Xfrontend -serialize-debugging-options -profile-coverage-mapping -profile-generate -enable-testing -index-store-path /Users/admin/builder/spi-builder-workspace/.derivedData/Index.noindex/DataStore -Xcc -D_LIBCPP_HARDENING_MODE\=_LIBCPP_HARDENING_MODE_DEBUG -swift-version 5 -I /Users/admin/builder/spi-builder-workspace/.derivedData/Build/Products/Debug-watchos -Isystem /Applications/Xcode-27.0.0-Release.Candidate.app/Contents/Developer/Platforms/WatchOS.platform/Developer/usr/lib -F /Users/admin/builder/spi-builder-workspace/.derivedData/Build/Products/Debug-watchos/PackageFrameworks -F /Users/admin/builder/spi-builder-workspace/.derivedData/Build/Products/Debug-watchos -F /Applications/Xcode-27.0.0-Release.Candidate.app/Contents/Developer/Platforms/WatchOS.platform/Developer/Library/Frameworks -F /Applications/Xcode-27.0.0-Release.Candidate.app/Contents/Developer/Platforms/WatchOS.platform/Developer/SDKs/WatchOS27.0.sdk/Developer/Library/Frameworks -c -j10 -enable-batch-mode -incremental -Xcc -ivfsstatcache -Xcc /Users/admin/builder/spi-builder-workspace/.derivedData/SDKStatCaches.noindex/watchos27.0-24R360-e829b21a6f8c9b70876ba0858053c04477534ef55a1706bf4c1112bbb242f0a2.sdkstatcache -output-file-map /Users/admin/builder/spi-builder-workspace/.derivedData/Build/Intermediates.noindex/swift-openai.build/Debug-watchos/OpenAICore-t.build/Objects-normal/arm64_32/OpenAICore-OutputFileMap.json -save-temps -no-color-diagnostics -explicit-module-build -module-cache-path /Users/admin/builder/spi-builder-workspace/.derivedData/Build/Intermediates.noindex/SwiftExplicitPrecompiledModules -clang-scanner-module-cache-path /Users/admin/builder/spi-builder-workspace/.derivedData/ModuleCache.noindex -sdk-module-cache-path /Users/admin/builder/spi-builder-workspace/.derivedData/SDKExplicitPrecompiledModules -emit-dependencies -emit-module -emit-module-path /Users/admin/builder/spi-builder-workspace/.derivedData/Build/Intermediates.noindex/swift-openai.build/Debug-watchos/OpenAICore-t.build/Objects-normal/arm64_32/OpenAICore.swiftmodule -serialize-diagnostics -dependency-scan-serialize-diagnostics-path /Users/admin/builder/spi-builder-workspace/.derivedData/Build/Intermediates.noindex/swift-openai.build/Debug-watchos/OpenAICore-t.build/Objects-normal/arm64_32/OpenAICore-dependency-scan.dia -validate-clang-modules-once -clang-build-session-file /Users/admin/builder/spi-builder-workspace/.derivedData/ModuleCache.noindex/Session.modulevalidation -Xcc -fmodules-prune-interval\=86400 -Xcc -fmodules-prune-after\=345600 -package-name spi_builder_workspace -emit-const-values -const-gather-protocols-list /Users/admin/builder/spi-builder-workspace/.derivedData/Build/Intermediates.noindex/swift-openai.build/Debug-watchos/OpenAICore-t.build/Objects-normal/arm64_32/OpenAICore_const_extract_protocols.json -Xcc -I/Users/admin/builder/spi-builder-workspace/.derivedData/Build/Products/Debug-watchos/include -Xcc -I/Users/admin/builder/spi-builder-workspace/.derivedData/Build/Intermediates.noindex/swift-openai.build/Debug-watchos/OpenAICore-t.build/DerivedSources-normal/arm64_32 -Xcc -I/Users/admin/builder/spi-builder-workspace/.derivedData/Build/Intermediates.noindex/swift-openai.build/Debug-watchos/OpenAICore-t.build/DerivedSources/arm64_32 -Xcc -I/Users/admin/builder/spi-builder-workspace/.derivedData/Build/Intermediates.noindex/swift-openai.build/Debug-watchos/OpenAICore-t.build/DerivedSources -Xcc -DSWIFT_PACKAGE -Xcc -DDEBUG\=1 -emit-objc-header -emit-objc-header-path /Users/admin/builder/spi-builder-workspace/.derivedData/Build/Intermediates.noindex/swift-openai.build/Debug-watchos/OpenAICore-t.build/Objects-normal/arm64_32/OpenAICore-Swift.h -working-directory /Users/admin/builder/spi-builder-workspace/.swiftpm/xcode -experimental-emit-module-separately -disable-cmo
SwiftDriver OpenAICore normal arm64 com.apple.xcode.tools.swift.compiler (in target 'OpenAICore' from project 'swift-openai')
    cd /Users/admin/builder/spi-builder-workspace/.swiftpm/xcode
    builtin-SwiftDriver -- /Applications/Xcode-27.0.0-Release.Candidate.app/Contents/Developer/Toolchains/XcodeDefault.xctoolchain/usr/bin/swiftc -parse-as-library -module-name OpenAICore -Onone @/Users/admin/builder/spi-builder-workspace/.derivedData/Build/Intermediates.noindex/swift-openai.build/Debug-watchos/OpenAICore-t.build/Objects-normal/arm64/OpenAICore.SwiftFileList -DSWIFT_PACKAGE -DDEBUG -DSWIFT_MODULE_RESOURCE_BUNDLE_UNAVAILABLE -DXcode -plugin-path /Applications/Xcode-27.0.0-Release.Candidate.app/Contents/Developer/Toolchains/XcodeDefault.xctoolchain/usr/lib/swift/host/plugins/testing -enable-experimental-feature DebugDescriptionMacro -sdk /Applications/Xcode-27.0.0-Release.Candidate.app/Contents/Developer/Platforms/WatchOS.platform/Developer/SDKs/WatchOS27.0.sdk -target arm64-apple-watchos9.0 -g -module-cache-path /Users/admin/builder/spi-builder-workspace/.derivedData/ModuleCache.noindex -Xfrontend -serialize-debugging-options -profile-coverage-mapping -profile-generate -enable-testing -index-store-path /Users/admin/builder/spi-builder-workspace/.derivedData/Index.noindex/DataStore -Xcc -D_LIBCPP_HARDENING_MODE\=_LIBCPP_HARDENING_MODE_DEBUG -swift-version 5 -I /Users/admin/builder/spi-builder-workspace/.derivedData/Build/Products/Debug-watchos -Isystem /Applications/Xcode-27.0.0-Release.Candidate.app/Contents/Developer/Platforms/WatchOS.platform/Developer/usr/lib -F /Users/admin/builder/spi-builder-workspace/.derivedData/Build/Products/Debug-watchos/PackageFrameworks -F /Users/admin/builder/spi-builder-workspace/.derivedData/Build/Products/Debug-watchos -F /Applications/Xcode-27.0.0-Release.Candidate.app/Contents/Developer/Platforms/WatchOS.platform/Developer/Library/Frameworks -F /Applications/Xcode-27.0.0-Release.Candidate.app/Contents/Developer/Platforms/WatchOS.platform/Developer/SDKs/WatchOS27.0.sdk/Developer/Library/Frameworks -c -j10 -enable-batch-mode -incremental -Xcc -ivfsstatcache -Xcc /Users/admin/builder/spi-builder-workspace/.derivedData/SDKStatCaches.noindex/watchos27.0-24R360-e829b21a6f8c9b70876ba0858053c04477534ef55a1706bf4c1112bbb242f0a2.sdkstatcache -output-file-map /Users/admin/builder/spi-builder-workspace/.derivedData/Build/Intermediates.noindex/swift-openai.build/Debug-watchos/OpenAICore-t.build/Objects-normal/arm64/OpenAICore-OutputFileMap.json -save-temps -no-color-diagnostics -explicit-module-build -module-cache-path /Users/admin/builder/spi-builder-workspace/.derivedData/Build/Intermediates.noindex/SwiftExplicitPrecompiledModules -clang-scanner-module-cache-path /Users/admin/builder/spi-builder-workspace/.derivedData/ModuleCache.noindex -sdk-module-cache-path /Users/admin/builder/spi-builder-workspace/.derivedData/SDKExplicitPrecompiledModules -emit-dependencies -emit-module -emit-module-path /Users/admin/builder/spi-builder-workspace/.derivedData/Build/Intermediates.noindex/swift-openai.build/Debug-watchos/OpenAICore-t.build/Objects-normal/arm64/OpenAICore.swiftmodule -serialize-diagnostics -dependency-scan-serialize-diagnostics-path /Users/admin/builder/spi-builder-workspace/.derivedData/Build/Intermediates.noindex/swift-openai.build/Debug-watchos/OpenAICore-t.build/Objects-normal/arm64/OpenAICore-dependency-scan.dia -validate-clang-modules-once -clang-build-session-file /Users/admin/builder/spi-builder-workspace/.derivedData/ModuleCache.noindex/Session.modulevalidation -Xcc -fmodules-prune-interval\=86400 -Xcc -fmodules-prune-after\=345600 -package-name spi_builder_workspace -emit-const-values -const-gather-protocols-list /Users/admin/builder/spi-builder-workspace/.derivedData/Build/Intermediates.noindex/swift-openai.build/Debug-watchos/OpenAICore-t.build/Objects-normal/arm64/OpenAICore_const_extract_protocols.json -Xcc -I/Users/admin/builder/spi-builder-workspace/.derivedData/Build/Products/Debug-watchos/include -Xcc -I/Users/admin/builder/spi-builder-workspace/.derivedData/Build/Intermediates.noindex/swift-openai.build/Debug-watchos/OpenAICore-t.build/DerivedSources-normal/arm64 -Xcc -I/Users/admin/builder/spi-builder-workspace/.derivedData/Build/Intermediates.noindex/swift-openai.build/Debug-watchos/OpenAICore-t.build/DerivedSources/arm64 -Xcc -I/Users/admin/builder/spi-builder-workspace/.derivedData/Build/Intermediates.noindex/swift-openai.build/Debug-watchos/OpenAICore-t.build/DerivedSources -Xcc -DSWIFT_PACKAGE -Xcc -DDEBUG\=1 -emit-objc-header -emit-objc-header-path /Users/admin/builder/spi-builder-workspace/.derivedData/Build/Intermediates.noindex/swift-openai.build/Debug-watchos/OpenAICore-t.build/Objects-normal/arm64/OpenAICore-Swift.h -working-directory /Users/admin/builder/spi-builder-workspace/.swiftpm/xcode -experimental-emit-module-separately -disable-cmo
SwiftDriver JSONSchema normal arm64 com.apple.xcode.tools.swift.compiler (in target 'JSONSchema' from project 'swift-json-schema')
    cd /Users/admin/builder/spi-builder-workspace/.swiftpm/xcode
    builtin-SwiftDriver -- /Applications/Xcode-27.0.0-Release.Candidate.app/Contents/Developer/Toolchains/XcodeDefault.xctoolchain/usr/bin/swiftc -parse-as-library -module-name JSONSchema -Onone @/Users/admin/builder/spi-builder-workspace/.derivedData/Build/Intermediates.noindex/swift-json-schema.build/Debug-watchos/JSONSchema-t.build/Objects-normal/arm64/JSONSchema.SwiftFileList -DSWIFT_PACKAGE -DDEBUG -DSWIFT_MODULE_RESOURCE_BUNDLE_AVAILABLE -DXcode -plugin-path /Applications/Xcode-27.0.0-Release.Candidate.app/Contents/Developer/Toolchains/XcodeDefault.xctoolchain/usr/lib/swift/host/plugins/testing -enable-experimental-feature DebugDescriptionMacro -sdk /Applications/Xcode-27.0.0-Release.Candidate.app/Contents/Developer/Platforms/WatchOS.platform/Developer/SDKs/WatchOS27.0.sdk -target arm64-apple-watchos9.0 -g -module-cache-path /Users/admin/builder/spi-builder-workspace/.derivedData/ModuleCache.noindex -Xfrontend -serialize-debugging-options -profile-coverage-mapping -profile-generate -enable-testing -suppress-warnings -index-store-path /Users/admin/builder/spi-builder-workspace/.derivedData/Index.noindex/DataStore -Xcc -D_LIBCPP_HARDENING_MODE\=_LIBCPP_HARDENING_MODE_DEBUG -swift-version 6 -I /Users/admin/builder/spi-builder-workspace/.derivedData/Build/Products/Debug-watchos -Isystem /Applications/Xcode-27.0.0-Release.Candidate.app/Contents/Developer/Platforms/WatchOS.platform/Developer/usr/lib -F /Users/admin/builder/spi-builder-workspace/.derivedData/Build/Products/Debug-watchos/PackageFrameworks -F /Users/admin/builder/spi-builder-workspace/.derivedData/Build/Products/Debug-watchos -F /Applications/Xcode-27.0.0-Release.Candidate.app/Contents/Developer/Platforms/WatchOS.platform/Developer/Library/Frameworks -F /Applications/Xcode-27.0.0-Release.Candidate.app/Contents/Developer/Platforms/WatchOS.platform/Developer/SDKs/WatchOS27.0.sdk/Developer/Library/Frameworks -c -j10 -enable-batch-mode -incremental -Xcc -ivfsstatcache -Xcc /Users/admin/builder/spi-builder-workspace/.derivedData/SDKStatCaches.noindex/watchos27.0-24R360-e829b21a6f8c9b70876ba0858053c04477534ef55a1706bf4c1112bbb242f0a2.sdkstatcache -output-file-map /Users/admin/builder/spi-builder-workspace/.derivedData/Build/Intermediates.noindex/swift-json-schema.build/Debug-watchos/JSONSchema-t.build/Objects-normal/arm64/JSONSchema-OutputFileMap.json -save-temps -no-color-diagnostics -explicit-module-build -module-cache-path /Users/admin/builder/spi-builder-workspace/.derivedData/Build/Intermediates.noindex/SwiftExplicitPrecompiledModules -clang-scanner-module-cache-path /Users/admin/builder/spi-builder-workspace/.derivedData/ModuleCache.noindex -sdk-module-cache-path /Users/admin/builder/spi-builder-workspace/.derivedData/SDKExplicitPrecompiledModules -emit-dependencies -emit-module -emit-module-path /Users/admin/builder/spi-builder-workspace/.derivedData/Build/Intermediates.noindex/swift-json-schema.build/Debug-watchos/JSONSchema-t.build/Objects-normal/arm64/JSONSchema.swiftmodule -serialize-diagnostics -dependency-scan-serialize-diagnostics-path /Users/admin/builder/spi-builder-workspace/.derivedData/Build/Intermediates.noindex/swift-json-schema.build/Debug-watchos/JSONSchema-t.build/Objects-normal/arm64/JSONSchema-dependency-scan.dia -user-module-version 0.14.1 -validate-clang-modules-once -clang-build-session-file /Users/admin/builder/spi-builder-workspace/.derivedData/ModuleCache.noindex/Session.modulevalidation -Xcc -fmodules-prune-interval\=86400 -Xcc -fmodules-prune-after\=345600 -package-name swift_json_schema -emit-const-values -const-gather-protocols-list /Users/admin/builder/spi-builder-workspace/.derivedData/Build/Intermediates.noindex/swift-json-schema.build/Debug-watchos/JSONSchema-t.build/Objects-normal/arm64/JSONSchema_const_extract_protocols.json -Xcc -I/Users/admin/builder/spi-builder-workspace/.derivedData/Build/Products/Debug-watchos/include -Xcc -I/Users/admin/builder/spi-builder-workspace/.derivedData/Build/Intermediates.noindex/swift-json-schema.build/Debug-watchos/JSONSchema-t.build/DerivedSources-normal/arm64 -Xcc -I/Users/admin/builder/spi-builder-workspace/.derivedData/Build/Intermediates.noindex/swift-json-schema.build/Debug-watchos/JSONSchema-t.build/DerivedSources/arm64 -Xcc -I/Users/admin/builder/spi-builder-workspace/.derivedData/Build/Intermediates.noindex/swift-json-schema.build/Debug-watchos/JSONSchema-t.build/DerivedSources -Xcc -DSWIFT_PACKAGE -Xcc -DDEBUG\=1 -emit-objc-header -emit-objc-header-path /Users/admin/builder/spi-builder-workspace/.derivedData/Build/Intermediates.noindex/swift-json-schema.build/Debug-watchos/JSONSchema-t.build/Objects-normal/arm64/JSONSchema-Swift.h -working-directory /Users/admin/builder/spi-builder-workspace/.swiftpm/xcode -experimental-emit-module-separately -disable-cmo
SwiftDriver JSONSchema normal arm64_32 com.apple.xcode.tools.swift.compiler (in target 'JSONSchema' from project 'swift-json-schema')
    cd /Users/admin/builder/spi-builder-workspace/.swiftpm/xcode
    builtin-SwiftDriver -- /Applications/Xcode-27.0.0-Release.Candidate.app/Contents/Developer/Toolchains/XcodeDefault.xctoolchain/usr/bin/swiftc -parse-as-library -module-name JSONSchema -Onone @/Users/admin/builder/spi-builder-workspace/.derivedData/Build/Intermediates.noindex/swift-json-schema.build/Debug-watchos/JSONSchema-t.build/Objects-normal/arm64_32/JSONSchema.SwiftFileList -DSWIFT_PACKAGE -DDEBUG -DSWIFT_MODULE_RESOURCE_BUNDLE_AVAILABLE -DXcode -plugin-path /Applications/Xcode-27.0.0-Release.Candidate.app/Contents/Developer/Toolchains/XcodeDefault.xctoolchain/usr/lib/swift/host/plugins/testing -enable-experimental-feature DebugDescriptionMacro -sdk /Applications/Xcode-27.0.0-Release.Candidate.app/Contents/Developer/Platforms/WatchOS.platform/Developer/SDKs/WatchOS27.0.sdk -target arm64_32-apple-watchos9.0 -g -module-cache-path /Users/admin/builder/spi-builder-workspace/.derivedData/ModuleCache.noindex -Xfrontend -serialize-debugging-options -profile-coverage-mapping -profile-generate -enable-testing -suppress-warnings -index-store-path /Users/admin/builder/spi-builder-workspace/.derivedData/Index.noindex/DataStore -Xcc -D_LIBCPP_HARDENING_MODE\=_LIBCPP_HARDENING_MODE_DEBUG -swift-version 6 -I /Users/admin/builder/spi-builder-workspace/.derivedData/Build/Products/Debug-watchos -Isystem /Applications/Xcode-27.0.0-Release.Candidate.app/Contents/Developer/Platforms/WatchOS.platform/Developer/usr/lib -F /Users/admin/builder/spi-builder-workspace/.derivedData/Build/Products/Debug-watchos/PackageFrameworks -F /Users/admin/builder/spi-builder-workspace/.derivedData/Build/Products/Debug-watchos -F /Applications/Xcode-27.0.0-Release.Candidate.app/Contents/Developer/Platforms/WatchOS.platform/Developer/Library/Frameworks -F /Applications/Xcode-27.0.0-Release.Candidate.app/Contents/Developer/Platforms/WatchOS.platform/Developer/SDKs/WatchOS27.0.sdk/Developer/Library/Frameworks -c -j10 -enable-batch-mode -incremental -Xcc -ivfsstatcache -Xcc /Users/admin/builder/spi-builder-workspace/.derivedData/SDKStatCaches.noindex/watchos27.0-24R360-e829b21a6f8c9b70876ba0858053c04477534ef55a1706bf4c1112bbb242f0a2.sdkstatcache -output-file-map /Users/admin/builder/spi-builder-workspace/.derivedData/Build/Intermediates.noindex/swift-json-schema.build/Debug-watchos/JSONSchema-t.build/Objects-normal/arm64_32/JSONSchema-OutputFileMap.json -save-temps -no-color-diagnostics -explicit-module-build -module-cache-path /Users/admin/builder/spi-builder-workspace/.derivedData/Build/Intermediates.noindex/SwiftExplicitPrecompiledModules -clang-scanner-module-cache-path /Users/admin/builder/spi-builder-workspace/.derivedData/ModuleCache.noindex -sdk-module-cache-path /Users/admin/builder/spi-builder-workspace/.derivedData/SDKExplicitPrecompiledModules -emit-dependencies -emit-module -emit-module-path /Users/admin/builder/spi-builder-workspace/.derivedData/Build/Intermediates.noindex/swift-json-schema.build/Debug-watchos/JSONSchema-t.build/Objects-normal/arm64_32/JSONSchema.swiftmodule -serialize-diagnostics -dependency-scan-serialize-diagnostics-path /Users/admin/builder/spi-builder-workspace/.derivedData/Build/Intermediates.noindex/swift-json-schema.build/Debug-watchos/JSONSchema-t.build/Objects-normal/arm64_32/JSONSchema-dependency-scan.dia -user-module-version 0.14.1 -validate-clang-modules-once -clang-build-session-file /Users/admin/builder/spi-builder-workspace/.derivedData/ModuleCache.noindex/Session.modulevalidation -Xcc -fmodules-prune-interval\=86400 -Xcc -fmodules-prune-after\=345600 -package-name swift_json_schema -emit-const-values -const-gather-protocols-list /Users/admin/builder/spi-builder-workspace/.derivedData/Build/Intermediates.noindex/swift-json-schema.build/Debug-watchos/JSONSchema-t.build/Objects-normal/arm64_32/JSONSchema_const_extract_protocols.json -Xcc -I/Users/admin/builder/spi-builder-workspace/.derivedData/Build/Products/Debug-watchos/include -Xcc -I/Users/admin/builder/spi-builder-workspace/.derivedData/Build/Intermediates.noindex/swift-json-schema.build/Debug-watchos/JSONSchema-t.build/DerivedSources-normal/arm64_32 -Xcc -I/Users/admin/builder/spi-builder-workspace/.derivedData/Build/Intermediates.noindex/swift-json-schema.build/Debug-watchos/JSONSchema-t.build/DerivedSources/arm64_32 -Xcc -I/Users/admin/builder/spi-builder-workspace/.derivedData/Build/Intermediates.noindex/swift-json-schema.build/Debug-watchos/JSONSchema-t.build/DerivedSources -Xcc -DSWIFT_PACKAGE -Xcc -DDEBUG\=1 -emit-objc-header -emit-objc-header-path /Users/admin/builder/spi-builder-workspace/.derivedData/Build/Intermediates.noindex/swift-json-schema.build/Debug-watchos/JSONSchema-t.build/Objects-normal/arm64_32/JSONSchema-Swift.h -working-directory /Users/admin/builder/spi-builder-workspace/.swiftpm/xcode -experimental-emit-module-separately -disable-cmo
SwiftDriver SwiftSyntax normal arm64 com.apple.xcode.tools.swift.compiler (in target 'SwiftSyntax' from project 'swift-syntax')
    cd /Users/admin/builder/spi-builder-workspace/.swiftpm/xcode
    builtin-SwiftDriver -- /Applications/Xcode-27.0.0-Release.Candidate.app/Contents/Developer/Toolchains/XcodeDefault.xctoolchain/usr/bin/swiftc -parse-as-library -module-name SwiftSyntax -Onone @/Users/admin/builder/spi-builder-workspace/.derivedData/Build/Intermediates.noindex/swift-syntax.build/Debug/SwiftSyntax-t.build/Objects-normal/arm64/SwiftSyntax.SwiftFileList -DSWIFT_PACKAGE -DDEBUG -DSWIFT_MODULE_RESOURCE_BUNDLE_UNAVAILABLE -Xcc -fmodule-map-file\=/Users/admin/builder/spi-builder-workspace/.dependencies/checkouts/swift-syntax/Sources/_SwiftSyntaxCShims/include/module.modulemap -DXcode -plugin-path /Applications/Xcode-27.0.0-Release.Candidate.app/Contents/Developer/Toolchains/XcodeDefault.xctoolchain/usr/lib/swift/host/plugins/testing -enable-experimental-feature DebugDescriptionMacro -sdk /Applications/Xcode-27.0.0-Release.Candidate.app/Contents/Developer/Platforms/MacOSX.platform/Developer/SDKs/MacOSX27.0.sdk -target arm64-apple-macos12.0 -g -module-cache-path /Users/admin/builder/spi-builder-workspace/.derivedData/ModuleCache.noindex -Xfrontend -serialize-debugging-options -profile-coverage-mapping -profile-generate -enable-testing -suppress-warnings -index-store-path /Users/admin/builder/spi-builder-workspace/.derivedData/Index.noindex/DataStore -Xcc -D_LIBCPP_HARDENING_MODE\=_LIBCPP_HARDENING_MODE_DEBUG -swift-version 6 -I /Users/admin/builder/spi-builder-workspace/.derivedData/Build/Products/Debug -Isystem /Applications/Xcode-27.0.0-Release.Candidate.app/Contents/Developer/Platforms/MacOSX.platform/Developer/usr/lib -F /Users/admin/builder/spi-builder-workspace/.derivedData/Build/Products/Debug/PackageFrameworks -F /Users/admin/builder/spi-builder-workspace/.derivedData/Build/Products/Debug -F /Applications/Xcode-27.0.0-Release.Candidate.app/Contents/Developer/Platforms/MacOSX.platform/Developer/Library/Frameworks -c -j10 -enable-batch-mode -incremental -Xcc -ivfsstatcache -Xcc /Users/admin/builder/spi-builder-workspace/.derivedData/SDKStatCaches.noindex/macosx27.0-26A425-e829b21a6f8c9b70876ba0858053c0446a22442a12e9d48fe1a705f55a1adfc4.sdkstatcache -output-file-map /Users/admin/builder/spi-builder-workspace/.derivedData/Build/Intermediates.noindex/swift-syntax.build/Debug/SwiftSyntax-t.build/Objects-normal/arm64/SwiftSyntax-OutputFileMap.json -save-temps -no-color-diagnostics -explicit-module-build -module-cache-path /Users/admin/builder/spi-builder-workspace/.derivedData/Build/Intermediates.noindex/SwiftExplicitPrecompiledModules -clang-scanner-module-cache-path /Users/admin/builder/spi-builder-workspace/.derivedData/ModuleCache.noindex -sdk-module-cache-path /Users/admin/builder/spi-builder-workspace/.derivedData/SDKExplicitPrecompiledModules -emit-dependencies -emit-module -emit-module-path /Users/admin/builder/spi-builder-workspace/.derivedData/Build/Intermediates.noindex/swift-syntax.build/Debug/SwiftSyntax-t.build/Objects-normal/arm64/SwiftSyntax.swiftmodule -serialize-diagnostics -dependency-scan-serialize-diagnostics-path /Users/admin/builder/spi-builder-workspace/.derivedData/Build/Intermediates.noindex/swift-syntax.build/Debug/SwiftSyntax-t.build/Objects-normal/arm64/SwiftSyntax-dependency-scan.dia -validate-clang-modules-once -clang-build-session-file /Users/admin/builder/spi-builder-workspace/.derivedData/ModuleCache.noindex/Session.modulevalidation -Xcc -fmodules-prune-interval\=86400 -Xcc -fmodules-prune-after\=345600 -package-name swift_syntax -emit-const-values -const-gather-protocols-list /Users/admin/builder/spi-builder-workspace/.derivedData/Build/Intermediates.noindex/swift-syntax.build/Debug/SwiftSyntax-t.build/Objects-normal/arm64/SwiftSyntax_const_extract_protocols.json -Xcc -I/Users/admin/builder/spi-builder-workspace/.dependencies/checkouts/swift-syntax/Sources/_SwiftSyntaxCShims/include -Xcc -I/Users/admin/builder/spi-builder-workspace/.derivedData/Build/Products/Debug/include -Xcc -I/Users/admin/builder/spi-builder-workspace/.derivedData/Build/Intermediates.noindex/swift-syntax.build/Debug/SwiftSyntax-t.build/DerivedSources-normal/arm64 -Xcc -I/Users/admin/builder/spi-builder-workspace/.derivedData/Build/Intermediates.noindex/swift-syntax.build/Debug/SwiftSyntax-t.build/DerivedSources/arm64 -Xcc -I/Users/admin/builder/spi-builder-workspace/.derivedData/Build/Intermediates.noindex/swift-syntax.build/Debug/SwiftSyntax-t.build/DerivedSources -Xcc -DSWIFT_PACKAGE -Xcc -DDEBUG\=1 -emit-objc-header -emit-objc-header-path /Users/admin/builder/spi-builder-workspace/.derivedData/Build/Intermediates.noindex/swift-syntax.build/Debug/SwiftSyntax-t.build/Objects-normal/arm64/SwiftSyntax-Swift.h -working-directory /Users/admin/builder/spi-builder-workspace/.swiftpm/xcode -experimental-emit-module-separately -disable-cmo
SwiftDriver SwiftIfConfig normal x86_64 com.apple.xcode.tools.swift.compiler (in target 'SwiftIfConfig' from project 'swift-syntax')
    cd /Users/admin/builder/spi-builder-workspace/.swiftpm/xcode
    builtin-SwiftDriver -- /Applications/Xcode-27.0.0-Release.Candidate.app/Contents/Developer/Toolchains/XcodeDefault.xctoolchain/usr/bin/swiftc -parse-as-library -module-name SwiftIfConfig -Onone @/Users/admin/builder/spi-builder-workspace/.derivedData/Build/Intermediates.noindex/swift-syntax.build/Debug/SwiftIfConfig-t.build/Objects-normal/x86_64/SwiftIfConfig.SwiftFileList -DSWIFT_PACKAGE -DDEBUG -DSWIFT_MODULE_RESOURCE_BUNDLE_UNAVAILABLE -Xcc -fmodule-map-file\=/Users/admin/builder/spi-builder-workspace/.dependencies/checkouts/swift-syntax/Sources/_SwiftSyntaxCShims/include/module.modulemap -DXcode -plugin-path /Applications/Xcode-27.0.0-Release.Candidate.app/Contents/Developer/Toolchains/XcodeDefault.xctoolchain/usr/lib/swift/host/plugins/testing -enable-experimental-feature DebugDescriptionMacro -sdk /Applications/Xcode-27.0.0-Release.Candidate.app/Contents/Developer/Platforms/MacOSX.platform/Developer/SDKs/MacOSX27.0.sdk -target x86_64-apple-macos12.0 -g -module-cache-path /Users/admin/builder/spi-builder-workspace/.derivedData/ModuleCache.noindex -Xfrontend -serialize-debugging-options -profile-coverage-mapping -profile-generate -enable-testing -suppress-warnings -index-store-path /Users/admin/builder/spi-builder-workspace/.derivedData/Index.noindex/DataStore -Xcc -D_LIBCPP_HARDENING_MODE\=_LIBCPP_HARDENING_MODE_DEBUG -swift-version 6 -I /Users/admin/builder/spi-builder-workspace/.derivedData/Build/Products/Debug -Isystem /Applications/Xcode-27.0.0-Release.Candidate.app/Contents/Developer/Platforms/MacOSX.platform/Developer/usr/lib -F /Users/admin/builder/spi-builder-workspace/.derivedData/Build/Products/Debug/PackageFrameworks -F /Users/admin/builder/spi-builder-workspace/.derivedData/Build/Products/Debug -F /Applications/Xcode-27.0.0-Release.Candidate.app/Contents/Developer/Platforms/MacOSX.platform/Developer/Library/Frameworks -c -j10 -enable-batch-mode -incremental -Xcc -ivfsstatcache -Xcc /Users/admin/builder/spi-builder-workspace/.derivedData/SDKStatCaches.noindex/macosx27.0-26A425-e829b21a6f8c9b70876ba0858053c0446a22442a12e9d48fe1a705f55a1adfc4.sdkstatcache -output-file-map /Users/admin/builder/spi-builder-workspace/.derivedData/Build/Intermediates.noindex/swift-syntax.build/Debug/SwiftIfConfig-t.build/Objects-normal/x86_64/SwiftIfConfig-OutputFileMap.json -save-temps -no-color-diagnostics -explicit-module-build -module-cache-path /Users/admin/builder/spi-builder-workspace/.derivedData/Build/Intermediates.noindex/SwiftExplicitPrecompiledModules -clang-scanner-module-cache-path /Users/admin/builder/spi-builder-workspace/.derivedData/ModuleCache.noindex -sdk-module-cache-path /Users/admin/builder/spi-builder-workspace/.derivedData/SDKExplicitPrecompiledModules -emit-dependencies -emit-module -emit-module-path /Users/admin/builder/spi-builder-workspace/.derivedData/Build/Intermediates.noindex/swift-syntax.build/Debug/SwiftIfConfig-t.build/Objects-normal/x86_64/SwiftIfConfig.swiftmodule -serialize-diagnostics -dependency-scan-serialize-diagnostics-path /Users/admin/builder/spi-builder-workspace/.derivedData/Build/Intermediates.noindex/swift-syntax.build/Debug/SwiftIfConfig-t.build/Objects-normal/x86_64/SwiftIfConfig-dependency-scan.dia -validate-clang-modules-once -clang-build-session-file /Users/admin/builder/spi-builder-workspace/.derivedData/ModuleCache.noindex/Session.modulevalidation -Xcc -fmodules-prune-interval\=86400 -Xcc -fmodules-prune-after\=345600 -package-name swift_syntax -emit-const-values -const-gather-protocols-list /Users/admin/builder/spi-builder-workspace/.derivedData/Build/Intermediates.noindex/swift-syntax.build/Debug/SwiftIfConfig-t.build/Objects-normal/x86_64/SwiftIfConfig_const_extract_protocols.json -Xcc -I/Users/admin/builder/spi-builder-workspace/.dependencies/checkouts/swift-syntax/Sources/_SwiftSyntaxCShims/include -Xcc -I/Users/admin/builder/spi-builder-workspace/.derivedData/Build/Products/Debug/include -Xcc -I/Users/admin/builder/spi-builder-workspace/.derivedData/Build/Intermediates.noindex/swift-syntax.build/Debug/SwiftIfConfig-t.build/DerivedSources-normal/x86_64 -Xcc -I/Users/admin/builder/spi-builder-workspace/.derivedData/Build/Intermediates.noindex/swift-syntax.build/Debug/SwiftIfConfig-t.build/DerivedSources/x86_64 -Xcc -I/Users/admin/builder/spi-builder-workspace/.derivedData/Build/Intermediates.noindex/swift-syntax.build/Debug/SwiftIfConfig-t.build/DerivedSources -Xcc -DSWIFT_PACKAGE -Xcc -DDEBUG\=1 -emit-objc-header -emit-objc-header-path /Users/admin/builder/spi-builder-workspace/.derivedData/Build/Intermediates.noindex/swift-syntax.build/Debug/SwiftIfConfig-t.build/Objects-normal/x86_64/SwiftIfConfig-Swift.h -working-directory /Users/admin/builder/spi-builder-workspace/.swiftpm/xcode -experimental-emit-module-separately -disable-cmo
SwiftDriver SwiftIfConfig normal arm64 com.apple.xcode.tools.swift.compiler (in target 'SwiftIfConfig' from project 'swift-syntax')
    cd /Users/admin/builder/spi-builder-workspace/.swiftpm/xcode
    builtin-SwiftDriver -- /Applications/Xcode-27.0.0-Release.Candidate.app/Contents/Developer/Toolchains/XcodeDefault.xctoolchain/usr/bin/swiftc -parse-as-library -module-name SwiftIfConfig -Onone @/Users/admin/builder/spi-builder-workspace/.derivedData/Build/Intermediates.noindex/swift-syntax.build/Debug/SwiftIfConfig-t.build/Objects-normal/arm64/SwiftIfConfig.SwiftFileList -DSWIFT_PACKAGE -DDEBUG -DSWIFT_MODULE_RESOURCE_BUNDLE_UNAVAILABLE -Xcc -fmodule-map-file\=/Users/admin/builder/spi-builder-workspace/.dependencies/checkouts/swift-syntax/Sources/_SwiftSyntaxCShims/include/module.modulemap -DXcode -plugin-path /Applications/Xcode-27.0.0-Release.Candidate.app/Contents/Developer/Toolchains/XcodeDefault.xctoolchain/usr/lib/swift/host/plugins/testing -enable-experimental-feature DebugDescriptionMacro -sdk /Applications/Xcode-27.0.0-Release.Candidate.app/Contents/Developer/Platforms/MacOSX.platform/Developer/SDKs/MacOSX27.0.sdk -target arm64-apple-macos12.0 -g -module-cache-path /Users/admin/builder/spi-builder-workspace/.derivedData/ModuleCache.noindex -Xfrontend -serialize-debugging-options -profile-coverage-mapping -profile-generate -enable-testing -suppress-warnings -index-store-path /Users/admin/builder/spi-builder-workspace/.derivedData/Index.noindex/DataStore -Xcc -D_LIBCPP_HARDENING_MODE\=_LIBCPP_HARDENING_MODE_DEBUG -swift-version 6 -I /Users/admin/builder/spi-builder-workspace/.derivedData/Build/Products/Debug -Isystem /Applications/Xcode-27.0.0-Release.Candidate.app/Contents/Developer/Platforms/MacOSX.platform/Developer/usr/lib -F /Users/admin/builder/spi-builder-workspace/.derivedData/Build/Products/Debug/PackageFrameworks -F /Users/admin/builder/spi-builder-workspace/.derivedData/Build/Products/Debug -F /Applications/Xcode-27.0.0-Release.Candidate.app/Contents/Developer/Platforms/MacOSX.platform/Developer/Library/Frameworks -c -j10 -enable-batch-mode -incremental -Xcc -ivfsstatcache -Xcc /Users/admin/builder/spi-builder-workspace/.derivedData/SDKStatCaches.noindex/macosx27.0-26A425-e829b21a6f8c9b70876ba0858053c0446a22442a12e9d48fe1a705f55a1adfc4.sdkstatcache -output-file-map /Users/admin/builder/spi-builder-workspace/.derivedData/Build/Intermediates.noindex/swift-syntax.build/Debug/SwiftIfConfig-t.build/Objects-normal/arm64/SwiftIfConfig-OutputFileMap.json -save-temps -no-color-diagnostics -explicit-module-build -module-cache-path /Users/admin/builder/spi-builder-workspace/.derivedData/Build/Intermediates.noindex/SwiftExplicitPrecompiledModules -clang-scanner-module-cache-path /Users/admin/builder/spi-builder-workspace/.derivedData/ModuleCache.noindex -sdk-module-cache-path /Users/admin/builder/spi-builder-workspace/.derivedData/SDKExplicitPrecompiledModules -emit-dependencies -emit-module -emit-module-path /Users/admin/builder/spi-builder-workspace/.derivedData/Build/Intermediates.noindex/swift-syntax.build/Debug/SwiftIfConfig-t.build/Objects-normal/arm64/SwiftIfConfig.swiftmodule -serialize-diagnostics -dependency-scan-serialize-diagnostics-path /Users/admin/builder/spi-builder-workspace/.derivedData/Build/Intermediates.noindex/swift-syntax.build/Debug/SwiftIfConfig-t.build/Objects-normal/arm64/SwiftIfConfig-dependency-scan.dia -validate-clang-modules-once -clang-build-session-file /Users/admin/builder/spi-builder-workspace/.derivedData/ModuleCache.noindex/Session.modulevalidation -Xcc -fmodules-prune-interval\=86400 -Xcc -fmodules-prune-after\=345600 -package-name swift_syntax -emit-const-values -const-gather-protocols-list /Users/admin/builder/spi-builder-workspace/.derivedData/Build/Intermediates.noindex/swift-syntax.build/Debug/SwiftIfConfig-t.build/Objects-normal/arm64/SwiftIfConfig_const_extract_protocols.json -Xcc -I/Users/admin/builder/spi-builder-workspace/.dependencies/checkouts/swift-syntax/Sources/_SwiftSyntaxCShims/include -Xcc -I/Users/admin/builder/spi-builder-workspace/.derivedData/Build/Products/Debug/include -Xcc -I/Users/admin/builder/spi-builder-workspace/.derivedData/Build/Intermediates.noindex/swift-syntax.build/Debug/SwiftIfConfig-t.build/DerivedSources-normal/arm64 -Xcc -I/Users/admin/builder/spi-builder-workspace/.derivedData/Build/Intermediates.noindex/swift-syntax.build/Debug/SwiftIfConfig-t.build/DerivedSources/arm64 -Xcc -I/Users/admin/builder/spi-builder-workspace/.derivedData/Build/Intermediates.noindex/swift-syntax.build/Debug/SwiftIfConfig-t.build/DerivedSources -Xcc -DSWIFT_PACKAGE -Xcc -DDEBUG\=1 -emit-objc-header -emit-objc-header-path /Users/admin/builder/spi-builder-workspace/.derivedData/Build/Intermediates.noindex/swift-syntax.build/Debug/SwiftIfConfig-t.build/Objects-normal/arm64/SwiftIfConfig-Swift.h -working-directory /Users/admin/builder/spi-builder-workspace/.swiftpm/xcode -experimental-emit-module-separately -disable-cmo
Ld /Users/admin/builder/spi-builder-workspace/.derivedData/Build/Intermediates.noindex/swift-openapi-runtime.build/Debug-watchos/OpenAPIRuntime-t.build/Objects-normal/arm64_32/Binary/OpenAPIRuntime.o normal arm64_32 (in target 'OpenAPIRuntime' from project 'swift-openapi-runtime')
    cd /Users/admin/builder/spi-builder-workspace/.dependencies/checkouts/swift-openapi-runtime
    /Applications/Xcode-27.0.0-Release.Candidate.app/Contents/Developer/Toolchains/XcodeDefault.xctoolchain/usr/bin/clang -Xlinker -reproducible -target arm64_32-apple-watchos9.0 -r -isysroot /Applications/Xcode-27.0.0-Release.Candidate.app/Contents/Developer/Platforms/WatchOS.platform/Developer/SDKs/WatchOS27.0.sdk -O0 -w -Xlinker -no_warn_duplicate_libraries -F/Users/admin/builder/spi-builder-workspace/.derivedData/Build/Intermediates.noindex/EagerLinkingTBDs/Debug-watchos -F/Users/admin/builder/spi-builder-workspace/.derivedData/Build/Products/Debug-watchos/PackageFrameworks -F/Users/admin/builder/spi-builder-workspace/.derivedData/Build/Products/Debug-watchos -iframework /Applications/Xcode-27.0.0-Release.Candidate.app/Contents/Developer/Platforms/WatchOS.platform/Developer/Library/Frameworks -iframework /Applications/Xcode-27.0.0-Release.Candidate.app/Contents/Developer/Platforms/WatchOS.platform/Developer/SDKs/WatchOS27.0.sdk/Developer/Library/Frameworks -filelist /Users/admin/builder/spi-builder-workspace/.derivedData/Build/Intermediates.noindex/swift-openapi-runtime.build/Debug-watchos/OpenAPIRuntime-t.build/Objects-normal/arm64_32/OpenAPIRuntime.LinkFileList -nostdlib -Xlinker -object_path_lto -Xlinker /Users/admin/builder/spi-builder-workspace/.derivedData/Build/Intermediates.noindex/swift-openapi-runtime.build/Debug-watchos/OpenAPIRuntime-t.build/Objects-normal/arm64_32/OpenAPIRuntime_lto.o -Xlinker -no_deduplicate -Xlinker -debug_variant -Xlinker -dependency_info -Xlinker /Users/admin/builder/spi-builder-workspace/.derivedData/Build/Intermediates.noindex/swift-openapi-runtime.build/Debug-watchos/OpenAPIRuntime-t.build/Objects-normal/arm64_32/OpenAPIRuntime_dependency_info.dat -fobjc-link-runtime -L/Applications/Xcode-27.0.0-Release.Candidate.app/Contents/Developer/Toolchains/XcodeDefault.xctoolchain/usr/lib/swift/watchos -L/usr/lib/swift -Xlinker -add_ast_path -Xlinker /Users/admin/builder/spi-builder-workspace/.derivedData/Build/Intermediates.noindex/swift-openapi-runtime.build/Debug-watchos/OpenAPIRuntime-t.build/Objects-normal/arm64_32/OpenAPIRuntime.swiftmodule -o /Users/admin/builder/spi-builder-workspace/.derivedData/Build/Intermediates.noindex/swift-openapi-runtime.build/Debug-watchos/OpenAPIRuntime-t.build/Objects-normal/arm64_32/Binary/OpenAPIRuntime.o
Ld /Users/admin/builder/spi-builder-workspace/.derivedData/Build/Intermediates.noindex/swift-openapi-runtime.build/Debug-watchos/OpenAPIRuntime-t.build/Objects-normal/arm64/Binary/OpenAPIRuntime.o normal arm64 (in target 'OpenAPIRuntime' from project 'swift-openapi-runtime')
    cd /Users/admin/builder/spi-builder-workspace/.dependencies/checkouts/swift-openapi-runtime
    /Applications/Xcode-27.0.0-Release.Candidate.app/Contents/Developer/Toolchains/XcodeDefault.xctoolchain/usr/bin/clang -Xlinker -reproducible -target arm64-apple-watchos9.0 -r -isysroot /Applications/Xcode-27.0.0-Release.Candidate.app/Contents/Developer/Platforms/WatchOS.platform/Developer/SDKs/WatchOS27.0.sdk -O0 -w -Xlinker -no_warn_duplicate_libraries -F/Users/admin/builder/spi-builder-workspace/.derivedData/Build/Intermediates.noindex/EagerLinkingTBDs/Debug-watchos -F/Users/admin/builder/spi-builder-workspace/.derivedData/Build/Products/Debug-watchos/PackageFrameworks -F/Users/admin/builder/spi-builder-workspace/.derivedData/Build/Products/Debug-watchos -iframework /Applications/Xcode-27.0.0-Release.Candidate.app/Contents/Developer/Platforms/WatchOS.platform/Developer/Library/Frameworks -iframework /Applications/Xcode-27.0.0-Release.Candidate.app/Contents/Developer/Platforms/WatchOS.platform/Developer/SDKs/WatchOS27.0.sdk/Developer/Library/Frameworks -filelist /Users/admin/builder/spi-builder-workspace/.derivedData/Build/Intermediates.noindex/swift-openapi-runtime.build/Debug-watchos/OpenAPIRuntime-t.build/Objects-normal/arm64/OpenAPIRuntime.LinkFileList -nostdlib -Xlinker -object_path_lto -Xlinker /Users/admin/builder/spi-builder-workspace/.derivedData/Build/Intermediates.noindex/swift-openapi-runtime.build/Debug-watchos/OpenAPIRuntime-t.build/Objects-normal/arm64/OpenAPIRuntime_lto.o -Xlinker -no_deduplicate -Xlinker -debug_variant -Xlinker -dependency_info -Xlinker /Users/admin/builder/spi-builder-workspace/.derivedData/Build/Intermediates.noindex/swift-openapi-runtime.build/Debug-watchos/OpenAPIRuntime-t.build/Objects-normal/arm64/OpenAPIRuntime_dependency_info.dat -fobjc-link-runtime -L/Applications/Xcode-27.0.0-Release.Candidate.app/Contents/Developer/Toolchains/XcodeDefault.xctoolchain/usr/lib/swift/watchos -L/usr/lib/swift -Xlinker -add_ast_path -Xlinker /Users/admin/builder/spi-builder-workspace/.derivedData/Build/Intermediates.noindex/swift-openapi-runtime.build/Debug-watchos/OpenAPIRuntime-t.build/Objects-normal/arm64/OpenAPIRuntime.swiftmodule -o /Users/admin/builder/spi-builder-workspace/.derivedData/Build/Intermediates.noindex/swift-openapi-runtime.build/Debug-watchos/OpenAPIRuntime-t.build/Objects-normal/arm64/Binary/OpenAPIRuntime.o
CreateUniversalBinary /Users/admin/builder/spi-builder-workspace/.derivedData/Build/Products/Debug-watchos/OpenAPIRuntime.o normal arm64\ arm64_32 (in target 'OpenAPIRuntime' from project 'swift-openapi-runtime')
    cd /Users/admin/builder/spi-builder-workspace/.dependencies/checkouts/swift-openapi-runtime
    /Applications/Xcode-27.0.0-Release.Candidate.app/Contents/Developer/Toolchains/XcodeDefault.xctoolchain/usr/bin/lipo -create /Users/admin/builder/spi-builder-workspace/.derivedData/Build/Intermediates.noindex/swift-openapi-runtime.build/Debug-watchos/OpenAPIRuntime-t.build/Objects-normal/arm64/Binary/OpenAPIRuntime.o /Users/admin/builder/spi-builder-workspace/.derivedData/Build/Intermediates.noindex/swift-openapi-runtime.build/Debug-watchos/OpenAPIRuntime-t.build/Objects-normal/arm64_32/Binary/OpenAPIRuntime.o -output /Users/admin/builder/spi-builder-workspace/.derivedData/Build/Products/Debug-watchos/OpenAPIRuntime.o
ExtractAppIntentsMetadata (in target 'OpenAPIRuntime' from project 'swift-openapi-runtime')
    cd /Users/admin/builder/spi-builder-workspace/.dependencies/checkouts/swift-openapi-runtime
    /Applications/Xcode-27.0.0-Release.Candidate.app/Contents/Developer/Toolchains/XcodeDefault.xctoolchain/usr/bin/appintentsmetadataprocessor --toolchain-dir /var/run/com.apple.security.cryptexd/mnt/com.apple.MobileAsset.MetalToolchain-v27.1.266.1.qmUcJw/Metal.xctoolchain --module-name OpenAPIRuntime --sdk-root /Applications/Xcode-27.0.0-Release.Candidate.app/Contents/Developer/Platforms/WatchOS.platform/Developer/SDKs/WatchOS27.0.sdk --xcode-version 27A266a --platform-family watchOS --deployment-target 9.0 --bundle-identifier swift-openapi-runtime.OpenAPIRuntime --output /Users/admin/builder/spi-builder-workspace/.derivedData/Build/Products/Debug-watchos/OpenAPIRuntime.appintents --target-triple arm64-apple-watchos9.0 --target-triple arm64_32-apple-watchos9.0 --binary-file /Users/admin/builder/spi-builder-workspace/.derivedData/Build/Products/Debug-watchos/OpenAPIRuntime.o --dependency-file /Users/admin/builder/spi-builder-workspace/.derivedData/Build/Intermediates.noindex/swift-openapi-runtime.build/Debug-watchos/OpenAPIRuntime-t.build/Objects-normal/arm64/OpenAPIRuntime_dependency_info.dat --dependency-file /Users/admin/builder/spi-builder-workspace/.derivedData/Build/Intermediates.noindex/swift-openapi-runtime.build/Debug-watchos/OpenAPIRuntime-t.build/Objects-normal/arm64_32/OpenAPIRuntime_dependency_info.dat --stringsdata-file /Users/admin/builder/spi-builder-workspace/.derivedData/Build/Intermediates.noindex/swift-openapi-runtime.build/Debug-watchos/OpenAPIRuntime-t.build/Objects-normal/arm64/ExtractedAppShortcutsMetadata.stringsdata --stringsdata-file /Users/admin/builder/spi-builder-workspace/.derivedData/Build/Intermediates.noindex/swift-openapi-runtime.build/Debug-watchos/OpenAPIRuntime-t.build/Objects-normal/arm64_32/ExtractedAppShortcutsMetadata.stringsdata --source-file-list /Users/admin/builder/spi-builder-workspace/.derivedData/Build/Intermediates.noindex/swift-openapi-runtime.build/Debug-watchos/OpenAPIRuntime-t.build/Objects-normal/arm64/OpenAPIRuntime.SwiftFileList --source-file-list /Users/admin/builder/spi-builder-workspace/.derivedData/Build/Intermediates.noindex/swift-openapi-runtime.build/Debug-watchos/OpenAPIRuntime-t.build/Objects-normal/arm64_32/OpenAPIRuntime.SwiftFileList --metadata-file-list /Users/admin/builder/spi-builder-workspace/.derivedData/Build/Intermediates.noindex/swift-openapi-runtime.build/Debug-watchos/OpenAPIRuntime-t.build/OpenAPIRuntime.DependencyMetadataFileList --static-metadata-file-list /Users/admin/builder/spi-builder-workspace/.derivedData/Build/Intermediates.noindex/swift-openapi-runtime.build/Debug-watchos/OpenAPIRuntime-t.build/OpenAPIRuntime.DependencyStaticMetadataFileList --swift-const-vals-list /Users/admin/builder/spi-builder-workspace/.derivedData/Build/Intermediates.noindex/swift-openapi-runtime.build/Debug-watchos/OpenAPIRuntime-t.build/Objects-normal/arm64/OpenAPIRuntime.SwiftConstValuesFileList --swift-const-vals-list /Users/admin/builder/spi-builder-workspace/.derivedData/Build/Intermediates.noindex/swift-openapi-runtime.build/Debug-watchos/OpenAPIRuntime-t.build/Objects-normal/arm64_32/OpenAPIRuntime.SwiftConstValuesFileList --force --compile-time-extraction --deployment-aware-processing --no-app-shortcuts-localization
2026-09-22 07:24:26.381 appintentsmetadataprocessor[2073:11447] Starting appintentsmetadataprocessor export
2026-09-22 07:24:26.541 appintentsmetadataprocessor[2073:11447] Extracted no relevant App Intents symbols, skipping writing output
SwiftEmitModule normal arm64 Emitting\ module\ for\ OpenAIFoundation (in target 'OpenAIFoundation' from project 'swift-openai')
SwiftCompile normal arm64 (in target 'OpenAIFoundation' from project 'swift-openai')
    cd /Users/admin/builder/spi-builder-workspace/.swiftpm/xcode

SwiftCompile normal arm64 Compiling\ Types.swift /Users/admin/builder/spi-builder-workspace/Sources/OpenAIFoundation/Generated/Types.swift (in target 'OpenAIFoundation' from project 'swift-openai')
SwiftCompile normal arm64 /Users/admin/builder/spi-builder-workspace/Sources/OpenAIFoundation/Generated/Types.swift (in target 'OpenAIFoundation' from project 'swift-openai')
    cd /Users/admin/builder/spi-builder-workspace/.swiftpm/xcode
    builtin-SwiftPerFileCompile Types.swift
SwiftCompile normal arm64 Compiling\ Client.swift /Users/admin/builder/spi-builder-workspace/Sources/OpenAIFoundation/Generated/Client.swift (in target 'OpenAIFoundation' from project 'swift-openai')
SwiftCompile normal arm64 /Users/admin/builder/spi-builder-workspace/Sources/OpenAIFoundation/Generated/Client.swift (in target 'OpenAIFoundation' from project 'swift-openai')
    cd /Users/admin/builder/spi-builder-workspace/.swiftpm/xcode
    builtin-SwiftPerFileCompile Client.swift
SwiftEmitModule normal arm64_32 Emitting\ module\ for\ OpenAIFoundation (in target 'OpenAIFoundation' from project 'swift-openai')
SwiftCompile normal arm64_32 (in target 'OpenAIFoundation' from project 'swift-openai')
    cd /Users/admin/builder/spi-builder-workspace/.swiftpm/xcode

SwiftCompile normal arm64_32 Compiling\ Types.swift /Users/admin/builder/spi-builder-workspace/Sources/OpenAIFoundation/Generated/Types.swift (in target 'OpenAIFoundation' from project 'swift-openai')
SwiftCompile normal arm64_32 /Users/admin/builder/spi-builder-workspace/Sources/OpenAIFoundation/Generated/Types.swift (in target 'OpenAIFoundation' from project 'swift-openai')
    cd /Users/admin/builder/spi-builder-workspace/.swiftpm/xcode
    builtin-SwiftPerFileCompile Types.swift
SwiftEmitModule normal x86_64 Emitting\ module\ for\ SwiftIfConfig (in target 'SwiftIfConfig' from project 'swift-syntax')
SwiftCompile normal x86_64 (in target 'SwiftIfConfig' from project 'swift-syntax')
    cd /Users/admin/builder/spi-builder-workspace/.swiftpm/xcode

SwiftEmitModule normal arm64 Emitting\ module\ for\ SwiftIfConfig (in target 'SwiftIfConfig' from project 'swift-syntax')
SwiftCompile normal arm64 (in target 'SwiftIfConfig' from project 'swift-syntax')
    cd /Users/admin/builder/spi-builder-workspace/.swiftpm/xcode

SwiftEmitModule normal arm64 Emitting\ module\ for\ OpenAICore (in target 'OpenAICore' from project 'swift-openai')
/Users/admin/builder/spi-builder-workspace/Sources/OpenAICore/OpenAI+Responses.swift:108:58: error: 'Failure' is only available in watchOS 11.0 or newer
  2 | import OpenAPIRuntime
  3 |
  4 | extension OpenAI {
    | `- note: add '@available' attribute to enclosing extension
  5 |   // MARK: - Create Response
  6 |
    :
 87 |
 88 |   @available(macOS 15.0, *)
 89 |   public func streamCreateResponse(
    |               `- note: add '@available' attribute to enclosing instance method
 90 |     input: InputPayload,
 91 |     model: Model,
    :
106 |     truncation: Truncation? = nil,
107 |     user: String? = nil
108 |   ) async throws -> any AsyncSequence<StreamingResponse, any Error> {
    |                                                          `- error: 'Failure' is only available in watchOS 11.0 or newer
109 |     let requestData = CreateResponse(
110 |       modelProperties: CreateModelResponseProperties(
/Users/admin/builder/spi-builder-workspace/Sources/OpenAICore/OpenAI+Responses.swift:141:45: error: 'Failure' is only available in watchOS 11.0 or newer
  2 | import OpenAPIRuntime
  3 |
  4 | extension OpenAI {
    | `- note: add '@available' attribute to enclosing extension
  5 |   // MARK: - Create Response
  6 |
    :
138 |
139 |   @available(macOS 15.0, *)
140 |   public func streamCreateResponse(_ requestData: CreateResponse) async throws
    |               `- note: add '@available' attribute to enclosing instance method
141 |     -> any AsyncSequence<StreamingResponse, any Error>
    |                                             `- error: 'Failure' is only available in watchOS 11.0 or newer
142 |   {
143 |     let input = Operations.CreateResponse.Input(
Failed frontend command:
/Applications/Xcode-27.0.0-Release.Candidate.app/Contents/Developer/Toolchains/XcodeDefault.xctoolchain/usr/bin/swift-frontend -frontend -emit-module -experimental-skip-non-inlinable-function-bodies-without-types /Users/admin/builder/spi-builder-workspace/Sources/OpenAICore/Images/CreateImageEditRequest.swift /Users/admin/builder/spi-builder-workspace/Sources/OpenAICore/Images/CreateImageRequest.swift /Users/admin/builder/spi-builder-workspace/Sources/OpenAICore/Images/ImagesResponse.swift /Users/admin/builder/spi-builder-workspace/Sources/OpenAICore/Middleware/AuthenticationMiddleware.swift /Users/admin/builder/spi-builder-workspace/Sources/OpenAICore/Middleware/LoggingMiddleware.swift /Users/admin/builder/spi-builder-workspace/Sources/OpenAICore/Model.swift /Users/admin/builder/spi-builder-workspace/Sources/OpenAICore/OpenAI+Images.swift /Users/admin/builder/spi-builder-workspace/Sources/OpenAICore/OpenAI+Responses.swift /Users/admin/builder/spi-builder-workspace/Sources/OpenAICore/OpenAI.swift /Users/admin/builder/spi-builder-workspace/Sources/OpenAICore/Responses/CreateModelResponse.swift /Users/admin/builder/spi-builder-workspace/Sources/OpenAICore/Responses/ListInputItemsResponse.swift /Users/admin/builder/spi-builder-workspace/Sources/OpenAICore/Responses/Messages/InputItem.swift /Users/admin/builder/spi-builder-workspace/Sources/OpenAICore/Responses/Messages/InputMessage.swift /Users/admin/builder/spi-builder-workspace/Sources/OpenAICore/Responses/Messages/InputPayload.swift /Users/admin/builder/spi-builder-workspace/Sources/OpenAICore/Responses/Messages/OutputItem.swift /Users/admin/builder/spi-builder-workspace/Sources/OpenAICore/Responses/Messages/OutputMessage.swift /Users/admin/builder/spi-builder-workspace/Sources/OpenAICore/Responses/Reasoning.swift /Users/admin/builder/spi-builder-workspace/Sources/OpenAICore/Responses/Response.swift /Users/admin/builder/spi-builder-workspace/Sources/OpenAICore/Responses/ServiceTier.swift /Users/admin/builder/spi-builder-workspace/Sources/OpenAICore/Responses/StreamingResponse.swift /Users/admin/builder/spi-builder-workspace/Sources/OpenAICore/Responses/Tools/FunctionTool.swift /Users/admin/builder/spi-builder-workspace/Sources/OpenAICore/Responses/Tools/ImageGenTool.swift /Users/admin/builder/spi-builder-workspace/Sources/OpenAICore/Responses/Tools/Tool.swift /Users/admin/builder/spi-builder-workspace/Sources/OpenAICore/Responses/Truncation.swift /Users/admin/builder/spi-builder-workspace/Sources/OpenAICore/Responses/Usage.swift -target arm64-apple-watchos9.0 -disable-cross-import-overlay-search -load-resolved-plugin /Applications/Xcode-27.0.0-Release.Candidate.app/Contents/Developer/Platforms/WatchOS.platform/Developer/usr/lib/swift/host/plugins/libFoundationMacros.dylib\#/Applications/Xcode-27.0.0-Release.Candidate.app/Contents/Developer/Platforms/WatchOS.platform/Developer/usr/bin/swift-plugin-server\#FoundationMacros -load-resolved-plugin /Applications/Xcode-27.0.0-Release.Candidate.app/Contents/Developer/Platforms/WatchOS.platform/Developer/usr/lib/swift/host/plugins/libObservationMacros.dylib\#/Applications/Xcode-27.0.0-Release.Candidate.app/Contents/Developer/Platforms/WatchOS.platform/Developer/usr/bin/swift-plugin-server\#ObservationMacros -load-resolved-plugin /Applications/Xcode-27.0.0-Release.Candidate.app/Contents/Developer/Platforms/WatchOS.platform/Developer/usr/lib/swift/host/plugins/libSwiftMacros.dylib\#/Applications/Xcode-27.0.0-Release.Candidate.app/Contents/Developer/Platforms/WatchOS.platform/Developer/usr/bin/swift-plugin-server\#SwiftMacros -disable-implicit-swift-modules -Xcc -fno-implicit-modules -Xcc -fno-implicit-module-maps -explicit-swift-module-map-file /Users/admin/builder/spi-builder-workspace/.derivedData/Build/Intermediates.noindex/swift-openai.build/Debug-watchos/OpenAICore-t.build/Objects-normal/arm64/OpenAICore-dependencies-2.json -Xllvm -aarch64-use-tbi -enable-objc-interop -stack-check -sdk /Applications/Xcode-27.0.0-Release.Candidate.app/Contents/Developer/Platforms/WatchOS.platform/Developer/SDKs/WatchOS27.0.sdk -I /Users/admin/builder/spi-builder-workspace/.derivedData/Build/Products/Debug-watchos -Isystem /Applications/Xcode-27.0.0-Release.Candidate.app/Contents/Developer/Platforms/WatchOS.platform/Developer/usr/lib -F /Users/admin/builder/spi-builder-workspace/.derivedData/Build/Products/Debug-watchos/PackageFrameworks -F /Users/admin/builder/spi-builder-workspace/.derivedData/Build/Products/Debug-watchos -F /Applications/Xcode-27.0.0-Release.Candidate.app/Contents/Developer/Platforms/WatchOS.platform/Developer/Library/Frameworks -F /Applications/Xcode-27.0.0-Release.Candidate.app/Contents/Developer/Platforms/WatchOS.platform/Developer/SDKs/WatchOS27.0.sdk/Developer/Library/Frameworks -module-cache-path /Users/admin/builder/spi-builder-workspace/.derivedData/Build/Intermediates.noindex/SwiftExplicitPrecompiledModules -no-color-diagnostics -Xcc -fno-color-diagnostics -enable-testing -g -debug-info-format\=dwarf -dwarf-version\=4 -profile-generate -profile-coverage-mapping -swift-version 5 -Onone -D SWIFT_PACKAGE -D DEBUG -D SWIFT_MODULE_RESOURCE_BUNDLE_UNAVAILABLE -D Xcode -serialize-debugging-options -enable-experimental-feature DebugDescriptionMacro -empty-abi-descriptor -validate-clang-modules-once -clang-build-session-file /Users/admin/builder/spi-builder-workspace/.derivedData/ModuleCache.noindex/Session.modulevalidation -Xcc -working-directory -Xcc /Users/admin/builder/spi-builder-workspace/.swiftpm/xcode -enable-anonymous-context-mangled-names -file-compilation-dir /Users/admin/builder/spi-builder-workspace/.swiftpm/xcode -Xcc -D_LIBCPP_HARDENING_MODE\=_LIBCPP_HARDENING_MODE_DEBUG -Xcc -ivfsstatcache -Xcc /Users/admin/builder/spi-builder-workspace/.derivedData/SDKStatCaches.noindex/watchos27.0-24R360-e829b21a6f8c9b70876ba0858053c04477534ef55a1706bf4c1112bbb242f0a2.sdkstatcache -Xcc -fmodules-prune-interval\=86400 -Xcc -fmodules-prune-after\=345600 -Xcc -I/Users/admin/builder/spi-builder-workspace/.derivedData/Build/Products/Debug-watchos/include -Xcc -I/Users/admin/builder/spi-builder-workspace/.derivedData/Build/Intermediates.noindex/swift-openai.build/Debug-watchos/OpenAICore-t.build/DerivedSources-normal/arm64 -Xcc -I/Users/admin/builder/spi-builder-workspace/.derivedData/Build/Intermediates.noindex/swift-openai.build/Debug-watchos/OpenAICore-t.build/DerivedSources/arm64 -Xcc -I/Users/admin/builder/spi-builder-workspace/.derivedData/Build/Intermediates.noindex/swift-openai.build/Debug-watchos/OpenAICore-t.build/DerivedSources -Xcc -DSWIFT_PACKAGE -Xcc -DDEBUG\=1 -no-auto-bridging-header-chaining -module-name OpenAICore -package-name spi_builder_workspace -const-gather-protocols-file /Users/admin/builder/spi-builder-workspace/.derivedData/Build/Intermediates.noindex/swift-openai.build/Debug-watchos/OpenAICore-t.build/Objects-normal/arm64/OpenAICore_const_extract_protocols.json -disable-clang-spi -clang-target arm64-apple-watchos27.0 -target-sdk-version 27.0 -target-sdk-name watchos27.0 -in-process-plugin-server-path /Applications/Xcode-27.0.0-Release.Candidate.app/Contents/Developer/Toolchains/XcodeDefault.xctoolchain/usr/lib/swift/host/libSwiftInProcPluginServer.dylib -emit-module-doc-path /Users/admin/builder/spi-builder-workspace/.derivedData/Build/Intermediates.noindex/swift-openai.build/Debug-watchos/OpenAICore-t.build/Objects-normal/arm64/OpenAICore.swiftdoc -emit-module-source-info-path /Users/admin/builder/spi-builder-workspace/.derivedData/Build/Intermediates.noindex/swift-openai.build/Debug-watchos/OpenAICore-t.build/Objects-normal/arm64/OpenAICore.swiftsourceinfo -emit-objc-header-path /Users/admin/builder/spi-builder-workspace/.derivedData/Build/Intermediates.noindex/swift-openai.build/Debug-watchos/OpenAICore-t.build/Objects-normal/arm64/OpenAICore-Swift.h -serialize-diagnostics-path /Users/admin/builder/spi-builder-workspace/.derivedData/Build/Intermediates.noindex/swift-openai.build/Debug-watchos/OpenAICore-t.build/Objects-normal/arm64/OpenAICore-primary-emit-module.dia -emit-dependencies-path /Users/admin/builder/spi-builder-workspace/.derivedData/Build/Intermediates.noindex/swift-openai.build/Debug-watchos/OpenAICore-t.build/Objects-normal/arm64/OpenAICore-primary-emit-module.d -parse-as-library -o /Users/admin/builder/spi-builder-workspace/.derivedData/Build/Intermediates.noindex/swift-openai.build/Debug-watchos/OpenAICore-t.build/Objects-normal/arm64/OpenAICore.swiftmodule -emit-abi-descriptor-path /Users/admin/builder/spi-builder-workspace/.derivedData/Build/Intermediates.noindex/swift-openai.build/Debug-watchos/OpenAICore-t.build/Objects-normal/arm64/OpenAICore.abi.json
SwiftCompile normal arm64 (in target 'OpenAICore' from project 'swift-openai')
    cd /Users/admin/builder/spi-builder-workspace/.swiftpm/xcode

SwiftEmitModule normal arm64_32 Emitting\ module\ for\ OpenAICore (in target 'OpenAICore' from project 'swift-openai')
/Users/admin/builder/spi-builder-workspace/Sources/OpenAICore/OpenAI+Responses.swift:108:58: error: 'Failure' is only available in watchOS 11.0 or newer
  2 | import OpenAPIRuntime
  3 |
  4 | extension OpenAI {
    | `- note: add '@available' attribute to enclosing extension
  5 |   // MARK: - Create Response
  6 |
    :
 87 |
 88 |   @available(macOS 15.0, *)
 89 |   public func streamCreateResponse(
    |               `- note: add '@available' attribute to enclosing instance method
 90 |     input: InputPayload,
 91 |     model: Model,
    :
106 |     truncation: Truncation? = nil,
107 |     user: String? = nil
108 |   ) async throws -> any AsyncSequence<StreamingResponse, any Error> {
    |                                                          `- error: 'Failure' is only available in watchOS 11.0 or newer
109 |     let requestData = CreateResponse(
110 |       modelProperties: CreateModelResponseProperties(
/Users/admin/builder/spi-builder-workspace/Sources/OpenAICore/OpenAI+Responses.swift:141:45: error: 'Failure' is only available in watchOS 11.0 or newer
  2 | import OpenAPIRuntime
  3 |
  4 | extension OpenAI {
    | `- note: add '@available' attribute to enclosing extension
  5 |   // MARK: - Create Response
  6 |
    :
138 |
139 |   @available(macOS 15.0, *)
140 |   public func streamCreateResponse(_ requestData: CreateResponse) async throws
    |               `- note: add '@available' attribute to enclosing instance method
141 |     -> any AsyncSequence<StreamingResponse, any Error>
    |                                             `- error: 'Failure' is only available in watchOS 11.0 or newer
142 |   {
143 |     let input = Operations.CreateResponse.Input(
Failed frontend command:
/Applications/Xcode-27.0.0-Release.Candidate.app/Contents/Developer/Toolchains/XcodeDefault.xctoolchain/usr/bin/swift-frontend -frontend -emit-module -experimental-skip-non-inlinable-function-bodies-without-types /Users/admin/builder/spi-builder-workspace/Sources/OpenAICore/Images/CreateImageEditRequest.swift /Users/admin/builder/spi-builder-workspace/Sources/OpenAICore/Images/CreateImageRequest.swift /Users/admin/builder/spi-builder-workspace/Sources/OpenAICore/Images/ImagesResponse.swift /Users/admin/builder/spi-builder-workspace/Sources/OpenAICore/Middleware/AuthenticationMiddleware.swift /Users/admin/builder/spi-builder-workspace/Sources/OpenAICore/Middleware/LoggingMiddleware.swift /Users/admin/builder/spi-builder-workspace/Sources/OpenAICore/Model.swift /Users/admin/builder/spi-builder-workspace/Sources/OpenAICore/OpenAI+Images.swift /Users/admin/builder/spi-builder-workspace/Sources/OpenAICore/OpenAI+Responses.swift /Users/admin/builder/spi-builder-workspace/Sources/OpenAICore/OpenAI.swift /Users/admin/builder/spi-builder-workspace/Sources/OpenAICore/Responses/CreateModelResponse.swift /Users/admin/builder/spi-builder-workspace/Sources/OpenAICore/Responses/ListInputItemsResponse.swift /Users/admin/builder/spi-builder-workspace/Sources/OpenAICore/Responses/Messages/InputItem.swift /Users/admin/builder/spi-builder-workspace/Sources/OpenAICore/Responses/Messages/InputMessage.swift /Users/admin/builder/spi-builder-workspace/Sources/OpenAICore/Responses/Messages/InputPayload.swift /Users/admin/builder/spi-builder-workspace/Sources/OpenAICore/Responses/Messages/OutputItem.swift /Users/admin/builder/spi-builder-workspace/Sources/OpenAICore/Responses/Messages/OutputMessage.swift /Users/admin/builder/spi-builder-workspace/Sources/OpenAICore/Responses/Reasoning.swift /Users/admin/builder/spi-builder-workspace/Sources/OpenAICore/Responses/Response.swift /Users/admin/builder/spi-builder-workspace/Sources/OpenAICore/Responses/ServiceTier.swift /Users/admin/builder/spi-builder-workspace/Sources/OpenAICore/Responses/StreamingResponse.swift /Users/admin/builder/spi-builder-workspace/Sources/OpenAICore/Responses/Tools/FunctionTool.swift /Users/admin/builder/spi-builder-workspace/Sources/OpenAICore/Responses/Tools/ImageGenTool.swift /Users/admin/builder/spi-builder-workspace/Sources/OpenAICore/Responses/Tools/Tool.swift /Users/admin/builder/spi-builder-workspace/Sources/OpenAICore/Responses/Truncation.swift /Users/admin/builder/spi-builder-workspace/Sources/OpenAICore/Responses/Usage.swift -target arm64_32-apple-watchos9.0 -disable-cross-import-overlay-search -load-resolved-plugin /Applications/Xcode-27.0.0-Release.Candidate.app/Contents/Developer/Platforms/WatchOS.platform/Developer/usr/lib/swift/host/plugins/libFoundationMacros.dylib\#/Applications/Xcode-27.0.0-Release.Candidate.app/Contents/Developer/Platforms/WatchOS.platform/Developer/usr/bin/swift-plugin-server\#FoundationMacros -load-resolved-plugin /Applications/Xcode-27.0.0-Release.Candidate.app/Contents/Developer/Platforms/WatchOS.platform/Developer/usr/lib/swift/host/plugins/libObservationMacros.dylib\#/Applications/Xcode-27.0.0-Release.Candidate.app/Contents/Developer/Platforms/WatchOS.platform/Developer/usr/bin/swift-plugin-server\#ObservationMacros -load-resolved-plugin /Applications/Xcode-27.0.0-Release.Candidate.app/Contents/Developer/Platforms/WatchOS.platform/Developer/usr/lib/swift/host/plugins/libSwiftMacros.dylib\#/Applications/Xcode-27.0.0-Release.Candidate.app/Contents/Developer/Platforms/WatchOS.platform/Developer/usr/bin/swift-plugin-server\#SwiftMacros -disable-implicit-swift-modules -Xcc -fno-implicit-modules -Xcc -fno-implicit-module-maps -explicit-swift-module-map-file /Users/admin/builder/spi-builder-workspace/.derivedData/Build/Intermediates.noindex/swift-openai.build/Debug-watchos/OpenAICore-t.build/Objects-normal/arm64_32/OpenAICore-dependencies-1.json -enable-objc-interop -sdk /Applications/Xcode-27.0.0-Release.Candidate.app/Contents/Developer/Platforms/WatchOS.platform/Developer/SDKs/WatchOS27.0.sdk -I /Users/admin/builder/spi-builder-workspace/.derivedData/Build/Products/Debug-watchos -Isystem /Applications/Xcode-27.0.0-Release.Candidate.app/Contents/Developer/Platforms/WatchOS.platform/Developer/usr/lib -F /Users/admin/builder/spi-builder-workspace/.derivedData/Build/Products/Debug-watchos/PackageFrameworks -F /Users/admin/builder/spi-builder-workspace/.derivedData/Build/Products/Debug-watchos -F /Applications/Xcode-27.0.0-Release.Candidate.app/Contents/Developer/Platforms/WatchOS.platform/Developer/Library/Frameworks -F /Applications/Xcode-27.0.0-Release.Candidate.app/Contents/Developer/Platforms/WatchOS.platform/Developer/SDKs/WatchOS27.0.sdk/Developer/Library/Frameworks -module-cache-path /Users/admin/builder/spi-builder-workspace/.derivedData/Build/Intermediates.noindex/SwiftExplicitPrecompiledModules -no-color-diagnostics -Xcc -fno-color-diagnostics -enable-testing -g -debug-info-format\=dwarf -dwarf-version\=4 -profile-generate -profile-coverage-mapping -swift-version 5 -Onone -D SWIFT_PACKAGE -D DEBUG -D SWIFT_MODULE_RESOURCE_BUNDLE_UNAVAILABLE -D Xcode -serialize-debugging-options -enable-experimental-feature DebugDescriptionMacro -empty-abi-descriptor -validate-clang-modules-once -clang-build-session-file /Users/admin/builder/spi-builder-workspace/.derivedData/ModuleCache.noindex/Session.modulevalidation -Xcc -working-directory -Xcc /Users/admin/builder/spi-builder-workspace/.swiftpm/xcode -enable-anonymous-context-mangled-names -file-compilation-dir /Users/admin/builder/spi-builder-workspace/.swiftpm/xcode -Xcc -D_LIBCPP_HARDENING_MODE\=_LIBCPP_HARDENING_MODE_DEBUG -Xcc -ivfsstatcache -Xcc /Users/admin/builder/spi-builder-workspace/.derivedData/SDKStatCaches.noindex/watchos27.0-24R360-e829b21a6f8c9b70876ba0858053c04477534ef55a1706bf4c1112bbb242f0a2.sdkstatcache -Xcc -fmodules-prune-interval\=86400 -Xcc -fmodules-prune-after\=345600 -Xcc -I/Users/admin/builder/spi-builder-workspace/.derivedData/Build/Products/Debug-watchos/include -Xcc -I/Users/admin/builder/spi-builder-workspace/.derivedData/Build/Intermediates.noindex/swift-openai.build/Debug-watchos/OpenAICore-t.build/DerivedSources-normal/arm64_32 -Xcc -I/Users/admin/builder/spi-builder-workspace/.derivedData/Build/Intermediates.noindex/swift-openai.build/Debug-watchos/OpenAICore-t.build/DerivedSources/arm64_32 -Xcc -I/Users/admin/builder/spi-builder-workspace/.derivedData/Build/Intermediates.noindex/swift-openai.build/Debug-watchos/OpenAICore-t.build/DerivedSources -Xcc -DSWIFT_PACKAGE -Xcc -DDEBUG\=1 -no-auto-bridging-header-chaining -module-name OpenAICore -package-name spi_builder_workspace -const-gather-protocols-file /Users/admin/builder/spi-builder-workspace/.derivedData/Build/Intermediates.noindex/swift-openai.build/Debug-watchos/OpenAICore-t.build/Objects-normal/arm64_32/OpenAICore_const_extract_protocols.json -disable-clang-spi -clang-target arm64_32-apple-watchos27.0 -target-sdk-version 27.0 -target-sdk-name watchos27.0 -in-process-plugin-server-path /Applications/Xcode-27.0.0-Release.Candidate.app/Contents/Developer/Toolchains/XcodeDefault.xctoolchain/usr/lib/swift/host/libSwiftInProcPluginServer.dylib -emit-module-doc-path /Users/admin/builder/spi-builder-workspace/.derivedData/Build/Intermediates.noindex/swift-openai.build/Debug-watchos/OpenAICore-t.build/Objects-normal/arm64_32/OpenAICore.swiftdoc -emit-module-source-info-path /Users/admin/builder/spi-builder-workspace/.derivedData/Build/Intermediates.noindex/swift-openai.build/Debug-watchos/OpenAICore-t.build/Objects-normal/arm64_32/OpenAICore.swiftsourceinfo -emit-objc-header-path /Users/admin/builder/spi-builder-workspace/.derivedData/Build/Intermediates.noindex/swift-openai.build/Debug-watchos/OpenAICore-t.build/Objects-normal/arm64_32/OpenAICore-Swift.h -serialize-diagnostics-path /Users/admin/builder/spi-builder-workspace/.derivedData/Build/Intermediates.noindex/swift-openai.build/Debug-watchos/OpenAICore-t.build/Objects-normal/arm64_32/OpenAICore-primary-emit-module.dia -emit-dependencies-path /Users/admin/builder/spi-builder-workspace/.derivedData/Build/Intermediates.noindex/swift-openai.build/Debug-watchos/OpenAICore-t.build/Objects-normal/arm64_32/OpenAICore-primary-emit-module.d -parse-as-library -o /Users/admin/builder/spi-builder-workspace/.derivedData/Build/Intermediates.noindex/swift-openai.build/Debug-watchos/OpenAICore-t.build/Objects-normal/arm64_32/OpenAICore.swiftmodule -emit-abi-descriptor-path /Users/admin/builder/spi-builder-workspace/.derivedData/Build/Intermediates.noindex/swift-openai.build/Debug-watchos/OpenAICore-t.build/Objects-normal/arm64_32/OpenAICore.abi.json
SwiftCompile normal arm64_32 (in target 'OpenAICore' from project 'swift-openai')
    cd /Users/admin/builder/spi-builder-workspace/.swiftpm/xcode

SwiftEmitModule normal arm64 Emitting\ module\ for\ JSONSchema (in target 'JSONSchema' from project 'swift-json-schema')
SwiftCompile normal arm64 (in target 'JSONSchema' from project 'swift-json-schema')
    cd /Users/admin/builder/spi-builder-workspace/.swiftpm/xcode

SwiftEmitModule normal arm64 Emitting\ module\ for\ SwiftSyntax (in target 'SwiftSyntax' from project 'swift-syntax')
SwiftCompile normal arm64 (in target 'SwiftSyntax' from project 'swift-syntax')
    cd /Users/admin/builder/spi-builder-workspace/.swiftpm/xcode

SwiftDriverJobDiscovery normal arm64 Compiling Client.swift (in target 'OpenAIFoundation' from project 'swift-openai')
SwiftEmitModule normal arm64_32 Emitting\ module\ for\ JSONSchema (in target 'JSONSchema' from project 'swift-json-schema')
SwiftCompile normal arm64_32 (in target 'JSONSchema' from project 'swift-json-schema')
    cd /Users/admin/builder/spi-builder-workspace/.swiftpm/xcode

PruneExplicitPrecompiledModules /Users/admin/builder/spi-builder-workspace/.derivedData/Build/Intermediates.noindex/SwiftExplicitPrecompiledModules
PruneExplicitPrecompiledModules /Users/admin/builder/spi-builder-workspace/.derivedData/SDKExplicitPrecompiledModules
PruneExplicitPrecompiledModules /Users/admin/builder/spi-builder-workspace/.derivedData/Build/Intermediates.noindex/ExplicitPrecompiledModules
2026-09-22 07:24:23.824 xcodebuild[2045:11247] [MT] IDERunDestination: Supported platforms for the buildables in the current scheme is empty.
** BUILD FAILED **
The following build commands failed:
	SwiftEmitModule normal arm64 Emitting\ module\ for\ OpenAICore (in target 'OpenAICore' from project 'swift-openai')
	SwiftCompile normal arm64 (in target 'OpenAICore' from project 'swift-openai')
	SwiftEmitModule normal arm64_32 Emitting\ module\ for\ OpenAICore (in target 'OpenAICore' from project 'swift-openai')
	SwiftCompile normal arm64_32 (in target 'OpenAICore' from project 'swift-openai')
	Building workspace swift-openai with scheme swift-openai-Package
(5 failures)
BUILD FAILURE 6.4 watchOS