Build Information
Failed to build swift-gen, reference main (f2e186), with Swift 6.4 for watchOS using Xcode 27.0 on 22 Sep 2026 19:02:13 UTC.
Build Command
env DEVELOPER_DIR=/Applications/Xcode-27.0.0-Release.Candidate.app xcrun xcodebuild -IDEClonedSourcePackagesDirPathOverride=$PWD/.dependencies -skipMacroValidation -skipPackagePluginValidation -derivedDataPath $PWD/.derivedData build -scheme Gen_watchOS -destination generic/platform=watchOSBuild Log
========================================
RunAll
========================================
Builder version: 5.1.0
Interrupt handler set up.
========================================
Checkout
========================================
Clone URL: https://github.com/pointfreeco/swift-gen.git
Reference: main
Initialized empty Git repository in /Users/admin/builder/spi-builder-workspace/.git/
From https://github.com/pointfreeco/swift-gen
* branch main -> FETCH_HEAD
* [new branch] main -> origin/main
HEAD is now at f2e186a Sendable support (#30)
Cloned https://github.com/pointfreeco/swift-gen.git
Revision (git rev-parse @):
f2e186a188cb7a4dfb0e122ede34b147e6c0ce17
SPI manifest file found: $PWD/.spi.yml
SUCCESS checkout https://github.com/pointfreeco/swift-gen.git at main
========================================
Build
========================================
Selected platform: watchOS
Swift version: 6.4
Building package at path: $PWD
https://github.com/pointfreeco/swift-gen.git
Command line invocation:
/Applications/Xcode-27.0.0-Release.Candidate.app/Contents/Developer/usr/bin/xcodebuild -IDEClonedSourcePackagesDirPathOverride=/Users/admin/builder/spi-builder-workspace/.dependencies -resolvePackageDependencies
Resolve Package Graph
Resolve Package Graph
Resolved source packages:
swift-gen: /Users/admin/builder/spi-builder-workspace
resolved source packages: swift-gen
2026-09-22 15:02:09.911 xcodebuild[563:3094] [MT] IDERunDestination: Supported platforms for the buildables in the current scheme is empty.
Running build ...
env DEVELOPER_DIR=/Applications/Xcode-27.0.0-Release.Candidate.app xcrun xcodebuild -IDEClonedSourcePackagesDirPathOverride=$PWD/.dependencies -skipMacroValidation -skipPackagePluginValidation -derivedDataPath $PWD/.derivedData build -scheme Gen_watchOS -destination generic/platform=watchOS
Command line invocation:
/Applications/Xcode-27.0.0-Release.Candidate.app/Contents/Developer/usr/bin/xcodebuild -IDEClonedSourcePackagesDirPathOverride=/Users/admin/builder/spi-builder-workspace/.dependencies -skipMacroValidation -skipPackagePluginValidation -derivedDataPath /Users/admin/builder/spi-builder-workspace/.derivedData build -scheme Gen_watchOS -destination generic/platform=watchOS
Resolve Package Graph
Resolved source packages:
swift-gen: /Users/admin/builder/spi-builder-workspace
2026-09-22 15:02:11.587 xcodebuild[633:3753] [MT] IDERunDestination: Supported platforms for the buildables in the current scheme is empty.
2026-09-22 15:02:11.606 xcodebuild[633:3753] Writing error result bundle to /var/folders/xq/y_g06wb113726d38xsyx71_h0000gn/T/ResultBundle_2026-22-09_15-02-0011.xcresult
xcodebuild: error: The workspace named "swift-gen" does not contain a scheme named "Gen_watchOS". The "-list" option can be used to find the names of the schemes in the workspace.
Command line invocation:
/Applications/Xcode-27.0.0-Release.Candidate.app/Contents/Developer/usr/bin/xcodebuild -IDEClonedSourcePackagesDirPathOverride=/Users/admin/builder/spi-builder-workspace/.dependencies -resolvePackageDependencies
Resolve Package Graph
Resolved source packages:
swift-gen: /Users/admin/builder/spi-builder-workspace
resolved source packages: swift-gen
2026-09-22 15:02:12.722 xcodebuild[642:3828] [MT] IDERunDestination: Supported platforms for the buildables in the current scheme is empty.
Running build ...
env DEVELOPER_DIR=/Applications/Xcode-27.0.0-Release.Candidate.app xcrun xcodebuild -IDEClonedSourcePackagesDirPathOverride=$PWD/.dependencies -skipMacroValidation -skipPackagePluginValidation -derivedDataPath $PWD/.derivedData build -scheme Gen_watchOS -destination generic/platform=watchOS
Command line invocation:
/Applications/Xcode-27.0.0-Release.Candidate.app/Contents/Developer/usr/bin/xcodebuild -IDEClonedSourcePackagesDirPathOverride=/Users/admin/builder/spi-builder-workspace/.dependencies -skipMacroValidation -skipPackagePluginValidation -derivedDataPath /Users/admin/builder/spi-builder-workspace/.derivedData build -scheme Gen_watchOS -destination generic/platform=watchOS
Resolve Package Graph
Resolved source packages:
swift-gen: /Users/admin/builder/spi-builder-workspace
2026-09-22 15:02:13.665 xcodebuild[643:3852] [MT] IDERunDestination: Supported platforms for the buildables in the current scheme is empty.
2026-09-22 15:02:13.684 xcodebuild[643:3852] Writing error result bundle to /var/folders/xq/y_g06wb113726d38xsyx71_h0000gn/T/ResultBundle_2026-22-09_15-02-0013.xcresult
xcodebuild: error: The workspace named "swift-gen" does not contain a scheme named "Gen_watchOS". The "-list" option can be used to find the names of the schemes in the workspace.
BUILD FAILURE 6.4 watchOS