Build Information
Failed to build KeyNubLicDongle, reference master (2eb43b), with Swift 6.2 for Android on 4 Oct 2026 11:16:51 UTC.
Build Command
bash -c docker run --pull=always --rm -v "checkouts-54344843-2":/host -w "$PWD" -e JAVA_HOME="/root/.sdkman/candidates/java/current" -e SPI_BUILD="1" -e SPI_PROCESSING="1" registry.gitlab.com/saguaro1/spi-images:android-6.2-latest swift build --swift-sdk aarch64-unknown-linux-android28 2>&1Build Log
========================================
RunAll
========================================
Builder version: 5.1.1
Interrupt handler set up.
========================================
Checkout
========================================
Clone URL: https://github.com/AB-KeyNub/KeyNub-SDK.git
Reference: master
Initialized empty Git repository in /host/spi-builder-workspace/.git/
hint: Using 'master' as the name for the initial branch. This default branch name
hint: is subject to change. To configure the initial branch name to use in all
hint: of your new repositories, which will suppress this warning, call:
hint:
hint: git config --global init.defaultBranch <name>
hint:
hint: Names commonly chosen instead of 'master' are 'main', 'trunk' and
hint: 'development'. The just-created branch can be renamed via this command:
hint:
hint: git branch -m <name>
From https://github.com/AB-KeyNub/KeyNub-SDK
* branch master -> FETCH_HEAD
* [new branch] master -> origin/master
HEAD is now at 2eb43be Scala, Kotlin, Groovy, Lisp, Odin, Prolog and V bindings.
Cloned https://github.com/AB-KeyNub/KeyNub-SDK.git
Revision (git rev-parse @):
2eb43be655a5836d9464d47509d65ca1a0c3f989
SUCCESS checkout https://github.com/AB-KeyNub/KeyNub-SDK.git at master
========================================
Build
========================================
Selected platform: android
Swift version: 6.2
Building package at path: $PWD
https://github.com/AB-KeyNub/KeyNub-SDK.git
Running build ...
bash -c docker run --pull=always --rm -v "checkouts-54344843-2":/host -w "$PWD" -e JAVA_HOME="/root/.sdkman/candidates/java/current" -e SPI_BUILD="1" -e SPI_PROCESSING="1" registry.gitlab.com/saguaro1/spi-images:android-6.2-latest swift build --swift-sdk aarch64-unknown-linux-android28 2>&1
android-6.2-latest: Pulling from saguaro1/spi-images
Digest: sha256:f47b2a33897778fb58ca39c1139e193fa7f391fa362fe0d23c00db9747030994
Status: Image is up to date for registry.gitlab.com/saguaro1/spi-images:android-6.2-latest
Building for debugging...
[0/3] Write sources
[1/3] Compiling CLicDongle shim.c
[1/3] Write swift-version--11D90AFD9DD3AB2.txt
[4/9] Compiling KeyNubLicDongle Session.swift
/host/spi-builder-workspace/bindings/swift/Sources/KeyNubLicDongle/Library.swift:18:8: error: no such module 'Darwin'
16 | import Musl
17 | #else
18 | import Darwin
| `- error: no such module 'Darwin'
19 | #endif
20 | #endif
[5/9] Compiling KeyNubLicDongle Dongle.swift
/host/spi-builder-workspace/bindings/swift/Sources/KeyNubLicDongle/Library.swift:18:8: error: no such module 'Darwin'
16 | import Musl
17 | #else
18 | import Darwin
| `- error: no such module 'Darwin'
19 | #endif
20 | #endif
[6/9] Compiling KeyNubLicDongle Context.swift
/host/spi-builder-workspace/bindings/swift/Sources/KeyNubLicDongle/Library.swift:18:8: error: no such module 'Darwin'
16 | import Musl
17 | #else
18 | import Darwin
| `- error: no such module 'Darwin'
19 | #endif
20 | #endif
error: emit-module command failed with exit code 1 (use -v to see invocation)
[7/9] Emitting module KeyNubLicDongle
/host/spi-builder-workspace/bindings/swift/Sources/KeyNubLicDongle/Library.swift:18:8: error: no such module 'Darwin'
16 | import Musl
17 | #else
18 | import Darwin
| `- error: no such module 'Darwin'
19 | #endif
20 | #endif
[8/9] Compiling KeyNubLicDongle Errors.swift
/host/spi-builder-workspace/bindings/swift/Sources/KeyNubLicDongle/Library.swift:18:8: error: no such module 'Darwin'
16 | import Musl
17 | #else
18 | import Darwin
| `- error: no such module 'Darwin'
19 | #endif
20 | #endif
[9/9] Compiling KeyNubLicDongle Library.swift
/host/spi-builder-workspace/bindings/swift/Sources/KeyNubLicDongle/Library.swift:18:8: error: no such module 'Darwin'
16 | import Musl
17 | #else
18 | import Darwin
| `- error: no such module 'Darwin'
19 | #endif
20 | #endif
BUILD FAILURE 6.2 android