The Swift Package Index logo.Swift Package Index

Build Information

Failed to build TextureSwiftSupport, reference 3.24.0 (ce3319), with Swift 6.4 for macOS (SPM) on 21 Sep 2026 23:54:28 UTC.

Build Command

env DEVELOPER_DIR=/Applications/Xcode-27.0.0-Release.Candidate.app xcrun swift build --arch arm64

Build Log

========================================
RunAll
========================================
Builder version: 5.1.0
Interrupt handler set up.
========================================
Checkout
========================================
Clone URL: https://github.com/FluidGroup/TextureSwiftSupport.git
Reference: 3.24.0
Initialized empty Git repository in /Users/admin/builder/spi-builder-workspace/.git/
From https://github.com/FluidGroup/TextureSwiftSupport
 * tag               3.24.0     -> FETCH_HEAD
HEAD is now at ce33193 Support MainActor updates from Texture (#123)
Cloned https://github.com/FluidGroup/TextureSwiftSupport.git
Revision (git rev-parse @):
ce3319351831533330e22d205bd83937848059db
SUCCESS checkout https://github.com/FluidGroup/TextureSwiftSupport.git at 3.24.0
========================================
Build
========================================
Selected platform:         macosSpm
Swift version:             6.4
Building package at path:  $PWD
https://github.com/FluidGroup/TextureSwiftSupport.git
Running build ...
env DEVELOPER_DIR=/Applications/Xcode-27.0.0-Release.Candidate.app xcrun swift build --arch arm64
Building for debugging...
[Pre-planning 1 / 127]
[Planning deferred tasks]
[29 / 218]
[39 / 219] AsyncDisplayKit
Fetching https://github.com/FluidGroup/Texture.git
Fetching https://github.com/FluidGroup/Descriptors
[1/142] Fetching descriptors
[99/43812] Fetching descriptors, texture
Fetched https://github.com/FluidGroup/Texture.git (31.29s)
Fetched https://github.com/FluidGroup/Descriptors (31.29s)
Computing version for https://github.com/FluidGroup/Texture.git
Computed https://github.com/FluidGroup/Texture.git at 3.0.4 (32.01s)
Computing version for https://github.com/FluidGroup/Descriptors
warning: 'descriptors': /Package.swift:8:21: warning: 'v10' is deprecated: iOS 15.0 is the oldest supported version [#DeprecatedDeclaration]
 6 | let package = Package(
 7 |   name: "Descriptors",
 8 |   platforms: [.iOS(.v10)],
   |                     `- warning: 'v10' is deprecated: iOS 15.0 is the oldest supported version [#DeprecatedDeclaration]
 9 |   products: [
10 |     // Products define the executables and libraries a package produces, and make them visible to other packages.
[#DeprecatedDeclaration]: <https://docs.swift.org/compiler/documentation/diagnostics/deprecated-declaration>
Computed https://github.com/FluidGroup/Descriptors at 0.3.0 (0.54s)
Creating working copy for https://github.com/FluidGroup/Descriptors
Working copy of https://github.com/FluidGroup/Descriptors resolved at 0.3.0
Creating working copy for https://github.com/FluidGroup/Texture.git
Working copy of https://github.com/FluidGroup/Texture.git resolved at 3.0.4
warning: 'descriptors': /Users/admin/builder/spi-builder-workspace/.build/checkouts/Descriptors/Package.swift:8:21: warning: 'v10' is deprecated: iOS 15.0 is the oldest supported version [#DeprecatedDeclaration]
 6 | let package = Package(
 7 |   name: "Descriptors",
 8 |   platforms: [.iOS(.v10)],
   |                     `- warning: 'v10' is deprecated: iOS 15.0 is the oldest supported version [#DeprecatedDeclaration]
 9 |   products: [
10 |     // Products define the executables and libraries a package produces, and make them visible to other packages.
[#DeprecatedDeclaration]: <https://docs.swift.org/compiler/documentation/diagnostics/deprecated-declaration>
warning: 'spi-builder-workspace': found 1 file(s) which are unhandled; explicitly declare them as resources or exclude from the target
    /Users/admin/builder/spi-builder-workspace/Sources/Info.plist
In file included from /Users/admin/builder/spi-builder-workspace/.build/checkouts/Texture/Source/UIResponder+AsyncDisplayKit.mm:10:
/Users/admin/builder/spi-builder-workspace/.build/checkouts/Texture/Source/UIResponder+AsyncDisplayKit.h:10:9: fatal error: 'UIKit/UIKit.h' file not found
   10 | #import <UIKit/UIKit.h>
      |         ^~~~~~~~~~~~~~~
1 error generated.
error: CompileC /Users/admin/builder/spi-builder-workspace/.build/out/Intermediates.noindex/Texture.build/Debug/AsyncDisplayKit-t.build/Objects-normal/arm64/UIResponder+AsyncDisplayKit.o /Users/admin/builder/spi-builder-workspace/.build/checkouts/Texture/Source/UIResponder+AsyncDisplayKit.mm normal arm64 objective-c++ com.apple.compilers.llvm.clang.1_0.compiler failed with a nonzero exit code. Command line:     cd /Users/admin/builder

    Using response file: /Users/admin/builder/spi-builder-workspace/.build/out/Intermediates.noindex/Texture.build/Debug/AsyncDisplayKit-t.build/Objects-normal/arm64/af3fcb34312c57c0f52879cdce924b91-common-args.resp

    /Applications/Xcode-27.0.0-Release.Candidate.app/Contents/Developer/Toolchains/XcodeDefault.xctoolchain/usr/bin/clang -x objective-c++ -ivfsstatcache /Users/admin/builder/spi-builder-workspace/.build/out/SDKStatCaches.noindex/macosx27.0-26A425-80c5bbf1d171475443272936d42f90a36a22442a12e9d48fe1a705f55a1adfc4.sdkstatcache -target arm64-apple-macos12.0 -fmessage-length\=0 -fdiagnostics-show-note-include-stack -fmacro-backtrace-limit\=0 -fcolor-diagnostics -fmodules-prune-interval\=86400 -fmodules-prune-after\=345600 -fbuild-session-file\=/Users/admin/builder/spi-builder-workspace/.build/out/ModuleCache.noindex/Session.modulevalidation -fmodules-validate-once-per-build-session -Wnon-modular-include-in-framework-module -Werror\=non-modular-include-in-framework-module -Wno-trigraphs -Wno-missing-field-initializers -Wno-missing-prototypes -Wno-return-type -Wno-implicit-atomic-properties -Wno-objc-interface-ivars -Wno-arc-repeated-use-of-weak -Wno-non-virtual-dtor -Wno-overloaded-virtual -Wno-exit-time-destructors -Wno-missing-braces -Wparentheses -Wswitch -Wno-unused-function -Wno-unused-label -Wno-unused-parameter -Wno-unused-variable -Wunused-value -Wno-empty-body -Wno-uninitialized -Wno-unknown-pragmas -w -Wno-shadow -Wno-four-char-constants -Wno-conversion -Wno-constant-conversion -Wno-int-conversion -Wno-bool-conversion -Wno-enum-conversion -Wno-float-conversion -Wno-non-literal-null-conversion -Wno-objc-literal-conversion -Wshorten-64-to-32 -Wno-newline-eof -Wno-selector -Wno-strict-selector-match -Wno-undeclared-selector -Wno-deprecated-implementations -Wno-c++11-extensions -Wno-implicit-fallthrough -isysroot /Applications/Xcode-27.0.0-Release.Candidate.app/Contents/Developer/Platforms/MacOSX.platform/Developer/SDKs/MacOSX27.0.sdk -fstrict-aliasing -Wprotocol -Wdeprecated-declarations -Winvalid-offsetof -Wno-sign-conversion -Wno-infinite-recursion -Wno-move -Wno-comma -Wno-block-capture-autoreleasing -Wno-strict-prototypes -Wno-range-loop-analysis -Wno-semicolon-before-method-body -index-store-path /Users/admin/builder/spi-builder-workspace/.build/out @/Users/admin/builder/spi-builder-workspace/.build/out/Intermediates.noindex/Texture.build/Debug/AsyncDisplayKit-t.build/Objects-normal/arm64/af3fcb34312c57c0f52879cdce924b91-common-args.resp -MMD -MT dependencies -MF /Users/admin/builder/spi-builder-workspace/.build/out/Intermediates.noindex/Texture.build/Debug/AsyncDisplayKit-t.build/Objects-normal/arm64/UIResponder+AsyncDisplayKit.d --serialize-diagnostics /Users/admin/builder/spi-builder-workspace/.build/out/Intermediates.noindex/Texture.build/Debug/AsyncDisplayKit-t.build/Objects-normal/arm64/UIResponder+AsyncDisplayKit.dia -c /Users/admin/builder/spi-builder-workspace/.build/checkouts/Texture/Source/UIResponder+AsyncDisplayKit.mm -o /Users/admin/builder/spi-builder-workspace/.build/out/Intermediates.noindex/Texture.build/Debug/AsyncDisplayKit-t.build/Objects-normal/arm64/UIResponder+AsyncDisplayKit.o -index-unit-output-path /Texture.build/Debug/AsyncDisplayKit-t.build/Objects-normal/arm64/UIResponder+AsyncDisplayKit.o
In file included from /Users/admin/builder/spi-builder-workspace/.build/checkouts/Texture/Source/TextKit/ASTextNodeWordKerner.mm:10:
/Users/admin/builder/spi-builder-workspace/.build/checkouts/Texture/Source/TextKit/ASTextNodeWordKerner.h:11:9: fatal error: 'UIKit/NSLayoutManager.h' file not found
   11 | #import <UIKit/NSLayoutManager.h>
      |         ^~~~~~~~~~~~~~~~~~~~~~~~~
1 error generated.
error: CompileC /Users/admin/builder/spi-builder-workspace/.build/out/Intermediates.noindex/Texture.build/Debug/AsyncDisplayKit-t.build/Objects-normal/arm64/ASTextNodeWordKerner.o /Users/admin/builder/spi-builder-workspace/.build/checkouts/Texture/Source/TextKit/ASTextNodeWordKerner.mm normal arm64 objective-c++ com.apple.compilers.llvm.clang.1_0.compiler failed with a nonzero exit code. Command line:     cd /Users/admin/builder

    Using response file: /Users/admin/builder/spi-builder-workspace/.build/out/Intermediates.noindex/Texture.build/Debug/AsyncDisplayKit-t.build/Objects-normal/arm64/af3fcb34312c57c0f52879cdce924b91-common-args.resp

    /Applications/Xcode-27.0.0-Release.Candidate.app/Contents/Developer/Toolchains/XcodeDefault.xctoolchain/usr/bin/clang -x objective-c++ -ivfsstatcache /Users/admin/builder/spi-builder-workspace/.build/out/SDKStatCaches.noindex/macosx27.0-26A425-80c5bbf1d171475443272936d42f90a36a22442a12e9d48fe1a705f55a1adfc4.sdkstatcache -target arm64-apple-macos12.0 -fmessage-length\=0 -fdiagnostics-show-note-include-stack -fmacro-backtrace-limit\=0 -fcolor-diagnostics -fmodules-prune-interval\=86400 -fmodules-prune-after\=345600 -fbuild-session-file\=/Users/admin/builder/spi-builder-workspace/.build/out/ModuleCache.noindex/Session.modulevalidation -fmodules-validate-once-per-build-session -Wnon-modular-include-in-framework-module -Werror\=non-modular-include-in-framework-module -Wno-trigraphs -Wno-missing-field-initializers -Wno-missing-prototypes -Wno-return-type -Wno-implicit-atomic-properties -Wno-objc-interface-ivars -Wno-arc-repeated-use-of-weak -Wno-non-virtual-dtor -Wno-overloaded-virtual -Wno-exit-time-destructors -Wno-missing-braces -Wparentheses -Wswitch -Wno-unused-function -Wno-unused-label -Wno-unused-parameter -Wno-unused-variable -Wunused-value -Wno-empty-body -Wno-uninitialized -Wno-unknown-pragmas -w -Wno-shadow -Wno-four-char-constants -Wno-conversion -Wno-constant-conversion -Wno-int-conversion -Wno-bool-conversion -Wno-enum-conversion -Wno-float-conversion -Wno-non-literal-null-conversion -Wno-objc-literal-conversion -Wshorten-64-to-32 -Wno-newline-eof -Wno-selector -Wno-strict-selector-match -Wno-undeclared-selector -Wno-deprecated-implementations -Wno-c++11-extensions -Wno-implicit-fallthrough -isysroot /Applications/Xcode-27.0.0-Release.Candidate.app/Contents/Developer/Platforms/MacOSX.platform/Developer/SDKs/MacOSX27.0.sdk -fstrict-aliasing -Wprotocol -Wdeprecated-declarations -Winvalid-offsetof -Wno-sign-conversion -Wno-infinite-recursion -Wno-move -Wno-comma -Wno-block-capture-autoreleasing -Wno-strict-prototypes -Wno-range-loop-analysis -Wno-semicolon-before-method-body -index-store-path /Users/admin/builder/spi-builder-workspace/.build/out @/Users/admin/builder/spi-builder-workspace/.build/out/Intermediates.noindex/Texture.build/Debug/AsyncDisplayKit-t.build/Objects-normal/arm64/af3fcb34312c57c0f52879cdce924b91-common-args.resp -MMD -MT dependencies -MF /Users/admin/builder/spi-builder-workspace/.build/out/Intermediates.noindex/Texture.build/Debug/AsyncDisplayKit-t.build/Objects-normal/arm64/ASTextNodeWordKerner.d --serialize-diagnostics /Users/admin/builder/spi-builder-workspace/.build/out/Intermediates.noindex/Texture.build/Debug/AsyncDisplayKit-t.build/Objects-normal/arm64/ASTextNodeWordKerner.dia -c /Users/admin/builder/spi-builder-workspace/.build/checkouts/Texture/Source/TextKit/ASTextNodeWordKerner.mm -o /Users/admin/builder/spi-builder-workspace/.build/out/Intermediates.noindex/Texture.build/Debug/AsyncDisplayKit-t.build/Objects-normal/arm64/ASTextNodeWordKerner.o -index-unit-output-path /Texture.build/Debug/AsyncDisplayKit-t.build/Objects-normal/arm64/ASTextNodeWordKerner.o
In file included from /Users/admin/builder/spi-builder-workspace/.build/checkouts/Texture/Source/UIImage+ASConvenience.mm:10:
/Users/admin/builder/spi-builder-workspace/.build/checkouts/Texture/Source/UIImage+ASConvenience.h:10:9: fatal error: 'UIKit/UIKit.h' file not found
   10 | #import <UIKit/UIKit.h>
      |         ^~~~~~~~~~~~~~~
1 error generated.
error: CompileC /Users/admin/builder/spi-builder-workspace/.build/out/Intermediates.noindex/Texture.build/Debug/AsyncDisplayKit-t.build/Objects-normal/arm64/UIImage+ASConvenience.o /Users/admin/builder/spi-builder-workspace/.build/checkouts/Texture/Source/UIImage+ASConvenience.mm normal arm64 objective-c++ com.apple.compilers.llvm.clang.1_0.compiler failed with a nonzero exit code. Command line:     cd /Users/admin/builder

    Using response file: /Users/admin/builder/spi-builder-workspace/.build/out/Intermediates.noindex/Texture.build/Debug/AsyncDisplayKit-t.build/Objects-normal/arm64/af3fcb34312c57c0f52879cdce924b91-common-args.resp

    /Applications/Xcode-27.0.0-Release.Candidate.app/Contents/Developer/Toolchains/XcodeDefault.xctoolchain/usr/bin/clang -x objective-c++ -ivfsstatcache /Users/admin/builder/spi-builder-workspace/.build/out/SDKStatCaches.noindex/macosx27.0-26A425-80c5bbf1d171475443272936d42f90a36a22442a12e9d48fe1a705f55a1adfc4.sdkstatcache -target arm64-apple-macos12.0 -fmessage-length\=0 -fdiagnostics-show-note-include-stack -fmacro-backtrace-limit\=0 -fcolor-diagnostics -fmodules-prune-interval\=86400 -fmodules-prune-after\=345600 -fbuild-session-file\=/Users/admin/builder/spi-builder-workspace/.build/out/ModuleCache.noindex/Session.modulevalidation -fmodules-validate-once-per-build-session -Wnon-modular-include-in-framework-module -Werror\=non-modular-include-in-framework-module -Wno-trigraphs -Wno-missing-field-initializers -Wno-missing-prototypes -Wno-return-type -Wno-implicit-atomic-properties -Wno-objc-interface-ivars -Wno-arc-repeated-use-of-weak -Wno-non-virtual-dtor -Wno-overloaded-virtual -Wno-exit-time-destructors -Wno-missing-braces -Wparentheses -Wswitch -Wno-unused-function -Wno-unused-label -Wno-unused-parameter -Wno-unused-variable -Wunused-value -Wno-empty-body -Wno-uninitialized -Wno-unknown-pragmas -w -Wno-shadow -Wno-four-char-constants -Wno-conversion -Wno-constant-conversion -Wno-int-conversion -Wno-bool-conversion -Wno-enum-conversion -Wno-float-conversion -Wno-non-literal-null-conversion -Wno-objc-literal-conversion -Wshorten-64-to-32 -Wno-newline-eof -Wno-selector -Wno-strict-selector-match -Wno-undeclared-selector -Wno-deprecated-implementations -Wno-c++11-extensions -Wno-implicit-fallthrough -isysroot /Applications/Xcode-27.0.0-Release.Candidate.app/Contents/Developer/Platforms/MacOSX.platform/Developer/SDKs/MacOSX27.0.sdk -fstrict-aliasing -Wprotocol -Wdeprecated-declarations -Winvalid-offsetof -Wno-sign-conversion -Wno-infinite-recursion -Wno-move -Wno-comma -Wno-block-capture-autoreleasing -Wno-strict-prototypes -Wno-range-loop-analysis -Wno-semicolon-before-method-body -index-store-path /Users/admin/builder/spi-builder-workspace/.build/out @/Users/admin/builder/spi-builder-workspace/.build/out/Intermediates.noindex/Texture.build/Debug/AsyncDisplayKit-t.build/Objects-normal/arm64/af3fcb34312c57c0f52879cdce924b91-common-args.resp -MMD -MT dependencies -MF /Users/admin/builder/spi-builder-workspace/.build/out/Intermediates.noindex/Texture.build/Debug/AsyncDisplayKit-t.build/Objects-normal/arm64/UIImage+ASConvenience.d --serialize-diagnostics /Users/admin/builder/spi-builder-workspace/.build/out/Intermediates.noindex/Texture.build/Debug/AsyncDisplayKit-t.build/Objects-normal/arm64/UIImage+ASConvenience.dia -c /Users/admin/builder/spi-builder-workspace/.build/checkouts/Texture/Source/UIImage+ASConvenience.mm -o /Users/admin/builder/spi-builder-workspace/.build/out/Intermediates.noindex/Texture.build/Debug/AsyncDisplayKit-t.build/Objects-normal/arm64/UIImage+ASConvenience.o -index-unit-output-path /Texture.build/Debug/AsyncDisplayKit-t.build/Objects-normal/arm64/UIImage+ASConvenience.o
error: /Users/admin/builder/spi-builder-workspace/.build/checkouts/Descriptors/Sources/Descriptors/HapticsDescriptor.swift:22:8 unable to resolve module dependency: 'UIKit'
error: SwiftDriver Descriptors normal arm64 com.apple.xcode.tools.swift.compiler failed with a nonzero exit code. Command line:     cd /Users/admin/builder
    builtin-SwiftDriver -- /Applications/Xcode-27.0.0-Release.Candidate.app/Contents/Developer/Toolchains/XcodeDefault.xctoolchain/usr/bin/swiftc -parse-as-library -module-name Descriptors -Onone @/Users/admin/builder/spi-builder-workspace/.build/out/Intermediates.noindex/Descriptors.build/Debug/Descriptors-t.build/Objects-normal/arm64/Descriptors.SwiftFileList -DSWIFT_PACKAGE -DDEBUG -DSWIFT_MODULE_RESOURCE_BUNDLE_UNAVAILABLE -DXcode -plugin-path /Applications/Xcode-27.0.0-Release.Candidate.app/Contents/Developer/Toolchains/XcodeDefault.xctoolchain/usr/lib/swift/host/plugins/testing -enable-experimental-feature DebugDescriptionMacro -sdk /Applications/Xcode-27.0.0-Release.Candidate.app/Contents/Developer/Platforms/MacOSX.platform/Developer/SDKs/MacOSX27.0.sdk -target arm64-apple-macos12.0 -g -module-cache-path /Users/admin/builder/spi-builder-workspace/.build/out/ModuleCache.noindex -Xfrontend -serialize-debugging-options -enable-testing -suppress-warnings -index-store-path /Users/admin/builder/spi-builder-workspace/.build/out -Xcc -D_LIBCPP_HARDENING_MODE\=_LIBCPP_HARDENING_MODE_DEBUG -swift-version 6 -I /Users/admin/builder/spi-builder-workspace/.build/out/Products/Debug -Isystem /Applications/Xcode-27.0.0-Release.Candidate.app/Contents/Developer/Platforms/MacOSX.platform/Developer/usr/lib -F /Users/admin/builder/spi-builder-workspace/.build/out/Products/Debug -F /Applications/Xcode-27.0.0-Release.Candidate.app/Contents/Developer/Platforms/MacOSX.platform/Developer/Library/Frameworks -c -j10 -enable-batch-mode -incremental -Xcc -ivfsstatcache -Xcc /Users/admin/builder/spi-builder-workspace/.build/out/SDKStatCaches.noindex/macosx27.0-26A425-80c5bbf1d171475443272936d42f90a36a22442a12e9d48fe1a705f55a1adfc4.sdkstatcache -output-file-map /Users/admin/builder/spi-builder-workspace/.build/out/Intermediates.noindex/Descriptors.build/Debug/Descriptors-t.build/Objects-normal/arm64/Descriptors-OutputFileMap.json -save-temps -color-diagnostics -explicit-module-build -module-cache-path /Users/admin/builder/spi-builder-workspace/.build/out/Intermediates.noindex/SwiftExplicitPrecompiledModules -clang-scanner-module-cache-path /Users/admin/builder/spi-builder-workspace/.build/out/ModuleCache.noindex -sdk-module-cache-path /Users/admin/builder/spi-builder-workspace/.build/out/SDKExplicitPrecompiledModules -emit-dependencies -emit-module -emit-module-path /Users/admin/builder/spi-builder-workspace/.build/out/Intermediates.noindex/Descriptors.build/Debug/Descriptors-t.build/Objects-normal/arm64/Descriptors.swiftmodule -serialize-diagnostics -dependency-scan-serialize-diagnostics-path /Users/admin/builder/spi-builder-workspace/.build/out/Intermediates.noindex/Descriptors.build/Debug/Descriptors-t.build/Objects-normal/arm64/Descriptors-dependency-scan.dia -user-module-version 0.3.0 -validate-clang-modules-once -clang-build-session-file /Users/admin/builder/spi-builder-workspace/.build/out/ModuleCache.noindex/Session.modulevalidation -Xcc -fmodules-prune-interval\=86400 -Xcc -fmodules-prune-after\=345600 -package-name descriptors -emit-const-values -const-gather-protocols-list /Users/admin/builder/spi-builder-workspace/.build/out/Intermediates.noindex/Descriptors.build/Debug/Descriptors-t.build/Objects-normal/arm64/Descriptors_const_extract_protocols.json -Xcc -I/Users/admin/builder/spi-builder-workspace/.build/out/Products/Debug/include -Xcc -I/Users/admin/builder/spi-builder-workspace/.build/out/Intermediates.noindex/Descriptors.build/Debug/Descriptors-t.build/DerivedSources-normal/arm64 -Xcc -I/Users/admin/builder/spi-builder-workspace/.build/out/Intermediates.noindex/Descriptors.build/Debug/Descriptors-t.build/DerivedSources/arm64 -Xcc -I/Users/admin/builder/spi-builder-workspace/.build/out/Intermediates.noindex/Descriptors.build/Debug/Descriptors-t.build/DerivedSources -Xcc -DSWIFT_PACKAGE -Xcc -DDEBUG\=1 -emit-objc-header -emit-objc-header-path /Users/admin/builder/spi-builder-workspace/.build/out/Intermediates.noindex/Descriptors.build/Debug/Descriptors-t.build/Objects-normal/arm64/Descriptors-Swift.h -working-directory /Users/admin/builder -experimental-emit-module-separately -disable-cmo
error: Build failed
BUILD FAILURE 6.4 macosSpm