The Swift Package Index logo.Swift Package Index

Build Information

Failed to build HealthDataGenerator, reference main (8d03a5), with Swift 6.4 for watchOS using Xcode 27.0 on 30 Sep 2026 15:22:43 UTC.

Build Command

env DEVELOPER_DIR=/Applications/Xcode-27.0.0-Release.Candidate.app xcrun xcodebuild -IDEClonedSourcePackagesDirPathOverride=$PWD/.dependencies -skipMacroValidation -skipPackagePluginValidation -derivedDataPath $PWD/.derivedData build -scheme HealthDataGenerator -destination generic/platform=watchOS

Build Log

SwiftCompile normal arm64 /Users/admin/builder/spi-builder-workspace/.dependencies/checkouts/swift-log/Sources/Logging/Handlers/MultiplexLogHandler.swift (in target 'Logging' from project 'swift-log')
    cd /Users/admin/builder/spi-builder-workspace/.swiftpm/xcode
    builtin-SwiftPerFileCompile MultiplexLogHandler.swift
SwiftCompile normal arm64 /Users/admin/builder/spi-builder-workspace/.dependencies/checkouts/swift-log/Sources/Logging/Handlers/StreamLogHandler.swift (in target 'Logging' from project 'swift-log')
    cd /Users/admin/builder/spi-builder-workspace/.swiftpm/xcode
    builtin-SwiftPerFileCompile StreamLogHandler.swift
SwiftCompile normal arm64 Compiling\ MetadataProvider.swift /Users/admin/builder/spi-builder-workspace/.dependencies/checkouts/swift-log/Sources/Logging/MetadataProvider.swift (in target 'Logging' from project 'swift-log')
SwiftCompile normal arm64 /Users/admin/builder/spi-builder-workspace/.dependencies/checkouts/swift-log/Sources/Logging/MetadataProvider.swift (in target 'Logging' from project 'swift-log')
    cd /Users/admin/builder/spi-builder-workspace/.swiftpm/xcode
    builtin-SwiftPerFileCompile MetadataProvider.swift
SwiftCompile normal arm64 Compiling\ LogHandler.swift /Users/admin/builder/spi-builder-workspace/.dependencies/checkouts/swift-log/Sources/Logging/LogHandler.swift (in target 'Logging' from project 'swift-log')
SwiftCompile normal arm64 /Users/admin/builder/spi-builder-workspace/.dependencies/checkouts/swift-log/Sources/Logging/LogHandler.swift (in target 'Logging' from project 'swift-log')
    cd /Users/admin/builder/spi-builder-workspace/.swiftpm/xcode
    builtin-SwiftPerFileCompile LogHandler.swift
SwiftCompile normal arm64 Compiling\ SwiftLogNoOpLogHandler.swift /Users/admin/builder/spi-builder-workspace/.dependencies/checkouts/swift-log/Sources/Logging/Handlers/SwiftLogNoOpLogHandler.swift (in target 'Logging' from project 'swift-log')
SwiftCompile normal arm64 /Users/admin/builder/spi-builder-workspace/.dependencies/checkouts/swift-log/Sources/Logging/Handlers/SwiftLogNoOpLogHandler.swift (in target 'Logging' from project 'swift-log')
    cd /Users/admin/builder/spi-builder-workspace/.swiftpm/xcode
    builtin-SwiftPerFileCompile SwiftLogNoOpLogHandler.swift
SwiftEmitModule normal arm64_32 Emitting\ module\ for\ Logging (in target 'Logging' from project 'swift-log')
SwiftCompile normal arm64_32 (in target 'Logging' from project 'swift-log')
    cd /Users/admin/builder/spi-builder-workspace/.swiftpm/xcode

SwiftDriverJobDiscovery normal arm64 Emitting module for Logging (in target 'Logging' from project 'swift-log')
SwiftDriver\ Compilation\ Requirements Logging normal arm64 com.apple.xcode.tools.swift.compiler (in target 'Logging' from project 'swift-log')
    cd /Users/admin/builder/spi-builder-workspace/.swiftpm/xcode
    builtin-Swift-Compilation-Requirements -- /Applications/Xcode-27.0.0-Release.Candidate.app/Contents/Developer/Toolchains/XcodeDefault.xctoolchain/usr/bin/swiftc -parse-as-library -module-name Logging -Onone @/Users/admin/builder/spi-builder-workspace/.derivedData/Build/Intermediates.noindex/swift-log.build/Debug-watchos/Logging-t.build/Objects-normal/arm64/Logging.SwiftFileList -DSWIFT_PACKAGE -DDEBUG -DSWIFT_MODULE_RESOURCE_BUNDLE_UNAVAILABLE -DXcode -enable-upcoming-feature ExistentialAny -enable-upcoming-feature MemberImportVisibility -enable-upcoming-feature InternalImportsByDefault -enable-upcoming-feature NonisolatedNonsendingByDefault -Xfrontend -require-explicit-sendable -plugin-path /Applications/Xcode-27.0.0-Release.Candidate.app/Contents/Developer/Toolchains/XcodeDefault.xctoolchain/usr/lib/swift/host/plugins/testing -enable-experimental-feature DebugDescriptionMacro -sdk /Applications/Xcode-27.0.0-Release.Candidate.app/Contents/Developer/Platforms/WatchOS.platform/Developer/SDKs/WatchOS27.0.sdk -target arm64-apple-watchos9.0 -g -module-cache-path /Users/admin/builder/spi-builder-workspace/.derivedData/ModuleCache.noindex -Xfrontend -serialize-debugging-options -profile-coverage-mapping -profile-generate -enable-testing -suppress-warnings -index-store-path /Users/admin/builder/spi-builder-workspace/.derivedData/Index.noindex/DataStore -Xcc -D_LIBCPP_HARDENING_MODE\=_LIBCPP_HARDENING_MODE_DEBUG -swift-version 6 -I /Users/admin/builder/spi-builder-workspace/.derivedData/Build/Products/Debug-watchos -Isystem /Applications/Xcode-27.0.0-Release.Candidate.app/Contents/Developer/Platforms/WatchOS.platform/Developer/usr/lib -F /Users/admin/builder/spi-builder-workspace/.derivedData/Build/Products/Debug-watchos -F /Applications/Xcode-27.0.0-Release.Candidate.app/Contents/Developer/Platforms/WatchOS.platform/Developer/Library/Frameworks -F /Applications/Xcode-27.0.0-Release.Candidate.app/Contents/Developer/Platforms/WatchOS.platform/Developer/SDKs/WatchOS27.0.sdk/Developer/Library/Frameworks -c -j10 -enable-batch-mode -incremental -Xcc -ivfsstatcache -Xcc /Users/admin/builder/spi-builder-workspace/.derivedData/SDKStatCaches.noindex/watchos27.0-24R360-e829b21a6f8c9b70876ba0858053c04477534ef55a1706bf4c1112bbb242f0a2.sdkstatcache -output-file-map /Users/admin/builder/spi-builder-workspace/.derivedData/Build/Intermediates.noindex/swift-log.build/Debug-watchos/Logging-t.build/Objects-normal/arm64/Logging-OutputFileMap.json -save-temps -no-color-diagnostics -explicit-module-build -module-cache-path /Users/admin/builder/spi-builder-workspace/.derivedData/Build/Intermediates.noindex/SwiftExplicitPrecompiledModules -clang-scanner-module-cache-path /Users/admin/builder/spi-builder-workspace/.derivedData/ModuleCache.noindex -sdk-module-cache-path /Users/admin/builder/spi-builder-workspace/.derivedData/SDKExplicitPrecompiledModules -emit-dependencies -emit-module -emit-module-path /Users/admin/builder/spi-builder-workspace/.derivedData/Build/Intermediates.noindex/swift-log.build/Debug-watchos/Logging-t.build/Objects-normal/arm64/Logging.swiftmodule -serialize-diagnostics -dependency-scan-serialize-diagnostics-path /Users/admin/builder/spi-builder-workspace/.derivedData/Build/Intermediates.noindex/swift-log.build/Debug-watchos/Logging-t.build/Objects-normal/arm64/Logging-dependency-scan.dia -user-module-version 1.15.1 -validate-clang-modules-once -clang-build-session-file /Users/admin/builder/spi-builder-workspace/.derivedData/ModuleCache.noindex/Session.modulevalidation -Xcc -fmodules-prune-interval\=86400 -Xcc -fmodules-prune-after\=345600 -package-name swift_log -emit-const-values -const-gather-protocols-list /Users/admin/builder/spi-builder-workspace/.derivedData/Build/Intermediates.noindex/swift-log.build/Debug-watchos/Logging-t.build/Objects-normal/arm64/Logging_const_extract_protocols.json -Xcc -I/Users/admin/builder/spi-builder-workspace/.derivedData/Build/Products/Debug-watchos/include -Xcc -I/Users/admin/builder/spi-builder-workspace/.derivedData/Build/Intermediates.noindex/swift-log.build/Debug-watchos/Logging-t.build/DerivedSources-normal/arm64 -Xcc -I/Users/admin/builder/spi-builder-workspace/.derivedData/Build/Intermediates.noindex/swift-log.build/Debug-watchos/Logging-t.build/DerivedSources/arm64 -Xcc -I/Users/admin/builder/spi-builder-workspace/.derivedData/Build/Intermediates.noindex/swift-log.build/Debug-watchos/Logging-t.build/DerivedSources -Xcc -DSWIFT_PACKAGE -Xcc -DDEBUG\=1 -emit-objc-header -emit-objc-header-path /Users/admin/builder/spi-builder-workspace/.derivedData/Build/Intermediates.noindex/swift-log.build/Debug-watchos/Logging-t.build/Objects-normal/arm64/Logging-Swift.h -working-directory /Users/admin/builder/spi-builder-workspace/.swiftpm/xcode -experimental-emit-module-separately -disable-cmo
SwiftDriverJobDiscovery normal arm64 Compiling LogHandler.swift (in target 'Logging' from project 'swift-log')
SwiftCompile normal arm64_32 Compiling\ Locks.swift /Users/admin/builder/spi-builder-workspace/.dependencies/checkouts/swift-log/Sources/Logging/Locks.swift (in target 'Logging' from project 'swift-log')
SwiftCompile normal arm64_32 /Users/admin/builder/spi-builder-workspace/.dependencies/checkouts/swift-log/Sources/Logging/Locks.swift (in target 'Logging' from project 'swift-log')
    cd /Users/admin/builder/spi-builder-workspace/.swiftpm/xcode
    builtin-SwiftPerFileCompile Locks.swift
SwiftCompile normal arm64_32 Compiling\ Logger+With.swift /Users/admin/builder/spi-builder-workspace/.dependencies/checkouts/swift-log/Sources/Logging/Logger+With.swift (in target 'Logging' from project 'swift-log')
SwiftCompile normal arm64_32 /Users/admin/builder/spi-builder-workspace/.dependencies/checkouts/swift-log/Sources/Logging/Logger+With.swift (in target 'Logging' from project 'swift-log')
    cd /Users/admin/builder/spi-builder-workspace/.swiftpm/xcode
    builtin-SwiftPerFileCompile Logger+With.swift
SwiftDriverJobDiscovery normal arm64 Compiling SwiftLogNoOpLogHandler.swift (in target 'Logging' from project 'swift-log')
SwiftCompile normal arm64_32 Compiling\ MetadataProvider.swift /Users/admin/builder/spi-builder-workspace/.dependencies/checkouts/swift-log/Sources/Logging/MetadataProvider.swift (in target 'Logging' from project 'swift-log')
SwiftCompile normal arm64_32 /Users/admin/builder/spi-builder-workspace/.dependencies/checkouts/swift-log/Sources/Logging/MetadataProvider.swift (in target 'Logging' from project 'swift-log')
    cd /Users/admin/builder/spi-builder-workspace/.swiftpm/xcode
    builtin-SwiftPerFileCompile MetadataProvider.swift
SwiftDriverJobDiscovery normal arm64 Compiling LogEvent.swift (in target 'Logging' from project 'swift-log')
Copy /Users/admin/builder/spi-builder-workspace/.derivedData/Build/Products/Debug-watchos/Logging.swiftmodule/arm64-apple-watchos.swiftmodule /Users/admin/builder/spi-builder-workspace/.derivedData/Build/Intermediates.noindex/swift-log.build/Debug-watchos/Logging-t.build/Objects-normal/arm64/Logging.swiftmodule (in target 'Logging' from project 'swift-log')
    cd /Users/admin/builder/spi-builder-workspace/.dependencies/checkouts/swift-log
    builtin-copy -exclude .DS_Store -exclude CVS -exclude .svn -exclude .git -exclude .hg -resolve-src-symlinks -rename /Users/admin/builder/spi-builder-workspace/.derivedData/Build/Intermediates.noindex/swift-log.build/Debug-watchos/Logging-t.build/Objects-normal/arm64/Logging.swiftmodule /Users/admin/builder/spi-builder-workspace/.derivedData/Build/Products/Debug-watchos/Logging.swiftmodule/arm64-apple-watchos.swiftmodule
SwiftDriverJobDiscovery normal arm64 Compiling LoggingSystem.swift (in target 'Logging' from project 'swift-log')
Copy /Users/admin/builder/spi-builder-workspace/.derivedData/Build/Products/Debug-watchos/Logging.swiftmodule/arm64-apple-watchos.swiftdoc /Users/admin/builder/spi-builder-workspace/.derivedData/Build/Intermediates.noindex/swift-log.build/Debug-watchos/Logging-t.build/Objects-normal/arm64/Logging.swiftdoc (in target 'Logging' from project 'swift-log')
    cd /Users/admin/builder/spi-builder-workspace/.dependencies/checkouts/swift-log
    builtin-copy -exclude .DS_Store -exclude CVS -exclude .svn -exclude .git -exclude .hg -resolve-src-symlinks -rename /Users/admin/builder/spi-builder-workspace/.derivedData/Build/Intermediates.noindex/swift-log.build/Debug-watchos/Logging-t.build/Objects-normal/arm64/Logging.swiftdoc /Users/admin/builder/spi-builder-workspace/.derivedData/Build/Products/Debug-watchos/Logging.swiftmodule/arm64-apple-watchos.swiftdoc
SwiftDriverJobDiscovery normal arm64 Compiling Logger+With.swift (in target 'Logging' from project 'swift-log')
Copy /Users/admin/builder/spi-builder-workspace/.derivedData/Build/Products/Debug-watchos/Logging.swiftmodule/arm64-apple-watchos.abi.json /Users/admin/builder/spi-builder-workspace/.derivedData/Build/Intermediates.noindex/swift-log.build/Debug-watchos/Logging-t.build/Objects-normal/arm64/Logging.abi.json (in target 'Logging' from project 'swift-log')
    cd /Users/admin/builder/spi-builder-workspace/.dependencies/checkouts/swift-log
    builtin-copy -exclude .DS_Store -exclude CVS -exclude .svn -exclude .git -exclude .hg -resolve-src-symlinks -rename /Users/admin/builder/spi-builder-workspace/.derivedData/Build/Intermediates.noindex/swift-log.build/Debug-watchos/Logging-t.build/Objects-normal/arm64/Logging.abi.json /Users/admin/builder/spi-builder-workspace/.derivedData/Build/Products/Debug-watchos/Logging.swiftmodule/arm64-apple-watchos.abi.json
Copy /Users/admin/builder/spi-builder-workspace/.derivedData/Build/Products/Debug-watchos/Logging.swiftmodule/Project/arm64-apple-watchos.swiftsourceinfo /Users/admin/builder/spi-builder-workspace/.derivedData/Build/Intermediates.noindex/swift-log.build/Debug-watchos/Logging-t.build/Objects-normal/arm64/Logging.swiftsourceinfo (in target 'Logging' from project 'swift-log')
    cd /Users/admin/builder/spi-builder-workspace/.dependencies/checkouts/swift-log
    builtin-copy -exclude .DS_Store -exclude CVS -exclude .svn -exclude .git -exclude .hg -resolve-src-symlinks -rename /Users/admin/builder/spi-builder-workspace/.derivedData/Build/Intermediates.noindex/swift-log.build/Debug-watchos/Logging-t.build/Objects-normal/arm64/Logging.swiftsourceinfo /Users/admin/builder/spi-builder-workspace/.derivedData/Build/Products/Debug-watchos/Logging.swiftmodule/Project/arm64-apple-watchos.swiftsourceinfo
SwiftCompile normal arm64_32 Compiling\ LogEvent.swift /Users/admin/builder/spi-builder-workspace/.dependencies/checkouts/swift-log/Sources/Logging/LogEvent.swift (in target 'Logging' from project 'swift-log')
SwiftCompile normal arm64_32 /Users/admin/builder/spi-builder-workspace/.dependencies/checkouts/swift-log/Sources/Logging/LogEvent.swift (in target 'Logging' from project 'swift-log')
    cd /Users/admin/builder/spi-builder-workspace/.swiftpm/xcode
    builtin-SwiftPerFileCompile LogEvent.swift
SwiftCompile normal arm64_32 Compiling\ Logger+Attributes.swift /Users/admin/builder/spi-builder-workspace/.dependencies/checkouts/swift-log/Sources/Logging/Logger+Attributes.swift (in target 'Logging' from project 'swift-log')
SwiftCompile normal arm64_32 /Users/admin/builder/spi-builder-workspace/.dependencies/checkouts/swift-log/Sources/Logging/Logger+Attributes.swift (in target 'Logging' from project 'swift-log')
    cd /Users/admin/builder/spi-builder-workspace/.swiftpm/xcode
    builtin-SwiftPerFileCompile Logger+Attributes.swift
SwiftCompile normal arm64_32 Compiling\ SwiftLogNoOpLogHandler.swift /Users/admin/builder/spi-builder-workspace/.dependencies/checkouts/swift-log/Sources/Logging/Handlers/SwiftLogNoOpLogHandler.swift (in target 'Logging' from project 'swift-log')
SwiftCompile normal arm64_32 /Users/admin/builder/spi-builder-workspace/.dependencies/checkouts/swift-log/Sources/Logging/Handlers/SwiftLogNoOpLogHandler.swift (in target 'Logging' from project 'swift-log')
    cd /Users/admin/builder/spi-builder-workspace/.swiftpm/xcode
    builtin-SwiftPerFileCompile SwiftLogNoOpLogHandler.swift
SwiftDriverJobDiscovery normal arm64 Compiling Logger+Attributes.swift (in target 'Logging' from project 'swift-log')
SwiftCompile normal arm64_32 Compiling\ LogHandler.swift /Users/admin/builder/spi-builder-workspace/.dependencies/checkouts/swift-log/Sources/Logging/LogHandler.swift (in target 'Logging' from project 'swift-log')
SwiftCompile normal arm64_32 /Users/admin/builder/spi-builder-workspace/.dependencies/checkouts/swift-log/Sources/Logging/LogHandler.swift (in target 'Logging' from project 'swift-log')
    cd /Users/admin/builder/spi-builder-workspace/.swiftpm/xcode
    builtin-SwiftPerFileCompile LogHandler.swift
SwiftDriverJobDiscovery normal arm64 Compiling Logger.swift (in target 'Logging' from project 'swift-log')
SwiftCompile normal arm64_32 Compiling\ LoggingSystem.swift /Users/admin/builder/spi-builder-workspace/.dependencies/checkouts/swift-log/Sources/Logging/LoggingSystem.swift (in target 'Logging' from project 'swift-log')
SwiftCompile normal arm64_32 /Users/admin/builder/spi-builder-workspace/.dependencies/checkouts/swift-log/Sources/Logging/LoggingSystem.swift (in target 'Logging' from project 'swift-log')
    cd /Users/admin/builder/spi-builder-workspace/.swiftpm/xcode
    builtin-SwiftPerFileCompile LoggingSystem.swift
SwiftDriverJobDiscovery normal arm64_32 Emitting module for Logging (in target 'Logging' from project 'swift-log')
SwiftDriver\ Compilation\ Requirements Logging normal arm64_32 com.apple.xcode.tools.swift.compiler (in target 'Logging' from project 'swift-log')
    cd /Users/admin/builder/spi-builder-workspace/.swiftpm/xcode
    builtin-Swift-Compilation-Requirements -- /Applications/Xcode-27.0.0-Release.Candidate.app/Contents/Developer/Toolchains/XcodeDefault.xctoolchain/usr/bin/swiftc -parse-as-library -module-name Logging -Onone @/Users/admin/builder/spi-builder-workspace/.derivedData/Build/Intermediates.noindex/swift-log.build/Debug-watchos/Logging-t.build/Objects-normal/arm64_32/Logging.SwiftFileList -DSWIFT_PACKAGE -DDEBUG -DSWIFT_MODULE_RESOURCE_BUNDLE_UNAVAILABLE -DXcode -enable-upcoming-feature ExistentialAny -enable-upcoming-feature MemberImportVisibility -enable-upcoming-feature InternalImportsByDefault -enable-upcoming-feature NonisolatedNonsendingByDefault -Xfrontend -require-explicit-sendable -plugin-path /Applications/Xcode-27.0.0-Release.Candidate.app/Contents/Developer/Toolchains/XcodeDefault.xctoolchain/usr/lib/swift/host/plugins/testing -enable-experimental-feature DebugDescriptionMacro -sdk /Applications/Xcode-27.0.0-Release.Candidate.app/Contents/Developer/Platforms/WatchOS.platform/Developer/SDKs/WatchOS27.0.sdk -target arm64_32-apple-watchos9.0 -g -module-cache-path /Users/admin/builder/spi-builder-workspace/.derivedData/ModuleCache.noindex -Xfrontend -serialize-debugging-options -profile-coverage-mapping -profile-generate -enable-testing -suppress-warnings -index-store-path /Users/admin/builder/spi-builder-workspace/.derivedData/Index.noindex/DataStore -Xcc -D_LIBCPP_HARDENING_MODE\=_LIBCPP_HARDENING_MODE_DEBUG -swift-version 6 -I /Users/admin/builder/spi-builder-workspace/.derivedData/Build/Products/Debug-watchos -Isystem /Applications/Xcode-27.0.0-Release.Candidate.app/Contents/Developer/Platforms/WatchOS.platform/Developer/usr/lib -F /Users/admin/builder/spi-builder-workspace/.derivedData/Build/Products/Debug-watchos -F /Applications/Xcode-27.0.0-Release.Candidate.app/Contents/Developer/Platforms/WatchOS.platform/Developer/Library/Frameworks -F /Applications/Xcode-27.0.0-Release.Candidate.app/Contents/Developer/Platforms/WatchOS.platform/Developer/SDKs/WatchOS27.0.sdk/Developer/Library/Frameworks -c -j10 -enable-batch-mode -incremental -Xcc -ivfsstatcache -Xcc /Users/admin/builder/spi-builder-workspace/.derivedData/SDKStatCaches.noindex/watchos27.0-24R360-e829b21a6f8c9b70876ba0858053c04477534ef55a1706bf4c1112bbb242f0a2.sdkstatcache -output-file-map /Users/admin/builder/spi-builder-workspace/.derivedData/Build/Intermediates.noindex/swift-log.build/Debug-watchos/Logging-t.build/Objects-normal/arm64_32/Logging-OutputFileMap.json -save-temps -no-color-diagnostics -explicit-module-build -module-cache-path /Users/admin/builder/spi-builder-workspace/.derivedData/Build/Intermediates.noindex/SwiftExplicitPrecompiledModules -clang-scanner-module-cache-path /Users/admin/builder/spi-builder-workspace/.derivedData/ModuleCache.noindex -sdk-module-cache-path /Users/admin/builder/spi-builder-workspace/.derivedData/SDKExplicitPrecompiledModules -emit-dependencies -emit-module -emit-module-path /Users/admin/builder/spi-builder-workspace/.derivedData/Build/Intermediates.noindex/swift-log.build/Debug-watchos/Logging-t.build/Objects-normal/arm64_32/Logging.swiftmodule -serialize-diagnostics -dependency-scan-serialize-diagnostics-path /Users/admin/builder/spi-builder-workspace/.derivedData/Build/Intermediates.noindex/swift-log.build/Debug-watchos/Logging-t.build/Objects-normal/arm64_32/Logging-dependency-scan.dia -user-module-version 1.15.1 -validate-clang-modules-once -clang-build-session-file /Users/admin/builder/spi-builder-workspace/.derivedData/ModuleCache.noindex/Session.modulevalidation -Xcc -fmodules-prune-interval\=86400 -Xcc -fmodules-prune-after\=345600 -package-name swift_log -emit-const-values -const-gather-protocols-list /Users/admin/builder/spi-builder-workspace/.derivedData/Build/Intermediates.noindex/swift-log.build/Debug-watchos/Logging-t.build/Objects-normal/arm64_32/Logging_const_extract_protocols.json -Xcc -I/Users/admin/builder/spi-builder-workspace/.derivedData/Build/Products/Debug-watchos/include -Xcc -I/Users/admin/builder/spi-builder-workspace/.derivedData/Build/Intermediates.noindex/swift-log.build/Debug-watchos/Logging-t.build/DerivedSources-normal/arm64_32 -Xcc -I/Users/admin/builder/spi-builder-workspace/.derivedData/Build/Intermediates.noindex/swift-log.build/Debug-watchos/Logging-t.build/DerivedSources/arm64_32 -Xcc -I/Users/admin/builder/spi-builder-workspace/.derivedData/Build/Intermediates.noindex/swift-log.build/Debug-watchos/Logging-t.build/DerivedSources -Xcc -DSWIFT_PACKAGE -Xcc -DDEBUG\=1 -emit-objc-header -emit-objc-header-path /Users/admin/builder/spi-builder-workspace/.derivedData/Build/Intermediates.noindex/swift-log.build/Debug-watchos/Logging-t.build/Objects-normal/arm64_32/Logging-Swift.h -working-directory /Users/admin/builder/spi-builder-workspace/.swiftpm/xcode -experimental-emit-module-separately -disable-cmo
SwiftDriverJobDiscovery normal arm64 Compiling MultiplexLogHandler.swift, StreamLogHandler.swift (in target 'Logging' from project 'swift-log')
SwiftCompile normal arm64_32 Compiling\ Logger.swift /Users/admin/builder/spi-builder-workspace/.dependencies/checkouts/swift-log/Sources/Logging/Logger.swift (in target 'Logging' from project 'swift-log')
SwiftCompile normal arm64_32 /Users/admin/builder/spi-builder-workspace/.dependencies/checkouts/swift-log/Sources/Logging/Logger.swift (in target 'Logging' from project 'swift-log')
    cd /Users/admin/builder/spi-builder-workspace/.swiftpm/xcode
    builtin-SwiftPerFileCompile Logger.swift
SwiftMergeGeneratedHeaders /Users/admin/builder/spi-builder-workspace/.derivedData/Build/Intermediates.noindex/GeneratedModuleMaps-watchos/Logging-Swift.h /Users/admin/builder/spi-builder-workspace/.derivedData/Build/Intermediates.noindex/swift-log.build/Debug-watchos/Logging-t.build/Objects-normal/arm64/Logging-Swift.h /Users/admin/builder/spi-builder-workspace/.derivedData/Build/Intermediates.noindex/swift-log.build/Debug-watchos/Logging-t.build/Objects-normal/arm64_32/Logging-Swift.h (in target 'Logging' from project 'swift-log')
    cd /Users/admin/builder/spi-builder-workspace/.dependencies/checkouts/swift-log
    builtin-swiftHeaderTool -arch arm64 /Users/admin/builder/spi-builder-workspace/.derivedData/Build/Intermediates.noindex/swift-log.build/Debug-watchos/Logging-t.build/Objects-normal/arm64/Logging-Swift.h -arch arm64_32 /Users/admin/builder/spi-builder-workspace/.derivedData/Build/Intermediates.noindex/swift-log.build/Debug-watchos/Logging-t.build/Objects-normal/arm64_32/Logging-Swift.h -o /Users/admin/builder/spi-builder-workspace/.derivedData/Build/Intermediates.noindex/GeneratedModuleMaps-watchos/Logging-Swift.h
SwiftDriverJobDiscovery normal arm64 Compiling MetadataProvider.swift (in target 'Logging' from project 'swift-log')
Copy /Users/admin/builder/spi-builder-workspace/.derivedData/Build/Products/Debug-watchos/Logging.swiftmodule/arm64_32-apple-watchos.swiftmodule /Users/admin/builder/spi-builder-workspace/.derivedData/Build/Intermediates.noindex/swift-log.build/Debug-watchos/Logging-t.build/Objects-normal/arm64_32/Logging.swiftmodule (in target 'Logging' from project 'swift-log')
    cd /Users/admin/builder/spi-builder-workspace/.dependencies/checkouts/swift-log
    builtin-copy -exclude .DS_Store -exclude CVS -exclude .svn -exclude .git -exclude .hg -resolve-src-symlinks -rename /Users/admin/builder/spi-builder-workspace/.derivedData/Build/Intermediates.noindex/swift-log.build/Debug-watchos/Logging-t.build/Objects-normal/arm64_32/Logging.swiftmodule /Users/admin/builder/spi-builder-workspace/.derivedData/Build/Products/Debug-watchos/Logging.swiftmodule/arm64_32-apple-watchos.swiftmodule
Copy /Users/admin/builder/spi-builder-workspace/.derivedData/Build/Products/Debug-watchos/Logging.swiftmodule/arm64_32-apple-watchos.swiftdoc /Users/admin/builder/spi-builder-workspace/.derivedData/Build/Intermediates.noindex/swift-log.build/Debug-watchos/Logging-t.build/Objects-normal/arm64_32/Logging.swiftdoc (in target 'Logging' from project 'swift-log')
    cd /Users/admin/builder/spi-builder-workspace/.dependencies/checkouts/swift-log
    builtin-copy -exclude .DS_Store -exclude CVS -exclude .svn -exclude .git -exclude .hg -resolve-src-symlinks -rename /Users/admin/builder/spi-builder-workspace/.derivedData/Build/Intermediates.noindex/swift-log.build/Debug-watchos/Logging-t.build/Objects-normal/arm64_32/Logging.swiftdoc /Users/admin/builder/spi-builder-workspace/.derivedData/Build/Products/Debug-watchos/Logging.swiftmodule/arm64_32-apple-watchos.swiftdoc
Copy /Users/admin/builder/spi-builder-workspace/.derivedData/Build/Products/Debug-watchos/Logging.swiftmodule/arm64_32-apple-watchos.abi.json /Users/admin/builder/spi-builder-workspace/.derivedData/Build/Intermediates.noindex/swift-log.build/Debug-watchos/Logging-t.build/Objects-normal/arm64_32/Logging.abi.json (in target 'Logging' from project 'swift-log')
    cd /Users/admin/builder/spi-builder-workspace/.dependencies/checkouts/swift-log
    builtin-copy -exclude .DS_Store -exclude CVS -exclude .svn -exclude .git -exclude .hg -resolve-src-symlinks -rename /Users/admin/builder/spi-builder-workspace/.derivedData/Build/Intermediates.noindex/swift-log.build/Debug-watchos/Logging-t.build/Objects-normal/arm64_32/Logging.abi.json /Users/admin/builder/spi-builder-workspace/.derivedData/Build/Products/Debug-watchos/Logging.swiftmodule/arm64_32-apple-watchos.abi.json
Copy /Users/admin/builder/spi-builder-workspace/.derivedData/Build/Products/Debug-watchos/Logging.swiftmodule/Project/arm64_32-apple-watchos.swiftsourceinfo /Users/admin/builder/spi-builder-workspace/.derivedData/Build/Intermediates.noindex/swift-log.build/Debug-watchos/Logging-t.build/Objects-normal/arm64_32/Logging.swiftsourceinfo (in target 'Logging' from project 'swift-log')
    cd /Users/admin/builder/spi-builder-workspace/.dependencies/checkouts/swift-log
    builtin-copy -exclude .DS_Store -exclude CVS -exclude .svn -exclude .git -exclude .hg -resolve-src-symlinks -rename /Users/admin/builder/spi-builder-workspace/.derivedData/Build/Intermediates.noindex/swift-log.build/Debug-watchos/Logging-t.build/Objects-normal/arm64_32/Logging.swiftsourceinfo /Users/admin/builder/spi-builder-workspace/.derivedData/Build/Products/Debug-watchos/Logging.swiftmodule/Project/arm64_32-apple-watchos.swiftsourceinfo
SwiftCompile normal arm64_32 Compiling\ MultiplexLogHandler.swift,\ StreamLogHandler.swift /Users/admin/builder/spi-builder-workspace/.dependencies/checkouts/swift-log/Sources/Logging/Handlers/MultiplexLogHandler.swift /Users/admin/builder/spi-builder-workspace/.dependencies/checkouts/swift-log/Sources/Logging/Handlers/StreamLogHandler.swift (in target 'Logging' from project 'swift-log')
SwiftCompile normal arm64_32 /Users/admin/builder/spi-builder-workspace/.dependencies/checkouts/swift-log/Sources/Logging/Handlers/MultiplexLogHandler.swift (in target 'Logging' from project 'swift-log')
    cd /Users/admin/builder/spi-builder-workspace/.swiftpm/xcode
    builtin-SwiftPerFileCompile MultiplexLogHandler.swift
SwiftCompile normal arm64_32 /Users/admin/builder/spi-builder-workspace/.dependencies/checkouts/swift-log/Sources/Logging/Handlers/StreamLogHandler.swift (in target 'Logging' from project 'swift-log')
    cd /Users/admin/builder/spi-builder-workspace/.swiftpm/xcode
    builtin-SwiftPerFileCompile StreamLogHandler.swift
SwiftDriverJobDiscovery normal arm64_32 Compiling LogEvent.swift (in target 'Logging' from project 'swift-log')
SwiftCompile normal arm64 Compiling\ Locks.swift /Users/admin/builder/spi-builder-workspace/.dependencies/checkouts/swift-log/Sources/Logging/Locks.swift (in target 'Logging' from project 'swift-log')
SwiftCompile normal arm64 /Users/admin/builder/spi-builder-workspace/.dependencies/checkouts/swift-log/Sources/Logging/Locks.swift (in target 'Logging' from project 'swift-log')
    cd /Users/admin/builder/spi-builder-workspace/.swiftpm/xcode
    builtin-SwiftPerFileCompile Locks.swift
SwiftDriverJobDiscovery normal arm64_32 Compiling SwiftLogNoOpLogHandler.swift (in target 'Logging' from project 'swift-log')
SwiftDriver HealthDataGenerator normal arm64 com.apple.xcode.tools.swift.compiler (in target 'HealthDataGenerator' from project 'HealthDataGenerator')
    cd /Users/admin/builder/spi-builder-workspace/.swiftpm/xcode
    builtin-SwiftDriver -- /Applications/Xcode-27.0.0-Release.Candidate.app/Contents/Developer/Toolchains/XcodeDefault.xctoolchain/usr/bin/swiftc -parse-as-library -module-name HealthDataGenerator -Onone @/Users/admin/builder/spi-builder-workspace/.derivedData/Build/Intermediates.noindex/HealthDataGenerator.build/Debug-watchos/HealthDataGenerator-t.build/Objects-normal/arm64/HealthDataGenerator.SwiftFileList -DSWIFT_PACKAGE -DDEBUG -DSWIFT_MODULE_RESOURCE_BUNDLE_UNAVAILABLE -DXcode -plugin-path /Applications/Xcode-27.0.0-Release.Candidate.app/Contents/Developer/Toolchains/XcodeDefault.xctoolchain/usr/lib/swift/host/plugins/testing -enable-experimental-feature DebugDescriptionMacro -sdk /Applications/Xcode-27.0.0-Release.Candidate.app/Contents/Developer/Platforms/WatchOS.platform/Developer/SDKs/WatchOS27.0.sdk -target arm64-apple-watchos10.0 -g -module-cache-path /Users/admin/builder/spi-builder-workspace/.derivedData/ModuleCache.noindex -Xfrontend -serialize-debugging-options -profile-coverage-mapping -profile-generate -enable-testing -index-store-path /Users/admin/builder/spi-builder-workspace/.derivedData/Index.noindex/DataStore -Xcc -D_LIBCPP_HARDENING_MODE\=_LIBCPP_HARDENING_MODE_DEBUG -swift-version 5 -I /Users/admin/builder/spi-builder-workspace/.derivedData/Build/Products/Debug-watchos -Isystem /Applications/Xcode-27.0.0-Release.Candidate.app/Contents/Developer/Platforms/WatchOS.platform/Developer/usr/lib -F /Users/admin/builder/spi-builder-workspace/.derivedData/Build/Products/Debug-watchos/PackageFrameworks -F /Users/admin/builder/spi-builder-workspace/.derivedData/Build/Products/Debug-watchos -F /Applications/Xcode-27.0.0-Release.Candidate.app/Contents/Developer/Platforms/WatchOS.platform/Developer/Library/Frameworks -F /Applications/Xcode-27.0.0-Release.Candidate.app/Contents/Developer/Platforms/WatchOS.platform/Developer/SDKs/WatchOS27.0.sdk/Developer/Library/Frameworks -c -j10 -enable-batch-mode -incremental -Xcc -ivfsstatcache -Xcc /Users/admin/builder/spi-builder-workspace/.derivedData/SDKStatCaches.noindex/watchos27.0-24R360-e829b21a6f8c9b70876ba0858053c04477534ef55a1706bf4c1112bbb242f0a2.sdkstatcache -output-file-map /Users/admin/builder/spi-builder-workspace/.derivedData/Build/Intermediates.noindex/HealthDataGenerator.build/Debug-watchos/HealthDataGenerator-t.build/Objects-normal/arm64/HealthDataGenerator-OutputFileMap.json -save-temps -no-color-diagnostics -explicit-module-build -module-cache-path /Users/admin/builder/spi-builder-workspace/.derivedData/Build/Intermediates.noindex/SwiftExplicitPrecompiledModules -clang-scanner-module-cache-path /Users/admin/builder/spi-builder-workspace/.derivedData/ModuleCache.noindex -sdk-module-cache-path /Users/admin/builder/spi-builder-workspace/.derivedData/SDKExplicitPrecompiledModules -emit-dependencies -emit-module -emit-module-path /Users/admin/builder/spi-builder-workspace/.derivedData/Build/Intermediates.noindex/HealthDataGenerator.build/Debug-watchos/HealthDataGenerator-t.build/Objects-normal/arm64/HealthDataGenerator.swiftmodule -serialize-diagnostics -dependency-scan-serialize-diagnostics-path /Users/admin/builder/spi-builder-workspace/.derivedData/Build/Intermediates.noindex/HealthDataGenerator.build/Debug-watchos/HealthDataGenerator-t.build/Objects-normal/arm64/HealthDataGenerator-dependency-scan.dia -validate-clang-modules-once -clang-build-session-file /Users/admin/builder/spi-builder-workspace/.derivedData/ModuleCache.noindex/Session.modulevalidation -Xcc -fmodules-prune-interval\=86400 -Xcc -fmodules-prune-after\=345600 -package-name spi_builder_workspace -emit-const-values -const-gather-protocols-list /Users/admin/builder/spi-builder-workspace/.derivedData/Build/Intermediates.noindex/HealthDataGenerator.build/Debug-watchos/HealthDataGenerator-t.build/Objects-normal/arm64/HealthDataGenerator_const_extract_protocols.json -Xcc -I/Users/admin/builder/spi-builder-workspace/.derivedData/Build/Products/Debug-watchos/include -Xcc -I/Users/admin/builder/spi-builder-workspace/.derivedData/Build/Intermediates.noindex/HealthDataGenerator.build/Debug-watchos/HealthDataGenerator-t.build/DerivedSources-normal/arm64 -Xcc -I/Users/admin/builder/spi-builder-workspace/.derivedData/Build/Intermediates.noindex/HealthDataGenerator.build/Debug-watchos/HealthDataGenerator-t.build/DerivedSources/arm64 -Xcc -I/Users/admin/builder/spi-builder-workspace/.derivedData/Build/Intermediates.noindex/HealthDataGenerator.build/Debug-watchos/HealthDataGenerator-t.build/DerivedSources -Xcc -DSWIFT_PACKAGE -Xcc -DDEBUG\=1 -emit-objc-header -emit-objc-header-path /Users/admin/builder/spi-builder-workspace/.derivedData/Build/Intermediates.noindex/HealthDataGenerator.build/Debug-watchos/HealthDataGenerator-t.build/Objects-normal/arm64/HealthDataGenerator-Swift.h -working-directory /Users/admin/builder/spi-builder-workspace/.swiftpm/xcode -experimental-emit-module-separately -disable-cmo
SwiftDriver HealthDataGenerator normal arm64_32 com.apple.xcode.tools.swift.compiler (in target 'HealthDataGenerator' from project 'HealthDataGenerator')
    cd /Users/admin/builder/spi-builder-workspace/.swiftpm/xcode
    builtin-SwiftDriver -- /Applications/Xcode-27.0.0-Release.Candidate.app/Contents/Developer/Toolchains/XcodeDefault.xctoolchain/usr/bin/swiftc -parse-as-library -module-name HealthDataGenerator -Onone @/Users/admin/builder/spi-builder-workspace/.derivedData/Build/Intermediates.noindex/HealthDataGenerator.build/Debug-watchos/HealthDataGenerator-t.build/Objects-normal/arm64_32/HealthDataGenerator.SwiftFileList -DSWIFT_PACKAGE -DDEBUG -DSWIFT_MODULE_RESOURCE_BUNDLE_UNAVAILABLE -DXcode -plugin-path /Applications/Xcode-27.0.0-Release.Candidate.app/Contents/Developer/Toolchains/XcodeDefault.xctoolchain/usr/lib/swift/host/plugins/testing -enable-experimental-feature DebugDescriptionMacro -sdk /Applications/Xcode-27.0.0-Release.Candidate.app/Contents/Developer/Platforms/WatchOS.platform/Developer/SDKs/WatchOS27.0.sdk -target arm64_32-apple-watchos10.0 -g -module-cache-path /Users/admin/builder/spi-builder-workspace/.derivedData/ModuleCache.noindex -Xfrontend -serialize-debugging-options -profile-coverage-mapping -profile-generate -enable-testing -index-store-path /Users/admin/builder/spi-builder-workspace/.derivedData/Index.noindex/DataStore -Xcc -D_LIBCPP_HARDENING_MODE\=_LIBCPP_HARDENING_MODE_DEBUG -swift-version 5 -I /Users/admin/builder/spi-builder-workspace/.derivedData/Build/Products/Debug-watchos -Isystem /Applications/Xcode-27.0.0-Release.Candidate.app/Contents/Developer/Platforms/WatchOS.platform/Developer/usr/lib -F /Users/admin/builder/spi-builder-workspace/.derivedData/Build/Products/Debug-watchos/PackageFrameworks -F /Users/admin/builder/spi-builder-workspace/.derivedData/Build/Products/Debug-watchos -F /Applications/Xcode-27.0.0-Release.Candidate.app/Contents/Developer/Platforms/WatchOS.platform/Developer/Library/Frameworks -F /Applications/Xcode-27.0.0-Release.Candidate.app/Contents/Developer/Platforms/WatchOS.platform/Developer/SDKs/WatchOS27.0.sdk/Developer/Library/Frameworks -c -j10 -enable-batch-mode -incremental -Xcc -ivfsstatcache -Xcc /Users/admin/builder/spi-builder-workspace/.derivedData/SDKStatCaches.noindex/watchos27.0-24R360-e829b21a6f8c9b70876ba0858053c04477534ef55a1706bf4c1112bbb242f0a2.sdkstatcache -output-file-map /Users/admin/builder/spi-builder-workspace/.derivedData/Build/Intermediates.noindex/HealthDataGenerator.build/Debug-watchos/HealthDataGenerator-t.build/Objects-normal/arm64_32/HealthDataGenerator-OutputFileMap.json -save-temps -no-color-diagnostics -explicit-module-build -module-cache-path /Users/admin/builder/spi-builder-workspace/.derivedData/Build/Intermediates.noindex/SwiftExplicitPrecompiledModules -clang-scanner-module-cache-path /Users/admin/builder/spi-builder-workspace/.derivedData/ModuleCache.noindex -sdk-module-cache-path /Users/admin/builder/spi-builder-workspace/.derivedData/SDKExplicitPrecompiledModules -emit-dependencies -emit-module -emit-module-path /Users/admin/builder/spi-builder-workspace/.derivedData/Build/Intermediates.noindex/HealthDataGenerator.build/Debug-watchos/HealthDataGenerator-t.build/Objects-normal/arm64_32/HealthDataGenerator.swiftmodule -serialize-diagnostics -dependency-scan-serialize-diagnostics-path /Users/admin/builder/spi-builder-workspace/.derivedData/Build/Intermediates.noindex/HealthDataGenerator.build/Debug-watchos/HealthDataGenerator-t.build/Objects-normal/arm64_32/HealthDataGenerator-dependency-scan.dia -validate-clang-modules-once -clang-build-session-file /Users/admin/builder/spi-builder-workspace/.derivedData/ModuleCache.noindex/Session.modulevalidation -Xcc -fmodules-prune-interval\=86400 -Xcc -fmodules-prune-after\=345600 -package-name spi_builder_workspace -emit-const-values -const-gather-protocols-list /Users/admin/builder/spi-builder-workspace/.derivedData/Build/Intermediates.noindex/HealthDataGenerator.build/Debug-watchos/HealthDataGenerator-t.build/Objects-normal/arm64_32/HealthDataGenerator_const_extract_protocols.json -Xcc -I/Users/admin/builder/spi-builder-workspace/.derivedData/Build/Products/Debug-watchos/include -Xcc -I/Users/admin/builder/spi-builder-workspace/.derivedData/Build/Intermediates.noindex/HealthDataGenerator.build/Debug-watchos/HealthDataGenerator-t.build/DerivedSources-normal/arm64_32 -Xcc -I/Users/admin/builder/spi-builder-workspace/.derivedData/Build/Intermediates.noindex/HealthDataGenerator.build/Debug-watchos/HealthDataGenerator-t.build/DerivedSources/arm64_32 -Xcc -I/Users/admin/builder/spi-builder-workspace/.derivedData/Build/Intermediates.noindex/HealthDataGenerator.build/Debug-watchos/HealthDataGenerator-t.build/DerivedSources -Xcc -DSWIFT_PACKAGE -Xcc -DDEBUG\=1 -emit-objc-header -emit-objc-header-path /Users/admin/builder/spi-builder-workspace/.derivedData/Build/Intermediates.noindex/HealthDataGenerator.build/Debug-watchos/HealthDataGenerator-t.build/Objects-normal/arm64_32/HealthDataGenerator-Swift.h -working-directory /Users/admin/builder/spi-builder-workspace/.swiftpm/xcode -experimental-emit-module-separately -disable-cmo
SwiftDriverJobDiscovery normal arm64_32 Compiling Logger+With.swift (in target 'Logging' from project 'swift-log')
SwiftDriverJobDiscovery normal arm64_32 Compiling LogHandler.swift (in target 'Logging' from project 'swift-log')
SwiftDriverJobDiscovery normal arm64_32 Compiling Logger+Attributes.swift (in target 'Logging' from project 'swift-log')
SwiftDriverJobDiscovery normal arm64_32 Compiling MetadataProvider.swift (in target 'Logging' from project 'swift-log')
SwiftDriverJobDiscovery normal arm64_32 Compiling LoggingSystem.swift (in target 'Logging' from project 'swift-log')
SwiftDriverJobDiscovery normal arm64_32 Compiling Locks.swift (in target 'Logging' from project 'swift-log')
SwiftDriverJobDiscovery normal arm64_32 Compiling Logger.swift (in target 'Logging' from project 'swift-log')
SwiftDriverJobDiscovery normal arm64 Compiling Locks.swift (in target 'Logging' from project 'swift-log')
SwiftDriver\ Compilation Logging normal arm64 com.apple.xcode.tools.swift.compiler (in target 'Logging' from project 'swift-log')
    cd /Users/admin/builder/spi-builder-workspace/.swiftpm/xcode
    builtin-Swift-Compilation -- /Applications/Xcode-27.0.0-Release.Candidate.app/Contents/Developer/Toolchains/XcodeDefault.xctoolchain/usr/bin/swiftc -parse-as-library -module-name Logging -Onone @/Users/admin/builder/spi-builder-workspace/.derivedData/Build/Intermediates.noindex/swift-log.build/Debug-watchos/Logging-t.build/Objects-normal/arm64/Logging.SwiftFileList -DSWIFT_PACKAGE -DDEBUG -DSWIFT_MODULE_RESOURCE_BUNDLE_UNAVAILABLE -DXcode -enable-upcoming-feature ExistentialAny -enable-upcoming-feature MemberImportVisibility -enable-upcoming-feature InternalImportsByDefault -enable-upcoming-feature NonisolatedNonsendingByDefault -Xfrontend -require-explicit-sendable -plugin-path /Applications/Xcode-27.0.0-Release.Candidate.app/Contents/Developer/Toolchains/XcodeDefault.xctoolchain/usr/lib/swift/host/plugins/testing -enable-experimental-feature DebugDescriptionMacro -sdk /Applications/Xcode-27.0.0-Release.Candidate.app/Contents/Developer/Platforms/WatchOS.platform/Developer/SDKs/WatchOS27.0.sdk -target arm64-apple-watchos9.0 -g -module-cache-path /Users/admin/builder/spi-builder-workspace/.derivedData/ModuleCache.noindex -Xfrontend -serialize-debugging-options -profile-coverage-mapping -profile-generate -enable-testing -suppress-warnings -index-store-path /Users/admin/builder/spi-builder-workspace/.derivedData/Index.noindex/DataStore -Xcc -D_LIBCPP_HARDENING_MODE\=_LIBCPP_HARDENING_MODE_DEBUG -swift-version 6 -I /Users/admin/builder/spi-builder-workspace/.derivedData/Build/Products/Debug-watchos -Isystem /Applications/Xcode-27.0.0-Release.Candidate.app/Contents/Developer/Platforms/WatchOS.platform/Developer/usr/lib -F /Users/admin/builder/spi-builder-workspace/.derivedData/Build/Products/Debug-watchos -F /Applications/Xcode-27.0.0-Release.Candidate.app/Contents/Developer/Platforms/WatchOS.platform/Developer/Library/Frameworks -F /Applications/Xcode-27.0.0-Release.Candidate.app/Contents/Developer/Platforms/WatchOS.platform/Developer/SDKs/WatchOS27.0.sdk/Developer/Library/Frameworks -c -j10 -enable-batch-mode -incremental -Xcc -ivfsstatcache -Xcc /Users/admin/builder/spi-builder-workspace/.derivedData/SDKStatCaches.noindex/watchos27.0-24R360-e829b21a6f8c9b70876ba0858053c04477534ef55a1706bf4c1112bbb242f0a2.sdkstatcache -output-file-map /Users/admin/builder/spi-builder-workspace/.derivedData/Build/Intermediates.noindex/swift-log.build/Debug-watchos/Logging-t.build/Objects-normal/arm64/Logging-OutputFileMap.json -save-temps -no-color-diagnostics -explicit-module-build -module-cache-path /Users/admin/builder/spi-builder-workspace/.derivedData/Build/Intermediates.noindex/SwiftExplicitPrecompiledModules -clang-scanner-module-cache-path /Users/admin/builder/spi-builder-workspace/.derivedData/ModuleCache.noindex -sdk-module-cache-path /Users/admin/builder/spi-builder-workspace/.derivedData/SDKExplicitPrecompiledModules -emit-dependencies -emit-module -emit-module-path /Users/admin/builder/spi-builder-workspace/.derivedData/Build/Intermediates.noindex/swift-log.build/Debug-watchos/Logging-t.build/Objects-normal/arm64/Logging.swiftmodule -serialize-diagnostics -dependency-scan-serialize-diagnostics-path /Users/admin/builder/spi-builder-workspace/.derivedData/Build/Intermediates.noindex/swift-log.build/Debug-watchos/Logging-t.build/Objects-normal/arm64/Logging-dependency-scan.dia -user-module-version 1.15.1 -validate-clang-modules-once -clang-build-session-file /Users/admin/builder/spi-builder-workspace/.derivedData/ModuleCache.noindex/Session.modulevalidation -Xcc -fmodules-prune-interval\=86400 -Xcc -fmodules-prune-after\=345600 -package-name swift_log -emit-const-values -const-gather-protocols-list /Users/admin/builder/spi-builder-workspace/.derivedData/Build/Intermediates.noindex/swift-log.build/Debug-watchos/Logging-t.build/Objects-normal/arm64/Logging_const_extract_protocols.json -Xcc -I/Users/admin/builder/spi-builder-workspace/.derivedData/Build/Products/Debug-watchos/include -Xcc -I/Users/admin/builder/spi-builder-workspace/.derivedData/Build/Intermediates.noindex/swift-log.build/Debug-watchos/Logging-t.build/DerivedSources-normal/arm64 -Xcc -I/Users/admin/builder/spi-builder-workspace/.derivedData/Build/Intermediates.noindex/swift-log.build/Debug-watchos/Logging-t.build/DerivedSources/arm64 -Xcc -I/Users/admin/builder/spi-builder-workspace/.derivedData/Build/Intermediates.noindex/swift-log.build/Debug-watchos/Logging-t.build/DerivedSources -Xcc -DSWIFT_PACKAGE -Xcc -DDEBUG\=1 -emit-objc-header -emit-objc-header-path /Users/admin/builder/spi-builder-workspace/.derivedData/Build/Intermediates.noindex/swift-log.build/Debug-watchos/Logging-t.build/Objects-normal/arm64/Logging-Swift.h -working-directory /Users/admin/builder/spi-builder-workspace/.swiftpm/xcode -experimental-emit-module-separately -disable-cmo
Ld /Users/admin/builder/spi-builder-workspace/.derivedData/Build/Intermediates.noindex/swift-log.build/Debug-watchos/Logging-t.build/Objects-normal/arm64/Binary/Logging.o normal arm64 (in target 'Logging' from project 'swift-log')
    cd /Users/admin/builder/spi-builder-workspace/.dependencies/checkouts/swift-log
    /Applications/Xcode-27.0.0-Release.Candidate.app/Contents/Developer/Toolchains/XcodeDefault.xctoolchain/usr/bin/clang -Xlinker -reproducible -target arm64-apple-watchos9.0 -r -isysroot /Applications/Xcode-27.0.0-Release.Candidate.app/Contents/Developer/Platforms/WatchOS.platform/Developer/SDKs/WatchOS27.0.sdk -O0 -w -Xlinker -no_warn_duplicate_libraries -F/Users/admin/builder/spi-builder-workspace/.derivedData/Build/Intermediates.noindex/EagerLinkingTBDs/Debug-watchos -F/Users/admin/builder/spi-builder-workspace/.derivedData/Build/Products/Debug-watchos -iframework /Applications/Xcode-27.0.0-Release.Candidate.app/Contents/Developer/Platforms/WatchOS.platform/Developer/Library/Frameworks -iframework /Applications/Xcode-27.0.0-Release.Candidate.app/Contents/Developer/Platforms/WatchOS.platform/Developer/SDKs/WatchOS27.0.sdk/Developer/Library/Frameworks -filelist /Users/admin/builder/spi-builder-workspace/.derivedData/Build/Intermediates.noindex/swift-log.build/Debug-watchos/Logging-t.build/Objects-normal/arm64/Logging.LinkFileList -nostdlib -Xlinker -object_path_lto -Xlinker /Users/admin/builder/spi-builder-workspace/.derivedData/Build/Intermediates.noindex/swift-log.build/Debug-watchos/Logging-t.build/Objects-normal/arm64/Logging_lto.o -Xlinker -no_deduplicate -Xlinker -debug_variant -Xlinker -dependency_info -Xlinker /Users/admin/builder/spi-builder-workspace/.derivedData/Build/Intermediates.noindex/swift-log.build/Debug-watchos/Logging-t.build/Objects-normal/arm64/Logging_dependency_info.dat -fobjc-link-runtime -L/Applications/Xcode-27.0.0-Release.Candidate.app/Contents/Developer/Toolchains/XcodeDefault.xctoolchain/usr/lib/swift/watchos -L/usr/lib/swift -Xlinker -add_ast_path -Xlinker /Users/admin/builder/spi-builder-workspace/.derivedData/Build/Intermediates.noindex/swift-log.build/Debug-watchos/Logging-t.build/Objects-normal/arm64/Logging.swiftmodule -o /Users/admin/builder/spi-builder-workspace/.derivedData/Build/Intermediates.noindex/swift-log.build/Debug-watchos/Logging-t.build/Objects-normal/arm64/Binary/Logging.o
SwiftDriverJobDiscovery normal arm64_32 Compiling MultiplexLogHandler.swift, StreamLogHandler.swift (in target 'Logging' from project 'swift-log')
SwiftDriver\ Compilation Logging normal arm64_32 com.apple.xcode.tools.swift.compiler (in target 'Logging' from project 'swift-log')
    cd /Users/admin/builder/spi-builder-workspace/.swiftpm/xcode
    builtin-Swift-Compilation -- /Applications/Xcode-27.0.0-Release.Candidate.app/Contents/Developer/Toolchains/XcodeDefault.xctoolchain/usr/bin/swiftc -parse-as-library -module-name Logging -Onone @/Users/admin/builder/spi-builder-workspace/.derivedData/Build/Intermediates.noindex/swift-log.build/Debug-watchos/Logging-t.build/Objects-normal/arm64_32/Logging.SwiftFileList -DSWIFT_PACKAGE -DDEBUG -DSWIFT_MODULE_RESOURCE_BUNDLE_UNAVAILABLE -DXcode -enable-upcoming-feature ExistentialAny -enable-upcoming-feature MemberImportVisibility -enable-upcoming-feature InternalImportsByDefault -enable-upcoming-feature NonisolatedNonsendingByDefault -Xfrontend -require-explicit-sendable -plugin-path /Applications/Xcode-27.0.0-Release.Candidate.app/Contents/Developer/Toolchains/XcodeDefault.xctoolchain/usr/lib/swift/host/plugins/testing -enable-experimental-feature DebugDescriptionMacro -sdk /Applications/Xcode-27.0.0-Release.Candidate.app/Contents/Developer/Platforms/WatchOS.platform/Developer/SDKs/WatchOS27.0.sdk -target arm64_32-apple-watchos9.0 -g -module-cache-path /Users/admin/builder/spi-builder-workspace/.derivedData/ModuleCache.noindex -Xfrontend -serialize-debugging-options -profile-coverage-mapping -profile-generate -enable-testing -suppress-warnings -index-store-path /Users/admin/builder/spi-builder-workspace/.derivedData/Index.noindex/DataStore -Xcc -D_LIBCPP_HARDENING_MODE\=_LIBCPP_HARDENING_MODE_DEBUG -swift-version 6 -I /Users/admin/builder/spi-builder-workspace/.derivedData/Build/Products/Debug-watchos -Isystem /Applications/Xcode-27.0.0-Release.Candidate.app/Contents/Developer/Platforms/WatchOS.platform/Developer/usr/lib -F /Users/admin/builder/spi-builder-workspace/.derivedData/Build/Products/Debug-watchos -F /Applications/Xcode-27.0.0-Release.Candidate.app/Contents/Developer/Platforms/WatchOS.platform/Developer/Library/Frameworks -F /Applications/Xcode-27.0.0-Release.Candidate.app/Contents/Developer/Platforms/WatchOS.platform/Developer/SDKs/WatchOS27.0.sdk/Developer/Library/Frameworks -c -j10 -enable-batch-mode -incremental -Xcc -ivfsstatcache -Xcc /Users/admin/builder/spi-builder-workspace/.derivedData/SDKStatCaches.noindex/watchos27.0-24R360-e829b21a6f8c9b70876ba0858053c04477534ef55a1706bf4c1112bbb242f0a2.sdkstatcache -output-file-map /Users/admin/builder/spi-builder-workspace/.derivedData/Build/Intermediates.noindex/swift-log.build/Debug-watchos/Logging-t.build/Objects-normal/arm64_32/Logging-OutputFileMap.json -save-temps -no-color-diagnostics -explicit-module-build -module-cache-path /Users/admin/builder/spi-builder-workspace/.derivedData/Build/Intermediates.noindex/SwiftExplicitPrecompiledModules -clang-scanner-module-cache-path /Users/admin/builder/spi-builder-workspace/.derivedData/ModuleCache.noindex -sdk-module-cache-path /Users/admin/builder/spi-builder-workspace/.derivedData/SDKExplicitPrecompiledModules -emit-dependencies -emit-module -emit-module-path /Users/admin/builder/spi-builder-workspace/.derivedData/Build/Intermediates.noindex/swift-log.build/Debug-watchos/Logging-t.build/Objects-normal/arm64_32/Logging.swiftmodule -serialize-diagnostics -dependency-scan-serialize-diagnostics-path /Users/admin/builder/spi-builder-workspace/.derivedData/Build/Intermediates.noindex/swift-log.build/Debug-watchos/Logging-t.build/Objects-normal/arm64_32/Logging-dependency-scan.dia -user-module-version 1.15.1 -validate-clang-modules-once -clang-build-session-file /Users/admin/builder/spi-builder-workspace/.derivedData/ModuleCache.noindex/Session.modulevalidation -Xcc -fmodules-prune-interval\=86400 -Xcc -fmodules-prune-after\=345600 -package-name swift_log -emit-const-values -const-gather-protocols-list /Users/admin/builder/spi-builder-workspace/.derivedData/Build/Intermediates.noindex/swift-log.build/Debug-watchos/Logging-t.build/Objects-normal/arm64_32/Logging_const_extract_protocols.json -Xcc -I/Users/admin/builder/spi-builder-workspace/.derivedData/Build/Products/Debug-watchos/include -Xcc -I/Users/admin/builder/spi-builder-workspace/.derivedData/Build/Intermediates.noindex/swift-log.build/Debug-watchos/Logging-t.build/DerivedSources-normal/arm64_32 -Xcc -I/Users/admin/builder/spi-builder-workspace/.derivedData/Build/Intermediates.noindex/swift-log.build/Debug-watchos/Logging-t.build/DerivedSources/arm64_32 -Xcc -I/Users/admin/builder/spi-builder-workspace/.derivedData/Build/Intermediates.noindex/swift-log.build/Debug-watchos/Logging-t.build/DerivedSources -Xcc -DSWIFT_PACKAGE -Xcc -DDEBUG\=1 -emit-objc-header -emit-objc-header-path /Users/admin/builder/spi-builder-workspace/.derivedData/Build/Intermediates.noindex/swift-log.build/Debug-watchos/Logging-t.build/Objects-normal/arm64_32/Logging-Swift.h -working-directory /Users/admin/builder/spi-builder-workspace/.swiftpm/xcode -experimental-emit-module-separately -disable-cmo
Ld /Users/admin/builder/spi-builder-workspace/.derivedData/Build/Intermediates.noindex/swift-log.build/Debug-watchos/Logging-t.build/Objects-normal/arm64_32/Binary/Logging.o normal arm64_32 (in target 'Logging' from project 'swift-log')
    cd /Users/admin/builder/spi-builder-workspace/.dependencies/checkouts/swift-log
    /Applications/Xcode-27.0.0-Release.Candidate.app/Contents/Developer/Toolchains/XcodeDefault.xctoolchain/usr/bin/clang -Xlinker -reproducible -target arm64_32-apple-watchos9.0 -r -isysroot /Applications/Xcode-27.0.0-Release.Candidate.app/Contents/Developer/Platforms/WatchOS.platform/Developer/SDKs/WatchOS27.0.sdk -O0 -w -Xlinker -no_warn_duplicate_libraries -F/Users/admin/builder/spi-builder-workspace/.derivedData/Build/Intermediates.noindex/EagerLinkingTBDs/Debug-watchos -F/Users/admin/builder/spi-builder-workspace/.derivedData/Build/Products/Debug-watchos -iframework /Applications/Xcode-27.0.0-Release.Candidate.app/Contents/Developer/Platforms/WatchOS.platform/Developer/Library/Frameworks -iframework /Applications/Xcode-27.0.0-Release.Candidate.app/Contents/Developer/Platforms/WatchOS.platform/Developer/SDKs/WatchOS27.0.sdk/Developer/Library/Frameworks -filelist /Users/admin/builder/spi-builder-workspace/.derivedData/Build/Intermediates.noindex/swift-log.build/Debug-watchos/Logging-t.build/Objects-normal/arm64_32/Logging.LinkFileList -nostdlib -Xlinker -object_path_lto -Xlinker /Users/admin/builder/spi-builder-workspace/.derivedData/Build/Intermediates.noindex/swift-log.build/Debug-watchos/Logging-t.build/Objects-normal/arm64_32/Logging_lto.o -Xlinker -no_deduplicate -Xlinker -debug_variant -Xlinker -dependency_info -Xlinker /Users/admin/builder/spi-builder-workspace/.derivedData/Build/Intermediates.noindex/swift-log.build/Debug-watchos/Logging-t.build/Objects-normal/arm64_32/Logging_dependency_info.dat -fobjc-link-runtime -L/Applications/Xcode-27.0.0-Release.Candidate.app/Contents/Developer/Toolchains/XcodeDefault.xctoolchain/usr/lib/swift/watchos -L/usr/lib/swift -Xlinker -add_ast_path -Xlinker /Users/admin/builder/spi-builder-workspace/.derivedData/Build/Intermediates.noindex/swift-log.build/Debug-watchos/Logging-t.build/Objects-normal/arm64_32/Logging.swiftmodule -o /Users/admin/builder/spi-builder-workspace/.derivedData/Build/Intermediates.noindex/swift-log.build/Debug-watchos/Logging-t.build/Objects-normal/arm64_32/Binary/Logging.o
CreateUniversalBinary /Users/admin/builder/spi-builder-workspace/.derivedData/Build/Products/Debug-watchos/Logging.o normal arm64\ arm64_32 (in target 'Logging' from project 'swift-log')
    cd /Users/admin/builder/spi-builder-workspace/.dependencies/checkouts/swift-log
    /Applications/Xcode-27.0.0-Release.Candidate.app/Contents/Developer/Toolchains/XcodeDefault.xctoolchain/usr/bin/lipo -create /Users/admin/builder/spi-builder-workspace/.derivedData/Build/Intermediates.noindex/swift-log.build/Debug-watchos/Logging-t.build/Objects-normal/arm64/Binary/Logging.o /Users/admin/builder/spi-builder-workspace/.derivedData/Build/Intermediates.noindex/swift-log.build/Debug-watchos/Logging-t.build/Objects-normal/arm64_32/Binary/Logging.o -output /Users/admin/builder/spi-builder-workspace/.derivedData/Build/Products/Debug-watchos/Logging.o
ExtractAppIntentsMetadata (in target 'Logging' from project 'swift-log')
    cd /Users/admin/builder/spi-builder-workspace/.dependencies/checkouts/swift-log
    /Applications/Xcode-27.0.0-Release.Candidate.app/Contents/Developer/Toolchains/XcodeDefault.xctoolchain/usr/bin/appintentsmetadataprocessor --toolchain-dir /var/run/com.apple.security.cryptexd/mnt/com.apple.MobileAsset.MetalToolchain-v27.1.266.1.Wf74VI/Metal.xctoolchain --module-name Logging --sdk-root /Applications/Xcode-27.0.0-Release.Candidate.app/Contents/Developer/Platforms/WatchOS.platform/Developer/SDKs/WatchOS27.0.sdk --xcode-version 27A266a --platform-family watchOS --deployment-target 9.0 --bundle-identifier swift-log.Logging --output /Users/admin/builder/spi-builder-workspace/.derivedData/Build/Products/Debug-watchos/Logging.appintents --target-triple arm64-apple-watchos9.0 --target-triple arm64_32-apple-watchos9.0 --binary-file /Users/admin/builder/spi-builder-workspace/.derivedData/Build/Products/Debug-watchos/Logging.o --dependency-file /Users/admin/builder/spi-builder-workspace/.derivedData/Build/Intermediates.noindex/swift-log.build/Debug-watchos/Logging-t.build/Objects-normal/arm64/Logging_dependency_info.dat --dependency-file /Users/admin/builder/spi-builder-workspace/.derivedData/Build/Intermediates.noindex/swift-log.build/Debug-watchos/Logging-t.build/Objects-normal/arm64_32/Logging_dependency_info.dat --stringsdata-file /Users/admin/builder/spi-builder-workspace/.derivedData/Build/Intermediates.noindex/swift-log.build/Debug-watchos/Logging-t.build/Objects-normal/arm64/ExtractedAppShortcutsMetadata.stringsdata --stringsdata-file /Users/admin/builder/spi-builder-workspace/.derivedData/Build/Intermediates.noindex/swift-log.build/Debug-watchos/Logging-t.build/Objects-normal/arm64_32/ExtractedAppShortcutsMetadata.stringsdata --source-file-list /Users/admin/builder/spi-builder-workspace/.derivedData/Build/Intermediates.noindex/swift-log.build/Debug-watchos/Logging-t.build/Objects-normal/arm64/Logging.SwiftFileList --source-file-list /Users/admin/builder/spi-builder-workspace/.derivedData/Build/Intermediates.noindex/swift-log.build/Debug-watchos/Logging-t.build/Objects-normal/arm64_32/Logging.SwiftFileList --metadata-file-list /Users/admin/builder/spi-builder-workspace/.derivedData/Build/Intermediates.noindex/swift-log.build/Debug-watchos/Logging-t.build/Logging.DependencyMetadataFileList --static-metadata-file-list /Users/admin/builder/spi-builder-workspace/.derivedData/Build/Intermediates.noindex/swift-log.build/Debug-watchos/Logging-t.build/Logging.DependencyStaticMetadataFileList --swift-const-vals-list /Users/admin/builder/spi-builder-workspace/.derivedData/Build/Intermediates.noindex/swift-log.build/Debug-watchos/Logging-t.build/Objects-normal/arm64/Logging.SwiftConstValuesFileList --swift-const-vals-list /Users/admin/builder/spi-builder-workspace/.derivedData/Build/Intermediates.noindex/swift-log.build/Debug-watchos/Logging-t.build/Objects-normal/arm64_32/Logging.SwiftConstValuesFileList --force --compile-time-extraction --deployment-aware-processing --no-app-shortcuts-localization
2026-09-30 11:22:36.388 appintentsmetadataprocessor[789:4835] Starting appintentsmetadataprocessor export
2026-09-30 11:22:36.476 appintentsmetadataprocessor[789:4835] Extracted no relevant App Intents symbols, skipping writing output
SwiftExplicitDependencyGeneratePcm arm64_32 /Users/admin/builder/spi-builder-workspace/.derivedData/SDKExplicitPrecompiledModules/ptrcheck-7ELIH9BTIGVKX3UBITM9N72WD.pcm
SwiftExplicitDependencyGeneratePcm arm64_32 /Users/admin/builder/spi-builder-workspace/.derivedData/SDKExplicitPrecompiledModules/SwiftShims-9CQQGWTSNTN9EB5NSHDWUJICH.pcm
SwiftExplicitDependencyGeneratePcm arm64_32 /Users/admin/builder/spi-builder-workspace/.derivedData/SDKExplicitPrecompiledModules/_Builtin_stdbool-A967K8W8YUYEC9SN52KJ7OO88.pcm
SwiftExplicitDependencyGeneratePcm arm64_32 /Users/admin/builder/spi-builder-workspace/.derivedData/SDKExplicitPrecompiledModules/_Builtin_float-6KO8O3PEWRCA4WC6PPLOYO6WJ.pcm
SwiftExplicitDependencyGeneratePcm arm64_32 /Users/admin/builder/spi-builder-workspace/.derivedData/SDKExplicitPrecompiledModules/_Builtin_stddef-H44EFHQX6XSS5MZ7QP6YJZ76.pcm
SwiftExplicitDependencyGeneratePcm arm64_32 /Users/admin/builder/spi-builder-workspace/.derivedData/SDKExplicitPrecompiledModules/_AvailabilityInternal-244WAN3Z1QBT7PIA64EZEFY1R.pcm
SwiftExplicitDependencyGeneratePcm arm64_32 /Users/admin/builder/spi-builder-workspace/.derivedData/SDKExplicitPrecompiledModules/_SwiftConcurrencyShims-6RTBPQ03V7BM9SPRK8SUE055H.pcm
SwiftExplicitDependencyGeneratePcm arm64_32 /Users/admin/builder/spi-builder-workspace/.derivedData/SDKExplicitPrecompiledModules/_Builtin_stdarg-D305JG44A2WPI6CJY37X3QJE8.pcm
SwiftExplicitDependencyGeneratePcm arm64_32 /Users/admin/builder/spi-builder-workspace/.derivedData/SDKExplicitPrecompiledModules/ptrauth-BFXF358ME5AK535N5A9Z766WU.pcm
SwiftExplicitDependencyGeneratePcm arm64 /Users/admin/builder/spi-builder-workspace/.derivedData/SDKExplicitPrecompiledModules/_SwiftConcurrencyShims-659N52XSKR5F0QSB880BH2FJR.pcm
SwiftExplicitDependencyGeneratePcm arm64 /Users/admin/builder/spi-builder-workspace/.derivedData/SDKExplicitPrecompiledModules/_Builtin_float-C0CW5Q4HGBQYKE77TC42IAFB5.pcm
SwiftExplicitDependencyGeneratePcm arm64 /Users/admin/builder/spi-builder-workspace/.derivedData/SDKExplicitPrecompiledModules/ptrauth-3TZ9WJCGLYD25HQPWH4968ONX.pcm
SwiftExplicitDependencyGeneratePcm arm64 /Users/admin/builder/spi-builder-workspace/.derivedData/SDKExplicitPrecompiledModules/ptrcheck-AIF0NDOYZ8ORBNHQAQR5NNB8M.pcm
SwiftExplicitDependencyGeneratePcm arm64 /Users/admin/builder/spi-builder-workspace/.derivedData/SDKExplicitPrecompiledModules/_Builtin_stdbool-83J96QSOFE9VX04AAS6310UAE.pcm
SwiftExplicitDependencyGeneratePcm arm64 /Users/admin/builder/spi-builder-workspace/.derivedData/SDKExplicitPrecompiledModules/SwiftShims-4MXFZPV6FEB0XBYXCGPWAMQGL.pcm
SwiftExplicitDependencyGeneratePcm arm64 /Users/admin/builder/spi-builder-workspace/.derivedData/SDKExplicitPrecompiledModules/_Builtin_stddef-1FU30Y8SWFB7OUUHMJQH5J6FM.pcm
SwiftExplicitDependencyGeneratePcm arm64 /Users/admin/builder/spi-builder-workspace/.derivedData/SDKExplicitPrecompiledModules/_AvailabilityInternal-BUNV3UXM65NT37THI4W1AM0SF.pcm
SwiftExplicitDependencyGeneratePcm arm64 /Users/admin/builder/spi-builder-workspace/.derivedData/SDKExplicitPrecompiledModules/_Builtin_stdarg-A7UU8LE6MP85SM26YO7PBZNUQ.pcm
SwiftExplicitDependencyGeneratePcm arm64_32 /Users/admin/builder/spi-builder-workspace/.derivedData/SDKExplicitPrecompiledModules/_DarwinFoundation1-2GWF9RFMPLQW4PDHS3NARVI3G.pcm
SwiftExplicitDependencyGeneratePcm arm64 /Users/admin/builder/spi-builder-workspace/.derivedData/SDKExplicitPrecompiledModules/_DarwinFoundation1-7SPX3MD0HMP55E4OLNCPNDQ53.pcm
SwiftExplicitDependencyGeneratePcm arm64_32 /Users/admin/builder/spi-builder-workspace/.derivedData/SDKExplicitPrecompiledModules/_DarwinFoundation2-9MY8GOSYRO0M9MKNXF6D3MBNK.pcm
SwiftExplicitDependencyGeneratePcm arm64_32 /Users/admin/builder/spi-builder-workspace/.derivedData/SDKExplicitPrecompiledModules/_Builtin_limits-3VKBU2AFTD65PAJZ5CJ3LHFM2.pcm
SwiftExplicitDependencyGeneratePcm arm64 /Users/admin/builder/spi-builder-workspace/.derivedData/SDKExplicitPrecompiledModules/_DarwinFoundation2-D0XAPJU49S5E9XMKYOFGSTB1Q.pcm
SwiftExplicitDependencyGeneratePcm arm64 /Users/admin/builder/spi-builder-workspace/.derivedData/SDKExplicitPrecompiledModules/_Builtin_limits-9GWPA2B0H20DYUNYHYCWKABJG.pcm
SwiftExplicitDependencyGeneratePcm arm64_32 /Users/admin/builder/spi-builder-workspace/.derivedData/SDKExplicitPrecompiledModules/sys_types-8TLLMW08ZJWDGIIPKOYFGHHZW.pcm
SwiftExplicitDependencyGeneratePcm arm64_32 /Users/admin/builder/spi-builder-workspace/.derivedData/SDKExplicitPrecompiledModules/string_h-BFVLUQUSBZWYMLCU9QI7VZALW.pcm
SwiftExplicitDependencyGeneratePcm arm64_32 /Users/admin/builder/spi-builder-workspace/.derivedData/SDKExplicitPrecompiledModules/_Builtin_stdint-1HMXWI3V0V4TXHRWZOMZGZ80Y.pcm
SwiftExplicitDependencyGeneratePcm arm64 /Users/admin/builder/spi-builder-workspace/.derivedData/SDKExplicitPrecompiledModules/string_h-E6PRXK75PHIPCZFWOFCQ3QBMK.pcm
SwiftExplicitDependencyGeneratePcm arm64 /Users/admin/builder/spi-builder-workspace/.derivedData/SDKExplicitPrecompiledModules/_Builtin_stdint-8XMILLJZEGRN2XG7XZUXZ5RLX.pcm
SwiftExplicitDependencyGeneratePcm arm64 /Users/admin/builder/spi-builder-workspace/.derivedData/SDKExplicitPrecompiledModules/sys_types-2KXQLI78OUCDP779AE68GZJ2.pcm
SwiftExplicitDependencyGeneratePcm arm64_32 /Users/admin/builder/spi-builder-workspace/.derivedData/SDKExplicitPrecompiledModules/_Builtin_stdatomic-1TY035TURL76BF2U98PZPPZRX.pcm
SwiftExplicitDependencyGeneratePcm arm64_32 /Users/admin/builder/spi-builder-workspace/.derivedData/SDKExplicitPrecompiledModules/_DarwinFoundation3-3DUTYQDQSD9HUAAVY947NMWOI.pcm
SwiftExplicitDependencyGeneratePcm arm64 /Users/admin/builder/spi-builder-workspace/.derivedData/SDKExplicitPrecompiledModules/_DarwinFoundation3-B97LRG0E9GON2NUE65TVG81HU.pcm
SwiftExplicitDependencyGeneratePcm arm64 /Users/admin/builder/spi-builder-workspace/.derivedData/SDKExplicitPrecompiledModules/_Builtin_stdatomic-7JEFA3KBJJJN6TKJWY3OG1VG5.pcm
SwiftExplicitDependencyGeneratePcm arm64_32 /Users/admin/builder/spi-builder-workspace/.derivedData/SDKExplicitPrecompiledModules/_Builtin_inttypes-D2KPCR4PEX9AQA33NGLUT5SBR.pcm
SwiftExplicitDependencyGeneratePcm arm64 /Users/admin/builder/spi-builder-workspace/.derivedData/SDKExplicitPrecompiledModules/_Builtin_inttypes-3UQSCM7WNM9EK4HZML8TY5J3D.pcm
SwiftExplicitDependencyGeneratePcm arm64_32 /Users/admin/builder/spi-builder-workspace/.derivedData/SDKExplicitPrecompiledModules/Darwin-3FVT1SKLN2ZQ5RVOABMTQBB34.pcm
SwiftExplicitDependencyGeneratePcm arm64 /Users/admin/builder/spi-builder-workspace/.derivedData/SDKExplicitPrecompiledModules/Darwin-3984OXKFNSPE77NT743WK8SEX.pcm
SwiftExplicitDependencyGeneratePcm arm64_32 /Users/admin/builder/spi-builder-workspace/.derivedData/SDKExplicitPrecompiledModules/ObjectiveC-6IJNELR2E80E7LUKESVCP2KET.pcm
SwiftExplicitDependencyGeneratePcm arm64_32 /Users/admin/builder/spi-builder-workspace/.derivedData/SDKExplicitPrecompiledModules/MachO-56838ZJ0NC1EBAJ0O6O8QMPDX.pcm
SwiftExplicitDependencyGeneratePcm arm64 /Users/admin/builder/spi-builder-workspace/.derivedData/SDKExplicitPrecompiledModules/MachO-2U90NNSAQILBNBPS1SA4F8TYP.pcm
SwiftExplicitDependencyGeneratePcm arm64 /Users/admin/builder/spi-builder-workspace/.derivedData/SDKExplicitPrecompiledModules/ObjectiveC-72IVD3VS2RS8Q28D9PIMY0KQP.pcm
SwiftExplicitDependencyGeneratePcm arm64_32 /Users/admin/builder/spi-builder-workspace/.derivedData/SDKExplicitPrecompiledModules/os_object-5YWTC6L4756IWSTPGXS5NM0D0.pcm
SwiftExplicitDependencyGeneratePcm arm64 /Users/admin/builder/spi-builder-workspace/.derivedData/SDKExplicitPrecompiledModules/os_object-3SDKD7F87FTZ26OON37DRYT6O.pcm
SwiftExplicitDependencyGeneratePcm arm64_32 /Users/admin/builder/spi-builder-workspace/.derivedData/SDKExplicitPrecompiledModules/os_workgroup-5JHTPDMNBUNHLJI8LPHKQK1JK.pcm
SwiftExplicitDependencyGeneratePcm arm64 /Users/admin/builder/spi-builder-workspace/.derivedData/SDKExplicitPrecompiledModules/os_workgroup-89GG5G7YC2D0ZTK6AZXXQ20DH.pcm
SwiftExplicitDependencyGeneratePcm arm64_32 /Users/admin/builder/spi-builder-workspace/.derivedData/SDKExplicitPrecompiledModules/Dispatch-2P62F1T4XV63S4P99TUDTOK2Q.pcm
SwiftExplicitDependencyGeneratePcm arm64 /Users/admin/builder/spi-builder-workspace/.derivedData/SDKExplicitPrecompiledModules/Dispatch-1NLJOVAK60XP0DUB05XA59EIM.pcm
SwiftExplicitDependencyGeneratePcm arm64_32 /Users/admin/builder/spi-builder-workspace/.derivedData/SDKExplicitPrecompiledModules/XPC-81Y45QFY96XYYFCW2GT6FY8S4.pcm
SwiftExplicitDependencyGeneratePcm arm64_32 /Users/admin/builder/spi-builder-workspace/.derivedData/SDKExplicitPrecompiledModules/CoreFoundation-8E6Y4BA3EXYKUGJ24GT9LGV3N.pcm
SwiftExplicitDependencyGeneratePcm arm64 /Users/admin/builder/spi-builder-workspace/.derivedData/SDKExplicitPrecompiledModules/XPC-40DR0X1DHKGCV4J1IOLFS8MOU.pcm
SwiftExplicitDependencyGeneratePcm arm64 /Users/admin/builder/spi-builder-workspace/.derivedData/SDKExplicitPrecompiledModules/CoreFoundation-8T2L24YC5NU7WO6WQJWRY7W08.pcm
SwiftExplicitDependencyGeneratePcm arm64_32 /Users/admin/builder/spi-builder-workspace/.derivedData/SDKExplicitPrecompiledModules/os-E5IGB442IA6SBB25TTCOLK2OC.pcm
SwiftExplicitDependencyGeneratePcm arm64_32 /Users/admin/builder/spi-builder-workspace/.derivedData/SDKExplicitPrecompiledModules/CoreGraphics-9FDXYX6BKBUT6TJ2VF819E7T5.pcm
SwiftExplicitDependencyGeneratePcm arm64_32 /Users/admin/builder/spi-builder-workspace/.derivedData/SDKExplicitPrecompiledModules/Security-D7TOWF88VWF67TB9HAFP5UWB1.pcm
SwiftExplicitDependencyGeneratePcm arm64 /Users/admin/builder/spi-builder-workspace/.derivedData/SDKExplicitPrecompiledModules/os-5DIL6Z9LFIGLMZAHM7X2T5435.pcm
SwiftExplicitDependencyGeneratePcm arm64 /Users/admin/builder/spi-builder-workspace/.derivedData/SDKExplicitPrecompiledModules/Security-6RZ6YBRU8WCUHRFFRVUK5WKMM.pcm
SwiftExplicitDependencyGeneratePcm arm64 /Users/admin/builder/spi-builder-workspace/.derivedData/SDKExplicitPrecompiledModules/CoreGraphics-DWNZ73GEH98SBJXZ7DEXB420K.pcm
SwiftExplicitDependencyGeneratePcm arm64_32 /Users/admin/builder/spi-builder-workspace/.derivedData/SDKExplicitPrecompiledModules/Foundation-BJ2VQGI3OGR34500MEQ1VKHPH.pcm
SwiftExplicitDependencyGeneratePcm arm64_32 /Users/admin/builder/spi-builder-workspace/.derivedData/SDKExplicitPrecompiledModules/CoreVideo-2P8HI0403J99LBDPKNFJ5D4DL.pcm
SwiftExplicitDependencyGeneratePcm arm64_32 /Users/admin/builder/spi-builder-workspace/.derivedData/SDKExplicitPrecompiledModules/ImageIO-2Y4S05VUFWLNTRW92S35BUMG8.pcm
SwiftExplicitDependencyGeneratePcm arm64 /Users/admin/builder/spi-builder-workspace/.derivedData/SDKExplicitPrecompiledModules/Foundation-DLBKUSGXN8QHAT8W0OARR9S8A.pcm
SwiftExplicitDependencyGeneratePcm arm64 /Users/admin/builder/spi-builder-workspace/.derivedData/SDKExplicitPrecompiledModules/ImageIO-208F4GO13XRG67XXLAMH07N4X.pcm
SwiftExplicitDependencyGeneratePcm arm64 /Users/admin/builder/spi-builder-workspace/.derivedData/SDKExplicitPrecompiledModules/CoreVideo-8MRR5MNWUOAW2DBPGUQ8FKK4.pcm
SwiftExplicitDependencyGeneratePcm arm64_32 /Users/admin/builder/spi-builder-workspace/.derivedData/SDKExplicitPrecompiledModules/_LocationEssentials-AQ1OL9QKC3LQLY5CNSRM1HB53.pcm
SwiftExplicitDependencyGeneratePcm arm64_32 /Users/admin/builder/spi-builder-workspace/.derivedData/SDKExplicitPrecompiledModules/UniformTypeIdentifiers-CJZ3NTHPSBH4XWX5EVOG56UZS.pcm
SwiftExplicitDependencyGeneratePcm arm64 /Users/admin/builder/spi-builder-workspace/.derivedData/SDKExplicitPrecompiledModules/_LocationEssentials-5ZZDGDXB6HLQUC72SJW7YJ7MK.pcm
SwiftExplicitDependencyGeneratePcm arm64 /Users/admin/builder/spi-builder-workspace/.derivedData/SDKExplicitPrecompiledModules/UniformTypeIdentifiers-8L08Q8DQJV8C4AW84YVGFGTRN.pcm
SwiftExplicitDependencyGeneratePcm arm64_32 /Users/admin/builder/spi-builder-workspace/.derivedData/SDKExplicitPrecompiledModules/CoreLocation-8XU5YMYM4P11RQMYCQAG65ITK.pcm
SwiftExplicitDependencyGeneratePcm arm64_32 /Users/admin/builder/spi-builder-workspace/.derivedData/SDKExplicitPrecompiledModules/HealthKit-82V52VDZ8QRKSSRCYD47AG8MV.pcm
SwiftExplicitDependencyGeneratePcm arm64 /Users/admin/builder/spi-builder-workspace/.derivedData/SDKExplicitPrecompiledModules/CoreLocation-ACKJ9K7ABI14F97Y46Y6SRR17.pcm
SwiftExplicitDependencyGeneratePcm arm64 /Users/admin/builder/spi-builder-workspace/.derivedData/SDKExplicitPrecompiledModules/HealthKit-72APUTH3YJK5CN5699GM40EQQ.pcm
SwiftCompile normal arm64_32 Compiling\ LLMManager.swift,\ LLMProvider.swift /Users/admin/builder/spi-builder-workspace/Sources/HealthDataGenerator/LLM/LLMManager.swift /Users/admin/builder/spi-builder-workspace/Sources/HealthDataGenerator/LLM/LLMProvider.swift (in target 'HealthDataGenerator' from project 'HealthDataGenerator')
SwiftCompile normal arm64_32 /Users/admin/builder/spi-builder-workspace/Sources/HealthDataGenerator/LLM/LLMManager.swift (in target 'HealthDataGenerator' from project 'HealthDataGenerator')
    cd /Users/admin/builder/spi-builder-workspace/.swiftpm/xcode
    builtin-SwiftPerFileCompile LLMManager.swift
SwiftCompile normal arm64_32 /Users/admin/builder/spi-builder-workspace/Sources/HealthDataGenerator/LLM/LLMProvider.swift (in target 'HealthDataGenerator' from project 'HealthDataGenerator')
    cd /Users/admin/builder/spi-builder-workspace/.swiftpm/xcode
    builtin-SwiftPerFileCompile LLMProvider.swift
SwiftCompile normal arm64_32 Compiling\ OutputStreams.swift,\ AppleFoundationModelProvider.swift /Users/admin/builder/spi-builder-workspace/Sources/HealthDataGenerator/JSON/OutputStreams.swift /Users/admin/builder/spi-builder-workspace/Sources/HealthDataGenerator/LLM/AppleFoundationModelProvider.swift (in target 'HealthDataGenerator' from project 'HealthDataGenerator')
/Users/admin/builder/spi-builder-workspace/Sources/HealthDataGenerator/JSON/OutputStreams.swift:33:9: warning: result of call to 'write(_:maxLength:)' is unused [#NoUsage]
31 |     func write(_ theString: String) {
32 |         let data = stringToData(theString)
33 |         write((data as NSData).bytes.bindMemory(to: UInt8.self, capacity: data.count), maxLength: data.count)
   |         `- warning: result of call to 'write(_:maxLength:)' is unused [#NoUsage]
34 |     }
35 |
/Users/admin/builder/spi-builder-workspace/Sources/HealthDataGenerator/JSON/OutputStreams.swift:64:87: warning: forced cast from 'NSString?' to 'String' only unwraps and bridges; did you mean to use '!' with 'as'?
62 |         let data = outputStream.property(forKey: Stream.PropertyKey.dataWrittenToMemoryStreamKey)
63 |
64 |         return NSString(data: data as! Data, encoding: String.Encoding.utf8.rawValue) as! String
   |                                                                                       `- warning: forced cast from 'NSString?' to 'String' only unwraps and bridges; did you mean to use '!' with 'as'?
65 |     }
66 | }
/Users/admin/builder/spi-builder-workspace/Sources/HealthDataGenerator/LLM/AppleFoundationModelProvider.swift:13:32: error: 'SystemLanguageModel' is unavailable in watchOS
 11 |
 12 |     private let logger = AppLogger.llm
 13 |     private let languageModel: SystemLanguageModel
    |                                `- error: 'SystemLanguageModel' is unavailable in watchOS
 14 |     private var session: LanguageModelSession?
 15 |
FoundationModels.SystemLanguageModel:4:20: note: 'SystemLanguageModel' has been explicitly marked unavailable here
2 | @available(tvOS, unavailable)
3 | @available(watchOS, unavailable)
4 | final public class SystemLanguageModel : Sendable {
  |                    `- note: 'SystemLanguageModel' has been explicitly marked unavailable here
5 |     @objc deinit
6 | }
/Users/admin/builder/spi-builder-workspace/Sources/HealthDataGenerator/LLM/AppleFoundationModelProvider.swift:14:26: error: 'LanguageModelSession' is only available in watchOS 27.0 or newer
  8 | /// Apple Foundation Model provider implementation using the real FoundationModels framework
  9 | @available(iOS 26.0, macOS 26.0, *)
 10 | public class AppleFoundationModelProvider: LLMProvider {
    |              `- note: add '@available' attribute to enclosing class
 11 |
 12 |     private let logger = AppLogger.llm
 13 |     private let languageModel: SystemLanguageModel
 14 |     private var session: LanguageModelSession?
    |                          `- error: 'LanguageModelSession' is only available in watchOS 27.0 or newer
 15 |
 16 |     public let identifier = "apple_foundation_model"
/Users/admin/builder/spi-builder-workspace/Sources/HealthDataGenerator/LLM/AppleFoundationModelProvider.swift:202:35: error: 'SystemLanguageModel' is unavailable in watchOS
200 | @available(iOS 26.0, macOS 26, *)
201 | struct Guardrails {
202 |     static var developerProvided: SystemLanguageModel.Guardrails {
    |                                   `- error: 'SystemLanguageModel' is unavailable in watchOS
203 |         var guardrails = SystemLanguageModel.Guardrails.default
204 |
FoundationModels.SystemLanguageModel:4:20: note: 'SystemLanguageModel' has been explicitly marked unavailable here
2 | @available(tvOS, unavailable)
3 | @available(watchOS, unavailable)
4 | final public class SystemLanguageModel : Sendable {
  |                    `- note: 'SystemLanguageModel' has been explicitly marked unavailable here
5 |     @objc deinit
6 | }
/Users/admin/builder/spi-builder-workspace/Sources/HealthDataGenerator/LLM/AppleFoundationModelProvider.swift:20:30: error: 'availability' is unavailable in watchOS
 18 |
 19 |     public var isAvailable: Bool {
 20 |         switch languageModel.availability {
    |                              `- error: 'availability' is unavailable in watchOS
 21 |         case .available:
 22 |             return true
FoundationModels.SystemLanguageModel.availability:2:18: note: 'availability' has been explicitly marked unavailable here
1 | class SystemLanguageModel {
2 | final public var availability: SystemLanguageModel.Availability { get }}
  |                  `- note: 'availability' has been explicitly marked unavailable here
3 |
/Users/admin/builder/spi-builder-workspace/Sources/HealthDataGenerator/LLM/AppleFoundationModelProvider.swift:29:30: error: 'SystemLanguageModel' is unavailable in watchOS
 27 |
 28 |     public init() {
 29 |         self.languageModel = SystemLanguageModel.init(guardrails: Guardrails.developerProvided)
    |                              `- error: 'SystemLanguageModel' is unavailable in watchOS
 30 |         logger.info("Initialized Apple Foundation Model provider", metadata: [
 31 |             "availability": "\(languageModel.availability)",
FoundationModels.SystemLanguageModel:4:20: note: 'SystemLanguageModel' has been explicitly marked unavailable here
2 | @available(tvOS, unavailable)
3 | @available(watchOS, unavailable)
4 | final public class SystemLanguageModel : Sendable {
  |                    `- note: 'SystemLanguageModel' has been explicitly marked unavailable here
5 |     @objc deinit
6 | }
/Users/admin/builder/spi-builder-workspace/Sources/HealthDataGenerator/LLM/AppleFoundationModelProvider.swift:29:50: error: 'init(useCase:guardrails:)' is unavailable in watchOS
 27 |
 28 |     public init() {
 29 |         self.languageModel = SystemLanguageModel.init(guardrails: Guardrails.developerProvided)
    |                                                  `- error: 'init(useCase:guardrails:)' is unavailable in watchOS
 30 |         logger.info("Initialized Apple Foundation Model provider", metadata: [
 31 |             "availability": "\(languageModel.availability)",
FoundationModels.SystemLanguageModel.init:5:22: note: 'init(useCase:guardrails:)' has been explicitly marked unavailable here
3 |   @available(tvOS, unavailable)
4 |   @available(watchOS, unavailable)
5 |   public convenience init(useCase: SystemLanguageModel.UseCase = .general, guardrails: SystemLanguageModel.Guardrails = Guardrails.default)}
  |                      `- note: 'init(useCase:guardrails:)' has been explicitly marked unavailable here
6 |
/Users/admin/builder/spi-builder-workspace/Sources/HealthDataGenerator/LLM/AppleFoundationModelProvider.swift:31:46: error: 'availability' is unavailable in watchOS
 29 |         self.languageModel = SystemLanguageModel.init(guardrails: Guardrails.developerProvided)
 30 |         logger.info("Initialized Apple Foundation Model provider", metadata: [
 31 |             "availability": "\(languageModel.availability)",
    |                                              `- error: 'availability' is unavailable in watchOS
 32 |             "framework": "FoundationModels"
 33 |         ])
FoundationModels.SystemLanguageModel.availability:2:18: note: 'availability' has been explicitly marked unavailable here
1 | class SystemLanguageModel {
2 | final public var availability: SystemLanguageModel.Availability { get }}
  |                  `- note: 'availability' has been explicitly marked unavailable here
3 |
/Users/admin/builder/spi-builder-workspace/Sources/HealthDataGenerator/LLM/AppleFoundationModelProvider.swift:52:23: error: 'LanguageModelSession' is only available in watchOS 27.0 or newer
  8 | /// Apple Foundation Model provider implementation using the real FoundationModels framework
  9 | @available(iOS 26.0, macOS 26.0, *)
 10 | public class AppleFoundationModelProvider: LLMProvider {
    |              `- note: add '@available' attribute to enclosing class
 11 |
 12 |     private let logger = AppLogger.llm
    :
 42 |     // MARK: - Real Foundation Model Implementation
 43 |
 44 |     private func generateWithRealFoundationModel(_ prompt: String, attempt: Int = 1) async throws -> String {
    |                  `- note: add '@available' attribute to enclosing instance method
 45 |         // Check if model is available
 46 |         guard isAvailable else {
    :
 50 |         // Create session if needed
 51 |         if session == nil {
 52 |             session = LanguageModelSession(model: self.languageModel)
    |                       |- error: 'LanguageModelSession' is only available in watchOS 27.0 or newer
    |                       `- note: add 'if #available' version check
 53 |         }
 54 |
/Users/admin/builder/spi-builder-workspace/Sources/HealthDataGenerator/LLM/AppleFoundationModelProvider.swift:52:23: error: 'init(model:tools:instructions:)' is unavailable in watchOS
 50 |         // Create session if needed
 51 |         if session == nil {
 52 |             session = LanguageModelSession(model: self.languageModel)
    |                       `- error: 'init(model:tools:instructions:)' is unavailable in watchOS
 53 |         }
 54 |
FoundationModels.LanguageModelSession.init:2:20: note: 'init(model:tools:instructions:)' has been explicitly marked unavailable here
1 | class LanguageModelSession {
2 | public convenience init(model: SystemLanguageModel = .default, tools: [any Tool] = [], instructions: Instructions? = nil)}
  |                    `- note: 'init(model:tools:instructions:)' has been explicitly marked unavailable here
3 |
/Users/admin/builder/spi-builder-workspace/Sources/HealthDataGenerator/LLM/AppleFoundationModelProvider.swift:65:46: error: 'respond(to:options:)' is only available in watchOS 27.0 or newer
  8 | /// Apple Foundation Model provider implementation using the real FoundationModels framework
  9 | @available(iOS 26.0, macOS 26.0, *)
 10 | public class AppleFoundationModelProvider: LLMProvider {
    |              `- note: add '@available' attribute to enclosing class
 11 |
 12 |     private let logger = AppLogger.llm
    :
 42 |     // MARK: - Real Foundation Model Implementation
 43 |
 44 |     private func generateWithRealFoundationModel(_ prompt: String, attempt: Int = 1) async throws -> String {
    |                  `- note: add '@available' attribute to enclosing instance method
 45 |         // Check if model is available
 46 |         guard isAvailable else {
    :
 63 |         do {
 64 |             // Generate response using Apple Foundation Model
 65 |             let response = try await session.respond(to: fullPrompt)
    |                                              |- error: 'respond(to:options:)' is only available in watchOS 27.0 or newer
    |                                              `- note: add 'if #available' version check
 66 |
 67 |             logger.info("Successfully generated response", metadata: [
/Users/admin/builder/spi-builder-workspace/Sources/HealthDataGenerator/LLM/AppleFoundationModelProvider.swift:65:17: warning: conformance of 'String' to 'Generable' is only available in watchOS 27.0 or newer; this is an error in the Swift 6 language mode
  8 | /// Apple Foundation Model provider implementation using the real FoundationModels framework
  9 | @available(iOS 26.0, macOS 26.0, *)
 10 | public class AppleFoundationModelProvider: LLMProvider {
    |              `- note: add '@available' attribute to enclosing class
 11 |
 12 |     private let logger = AppLogger.llm
    :
 42 |     // MARK: - Real Foundation Model Implementation
 43 |
 44 |     private func generateWithRealFoundationModel(_ prompt: String, attempt: Int = 1) async throws -> String {
    |                  `- note: add '@available' attribute to enclosing instance method
 45 |         // Check if model is available
 46 |         guard isAvailable else {
    :
 63 |         do {
 64 |             // Generate response using Apple Foundation Model
 65 |             let response = try await session.respond(to: fullPrompt)
    |                 |- warning: conformance of 'String' to 'Generable' is only available in watchOS 27.0 or newer; this is an error in the Swift 6 language mode
    |                 `- note: add 'if #available' version check
 66 |
 67 |             logger.info("Successfully generated response", metadata: [
/Users/admin/builder/spi-builder-workspace/Sources/HealthDataGenerator/LLM/AppleFoundationModelProvider.swift:68:47: warning: conformance of 'String' to 'Generable' is only available in watchOS 27.0 or newer; this is an error in the Swift 6 language mode
  8 | /// Apple Foundation Model provider implementation using the real FoundationModels framework
  9 | @available(iOS 26.0, macOS 26.0, *)
 10 | public class AppleFoundationModelProvider: LLMProvider {
    |              `- note: add '@available' attribute to enclosing class
 11 |
 12 |     private let logger = AppLogger.llm
    :
 42 |     // MARK: - Real Foundation Model Implementation
 43 |
 44 |     private func generateWithRealFoundationModel(_ prompt: String, attempt: Int = 1) async throws -> String {
    |                  `- note: add '@available' attribute to enclosing instance method
 45 |         // Check if model is available
 46 |         guard isAvailable else {
    :
 66 |
 67 |             logger.info("Successfully generated response", metadata: [
 68 |                 "responseLength": "\(response.content.count)",
    |                                               |- warning: conformance of 'String' to 'Generable' is only available in watchOS 27.0 or newer; this is an error in the Swift 6 language mode
    |                                               `- note: add 'if #available' version check
 69 |                 "model": "Apple Foundation Model"
 70 |             ])
/Users/admin/builder/spi-builder-workspace/Sources/HealthDataGenerator/LLM/AppleFoundationModelProvider.swift:73:57: warning: conformance of 'String' to 'Generable' is only available in watchOS 27.0 or newer; this is an error in the Swift 6 language mode
  8 | /// Apple Foundation Model provider implementation using the real FoundationModels framework
  9 | @available(iOS 26.0, macOS 26.0, *)
 10 | public class AppleFoundationModelProvider: LLMProvider {
    |              `- note: add '@available' attribute to enclosing class
 11 |
 12 |     private let logger = AppLogger.llm
    :
 42 |     // MARK: - Real Foundation Model Implementation
 43 |
 44 |     private func generateWithRealFoundationModel(_ prompt: String, attempt: Int = 1) async throws -> String {
    |                  `- note: add '@available' attribute to enclosing instance method
 45 |         // Check if model is available
 46 |         guard isAvailable else {
    :
 71 |
 72 |             // Extract JSON from response
 73 |             return try extractJSONFromResponse(response.content)
    |                                                         |- warning: conformance of 'String' to 'Generable' is only available in watchOS 27.0 or newer; this is an error in the Swift 6 language mode
    |                                                         `- note: add 'if #available' version check
 74 |
 75 |         } catch {
/Users/admin/builder/spi-builder-workspace/Sources/HealthDataGenerator/LLM/AppleFoundationModelProvider.swift:76:41: error: 'LanguageModelSession' is only available in watchOS 27.0 or newer
  8 | /// Apple Foundation Model provider implementation using the real FoundationModels framework
  9 | @available(iOS 26.0, macOS 26.0, *)
 10 | public class AppleFoundationModelProvider: LLMProvider {
    |              `- note: add '@available' attribute to enclosing class
 11 |
 12 |     private let logger = AppLogger.llm
    :
 42 |     // MARK: - Real Foundation Model Implementation
 43 |
 44 |     private func generateWithRealFoundationModel(_ prompt: String, attempt: Int = 1) async throws -> String {
    |                  `- note: add '@available' attribute to enclosing instance method
 45 |         // Check if model is available
 46 |         guard isAvailable else {
    :
 74 |
 75 |         } catch {
 76 |             if let genError = error as? LanguageModelSession.GenerationError {
    |                                         |- error: 'LanguageModelSession' is only available in watchOS 27.0 or newer
    |                                         `- note: add 'if #available' version check
 77 |                 switch genError {
 78 |                 case .exceededContextWindowSize(_):
/Users/admin/builder/spi-builder-workspace/Sources/HealthDataGenerator/LLM/AppleFoundationModelProvider.swift:83:36: error: 'LanguageModelSession' is only available in watchOS 27.0 or newer
  8 | /// Apple Foundation Model provider implementation using the real FoundationModels framework
  9 | @available(iOS 26.0, macOS 26.0, *)
 10 | public class AppleFoundationModelProvider: LLMProvider {
    |              `- note: add '@available' attribute to enclosing class
 11 |
 12 |     private let logger = AppLogger.llm
    :
 42 |     // MARK: - Real Foundation Model Implementation
 43 |
 44 |     private func generateWithRealFoundationModel(_ prompt: String, attempt: Int = 1) async throws -> String {
    |                  `- note: add '@available' attribute to enclosing instance method
 45 |         // Check if model is available
 46 |         guard isAvailable else {
    :
 81 |                     }
 82 |                     logger.warning(("Exceeded context window size. Resetting session and retrying..."))
 83 |                     self.session = LanguageModelSession(model: self.languageModel) // reseting session
    |                                    |- error: 'LanguageModelSession' is only available in watchOS 27.0 or newer
    |                                    `- note: add 'if #available' version check
 84 |                     return try await generateWithRealFoundationModel(prompt, attempt: attempt + 1)
 85 |                 default:
/Users/admin/builder/spi-builder-workspace/Sources/HealthDataGenerator/LLM/AppleFoundationModelProvider.swift:83:36: error: 'init(model:tools:instructions:)' is unavailable in watchOS
 81 |                     }
 82 |                     logger.warning(("Exceeded context window size. Resetting session and retrying..."))
 83 |                     self.session = LanguageModelSession(model: self.languageModel) // reseting session
    |                                    `- error: 'init(model:tools:instructions:)' is unavailable in watchOS
 84 |                     return try await generateWithRealFoundationModel(prompt, attempt: attempt + 1)
 85 |                 default:
FoundationModels.LanguageModelSession.init:2:20: note: 'init(model:tools:instructions:)' has been explicitly marked unavailable here
1 | class LanguageModelSession {
2 | public convenience init(model: SystemLanguageModel = .default, tools: [any Tool] = [], instructions: Instructions? = nil)}
  |                    `- note: 'init(model:tools:instructions:)' has been explicitly marked unavailable here
3 |
/Users/admin/builder/spi-builder-workspace/Sources/HealthDataGenerator/LLM/AppleFoundationModelProvider.swift:187:21: warning: initialization of immutable value 'smt' was never used; consider replacing with assignment to '_' or removing it [#NoUsage]
185 |             // Validate that it's valid JSON
186 |             do {
187 |                 let smt = try JSONSerialization.jsonObject(with: jsonString.data(using: .utf8)!)
    |                     `- warning: initialization of immutable value 'smt' was never used; consider replacing with assignment to '_' or removing it [#NoUsage]
188 |                 return jsonString
189 |             } catch {
/Users/admin/builder/spi-builder-workspace/Sources/HealthDataGenerator/LLM/AppleFoundationModelProvider.swift:203:26: error: 'SystemLanguageModel' is unavailable in watchOS
201 | struct Guardrails {
202 |     static var developerProvided: SystemLanguageModel.Guardrails {
203 |         var guardrails = SystemLanguageModel.Guardrails.default
    |                          `- error: 'SystemLanguageModel' is unavailable in watchOS
204 |
205 |         #if DEBUG
FoundationModels.SystemLanguageModel:4:20: note: 'SystemLanguageModel' has been explicitly marked unavailable here
2 | @available(tvOS, unavailable)
3 | @available(watchOS, unavailable)
4 | final public class SystemLanguageModel : Sendable {
  |                    `- note: 'SystemLanguageModel' has been explicitly marked unavailable here
5 |     @objc deinit
6 | }
SwiftCompile normal arm64_32 /Users/admin/builder/spi-builder-workspace/Sources/HealthDataGenerator/JSON/OutputStreams.swift (in target 'HealthDataGenerator' from project 'HealthDataGenerator')
    cd /Users/admin/builder/spi-builder-workspace/.swiftpm/xcode
    builtin-SwiftPerFileCompile OutputStreams.swift
SwiftCompile normal arm64_32 /Users/admin/builder/spi-builder-workspace/Sources/HealthDataGenerator/LLM/AppleFoundationModelProvider.swift (in target 'HealthDataGenerator' from project 'HealthDataGenerator')
    cd /Users/admin/builder/spi-builder-workspace/.swiftpm/xcode
    builtin-SwiftPerFileCompile AppleFoundationModelProvider.swift
SwiftCompile normal arm64_32 Compiling\ AppLogger.swift,\ DateExtensions.swift /Users/admin/builder/spi-builder-workspace/Sources/HealthDataGenerator/Utilities/AppLogger.swift /Users/admin/builder/spi-builder-workspace/Sources/HealthDataGenerator/Utilities/DateExtensions.swift (in target 'HealthDataGenerator' from project 'HealthDataGenerator')
SwiftCompile normal arm64_32 /Users/admin/builder/spi-builder-workspace/Sources/HealthDataGenerator/Utilities/AppLogger.swift (in target 'HealthDataGenerator' from project 'HealthDataGenerator')
    cd /Users/admin/builder/spi-builder-workspace/.swiftpm/xcode
    builtin-SwiftPerFileCompile AppLogger.swift
SwiftCompile normal arm64_32 /Users/admin/builder/spi-builder-workspace/Sources/HealthDataGenerator/Utilities/DateExtensions.swift (in target 'HealthDataGenerator' from project 'HealthDataGenerator')
    cd /Users/admin/builder/spi-builder-workspace/.swiftpm/xcode
    builtin-SwiftPerFileCompile DateExtensions.swift
SwiftCompile normal arm64_32 Compiling\ HealthConstants.swift,\ HealthDataGenerator.swift,\ ExportConfiguration.swift /Users/admin/builder/spi-builder-workspace/Sources/HealthDataGenerator/Constants/HealthConstants.swift /Users/admin/builder/spi-builder-workspace/Sources/HealthDataGenerator/Core/HealthDataGenerator.swift /Users/admin/builder/spi-builder-workspace/Sources/HealthDataGenerator/DataExport/ExportConfiguration.swift (in target 'HealthDataGenerator' from project 'HealthDataGenerator')
SwiftCompile normal arm64_32 /Users/admin/builder/spi-builder-workspace/Sources/HealthDataGenerator/Constants/HealthConstants.swift (in target 'HealthDataGenerator' from project 'HealthDataGenerator')
    cd /Users/admin/builder/spi-builder-workspace/.swiftpm/xcode
    builtin-SwiftPerFileCompile HealthConstants.swift
SwiftCompile normal arm64_32 /Users/admin/builder/spi-builder-workspace/Sources/HealthDataGenerator/Core/HealthDataGenerator.swift (in target 'HealthDataGenerator' from project 'HealthDataGenerator')
    cd /Users/admin/builder/spi-builder-workspace/.swiftpm/xcode
    builtin-SwiftPerFileCompile HealthDataGenerator.swift
SwiftCompile normal arm64_32 /Users/admin/builder/spi-builder-workspace/Sources/HealthDataGenerator/DataExport/ExportConfiguration.swift (in target 'HealthDataGenerator' from project 'HealthDataGenerator')
    cd /Users/admin/builder/spi-builder-workspace/.swiftpm/xcode
    builtin-SwiftPerFileCompile ExportConfiguration.swift
SwiftCompile normal arm64_32 Compiling\ SampleDataGenerator.swift,\ SampleGenerationConfig.swift,\ HealthDataProfile.swift /Users/admin/builder/spi-builder-workspace/Sources/HealthDataGenerator/DataGeneration/SampleDataGenerator.swift /Users/admin/builder/spi-builder-workspace/Sources/HealthDataGenerator/DataGeneration/SampleGenerationConfig.swift /Users/admin/builder/spi-builder-workspace/Sources/HealthDataGenerator/DataImport/HealthDataProfile.swift (in target 'HealthDataGenerator' from project 'HealthDataGenerator')
SwiftCompile normal arm64_32 /Users/admin/builder/spi-builder-workspace/Sources/HealthDataGenerator/DataGeneration/SampleDataGenerator.swift (in target 'HealthDataGenerator' from project 'HealthDataGenerator')
    cd /Users/admin/builder/spi-builder-workspace/.swiftpm/xcode
    builtin-SwiftPerFileCompile SampleDataGenerator.swift
SwiftCompile normal arm64_32 /Users/admin/builder/spi-builder-workspace/Sources/HealthDataGenerator/DataGeneration/SampleGenerationConfig.swift (in target 'HealthDataGenerator' from project 'HealthDataGenerator')
    cd /Users/admin/builder/spi-builder-workspace/.swiftpm/xcode
    builtin-SwiftPerFileCompile SampleGenerationConfig.swift
SwiftCompile normal arm64_32 /Users/admin/builder/spi-builder-workspace/Sources/HealthDataGenerator/DataImport/HealthDataProfile.swift (in target 'HealthDataGenerator' from project 'HealthDataGenerator')
    cd /Users/admin/builder/spi-builder-workspace/.swiftpm/xcode
    builtin-SwiftPerFileCompile HealthDataProfile.swift
SwiftEmitModule normal arm64_32 Emitting\ module\ for\ HealthDataGenerator (in target 'HealthDataGenerator' from project 'HealthDataGenerator')
/Users/admin/builder/spi-builder-workspace/Sources/HealthDataGenerator/LLM/AppleFoundationModelProvider.swift:13:32: error: 'SystemLanguageModel' is unavailable in watchOS
 11 |
 12 |     private let logger = AppLogger.llm
 13 |     private let languageModel: SystemLanguageModel
    |                                `- error: 'SystemLanguageModel' is unavailable in watchOS
 14 |     private var session: LanguageModelSession?
 15 |
FoundationModels.SystemLanguageModel:4:20: note: 'SystemLanguageModel' has been explicitly marked unavailable here
2 | @available(tvOS, unavailable)
3 | @available(watchOS, unavailable)
4 | final public class SystemLanguageModel : Sendable {
  |                    `- note: 'SystemLanguageModel' has been explicitly marked unavailable here
5 |     @objc deinit
6 | }
/Users/admin/builder/spi-builder-workspace/Sources/HealthDataGenerator/LLM/AppleFoundationModelProvider.swift:14:26: error: 'LanguageModelSession' is only available in watchOS 27.0 or newer
  8 | /// Apple Foundation Model provider implementation using the real FoundationModels framework
  9 | @available(iOS 26.0, macOS 26.0, *)
 10 | public class AppleFoundationModelProvider: LLMProvider {
    |              `- note: add '@available' attribute to enclosing class
 11 |
 12 |     private let logger = AppLogger.llm
 13 |     private let languageModel: SystemLanguageModel
 14 |     private var session: LanguageModelSession?
    |                          `- error: 'LanguageModelSession' is only available in watchOS 27.0 or newer
 15 |
 16 |     public let identifier = "apple_foundation_model"
/Users/admin/builder/spi-builder-workspace/Sources/HealthDataGenerator/LLM/AppleFoundationModelProvider.swift:202:35: error: 'SystemLanguageModel' is unavailable in watchOS
200 | @available(iOS 26.0, macOS 26, *)
201 | struct Guardrails {
202 |     static var developerProvided: SystemLanguageModel.Guardrails {
    |                                   `- error: 'SystemLanguageModel' is unavailable in watchOS
203 |         var guardrails = SystemLanguageModel.Guardrails.default
204 |
FoundationModels.SystemLanguageModel:4:20: note: 'SystemLanguageModel' has been explicitly marked unavailable here
2 | @available(tvOS, unavailable)
3 | @available(watchOS, unavailable)
4 | final public class SystemLanguageModel : Sendable {
  |                    `- note: 'SystemLanguageModel' has been explicitly marked unavailable here
5 |     @objc deinit
6 | }
/Users/admin/builder/spi-builder-workspace/Sources/HealthDataGenerator/Utilities/AppLogger.swift:156:8: warning: deprecated default implementation is used to satisfy instance method 'log(event:)' required by protocol 'LogHandler': You should implement this method instead of using the default implementation [#DeprecatedDeclaration]
154 |
155 | /// Simple file-based log handler
156 | struct FileLogHandler: LogHandler {
    |        `- warning: deprecated default implementation is used to satisfy instance method 'log(event:)' required by protocol 'LogHandler': You should implement this method instead of using the default implementation [#DeprecatedDeclaration]
157 |     let label: String
158 |     let fileHandle: FileHandle
Logging.LogHandler.log:3:15: note: 'log(event:)' declared here
1 | protocol LogHandler {
2 | @available(*, deprecated, message: "You should implement this method instead of using the default implementation")
3 |   public func log(event: Logging.LogEvent)}
  |               `- note: 'log(event:)' declared here
4 |
Logging.LogHandler.log:2:6: note: requirement 'log(event:)' declared here
1 | protocol LogHandler {
2 | func log(event: Logging.LogEvent)}
  |      `- note: requirement 'log(event:)' declared here
3 |
[#DeprecatedDeclaration]: <https://docs.swift.org/compiler/documentation/diagnostics/deprecated-declaration>
Failed frontend command:
/Applications/Xcode-27.0.0-Release.Candidate.app/Contents/Developer/Toolchains/XcodeDefault.xctoolchain/usr/bin/swift-frontend -frontend -emit-module -experimental-skip-non-inlinable-function-bodies-without-types /Users/admin/builder/spi-builder-workspace/Sources/HealthDataGenerator/Constants/HealthConstants.swift /Users/admin/builder/spi-builder-workspace/Sources/HealthDataGenerator/Core/HealthDataGenerator.swift /Users/admin/builder/spi-builder-workspace/Sources/HealthDataGenerator/DataExport/ExportConfiguration.swift /Users/admin/builder/spi-builder-workspace/Sources/HealthDataGenerator/DataExport/ExportTargets.swift /Users/admin/builder/spi-builder-workspace/Sources/HealthDataGenerator/DataGeneration/HealthProfile.swift /Users/admin/builder/spi-builder-workspace/Sources/HealthDataGenerator/DataGeneration/SampleCreator.swift /Users/admin/builder/spi-builder-workspace/Sources/HealthDataGenerator/DataGeneration/SampleDataGenerator.swift /Users/admin/builder/spi-builder-workspace/Sources/HealthDataGenerator/DataGeneration/SampleGenerationConfig.swift /Users/admin/builder/spi-builder-workspace/Sources/HealthDataGenerator/DataImport/HealthDataProfile.swift /Users/admin/builder/spi-builder-workspace/Sources/HealthDataGenerator/DataImport/HealthDataProfileImporter.swift /Users/admin/builder/spi-builder-workspace/Sources/HealthDataGenerator/DataImport/HealthDataProfileReader.swift /Users/admin/builder/spi-builder-workspace/Sources/HealthDataGenerator/JSON/JsonHandlerProtocol.swift /Users/admin/builder/spi-builder-workspace/Sources/HealthDataGenerator/JSON/JsonReader.swift /Users/admin/builder/spi-builder-workspace/Sources/HealthDataGenerator/JSON/JsonTokenizer.swift /Users/admin/builder/spi-builder-workspace/Sources/HealthDataGenerator/JSON/JsonWriter.swift /Users/admin/builder/spi-builder-workspace/Sources/HealthDataGenerator/JSON/OutputStreams.swift /Users/admin/builder/spi-builder-workspace/Sources/HealthDataGenerator/LLM/AppleFoundationModelProvider.swift /Users/admin/builder/spi-builder-workspace/Sources/HealthDataGenerator/LLM/LLMManager.swift /Users/admin/builder/spi-builder-workspace/Sources/HealthDataGenerator/LLM/LLMProvider.swift /Users/admin/builder/spi-builder-workspace/Sources/HealthDataGenerator/Utilities/AppLogger.swift /Users/admin/builder/spi-builder-workspace/Sources/HealthDataGenerator/Utilities/DateExtensions.swift /Users/admin/builder/spi-builder-workspace/Sources/HealthDataGenerator/Utilities/FileNameUtil.swift /Users/admin/builder/spi-builder-workspace/Sources/HealthDataGenerator/Utilities/HealthStoreCleaner.swift -target arm64_32-apple-watchos10.0 -module-can-import-version FoundationModels 2.0.68.1 0 -disable-cross-import-overlay-search -load-resolved-plugin /Applications/Xcode-27.0.0-Release.Candidate.app/Contents/Developer/Platforms/WatchOS.platform/Developer/usr/lib/swift/host/plugins/libFoundationMacros.dylib\#/Applications/Xcode-27.0.0-Release.Candidate.app/Contents/Developer/Platforms/WatchOS.platform/Developer/usr/bin/swift-plugin-server\#FoundationMacros -load-resolved-plugin /Applications/Xcode-27.0.0-Release.Candidate.app/Contents/Developer/Platforms/WatchOS.platform/Developer/usr/lib/swift/host/plugins/libFoundationModelsMacros.dylib\#/Applications/Xcode-27.0.0-Release.Candidate.app/Contents/Developer/Platforms/WatchOS.platform/Developer/usr/bin/swift-plugin-server\#FoundationModelsMacros -load-resolved-plugin /Applications/Xcode-27.0.0-Release.Candidate.app/Contents/Developer/Platforms/WatchOS.platform/Developer/usr/lib/swift/host/plugins/libObservationMacros.dylib\#/Applications/Xcode-27.0.0-Release.Candidate.app/Contents/Developer/Platforms/WatchOS.platform/Developer/usr/bin/swift-plugin-server\#ObservationMacros -load-resolved-plugin /Applications/Xcode-27.0.0-Release.Candidate.app/Contents/Developer/Platforms/WatchOS.platform/Developer/usr/lib/swift/host/plugins/libSwiftMacros.dylib\#/Applications/Xcode-27.0.0-Release.Candidate.app/Contents/Developer/Platforms/WatchOS.platform/Developer/usr/bin/swift-plugin-server\#SwiftMacros -disable-implicit-swift-modules -Xcc -fno-implicit-modules -Xcc -fno-implicit-module-maps -explicit-swift-module-map-file /Users/admin/builder/spi-builder-workspace/.derivedData/Build/Intermediates.noindex/HealthDataGenerator.build/Debug-watchos/HealthDataGenerator-t.build/Objects-normal/arm64_32/HealthDataGenerator-dependencies-1.json -enable-objc-interop -sdk /Applications/Xcode-27.0.0-Release.Candidate.app/Contents/Developer/Platforms/WatchOS.platform/Developer/SDKs/WatchOS27.0.sdk -I /Users/admin/builder/spi-builder-workspace/.derivedData/Build/Products/Debug-watchos -Isystem /Applications/Xcode-27.0.0-Release.Candidate.app/Contents/Developer/Platforms/WatchOS.platform/Developer/usr/lib -F /Users/admin/builder/spi-builder-workspace/.derivedData/Build/Products/Debug-watchos/PackageFrameworks -F /Users/admin/builder/spi-builder-workspace/.derivedData/Build/Products/Debug-watchos -F /Applications/Xcode-27.0.0-Release.Candidate.app/Contents/Developer/Platforms/WatchOS.platform/Developer/Library/Frameworks -F /Applications/Xcode-27.0.0-Release.Candidate.app/Contents/Developer/Platforms/WatchOS.platform/Developer/SDKs/WatchOS27.0.sdk/Developer/Library/Frameworks -module-cache-path /Users/admin/builder/spi-builder-workspace/.derivedData/Build/Intermediates.noindex/SwiftExplicitPrecompiledModules -no-color-diagnostics -Xcc -fno-color-diagnostics -enable-testing -g -debug-info-format\=dwarf -dwarf-version\=4 -profile-generate -profile-coverage-mapping -swift-version 5 -Onone -D SWIFT_PACKAGE -D DEBUG -D SWIFT_MODULE_RESOURCE_BUNDLE_UNAVAILABLE -D Xcode -serialize-debugging-options -enable-experimental-feature DebugDescriptionMacro -empty-abi-descriptor -validate-clang-modules-once -clang-build-session-file /Users/admin/builder/spi-builder-workspace/.derivedData/ModuleCache.noindex/Session.modulevalidation -Xcc -working-directory -Xcc /Users/admin/builder/spi-builder-workspace/.swiftpm/xcode -enable-anonymous-context-mangled-names -file-compilation-dir /Users/admin/builder/spi-builder-workspace/.swiftpm/xcode -Xcc -D_LIBCPP_HARDENING_MODE\=_LIBCPP_HARDENING_MODE_DEBUG -Xcc -ivfsstatcache -Xcc /Users/admin/builder/spi-builder-workspace/.derivedData/SDKStatCaches.noindex/watchos27.0-24R360-e829b21a6f8c9b70876ba0858053c04477534ef55a1706bf4c1112bbb242f0a2.sdkstatcache -Xcc -fmodules-prune-interval\=86400 -Xcc -fmodules-prune-after\=345600 -Xcc -I/Users/admin/builder/spi-builder-workspace/.derivedData/Build/Products/Debug-watchos/include -Xcc -I/Users/admin/builder/spi-builder-workspace/.derivedData/Build/Intermediates.noindex/HealthDataGenerator.build/Debug-watchos/HealthDataGenerator-t.build/DerivedSources-normal/arm64_32 -Xcc -I/Users/admin/builder/spi-builder-workspace/.derivedData/Build/Intermediates.noindex/HealthDataGenerator.build/Debug-watchos/HealthDataGenerator-t.build/DerivedSources/arm64_32 -Xcc -I/Users/admin/builder/spi-builder-workspace/.derivedData/Build/Intermediates.noindex/HealthDataGenerator.build/Debug-watchos/HealthDataGenerator-t.build/DerivedSources -Xcc -DSWIFT_PACKAGE -Xcc -DDEBUG\=1 -no-auto-bridging-header-chaining -module-name HealthDataGenerator -package-name spi_builder_workspace -const-gather-protocols-file /Users/admin/builder/spi-builder-workspace/.derivedData/Build/Intermediates.noindex/HealthDataGenerator.build/Debug-watchos/HealthDataGenerator-t.build/Objects-normal/arm64_32/HealthDataGenerator_const_extract_protocols.json -disable-clang-spi -clang-target arm64_32-apple-watchos27.0 -target-sdk-version 27.0 -target-sdk-name watchos27.0 -in-process-plugin-server-path /Applications/Xcode-27.0.0-Release.Candidate.app/Contents/Developer/Toolchains/XcodeDefault.xctoolchain/usr/lib/swift/host/libSwiftInProcPluginServer.dylib -emit-module-doc-path /Users/admin/builder/spi-builder-workspace/.derivedData/Build/Intermediates.noindex/HealthDataGenerator.build/Debug-watchos/HealthDataGenerator-t.build/Objects-normal/arm64_32/HealthDataGenerator.swiftdoc -emit-module-source-info-path /Users/admin/builder/spi-builder-workspace/.derivedData/Build/Intermediates.noindex/HealthDataGenerator.build/Debug-watchos/HealthDataGenerator-t.build/Objects-normal/arm64_32/HealthDataGenerator.swiftsourceinfo -emit-objc-header-path /Users/admin/builder/spi-builder-workspace/.derivedData/Build/Intermediates.noindex/HealthDataGenerator.build/Debug-watchos/HealthDataGenerator-t.build/Objects-normal/arm64_32/HealthDataGenerator-Swift.h -serialize-diagnostics-path /Users/admin/builder/spi-builder-workspace/.derivedData/Build/Intermediates.noindex/HealthDataGenerator.build/Debug-watchos/HealthDataGenerator-t.build/Objects-normal/arm64_32/HealthDataGenerator-primary-emit-module.dia -emit-dependencies-path /Users/admin/builder/spi-builder-workspace/.derivedData/Build/Intermediates.noindex/HealthDataGenerator.build/Debug-watchos/HealthDataGenerator-t.build/Objects-normal/arm64_32/HealthDataGenerator-primary-emit-module.d -parse-as-library -o /Users/admin/builder/spi-builder-workspace/.derivedData/Build/Intermediates.noindex/HealthDataGenerator.build/Debug-watchos/HealthDataGenerator-t.build/Objects-normal/arm64_32/HealthDataGenerator.swiftmodule -emit-abi-descriptor-path /Users/admin/builder/spi-builder-workspace/.derivedData/Build/Intermediates.noindex/HealthDataGenerator.build/Debug-watchos/HealthDataGenerator-t.build/Objects-normal/arm64_32/HealthDataGenerator.abi.json
SwiftCompile normal arm64_32 (in target 'HealthDataGenerator' from project 'HealthDataGenerator')
    cd /Users/admin/builder/spi-builder-workspace/.swiftpm/xcode

SwiftCompile normal arm64_32 Compiling\ ExportTargets.swift,\ HealthProfile.swift,\ SampleCreator.swift /Users/admin/builder/spi-builder-workspace/Sources/HealthDataGenerator/DataExport/ExportTargets.swift /Users/admin/builder/spi-builder-workspace/Sources/HealthDataGenerator/DataGeneration/HealthProfile.swift /Users/admin/builder/spi-builder-workspace/Sources/HealthDataGenerator/DataGeneration/SampleCreator.swift (in target 'HealthDataGenerator' from project 'HealthDataGenerator')
/Users/admin/builder/spi-builder-workspace/Sources/HealthDataGenerator/DataGeneration/SampleCreator.swift:215:39: warning: 'init(type:date:)' was deprecated in watchOS 4.0 [#DeprecatedDeclaration]
213 |                         let eventType = HKWorkoutEventType(rawValue: eventTypeRaw!)!
214 | 						let startDate = dictToTimeframe(subDict).sDate
215 |                         events.append(HKWorkoutEvent(type: eventType, date: startDate))
    |                                       `- warning: 'init(type:date:)' was deprecated in watchOS 4.0 [#DeprecatedDeclaration]
216 |                     }
217 |                 }
/Users/admin/builder/spi-builder-workspace/Sources/HealthDataGenerator/DataGeneration/SampleCreator.swift:224:24: warning: 'init(activityType:start:end:workoutEvents:totalEnergyBurned:totalDistance:metadata:)' was deprecated in watchOS 10.0: Use HKWorkoutBuilder [#DeprecatedDeclaration]
222 |
223 |             if events.count > 0 {
224 |                 return HKWorkout(
    |                        `- warning: 'init(activityType:start:end:workoutEvents:totalEnergyBurned:totalDistance:metadata:)' was deprecated in watchOS 10.0: Use HKWorkoutBuilder [#DeprecatedDeclaration]
225 |                     activityType: activityType,
226 |                     start: dates.sDate,
/Users/admin/builder/spi-builder-workspace/Sources/HealthDataGenerator/DataGeneration/SampleCreator.swift:234:24: warning: 'init(activityType:start:end:duration:totalEnergyBurned:totalDistance:metadata:)' was deprecated in watchOS 10.0: Use HKWorkoutBuilder [#DeprecatedDeclaration]
232 |                 )
233 |             } else {
234 |                 return HKWorkout(
    |                        `- warning: 'init(activityType:start:end:duration:totalEnergyBurned:totalDistance:metadata:)' was deprecated in watchOS 10.0: Use HKWorkoutBuilder [#DeprecatedDeclaration]
235 |                     activityType: activityType,
236 |                     start: dates.sDate,
/Users/admin/builder/spi-builder-workspace/Sources/HealthDataGenerator/DataGeneration/SampleCreator.swift:271:13: warning: initialization of immutable value 'endDate' was never used; consider replacing with assignment to '_' or removing it [#NoUsage]
269 |         // 2️⃣ Parse dates
270 |         let startDate = (try? startString.date(.iso8601)) ?? Date()
271 |         let endDate   = (try? endString.date(.iso8601)) ?? startDate
    |             `- warning: initialization of immutable value 'endDate' was never used; consider replacing with assignment to '_' or removing it [#NoUsage]
272 |
273 |         // 3️⃣ Create the builder
SwiftCompile normal arm64_32 /Users/admin/builder/spi-builder-workspace/Sources/HealthDataGenerator/DataExport/ExportTargets.swift (in target 'HealthDataGenerator' from project 'HealthDataGenerator')
    cd /Users/admin/builder/spi-builder-workspace/.swiftpm/xcode
    builtin-SwiftPerFileCompile ExportTargets.swift
SwiftCompile normal arm64_32 /Users/admin/builder/spi-builder-workspace/Sources/HealthDataGenerator/DataGeneration/HealthProfile.swift (in target 'HealthDataGenerator' from project 'HealthDataGenerator')
    cd /Users/admin/builder/spi-builder-workspace/.swiftpm/xcode
    builtin-SwiftPerFileCompile HealthProfile.swift
SwiftCompile normal arm64_32 /Users/admin/builder/spi-builder-workspace/Sources/HealthDataGenerator/DataGeneration/SampleCreator.swift (in target 'HealthDataGenerator' from project 'HealthDataGenerator')
    cd /Users/admin/builder/spi-builder-workspace/.swiftpm/xcode
    builtin-SwiftPerFileCompile SampleCreator.swift
SwiftCompile normal arm64_32 Compiling\ FileNameUtil.swift,\ HealthStoreCleaner.swift /Users/admin/builder/spi-builder-workspace/Sources/HealthDataGenerator/Utilities/FileNameUtil.swift /Users/admin/builder/spi-builder-workspace/Sources/HealthDataGenerator/Utilities/HealthStoreCleaner.swift (in target 'HealthDataGenerator' from project 'HealthDataGenerator')
SwiftCompile normal arm64_32 /Users/admin/builder/spi-builder-workspace/Sources/HealthDataGenerator/Utilities/FileNameUtil.swift (in target 'HealthDataGenerator' from project 'HealthDataGenerator')
    cd /Users/admin/builder/spi-builder-workspace/.swiftpm/xcode
    builtin-SwiftPerFileCompile FileNameUtil.swift
SwiftCompile normal arm64_32 /Users/admin/builder/spi-builder-workspace/Sources/HealthDataGenerator/Utilities/HealthStoreCleaner.swift (in target 'HealthDataGenerator' from project 'HealthDataGenerator')
    cd /Users/admin/builder/spi-builder-workspace/.swiftpm/xcode
    builtin-SwiftPerFileCompile HealthStoreCleaner.swift
SwiftCompile normal arm64_32 Compiling\ JsonTokenizer.swift,\ JsonWriter.swift /Users/admin/builder/spi-builder-workspace/Sources/HealthDataGenerator/JSON/JsonTokenizer.swift /Users/admin/builder/spi-builder-workspace/Sources/HealthDataGenerator/JSON/JsonWriter.swift (in target 'HealthDataGenerator' from project 'HealthDataGenerator')
SwiftCompile normal arm64_32 /Users/admin/builder/spi-builder-workspace/Sources/HealthDataGenerator/JSON/JsonTokenizer.swift (in target 'HealthDataGenerator' from project 'HealthDataGenerator')
    cd /Users/admin/builder/spi-builder-workspace/.swiftpm/xcode
    builtin-SwiftPerFileCompile JsonTokenizer.swift
SwiftCompile normal arm64_32 /Users/admin/builder/spi-builder-workspace/Sources/HealthDataGenerator/JSON/JsonWriter.swift (in target 'HealthDataGenerator' from project 'HealthDataGenerator')
    cd /Users/admin/builder/spi-builder-workspace/.swiftpm/xcode
    builtin-SwiftPerFileCompile JsonWriter.swift
SwiftCompile normal arm64_32 Compiling\ JsonHandlerProtocol.swift,\ JsonReader.swift /Users/admin/builder/spi-builder-workspace/Sources/HealthDataGenerator/JSON/JsonHandlerProtocol.swift /Users/admin/builder/spi-builder-workspace/Sources/HealthDataGenerator/JSON/JsonReader.swift (in target 'HealthDataGenerator' from project 'HealthDataGenerator')
/Users/admin/builder/spi-builder-workspace/Sources/HealthDataGenerator/JSON/JsonHandlerProtocol.swift:114:28: warning: string interpolation produces a debug description for an optional value; did you mean to make this explicit?
112 |
113 |         var description: String {
114 |             return "name:\(name) type:\(type) dict:\(dict) childs:\(childs)"
    |                            |- warning: string interpolation produces a debug description for an optional value; did you mean to make this explicit?
    |                            |- note: provide a default value to avoid this warning
    |                            `- note: use 'String(describing:)' to silence this warning
115 |         }
116 |
/Users/admin/builder/spi-builder-workspace/Sources/HealthDataGenerator/JSON/JsonHandlerProtocol.swift:162:13: warning: immutable value 'i' was never used; consider replacing with '_' or removing it [#NoUsage]
160 |     internal func printWithLevel(_ level:Int, string:String){
161 |         var outString = "\(level)"
162 |         for i in 0 ..< level {
    |             `- warning: immutable value 'i' was never used; consider replacing with '_' or removing it [#NoUsage]
163 |             outString += " "
164 |         }
SwiftCompile normal arm64_32 /Users/admin/builder/spi-builder-workspace/Sources/HealthDataGenerator/JSON/JsonHandlerProtocol.swift (in target 'HealthDataGenerator' from project 'HealthDataGenerator')
    cd /Users/admin/builder/spi-builder-workspace/.swiftpm/xcode
    builtin-SwiftPerFileCompile JsonHandlerProtocol.swift
SwiftCompile normal arm64_32 /Users/admin/builder/spi-builder-workspace/Sources/HealthDataGenerator/JSON/JsonReader.swift (in target 'HealthDataGenerator' from project 'HealthDataGenerator')
    cd /Users/admin/builder/spi-builder-workspace/.swiftpm/xcode
    builtin-SwiftPerFileCompile JsonReader.swift
SwiftEmitModule normal arm64 Emitting\ module\ for\ HealthDataGenerator (in target 'HealthDataGenerator' from project 'HealthDataGenerator')
SwiftCompile normal arm64 (in target 'HealthDataGenerator' from project 'HealthDataGenerator')
    cd /Users/admin/builder/spi-builder-workspace/.swiftpm/xcode

PruneExplicitPrecompiledModules /Users/admin/builder/spi-builder-workspace/.derivedData/Build/Intermediates.noindex/SwiftExplicitPrecompiledModules
PruneExplicitPrecompiledModules /Users/admin/builder/spi-builder-workspace/.derivedData/Build/Intermediates.noindex/ExplicitPrecompiledModules
PruneExplicitPrecompiledModules /Users/admin/builder/spi-builder-workspace/.derivedData/SDKExplicitPrecompiledModules
2026-09-30 11:22:30.881 xcodebuild[707:4389] [MT] IDERunDestination: Supported platforms for the buildables in the current scheme is empty.
2026-09-30 11:22:31.002 xcodebuild[707:4389] [MT] IDERunDestination: Supported platforms for the buildables in the current scheme is empty.
** BUILD FAILED **
The following build commands failed:
	SwiftEmitModule normal arm64_32 Emitting\ module\ for\ HealthDataGenerator (in target 'HealthDataGenerator' from project 'HealthDataGenerator')
	SwiftCompile normal arm64_32 (in target 'HealthDataGenerator' from project 'HealthDataGenerator')
	Building workspace HealthDataGenerator with scheme HealthDataGenerator
(3 failures)
Command line invocation:
    /Applications/Xcode-27.0.0-Release.Candidate.app/Contents/Developer/usr/bin/xcodebuild -IDEClonedSourcePackagesDirPathOverride=/Users/admin/builder/spi-builder-workspace/.dependencies -resolvePackageDependencies
Resolve Package Graph
Resolved source packages:
  swift-log: https://github.com/apple/swift-log.git @ 1.15.1
  HealthDataGenerator: /Users/admin/builder/spi-builder-workspace
resolved source packages: swift-log, HealthDataGenerator
2026-09-30 11:22:39.226 xcodebuild[872:5049] [MT] IDERunDestination: Supported platforms for the buildables in the current scheme is empty.
2026-09-30 11:22:39.327 xcodebuild[872:5049] [MT] IDERunDestination: Supported platforms for the buildables in the current scheme is empty.
{
  "dependencies" : [
    {
      "identity" : "swift-log",
      "requirement" : {
        "range" : [
          {
            "lower_bound" : "1.6.0",
            "upper_bound" : "2.0.0"
          }
        ]
      },
      "type" : "sourceControl",
      "url" : "https://github.com/apple/swift-log.git"
    }
  ],
  "manifest_display_name" : "HealthDataGenerator",
  "name" : "HealthDataGenerator",
  "path" : "/Users/admin/builder/spi-builder-workspace",
  "platforms" : [
    {
      "name" : "ios",
      "version" : "17.0"
    },
    {
      "name" : "macos",
      "version" : "13.0"
    }
  ],
  "products" : [
    {
      "name" : "HealthDataGenerator",
      "targets" : [
        "HealthDataGenerator"
      ],
      "type" : {
        "library" : [
          "automatic"
        ]
      }
    }
  ],
  "swift_languages_versions" : [
    "5"
  ],
  "targets" : [
    {
      "c99name" : "HealthDataGeneratorTests",
      "module_type" : "SwiftTarget",
      "name" : "HealthDataGeneratorTests",
      "path" : "Tests/HealthDataGeneratorTests",
      "sources" : [
        "HealthDataGeneratorTests.swift"
      ],
      "target_dependencies" : [
        "HealthDataGenerator"
      ],
      "type" : "test"
    },
    {
      "c99name" : "HealthDataGenerator",
      "module_type" : "SwiftTarget",
      "name" : "HealthDataGenerator",
      "path" : "Sources/HealthDataGenerator",
      "product_dependencies" : [
        "Logging"
      ],
      "product_memberships" : [
        "HealthDataGenerator"
      ],
      "sources" : [
        "Constants/HealthConstants.swift",
        "Core/HealthDataGenerator.swift",
        "DataExport/ExportConfiguration.swift",
        "DataExport/ExportTargets.swift",
        "DataGeneration/HealthProfile.swift",
        "DataGeneration/SampleCreator.swift",
        "DataGeneration/SampleDataGenerator.swift",
        "DataGeneration/SampleGenerationConfig.swift",
        "DataImport/HealthDataProfile.swift",
        "DataImport/HealthDataProfileImporter.swift",
        "DataImport/HealthDataProfileReader.swift",
        "JSON/JsonHandlerProtocol.swift",
        "JSON/JsonReader.swift",
        "JSON/JsonTokenizer.swift",
        "JSON/JsonWriter.swift",
        "JSON/OutputStreams.swift",
        "LLM/AppleFoundationModelProvider.swift",
        "LLM/LLMManager.swift",
        "LLM/LLMProvider.swift",
        "Utilities/AppLogger.swift",
        "Utilities/DateExtensions.swift",
        "Utilities/FileNameUtil.swift",
        "Utilities/HealthStoreCleaner.swift"
      ],
      "type" : "library"
    }
  ],
  "tools_version" : "6.0"
}
{
  "workspace" : {
    "name" : "HealthDataGenerator",
    "schemes" : [
      "HealthDataGenerator",
      "HealthDataGeneratorTests"
    ]
  }
}
2026-09-30 11:22:40.485 xcodebuild[880:5118] [MT] IDERunDestination: Supported platforms for the buildables in the current scheme is empty.
2026-09-30 11:22:40.584 xcodebuild[880:5118] [MT] IDERunDestination: Supported platforms for the buildables in the current scheme is empty.
{
  "workspace" : {
    "name" : "HealthDataGenerator",
    "schemes" : [
      "HealthDataGenerator",
      "HealthDataGeneratorTests"
    ]
  }
}
2026-09-30 11:22:41.467 xcodebuild[882:5147] [MT] IDERunDestination: Supported platforms for the buildables in the current scheme is empty.
2026-09-30 11:22:41.566 xcodebuild[882:5147] [MT] IDERunDestination: Supported platforms for the buildables in the current scheme is empty.
Running build ...
env DEVELOPER_DIR=/Applications/Xcode-27.0.0-Release.Candidate.app xcrun xcodebuild -IDEClonedSourcePackagesDirPathOverride=$PWD/.dependencies -skipMacroValidation -skipPackagePluginValidation -derivedDataPath $PWD/.derivedData build -scheme HealthDataGenerator -destination generic/platform=watchOS
Command line invocation:
    /Applications/Xcode-27.0.0-Release.Candidate.app/Contents/Developer/usr/bin/xcodebuild -IDEClonedSourcePackagesDirPathOverride=/Users/admin/builder/spi-builder-workspace/.dependencies -skipMacroValidation -skipPackagePluginValidation -derivedDataPath /Users/admin/builder/spi-builder-workspace/.derivedData build -scheme HealthDataGenerator -destination generic/platform=watchOS
Resolve Package Graph
Resolved source packages:
  swift-log: https://github.com/apple/swift-log.git @ 1.15.1
  HealthDataGenerator: /Users/admin/builder/spi-builder-workspace
ComputePackagePrebuildTargetDependencyGraph
Prepare packages
CreateBuildRequest
SendProjectDescription
CreateBuildOperation
ComputeTargetDependencyGraph
note: Building targets in dependency order
note: Target dependency graph (4 targets)
    Target 'HealthDataGenerator-product' in project 'HealthDataGenerator'
        ➜ Explicit dependency on target 'HealthDataGenerator' in project 'HealthDataGenerator'
        ➜ Explicit dependency on target 'Logging-product' in project 'swift-log'
    Target 'HealthDataGenerator' in project 'HealthDataGenerator'
        ➜ Explicit dependency on target 'Logging-product' in project 'swift-log'
    Target 'Logging-product' in project 'swift-log'
        ➜ Explicit dependency on target 'Logging' in project 'swift-log'
    Target 'Logging' in project 'swift-log' (no dependencies)
GatherProvisioningInputs
CreateBuildDescription
ClangStatCache /Applications/Xcode-27.0.0-Release.Candidate.app/Contents/Developer/Toolchains/XcodeDefault.xctoolchain/usr/bin/clang-stat-cache /Applications/Xcode-27.0.0-Release.Candidate.app/Contents/Developer/Platforms/WatchOS.platform/Developer/SDKs/WatchOS27.0.sdk /Users/admin/builder/spi-builder-workspace/.derivedData/SDKStatCaches.noindex/watchos27.0-24R360-e829b21a6f8c9b70876ba0858053c04477534ef55a1706bf4c1112bbb242f0a2.sdkstatcache
    cd /Users/admin/builder/spi-builder-workspace/.swiftpm/xcode
    /Applications/Xcode-27.0.0-Release.Candidate.app/Contents/Developer/Toolchains/XcodeDefault.xctoolchain/usr/bin/clang-stat-cache /Applications/Xcode-27.0.0-Release.Candidate.app/Contents/Developer/Platforms/WatchOS.platform/Developer/SDKs/WatchOS27.0.sdk -o /Users/admin/builder/spi-builder-workspace/.derivedData/SDKStatCaches.noindex/watchos27.0-24R360-e829b21a6f8c9b70876ba0858053c04477534ef55a1706bf4c1112bbb242f0a2.sdkstatcache
SwiftDriver HealthDataGenerator normal arm64 com.apple.xcode.tools.swift.compiler (in target 'HealthDataGenerator' from project 'HealthDataGenerator')
    cd /Users/admin/builder/spi-builder-workspace/.swiftpm/xcode
    builtin-SwiftDriver -- /Applications/Xcode-27.0.0-Release.Candidate.app/Contents/Developer/Toolchains/XcodeDefault.xctoolchain/usr/bin/swiftc -parse-as-library -module-name HealthDataGenerator -Onone @/Users/admin/builder/spi-builder-workspace/.derivedData/Build/Intermediates.noindex/HealthDataGenerator.build/Debug-watchos/HealthDataGenerator-t.build/Objects-normal/arm64/HealthDataGenerator.SwiftFileList -DSWIFT_PACKAGE -DDEBUG -DSWIFT_MODULE_RESOURCE_BUNDLE_UNAVAILABLE -DXcode -plugin-path /Applications/Xcode-27.0.0-Release.Candidate.app/Contents/Developer/Toolchains/XcodeDefault.xctoolchain/usr/lib/swift/host/plugins/testing -enable-experimental-feature DebugDescriptionMacro -sdk /Applications/Xcode-27.0.0-Release.Candidate.app/Contents/Developer/Platforms/WatchOS.platform/Developer/SDKs/WatchOS27.0.sdk -target arm64-apple-watchos10.0 -g -module-cache-path /Users/admin/builder/spi-builder-workspace/.derivedData/ModuleCache.noindex -Xfrontend -serialize-debugging-options -profile-coverage-mapping -profile-generate -enable-testing -index-store-path /Users/admin/builder/spi-builder-workspace/.derivedData/Index.noindex/DataStore -Xcc -D_LIBCPP_HARDENING_MODE\=_LIBCPP_HARDENING_MODE_DEBUG -swift-version 5 -I /Users/admin/builder/spi-builder-workspace/.derivedData/Build/Products/Debug-watchos -Isystem /Applications/Xcode-27.0.0-Release.Candidate.app/Contents/Developer/Platforms/WatchOS.platform/Developer/usr/lib -F /Users/admin/builder/spi-builder-workspace/.derivedData/Build/Products/Debug-watchos/PackageFrameworks -F /Users/admin/builder/spi-builder-workspace/.derivedData/Build/Products/Debug-watchos -F /Applications/Xcode-27.0.0-Release.Candidate.app/Contents/Developer/Platforms/WatchOS.platform/Developer/Library/Frameworks -F /Applications/Xcode-27.0.0-Release.Candidate.app/Contents/Developer/Platforms/WatchOS.platform/Developer/SDKs/WatchOS27.0.sdk/Developer/Library/Frameworks -c -j10 -enable-batch-mode -incremental -Xcc -ivfsstatcache -Xcc /Users/admin/builder/spi-builder-workspace/.derivedData/SDKStatCaches.noindex/watchos27.0-24R360-e829b21a6f8c9b70876ba0858053c04477534ef55a1706bf4c1112bbb242f0a2.sdkstatcache -output-file-map /Users/admin/builder/spi-builder-workspace/.derivedData/Build/Intermediates.noindex/HealthDataGenerator.build/Debug-watchos/HealthDataGenerator-t.build/Objects-normal/arm64/HealthDataGenerator-OutputFileMap.json -save-temps -no-color-diagnostics -explicit-module-build -module-cache-path /Users/admin/builder/spi-builder-workspace/.derivedData/Build/Intermediates.noindex/SwiftExplicitPrecompiledModules -clang-scanner-module-cache-path /Users/admin/builder/spi-builder-workspace/.derivedData/ModuleCache.noindex -sdk-module-cache-path /Users/admin/builder/spi-builder-workspace/.derivedData/SDKExplicitPrecompiledModules -emit-dependencies -emit-module -emit-module-path /Users/admin/builder/spi-builder-workspace/.derivedData/Build/Intermediates.noindex/HealthDataGenerator.build/Debug-watchos/HealthDataGenerator-t.build/Objects-normal/arm64/HealthDataGenerator.swiftmodule -serialize-diagnostics -dependency-scan-serialize-diagnostics-path /Users/admin/builder/spi-builder-workspace/.derivedData/Build/Intermediates.noindex/HealthDataGenerator.build/Debug-watchos/HealthDataGenerator-t.build/Objects-normal/arm64/HealthDataGenerator-dependency-scan.dia -validate-clang-modules-once -clang-build-session-file /Users/admin/builder/spi-builder-workspace/.derivedData/ModuleCache.noindex/Session.modulevalidation -Xcc -fmodules-prune-interval\=86400 -Xcc -fmodules-prune-after\=345600 -package-name spi_builder_workspace -emit-const-values -const-gather-protocols-list /Users/admin/builder/spi-builder-workspace/.derivedData/Build/Intermediates.noindex/HealthDataGenerator.build/Debug-watchos/HealthDataGenerator-t.build/Objects-normal/arm64/HealthDataGenerator_const_extract_protocols.json -Xcc -I/Users/admin/builder/spi-builder-workspace/.derivedData/Build/Products/Debug-watchos/include -Xcc -I/Users/admin/builder/spi-builder-workspace/.derivedData/Build/Intermediates.noindex/HealthDataGenerator.build/Debug-watchos/HealthDataGenerator-t.build/DerivedSources-normal/arm64 -Xcc -I/Users/admin/builder/spi-builder-workspace/.derivedData/Build/Intermediates.noindex/HealthDataGenerator.build/Debug-watchos/HealthDataGenerator-t.build/DerivedSources/arm64 -Xcc -I/Users/admin/builder/spi-builder-workspace/.derivedData/Build/Intermediates.noindex/HealthDataGenerator.build/Debug-watchos/HealthDataGenerator-t.build/DerivedSources -Xcc -DSWIFT_PACKAGE -Xcc -DDEBUG\=1 -emit-objc-header -emit-objc-header-path /Users/admin/builder/spi-builder-workspace/.derivedData/Build/Intermediates.noindex/HealthDataGenerator.build/Debug-watchos/HealthDataGenerator-t.build/Objects-normal/arm64/HealthDataGenerator-Swift.h -working-directory /Users/admin/builder/spi-builder-workspace/.swiftpm/xcode -experimental-emit-module-separately -disable-cmo
SwiftDriver HealthDataGenerator normal arm64_32 com.apple.xcode.tools.swift.compiler (in target 'HealthDataGenerator' from project 'HealthDataGenerator')
    cd /Users/admin/builder/spi-builder-workspace/.swiftpm/xcode
    builtin-SwiftDriver -- /Applications/Xcode-27.0.0-Release.Candidate.app/Contents/Developer/Toolchains/XcodeDefault.xctoolchain/usr/bin/swiftc -parse-as-library -module-name HealthDataGenerator -Onone @/Users/admin/builder/spi-builder-workspace/.derivedData/Build/Intermediates.noindex/HealthDataGenerator.build/Debug-watchos/HealthDataGenerator-t.build/Objects-normal/arm64_32/HealthDataGenerator.SwiftFileList -DSWIFT_PACKAGE -DDEBUG -DSWIFT_MODULE_RESOURCE_BUNDLE_UNAVAILABLE -DXcode -plugin-path /Applications/Xcode-27.0.0-Release.Candidate.app/Contents/Developer/Toolchains/XcodeDefault.xctoolchain/usr/lib/swift/host/plugins/testing -enable-experimental-feature DebugDescriptionMacro -sdk /Applications/Xcode-27.0.0-Release.Candidate.app/Contents/Developer/Platforms/WatchOS.platform/Developer/SDKs/WatchOS27.0.sdk -target arm64_32-apple-watchos10.0 -g -module-cache-path /Users/admin/builder/spi-builder-workspace/.derivedData/ModuleCache.noindex -Xfrontend -serialize-debugging-options -profile-coverage-mapping -profile-generate -enable-testing -index-store-path /Users/admin/builder/spi-builder-workspace/.derivedData/Index.noindex/DataStore -Xcc -D_LIBCPP_HARDENING_MODE\=_LIBCPP_HARDENING_MODE_DEBUG -swift-version 5 -I /Users/admin/builder/spi-builder-workspace/.derivedData/Build/Products/Debug-watchos -Isystem /Applications/Xcode-27.0.0-Release.Candidate.app/Contents/Developer/Platforms/WatchOS.platform/Developer/usr/lib -F /Users/admin/builder/spi-builder-workspace/.derivedData/Build/Products/Debug-watchos/PackageFrameworks -F /Users/admin/builder/spi-builder-workspace/.derivedData/Build/Products/Debug-watchos -F /Applications/Xcode-27.0.0-Release.Candidate.app/Contents/Developer/Platforms/WatchOS.platform/Developer/Library/Frameworks -F /Applications/Xcode-27.0.0-Release.Candidate.app/Contents/Developer/Platforms/WatchOS.platform/Developer/SDKs/WatchOS27.0.sdk/Developer/Library/Frameworks -c -j10 -enable-batch-mode -incremental -Xcc -ivfsstatcache -Xcc /Users/admin/builder/spi-builder-workspace/.derivedData/SDKStatCaches.noindex/watchos27.0-24R360-e829b21a6f8c9b70876ba0858053c04477534ef55a1706bf4c1112bbb242f0a2.sdkstatcache -output-file-map /Users/admin/builder/spi-builder-workspace/.derivedData/Build/Intermediates.noindex/HealthDataGenerator.build/Debug-watchos/HealthDataGenerator-t.build/Objects-normal/arm64_32/HealthDataGenerator-OutputFileMap.json -save-temps -no-color-diagnostics -explicit-module-build -module-cache-path /Users/admin/builder/spi-builder-workspace/.derivedData/Build/Intermediates.noindex/SwiftExplicitPrecompiledModules -clang-scanner-module-cache-path /Users/admin/builder/spi-builder-workspace/.derivedData/ModuleCache.noindex -sdk-module-cache-path /Users/admin/builder/spi-builder-workspace/.derivedData/SDKExplicitPrecompiledModules -emit-dependencies -emit-module -emit-module-path /Users/admin/builder/spi-builder-workspace/.derivedData/Build/Intermediates.noindex/HealthDataGenerator.build/Debug-watchos/HealthDataGenerator-t.build/Objects-normal/arm64_32/HealthDataGenerator.swiftmodule -serialize-diagnostics -dependency-scan-serialize-diagnostics-path /Users/admin/builder/spi-builder-workspace/.derivedData/Build/Intermediates.noindex/HealthDataGenerator.build/Debug-watchos/HealthDataGenerator-t.build/Objects-normal/arm64_32/HealthDataGenerator-dependency-scan.dia -validate-clang-modules-once -clang-build-session-file /Users/admin/builder/spi-builder-workspace/.derivedData/ModuleCache.noindex/Session.modulevalidation -Xcc -fmodules-prune-interval\=86400 -Xcc -fmodules-prune-after\=345600 -package-name spi_builder_workspace -emit-const-values -const-gather-protocols-list /Users/admin/builder/spi-builder-workspace/.derivedData/Build/Intermediates.noindex/HealthDataGenerator.build/Debug-watchos/HealthDataGenerator-t.build/Objects-normal/arm64_32/HealthDataGenerator_const_extract_protocols.json -Xcc -I/Users/admin/builder/spi-builder-workspace/.derivedData/Build/Products/Debug-watchos/include -Xcc -I/Users/admin/builder/spi-builder-workspace/.derivedData/Build/Intermediates.noindex/HealthDataGenerator.build/Debug-watchos/HealthDataGenerator-t.build/DerivedSources-normal/arm64_32 -Xcc -I/Users/admin/builder/spi-builder-workspace/.derivedData/Build/Intermediates.noindex/HealthDataGenerator.build/Debug-watchos/HealthDataGenerator-t.build/DerivedSources/arm64_32 -Xcc -I/Users/admin/builder/spi-builder-workspace/.derivedData/Build/Intermediates.noindex/HealthDataGenerator.build/Debug-watchos/HealthDataGenerator-t.build/DerivedSources -Xcc -DSWIFT_PACKAGE -Xcc -DDEBUG\=1 -emit-objc-header -emit-objc-header-path /Users/admin/builder/spi-builder-workspace/.derivedData/Build/Intermediates.noindex/HealthDataGenerator.build/Debug-watchos/HealthDataGenerator-t.build/Objects-normal/arm64_32/HealthDataGenerator-Swift.h -working-directory /Users/admin/builder/spi-builder-workspace/.swiftpm/xcode -experimental-emit-module-separately -disable-cmo
SwiftCompile normal arm64 Compiling\ JsonTokenizer.swift,\ JsonWriter.swift /Users/admin/builder/spi-builder-workspace/Sources/HealthDataGenerator/JSON/JsonTokenizer.swift /Users/admin/builder/spi-builder-workspace/Sources/HealthDataGenerator/JSON/JsonWriter.swift (in target 'HealthDataGenerator' from project 'HealthDataGenerator')
SwiftCompile normal arm64 /Users/admin/builder/spi-builder-workspace/Sources/HealthDataGenerator/JSON/JsonTokenizer.swift (in target 'HealthDataGenerator' from project 'HealthDataGenerator')
    cd /Users/admin/builder/spi-builder-workspace/.swiftpm/xcode
    builtin-SwiftPerFileCompile JsonTokenizer.swift
SwiftCompile normal arm64 /Users/admin/builder/spi-builder-workspace/Sources/HealthDataGenerator/JSON/JsonWriter.swift (in target 'HealthDataGenerator' from project 'HealthDataGenerator')
    cd /Users/admin/builder/spi-builder-workspace/.swiftpm/xcode
    builtin-SwiftPerFileCompile JsonWriter.swift
SwiftCompile normal arm64 Compiling\ ExportTargets.swift,\ HealthProfile.swift,\ SampleCreator.swift /Users/admin/builder/spi-builder-workspace/Sources/HealthDataGenerator/DataExport/ExportTargets.swift /Users/admin/builder/spi-builder-workspace/Sources/HealthDataGenerator/DataGeneration/HealthProfile.swift /Users/admin/builder/spi-builder-workspace/Sources/HealthDataGenerator/DataGeneration/SampleCreator.swift (in target 'HealthDataGenerator' from project 'HealthDataGenerator')
SwiftCompile normal arm64 /Users/admin/builder/spi-builder-workspace/Sources/HealthDataGenerator/DataExport/ExportTargets.swift (in target 'HealthDataGenerator' from project 'HealthDataGenerator')
    cd /Users/admin/builder/spi-builder-workspace/.swiftpm/xcode
    builtin-SwiftPerFileCompile ExportTargets.swift
SwiftCompile normal arm64 /Users/admin/builder/spi-builder-workspace/Sources/HealthDataGenerator/DataGeneration/HealthProfile.swift (in target 'HealthDataGenerator' from project 'HealthDataGenerator')
    cd /Users/admin/builder/spi-builder-workspace/.swiftpm/xcode
    builtin-SwiftPerFileCompile HealthProfile.swift
SwiftCompile normal arm64 /Users/admin/builder/spi-builder-workspace/Sources/HealthDataGenerator/DataGeneration/SampleCreator.swift (in target 'HealthDataGenerator' from project 'HealthDataGenerator')
    cd /Users/admin/builder/spi-builder-workspace/.swiftpm/xcode
    builtin-SwiftPerFileCompile SampleCreator.swift
/Users/admin/builder/spi-builder-workspace/Sources/HealthDataGenerator/DataGeneration/SampleCreator.swift:215:39: warning: 'init(type:date:)' was deprecated in watchOS 4.0 [#DeprecatedDeclaration]
213 |                         let eventType = HKWorkoutEventType(rawValue: eventTypeRaw!)!
214 | 						let startDate = dictToTimeframe(subDict).sDate
215 |                         events.append(HKWorkoutEvent(type: eventType, date: startDate))
    |                                       `- warning: 'init(type:date:)' was deprecated in watchOS 4.0 [#DeprecatedDeclaration]
216 |                     }
217 |                 }
/Users/admin/builder/spi-builder-workspace/Sources/HealthDataGenerator/DataGeneration/SampleCreator.swift:224:24: warning: 'init(activityType:start:end:workoutEvents:totalEnergyBurned:totalDistance:metadata:)' was deprecated in watchOS 10.0: Use HKWorkoutBuilder [#DeprecatedDeclaration]
222 |
223 |             if events.count > 0 {
224 |                 return HKWorkout(
    |                        `- warning: 'init(activityType:start:end:workoutEvents:totalEnergyBurned:totalDistance:metadata:)' was deprecated in watchOS 10.0: Use HKWorkoutBuilder [#DeprecatedDeclaration]
225 |                     activityType: activityType,
226 |                     start: dates.sDate,
/Users/admin/builder/spi-builder-workspace/Sources/HealthDataGenerator/DataGeneration/SampleCreator.swift:234:24: warning: 'init(activityType:start:end:duration:totalEnergyBurned:totalDistance:metadata:)' was deprecated in watchOS 10.0: Use HKWorkoutBuilder [#DeprecatedDeclaration]
232 |                 )
233 |             } else {
234 |                 return HKWorkout(
    |                        `- warning: 'init(activityType:start:end:duration:totalEnergyBurned:totalDistance:metadata:)' was deprecated in watchOS 10.0: Use HKWorkoutBuilder [#DeprecatedDeclaration]
235 |                     activityType: activityType,
236 |                     start: dates.sDate,
/Users/admin/builder/spi-builder-workspace/Sources/HealthDataGenerator/DataGeneration/SampleCreator.swift:271:13: warning: initialization of immutable value 'endDate' was never used; consider replacing with assignment to '_' or removing it [#NoUsage]
269 |         // 2️⃣ Parse dates
270 |         let startDate = (try? startString.date(.iso8601)) ?? Date()
271 |         let endDate   = (try? endString.date(.iso8601)) ?? startDate
    |             `- warning: initialization of immutable value 'endDate' was never used; consider replacing with assignment to '_' or removing it [#NoUsage]
272 |
273 |         // 3️⃣ Create the builder
SwiftCompile normal arm64 Compiling\ OutputStreams.swift,\ AppleFoundationModelProvider.swift /Users/admin/builder/spi-builder-workspace/Sources/HealthDataGenerator/JSON/OutputStreams.swift /Users/admin/builder/spi-builder-workspace/Sources/HealthDataGenerator/LLM/AppleFoundationModelProvider.swift (in target 'HealthDataGenerator' from project 'HealthDataGenerator')
/Users/admin/builder/spi-builder-workspace/Sources/HealthDataGenerator/JSON/OutputStreams.swift:33:9: warning: result of call to 'write(_:maxLength:)' is unused [#NoUsage]
31 |     func write(_ theString: String) {
32 |         let data = stringToData(theString)
33 |         write((data as NSData).bytes.bindMemory(to: UInt8.self, capacity: data.count), maxLength: data.count)
   |         `- warning: result of call to 'write(_:maxLength:)' is unused [#NoUsage]
34 |     }
35 |
/Users/admin/builder/spi-builder-workspace/Sources/HealthDataGenerator/JSON/OutputStreams.swift:64:87: warning: forced cast from 'NSString?' to 'String' only unwraps and bridges; did you mean to use '!' with 'as'?
62 |         let data = outputStream.property(forKey: Stream.PropertyKey.dataWrittenToMemoryStreamKey)
63 |
64 |         return NSString(data: data as! Data, encoding: String.Encoding.utf8.rawValue) as! String
   |                                                                                       `- warning: forced cast from 'NSString?' to 'String' only unwraps and bridges; did you mean to use '!' with 'as'?
65 |     }
66 | }
/Users/admin/builder/spi-builder-workspace/Sources/HealthDataGenerator/LLM/AppleFoundationModelProvider.swift:13:32: error: 'SystemLanguageModel' is unavailable in watchOS
 11 |
 12 |     private let logger = AppLogger.llm
 13 |     private let languageModel: SystemLanguageModel
    |                                `- error: 'SystemLanguageModel' is unavailable in watchOS
 14 |     private var session: LanguageModelSession?
 15 |
FoundationModels.SystemLanguageModel:4:20: note: 'SystemLanguageModel' has been explicitly marked unavailable here
2 | @available(tvOS, unavailable)
3 | @available(watchOS, unavailable)
4 | final public class SystemLanguageModel : Sendable {
  |                    `- note: 'SystemLanguageModel' has been explicitly marked unavailable here
5 |     @objc deinit
6 | }
/Users/admin/builder/spi-builder-workspace/Sources/HealthDataGenerator/LLM/AppleFoundationModelProvider.swift:14:26: error: 'LanguageModelSession' is only available in watchOS 27.0 or newer
  8 | /// Apple Foundation Model provider implementation using the real FoundationModels framework
  9 | @available(iOS 26.0, macOS 26.0, *)
 10 | public class AppleFoundationModelProvider: LLMProvider {
    |              `- note: add '@available' attribute to enclosing class
 11 |
 12 |     private let logger = AppLogger.llm
 13 |     private let languageModel: SystemLanguageModel
 14 |     private var session: LanguageModelSession?
    |                          `- error: 'LanguageModelSession' is only available in watchOS 27.0 or newer
 15 |
 16 |     public let identifier = "apple_foundation_model"
/Users/admin/builder/spi-builder-workspace/Sources/HealthDataGenerator/LLM/AppleFoundationModelProvider.swift:202:35: error: 'SystemLanguageModel' is unavailable in watchOS
200 | @available(iOS 26.0, macOS 26, *)
201 | struct Guardrails {
202 |     static var developerProvided: SystemLanguageModel.Guardrails {
    |                                   `- error: 'SystemLanguageModel' is unavailable in watchOS
203 |         var guardrails = SystemLanguageModel.Guardrails.default
204 |
FoundationModels.SystemLanguageModel:4:20: note: 'SystemLanguageModel' has been explicitly marked unavailable here
2 | @available(tvOS, unavailable)
3 | @available(watchOS, unavailable)
4 | final public class SystemLanguageModel : Sendable {
  |                    `- note: 'SystemLanguageModel' has been explicitly marked unavailable here
5 |     @objc deinit
6 | }
/Users/admin/builder/spi-builder-workspace/Sources/HealthDataGenerator/LLM/AppleFoundationModelProvider.swift:20:30: error: 'availability' is unavailable in watchOS
 18 |
 19 |     public var isAvailable: Bool {
 20 |         switch languageModel.availability {
    |                              `- error: 'availability' is unavailable in watchOS
 21 |         case .available:
 22 |             return true
FoundationModels.SystemLanguageModel.availability:2:18: note: 'availability' has been explicitly marked unavailable here
1 | class SystemLanguageModel {
2 | final public var availability: SystemLanguageModel.Availability { get }}
  |                  `- note: 'availability' has been explicitly marked unavailable here
3 |
/Users/admin/builder/spi-builder-workspace/Sources/HealthDataGenerator/LLM/AppleFoundationModelProvider.swift:29:30: error: 'SystemLanguageModel' is unavailable in watchOS
 27 |
 28 |     public init() {
 29 |         self.languageModel = SystemLanguageModel.init(guardrails: Guardrails.developerProvided)
    |                              `- error: 'SystemLanguageModel' is unavailable in watchOS
 30 |         logger.info("Initialized Apple Foundation Model provider", metadata: [
 31 |             "availability": "\(languageModel.availability)",
FoundationModels.SystemLanguageModel:4:20: note: 'SystemLanguageModel' has been explicitly marked unavailable here
2 | @available(tvOS, unavailable)
3 | @available(watchOS, unavailable)
4 | final public class SystemLanguageModel : Sendable {
  |                    `- note: 'SystemLanguageModel' has been explicitly marked unavailable here
5 |     @objc deinit
6 | }
/Users/admin/builder/spi-builder-workspace/Sources/HealthDataGenerator/LLM/AppleFoundationModelProvider.swift:29:50: error: 'init(useCase:guardrails:)' is unavailable in watchOS
 27 |
 28 |     public init() {
 29 |         self.languageModel = SystemLanguageModel.init(guardrails: Guardrails.developerProvided)
    |                                                  `- error: 'init(useCase:guardrails:)' is unavailable in watchOS
 30 |         logger.info("Initialized Apple Foundation Model provider", metadata: [
 31 |             "availability": "\(languageModel.availability)",
FoundationModels.SystemLanguageModel.init:5:22: note: 'init(useCase:guardrails:)' has been explicitly marked unavailable here
3 |   @available(tvOS, unavailable)
4 |   @available(watchOS, unavailable)
5 |   public convenience init(useCase: SystemLanguageModel.UseCase = .general, guardrails: SystemLanguageModel.Guardrails = Guardrails.default)}
  |                      `- note: 'init(useCase:guardrails:)' has been explicitly marked unavailable here
6 |
/Users/admin/builder/spi-builder-workspace/Sources/HealthDataGenerator/LLM/AppleFoundationModelProvider.swift:31:46: error: 'availability' is unavailable in watchOS
 29 |         self.languageModel = SystemLanguageModel.init(guardrails: Guardrails.developerProvided)
 30 |         logger.info("Initialized Apple Foundation Model provider", metadata: [
 31 |             "availability": "\(languageModel.availability)",
    |                                              `- error: 'availability' is unavailable in watchOS
 32 |             "framework": "FoundationModels"
 33 |         ])
FoundationModels.SystemLanguageModel.availability:2:18: note: 'availability' has been explicitly marked unavailable here
1 | class SystemLanguageModel {
2 | final public var availability: SystemLanguageModel.Availability { get }}
  |                  `- note: 'availability' has been explicitly marked unavailable here
3 |
/Users/admin/builder/spi-builder-workspace/Sources/HealthDataGenerator/LLM/AppleFoundationModelProvider.swift:52:23: error: 'LanguageModelSession' is only available in watchOS 27.0 or newer
  8 | /// Apple Foundation Model provider implementation using the real FoundationModels framework
  9 | @available(iOS 26.0, macOS 26.0, *)
 10 | public class AppleFoundationModelProvider: LLMProvider {
    |              `- note: add '@available' attribute to enclosing class
 11 |
 12 |     private let logger = AppLogger.llm
    :
 42 |     // MARK: - Real Foundation Model Implementation
 43 |
 44 |     private func generateWithRealFoundationModel(_ prompt: String, attempt: Int = 1) async throws -> String {
    |                  `- note: add '@available' attribute to enclosing instance method
 45 |         // Check if model is available
 46 |         guard isAvailable else {
    :
 50 |         // Create session if needed
 51 |         if session == nil {
 52 |             session = LanguageModelSession(model: self.languageModel)
    |                       |- error: 'LanguageModelSession' is only available in watchOS 27.0 or newer
    |                       `- note: add 'if #available' version check
 53 |         }
 54 |
/Users/admin/builder/spi-builder-workspace/Sources/HealthDataGenerator/LLM/AppleFoundationModelProvider.swift:52:23: error: 'init(model:tools:instructions:)' is unavailable in watchOS
 50 |         // Create session if needed
 51 |         if session == nil {
 52 |             session = LanguageModelSession(model: self.languageModel)
    |                       `- error: 'init(model:tools:instructions:)' is unavailable in watchOS
 53 |         }
 54 |
FoundationModels.LanguageModelSession.init:2:20: note: 'init(model:tools:instructions:)' has been explicitly marked unavailable here
1 | class LanguageModelSession {
2 | public convenience init(model: SystemLanguageModel = .default, tools: [any Tool] = [], instructions: Instructions? = nil)}
  |                    `- note: 'init(model:tools:instructions:)' has been explicitly marked unavailable here
3 |
/Users/admin/builder/spi-builder-workspace/Sources/HealthDataGenerator/LLM/AppleFoundationModelProvider.swift:65:46: error: 'respond(to:options:)' is only available in watchOS 27.0 or newer
  8 | /// Apple Foundation Model provider implementation using the real FoundationModels framework
  9 | @available(iOS 26.0, macOS 26.0, *)
 10 | public class AppleFoundationModelProvider: LLMProvider {
    |              `- note: add '@available' attribute to enclosing class
 11 |
 12 |     private let logger = AppLogger.llm
    :
 42 |     // MARK: - Real Foundation Model Implementation
 43 |
 44 |     private func generateWithRealFoundationModel(_ prompt: String, attempt: Int = 1) async throws -> String {
    |                  `- note: add '@available' attribute to enclosing instance method
 45 |         // Check if model is available
 46 |         guard isAvailable else {
    :
 63 |         do {
 64 |             // Generate response using Apple Foundation Model
 65 |             let response = try await session.respond(to: fullPrompt)
    |                                              |- error: 'respond(to:options:)' is only available in watchOS 27.0 or newer
    |                                              `- note: add 'if #available' version check
 66 |
 67 |             logger.info("Successfully generated response", metadata: [
/Users/admin/builder/spi-builder-workspace/Sources/HealthDataGenerator/LLM/AppleFoundationModelProvider.swift:65:17: warning: conformance of 'String' to 'Generable' is only available in watchOS 27.0 or newer; this is an error in the Swift 6 language mode
  8 | /// Apple Foundation Model provider implementation using the real FoundationModels framework
  9 | @available(iOS 26.0, macOS 26.0, *)
 10 | public class AppleFoundationModelProvider: LLMProvider {
    |              `- note: add '@available' attribute to enclosing class
 11 |
 12 |     private let logger = AppLogger.llm
    :
 42 |     // MARK: - Real Foundation Model Implementation
 43 |
 44 |     private func generateWithRealFoundationModel(_ prompt: String, attempt: Int = 1) async throws -> String {
    |                  `- note: add '@available' attribute to enclosing instance method
 45 |         // Check if model is available
 46 |         guard isAvailable else {
    :
 63 |         do {
 64 |             // Generate response using Apple Foundation Model
 65 |             let response = try await session.respond(to: fullPrompt)
    |                 |- warning: conformance of 'String' to 'Generable' is only available in watchOS 27.0 or newer; this is an error in the Swift 6 language mode
    |                 `- note: add 'if #available' version check
 66 |
 67 |             logger.info("Successfully generated response", metadata: [
/Users/admin/builder/spi-builder-workspace/Sources/HealthDataGenerator/LLM/AppleFoundationModelProvider.swift:68:47: warning: conformance of 'String' to 'Generable' is only available in watchOS 27.0 or newer; this is an error in the Swift 6 language mode
  8 | /// Apple Foundation Model provider implementation using the real FoundationModels framework
  9 | @available(iOS 26.0, macOS 26.0, *)
 10 | public class AppleFoundationModelProvider: LLMProvider {
    |              `- note: add '@available' attribute to enclosing class
 11 |
 12 |     private let logger = AppLogger.llm
    :
 42 |     // MARK: - Real Foundation Model Implementation
 43 |
 44 |     private func generateWithRealFoundationModel(_ prompt: String, attempt: Int = 1) async throws -> String {
    |                  `- note: add '@available' attribute to enclosing instance method
 45 |         // Check if model is available
 46 |         guard isAvailable else {
    :
 66 |
 67 |             logger.info("Successfully generated response", metadata: [
 68 |                 "responseLength": "\(response.content.count)",
    |                                               |- warning: conformance of 'String' to 'Generable' is only available in watchOS 27.0 or newer; this is an error in the Swift 6 language mode
    |                                               `- note: add 'if #available' version check
 69 |                 "model": "Apple Foundation Model"
 70 |             ])
/Users/admin/builder/spi-builder-workspace/Sources/HealthDataGenerator/LLM/AppleFoundationModelProvider.swift:73:57: warning: conformance of 'String' to 'Generable' is only available in watchOS 27.0 or newer; this is an error in the Swift 6 language mode
  8 | /// Apple Foundation Model provider implementation using the real FoundationModels framework
  9 | @available(iOS 26.0, macOS 26.0, *)
 10 | public class AppleFoundationModelProvider: LLMProvider {
    |              `- note: add '@available' attribute to enclosing class
 11 |
 12 |     private let logger = AppLogger.llm
    :
 42 |     // MARK: - Real Foundation Model Implementation
 43 |
 44 |     private func generateWithRealFoundationModel(_ prompt: String, attempt: Int = 1) async throws -> String {
    |                  `- note: add '@available' attribute to enclosing instance method
 45 |         // Check if model is available
 46 |         guard isAvailable else {
    :
 71 |
 72 |             // Extract JSON from response
 73 |             return try extractJSONFromResponse(response.content)
    |                                                         |- warning: conformance of 'String' to 'Generable' is only available in watchOS 27.0 or newer; this is an error in the Swift 6 language mode
    |                                                         `- note: add 'if #available' version check
 74 |
 75 |         } catch {
/Users/admin/builder/spi-builder-workspace/Sources/HealthDataGenerator/LLM/AppleFoundationModelProvider.swift:76:41: error: 'LanguageModelSession' is only available in watchOS 27.0 or newer
  8 | /// Apple Foundation Model provider implementation using the real FoundationModels framework
  9 | @available(iOS 26.0, macOS 26.0, *)
 10 | public class AppleFoundationModelProvider: LLMProvider {
    |              `- note: add '@available' attribute to enclosing class
 11 |
 12 |     private let logger = AppLogger.llm
    :
 42 |     // MARK: - Real Foundation Model Implementation
 43 |
 44 |     private func generateWithRealFoundationModel(_ prompt: String, attempt: Int = 1) async throws -> String {
    |                  `- note: add '@available' attribute to enclosing instance method
 45 |         // Check if model is available
 46 |         guard isAvailable else {
    :
 74 |
 75 |         } catch {
 76 |             if let genError = error as? LanguageModelSession.GenerationError {
    |                                         |- error: 'LanguageModelSession' is only available in watchOS 27.0 or newer
    |                                         `- note: add 'if #available' version check
 77 |                 switch genError {
 78 |                 case .exceededContextWindowSize(_):
/Users/admin/builder/spi-builder-workspace/Sources/HealthDataGenerator/LLM/AppleFoundationModelProvider.swift:83:36: error: 'LanguageModelSession' is only available in watchOS 27.0 or newer
  8 | /// Apple Foundation Model provider implementation using the real FoundationModels framework
  9 | @available(iOS 26.0, macOS 26.0, *)
 10 | public class AppleFoundationModelProvider: LLMProvider {
    |              `- note: add '@available' attribute to enclosing class
 11 |
 12 |     private let logger = AppLogger.llm
    :
 42 |     // MARK: - Real Foundation Model Implementation
 43 |
 44 |     private func generateWithRealFoundationModel(_ prompt: String, attempt: Int = 1) async throws -> String {
    |                  `- note: add '@available' attribute to enclosing instance method
 45 |         // Check if model is available
 46 |         guard isAvailable else {
    :
 81 |                     }
 82 |                     logger.warning(("Exceeded context window size. Resetting session and retrying..."))
 83 |                     self.session = LanguageModelSession(model: self.languageModel) // reseting session
    |                                    |- error: 'LanguageModelSession' is only available in watchOS 27.0 or newer
    |                                    `- note: add 'if #available' version check
 84 |                     return try await generateWithRealFoundationModel(prompt, attempt: attempt + 1)
 85 |                 default:
/Users/admin/builder/spi-builder-workspace/Sources/HealthDataGenerator/LLM/AppleFoundationModelProvider.swift:83:36: error: 'init(model:tools:instructions:)' is unavailable in watchOS
 81 |                     }
 82 |                     logger.warning(("Exceeded context window size. Resetting session and retrying..."))
 83 |                     self.session = LanguageModelSession(model: self.languageModel) // reseting session
    |                                    `- error: 'init(model:tools:instructions:)' is unavailable in watchOS
 84 |                     return try await generateWithRealFoundationModel(prompt, attempt: attempt + 1)
 85 |                 default:
FoundationModels.LanguageModelSession.init:2:20: note: 'init(model:tools:instructions:)' has been explicitly marked unavailable here
1 | class LanguageModelSession {
2 | public convenience init(model: SystemLanguageModel = .default, tools: [any Tool] = [], instructions: Instructions? = nil)}
  |                    `- note: 'init(model:tools:instructions:)' has been explicitly marked unavailable here
3 |
/Users/admin/builder/spi-builder-workspace/Sources/HealthDataGenerator/LLM/AppleFoundationModelProvider.swift:187:21: warning: initialization of immutable value 'smt' was never used; consider replacing with assignment to '_' or removing it [#NoUsage]
185 |             // Validate that it's valid JSON
186 |             do {
187 |                 let smt = try JSONSerialization.jsonObject(with: jsonString.data(using: .utf8)!)
    |                     `- warning: initialization of immutable value 'smt' was never used; consider replacing with assignment to '_' or removing it [#NoUsage]
188 |                 return jsonString
189 |             } catch {
/Users/admin/builder/spi-builder-workspace/Sources/HealthDataGenerator/LLM/AppleFoundationModelProvider.swift:203:26: error: 'SystemLanguageModel' is unavailable in watchOS
201 | struct Guardrails {
202 |     static var developerProvided: SystemLanguageModel.Guardrails {
203 |         var guardrails = SystemLanguageModel.Guardrails.default
    |                          `- error: 'SystemLanguageModel' is unavailable in watchOS
204 |
205 |         #if DEBUG
FoundationModels.SystemLanguageModel:4:20: note: 'SystemLanguageModel' has been explicitly marked unavailable here
2 | @available(tvOS, unavailable)
3 | @available(watchOS, unavailable)
4 | final public class SystemLanguageModel : Sendable {
  |                    `- note: 'SystemLanguageModel' has been explicitly marked unavailable here
5 |     @objc deinit
6 | }
SwiftCompile normal arm64 /Users/admin/builder/spi-builder-workspace/Sources/HealthDataGenerator/JSON/OutputStreams.swift (in target 'HealthDataGenerator' from project 'HealthDataGenerator')
    cd /Users/admin/builder/spi-builder-workspace/.swiftpm/xcode
    builtin-SwiftPerFileCompile OutputStreams.swift
SwiftCompile normal arm64 /Users/admin/builder/spi-builder-workspace/Sources/HealthDataGenerator/LLM/AppleFoundationModelProvider.swift (in target 'HealthDataGenerator' from project 'HealthDataGenerator')
    cd /Users/admin/builder/spi-builder-workspace/.swiftpm/xcode
    builtin-SwiftPerFileCompile AppleFoundationModelProvider.swift
SwiftCompile normal arm64 Compiling\ HealthConstants.swift,\ HealthDataGenerator.swift,\ ExportConfiguration.swift /Users/admin/builder/spi-builder-workspace/Sources/HealthDataGenerator/Constants/HealthConstants.swift /Users/admin/builder/spi-builder-workspace/Sources/HealthDataGenerator/Core/HealthDataGenerator.swift /Users/admin/builder/spi-builder-workspace/Sources/HealthDataGenerator/DataExport/ExportConfiguration.swift (in target 'HealthDataGenerator' from project 'HealthDataGenerator')
SwiftCompile normal arm64 /Users/admin/builder/spi-builder-workspace/Sources/HealthDataGenerator/Constants/HealthConstants.swift (in target 'HealthDataGenerator' from project 'HealthDataGenerator')
    cd /Users/admin/builder/spi-builder-workspace/.swiftpm/xcode
    builtin-SwiftPerFileCompile HealthConstants.swift
SwiftCompile normal arm64 /Users/admin/builder/spi-builder-workspace/Sources/HealthDataGenerator/Core/HealthDataGenerator.swift (in target 'HealthDataGenerator' from project 'HealthDataGenerator')
    cd /Users/admin/builder/spi-builder-workspace/.swiftpm/xcode
    builtin-SwiftPerFileCompile HealthDataGenerator.swift
SwiftCompile normal arm64 /Users/admin/builder/spi-builder-workspace/Sources/HealthDataGenerator/DataExport/ExportConfiguration.swift (in target 'HealthDataGenerator' from project 'HealthDataGenerator')
    cd /Users/admin/builder/spi-builder-workspace/.swiftpm/xcode
    builtin-SwiftPerFileCompile ExportConfiguration.swift
SwiftCompile normal arm64 Compiling\ SampleDataGenerator.swift,\ SampleGenerationConfig.swift,\ HealthDataProfile.swift /Users/admin/builder/spi-builder-workspace/Sources/HealthDataGenerator/DataGeneration/SampleDataGenerator.swift /Users/admin/builder/spi-builder-workspace/Sources/HealthDataGenerator/DataGeneration/SampleGenerationConfig.swift /Users/admin/builder/spi-builder-workspace/Sources/HealthDataGenerator/DataImport/HealthDataProfile.swift (in target 'HealthDataGenerator' from project 'HealthDataGenerator')
SwiftCompile normal arm64 /Users/admin/builder/spi-builder-workspace/Sources/HealthDataGenerator/DataGeneration/SampleDataGenerator.swift (in target 'HealthDataGenerator' from project 'HealthDataGenerator')
    cd /Users/admin/builder/spi-builder-workspace/.swiftpm/xcode
    builtin-SwiftPerFileCompile SampleDataGenerator.swift
SwiftCompile normal arm64 /Users/admin/builder/spi-builder-workspace/Sources/HealthDataGenerator/DataGeneration/SampleGenerationConfig.swift (in target 'HealthDataGenerator' from project 'HealthDataGenerator')
    cd /Users/admin/builder/spi-builder-workspace/.swiftpm/xcode
    builtin-SwiftPerFileCompile SampleGenerationConfig.swift
SwiftCompile normal arm64 /Users/admin/builder/spi-builder-workspace/Sources/HealthDataGenerator/DataImport/HealthDataProfile.swift (in target 'HealthDataGenerator' from project 'HealthDataGenerator')
    cd /Users/admin/builder/spi-builder-workspace/.swiftpm/xcode
    builtin-SwiftPerFileCompile HealthDataProfile.swift
SwiftCompile normal arm64 Compiling\ LLMManager.swift,\ LLMProvider.swift /Users/admin/builder/spi-builder-workspace/Sources/HealthDataGenerator/LLM/LLMManager.swift /Users/admin/builder/spi-builder-workspace/Sources/HealthDataGenerator/LLM/LLMProvider.swift (in target 'HealthDataGenerator' from project 'HealthDataGenerator')
SwiftCompile normal arm64 /Users/admin/builder/spi-builder-workspace/Sources/HealthDataGenerator/LLM/LLMManager.swift (in target 'HealthDataGenerator' from project 'HealthDataGenerator')
    cd /Users/admin/builder/spi-builder-workspace/.swiftpm/xcode
    builtin-SwiftPerFileCompile LLMManager.swift
SwiftCompile normal arm64 /Users/admin/builder/spi-builder-workspace/Sources/HealthDataGenerator/LLM/LLMProvider.swift (in target 'HealthDataGenerator' from project 'HealthDataGenerator')
    cd /Users/admin/builder/spi-builder-workspace/.swiftpm/xcode
    builtin-SwiftPerFileCompile LLMProvider.swift
SwiftCompile normal arm64 Compiling\ AppLogger.swift,\ DateExtensions.swift /Users/admin/builder/spi-builder-workspace/Sources/HealthDataGenerator/Utilities/AppLogger.swift /Users/admin/builder/spi-builder-workspace/Sources/HealthDataGenerator/Utilities/DateExtensions.swift (in target 'HealthDataGenerator' from project 'HealthDataGenerator')
SwiftCompile normal arm64 /Users/admin/builder/spi-builder-workspace/Sources/HealthDataGenerator/Utilities/AppLogger.swift (in target 'HealthDataGenerator' from project 'HealthDataGenerator')
    cd /Users/admin/builder/spi-builder-workspace/.swiftpm/xcode
    builtin-SwiftPerFileCompile AppLogger.swift
SwiftCompile normal arm64 /Users/admin/builder/spi-builder-workspace/Sources/HealthDataGenerator/Utilities/DateExtensions.swift (in target 'HealthDataGenerator' from project 'HealthDataGenerator')
    cd /Users/admin/builder/spi-builder-workspace/.swiftpm/xcode
    builtin-SwiftPerFileCompile DateExtensions.swift
SwiftEmitModule normal arm64 Emitting\ module\ for\ HealthDataGenerator (in target 'HealthDataGenerator' from project 'HealthDataGenerator')
/Users/admin/builder/spi-builder-workspace/Sources/HealthDataGenerator/LLM/AppleFoundationModelProvider.swift:13:32: error: 'SystemLanguageModel' is unavailable in watchOS
 11 |
 12 |     private let logger = AppLogger.llm
 13 |     private let languageModel: SystemLanguageModel
    |                                `- error: 'SystemLanguageModel' is unavailable in watchOS
 14 |     private var session: LanguageModelSession?
 15 |
FoundationModels.SystemLanguageModel:4:20: note: 'SystemLanguageModel' has been explicitly marked unavailable here
2 | @available(tvOS, unavailable)
3 | @available(watchOS, unavailable)
4 | final public class SystemLanguageModel : Sendable {
  |                    `- note: 'SystemLanguageModel' has been explicitly marked unavailable here
5 |     @objc deinit
6 | }
/Users/admin/builder/spi-builder-workspace/Sources/HealthDataGenerator/LLM/AppleFoundationModelProvider.swift:14:26: error: 'LanguageModelSession' is only available in watchOS 27.0 or newer
  8 | /// Apple Foundation Model provider implementation using the real FoundationModels framework
  9 | @available(iOS 26.0, macOS 26.0, *)
 10 | public class AppleFoundationModelProvider: LLMProvider {
    |              `- note: add '@available' attribute to enclosing class
 11 |
 12 |     private let logger = AppLogger.llm
 13 |     private let languageModel: SystemLanguageModel
 14 |     private var session: LanguageModelSession?
    |                          `- error: 'LanguageModelSession' is only available in watchOS 27.0 or newer
 15 |
 16 |     public let identifier = "apple_foundation_model"
/Users/admin/builder/spi-builder-workspace/Sources/HealthDataGenerator/LLM/AppleFoundationModelProvider.swift:202:35: error: 'SystemLanguageModel' is unavailable in watchOS
200 | @available(iOS 26.0, macOS 26, *)
201 | struct Guardrails {
202 |     static var developerProvided: SystemLanguageModel.Guardrails {
    |                                   `- error: 'SystemLanguageModel' is unavailable in watchOS
203 |         var guardrails = SystemLanguageModel.Guardrails.default
204 |
FoundationModels.SystemLanguageModel:4:20: note: 'SystemLanguageModel' has been explicitly marked unavailable here
2 | @available(tvOS, unavailable)
3 | @available(watchOS, unavailable)
4 | final public class SystemLanguageModel : Sendable {
  |                    `- note: 'SystemLanguageModel' has been explicitly marked unavailable here
5 |     @objc deinit
6 | }
/Users/admin/builder/spi-builder-workspace/Sources/HealthDataGenerator/Utilities/AppLogger.swift:156:8: warning: deprecated default implementation is used to satisfy instance method 'log(event:)' required by protocol 'LogHandler': You should implement this method instead of using the default implementation [#DeprecatedDeclaration]
154 |
155 | /// Simple file-based log handler
156 | struct FileLogHandler: LogHandler {
    |        `- warning: deprecated default implementation is used to satisfy instance method 'log(event:)' required by protocol 'LogHandler': You should implement this method instead of using the default implementation [#DeprecatedDeclaration]
157 |     let label: String
158 |     let fileHandle: FileHandle
Logging.LogHandler.log:3:15: note: 'log(event:)' declared here
1 | protocol LogHandler {
2 | @available(*, deprecated, message: "You should implement this method instead of using the default implementation")
3 |   public func log(event: Logging.LogEvent)}
  |               `- note: 'log(event:)' declared here
4 |
Logging.LogHandler.log:2:6: note: requirement 'log(event:)' declared here
1 | protocol LogHandler {
2 | func log(event: Logging.LogEvent)}
  |      `- note: requirement 'log(event:)' declared here
3 |
[#DeprecatedDeclaration]: <https://docs.swift.org/compiler/documentation/diagnostics/deprecated-declaration>
Failed frontend command:
/Applications/Xcode-27.0.0-Release.Candidate.app/Contents/Developer/Toolchains/XcodeDefault.xctoolchain/usr/bin/swift-frontend -frontend -emit-module -experimental-skip-non-inlinable-function-bodies-without-types /Users/admin/builder/spi-builder-workspace/Sources/HealthDataGenerator/Constants/HealthConstants.swift /Users/admin/builder/spi-builder-workspace/Sources/HealthDataGenerator/Core/HealthDataGenerator.swift /Users/admin/builder/spi-builder-workspace/Sources/HealthDataGenerator/DataExport/ExportConfiguration.swift /Users/admin/builder/spi-builder-workspace/Sources/HealthDataGenerator/DataExport/ExportTargets.swift /Users/admin/builder/spi-builder-workspace/Sources/HealthDataGenerator/DataGeneration/HealthProfile.swift /Users/admin/builder/spi-builder-workspace/Sources/HealthDataGenerator/DataGeneration/SampleCreator.swift /Users/admin/builder/spi-builder-workspace/Sources/HealthDataGenerator/DataGeneration/SampleDataGenerator.swift /Users/admin/builder/spi-builder-workspace/Sources/HealthDataGenerator/DataGeneration/SampleGenerationConfig.swift /Users/admin/builder/spi-builder-workspace/Sources/HealthDataGenerator/DataImport/HealthDataProfile.swift /Users/admin/builder/spi-builder-workspace/Sources/HealthDataGenerator/DataImport/HealthDataProfileImporter.swift /Users/admin/builder/spi-builder-workspace/Sources/HealthDataGenerator/DataImport/HealthDataProfileReader.swift /Users/admin/builder/spi-builder-workspace/Sources/HealthDataGenerator/JSON/JsonHandlerProtocol.swift /Users/admin/builder/spi-builder-workspace/Sources/HealthDataGenerator/JSON/JsonReader.swift /Users/admin/builder/spi-builder-workspace/Sources/HealthDataGenerator/JSON/JsonTokenizer.swift /Users/admin/builder/spi-builder-workspace/Sources/HealthDataGenerator/JSON/JsonWriter.swift /Users/admin/builder/spi-builder-workspace/Sources/HealthDataGenerator/JSON/OutputStreams.swift /Users/admin/builder/spi-builder-workspace/Sources/HealthDataGenerator/LLM/AppleFoundationModelProvider.swift /Users/admin/builder/spi-builder-workspace/Sources/HealthDataGenerator/LLM/LLMManager.swift /Users/admin/builder/spi-builder-workspace/Sources/HealthDataGenerator/LLM/LLMProvider.swift /Users/admin/builder/spi-builder-workspace/Sources/HealthDataGenerator/Utilities/AppLogger.swift /Users/admin/builder/spi-builder-workspace/Sources/HealthDataGenerator/Utilities/DateExtensions.swift /Users/admin/builder/spi-builder-workspace/Sources/HealthDataGenerator/Utilities/FileNameUtil.swift /Users/admin/builder/spi-builder-workspace/Sources/HealthDataGenerator/Utilities/HealthStoreCleaner.swift -target arm64-apple-watchos10.0 -module-can-import-version FoundationModels 2.0.68.1 0 -disable-cross-import-overlay-search -load-resolved-plugin /Applications/Xcode-27.0.0-Release.Candidate.app/Contents/Developer/Platforms/WatchOS.platform/Developer/usr/lib/swift/host/plugins/libFoundationMacros.dylib\#/Applications/Xcode-27.0.0-Release.Candidate.app/Contents/Developer/Platforms/WatchOS.platform/Developer/usr/bin/swift-plugin-server\#FoundationMacros -load-resolved-plugin /Applications/Xcode-27.0.0-Release.Candidate.app/Contents/Developer/Platforms/WatchOS.platform/Developer/usr/lib/swift/host/plugins/libFoundationModelsMacros.dylib\#/Applications/Xcode-27.0.0-Release.Candidate.app/Contents/Developer/Platforms/WatchOS.platform/Developer/usr/bin/swift-plugin-server\#FoundationModelsMacros -load-resolved-plugin /Applications/Xcode-27.0.0-Release.Candidate.app/Contents/Developer/Platforms/WatchOS.platform/Developer/usr/lib/swift/host/plugins/libObservationMacros.dylib\#/Applications/Xcode-27.0.0-Release.Candidate.app/Contents/Developer/Platforms/WatchOS.platform/Developer/usr/bin/swift-plugin-server\#ObservationMacros -load-resolved-plugin /Applications/Xcode-27.0.0-Release.Candidate.app/Contents/Developer/Platforms/WatchOS.platform/Developer/usr/lib/swift/host/plugins/libSwiftMacros.dylib\#/Applications/Xcode-27.0.0-Release.Candidate.app/Contents/Developer/Platforms/WatchOS.platform/Developer/usr/bin/swift-plugin-server\#SwiftMacros -disable-implicit-swift-modules -Xcc -fno-implicit-modules -Xcc -fno-implicit-module-maps -explicit-swift-module-map-file /Users/admin/builder/spi-builder-workspace/.derivedData/Build/Intermediates.noindex/HealthDataGenerator.build/Debug-watchos/HealthDataGenerator-t.build/Objects-normal/arm64/HealthDataGenerator-dependencies-2.json -Xllvm -aarch64-use-tbi -enable-objc-interop -stack-check -sdk /Applications/Xcode-27.0.0-Release.Candidate.app/Contents/Developer/Platforms/WatchOS.platform/Developer/SDKs/WatchOS27.0.sdk -I /Users/admin/builder/spi-builder-workspace/.derivedData/Build/Products/Debug-watchos -Isystem /Applications/Xcode-27.0.0-Release.Candidate.app/Contents/Developer/Platforms/WatchOS.platform/Developer/usr/lib -F /Users/admin/builder/spi-builder-workspace/.derivedData/Build/Products/Debug-watchos/PackageFrameworks -F /Users/admin/builder/spi-builder-workspace/.derivedData/Build/Products/Debug-watchos -F /Applications/Xcode-27.0.0-Release.Candidate.app/Contents/Developer/Platforms/WatchOS.platform/Developer/Library/Frameworks -F /Applications/Xcode-27.0.0-Release.Candidate.app/Contents/Developer/Platforms/WatchOS.platform/Developer/SDKs/WatchOS27.0.sdk/Developer/Library/Frameworks -module-cache-path /Users/admin/builder/spi-builder-workspace/.derivedData/Build/Intermediates.noindex/SwiftExplicitPrecompiledModules -no-color-diagnostics -Xcc -fno-color-diagnostics -enable-testing -g -debug-info-format\=dwarf -dwarf-version\=4 -profile-generate -profile-coverage-mapping -swift-version 5 -Onone -D SWIFT_PACKAGE -D DEBUG -D SWIFT_MODULE_RESOURCE_BUNDLE_UNAVAILABLE -D Xcode -serialize-debugging-options -enable-experimental-feature DebugDescriptionMacro -empty-abi-descriptor -validate-clang-modules-once -clang-build-session-file /Users/admin/builder/spi-builder-workspace/.derivedData/ModuleCache.noindex/Session.modulevalidation -Xcc -working-directory -Xcc /Users/admin/builder/spi-builder-workspace/.swiftpm/xcode -enable-anonymous-context-mangled-names -file-compilation-dir /Users/admin/builder/spi-builder-workspace/.swiftpm/xcode -Xcc -D_LIBCPP_HARDENING_MODE\=_LIBCPP_HARDENING_MODE_DEBUG -Xcc -ivfsstatcache -Xcc /Users/admin/builder/spi-builder-workspace/.derivedData/SDKStatCaches.noindex/watchos27.0-24R360-e829b21a6f8c9b70876ba0858053c04477534ef55a1706bf4c1112bbb242f0a2.sdkstatcache -Xcc -fmodules-prune-interval\=86400 -Xcc -fmodules-prune-after\=345600 -Xcc -I/Users/admin/builder/spi-builder-workspace/.derivedData/Build/Products/Debug-watchos/include -Xcc -I/Users/admin/builder/spi-builder-workspace/.derivedData/Build/Intermediates.noindex/HealthDataGenerator.build/Debug-watchos/HealthDataGenerator-t.build/DerivedSources-normal/arm64 -Xcc -I/Users/admin/builder/spi-builder-workspace/.derivedData/Build/Intermediates.noindex/HealthDataGenerator.build/Debug-watchos/HealthDataGenerator-t.build/DerivedSources/arm64 -Xcc -I/Users/admin/builder/spi-builder-workspace/.derivedData/Build/Intermediates.noindex/HealthDataGenerator.build/Debug-watchos/HealthDataGenerator-t.build/DerivedSources -Xcc -DSWIFT_PACKAGE -Xcc -DDEBUG\=1 -no-auto-bridging-header-chaining -module-name HealthDataGenerator -package-name spi_builder_workspace -const-gather-protocols-file /Users/admin/builder/spi-builder-workspace/.derivedData/Build/Intermediates.noindex/HealthDataGenerator.build/Debug-watchos/HealthDataGenerator-t.build/Objects-normal/arm64/HealthDataGenerator_const_extract_protocols.json -disable-clang-spi -clang-target arm64-apple-watchos27.0 -target-sdk-version 27.0 -target-sdk-name watchos27.0 -in-process-plugin-server-path /Applications/Xcode-27.0.0-Release.Candidate.app/Contents/Developer/Toolchains/XcodeDefault.xctoolchain/usr/lib/swift/host/libSwiftInProcPluginServer.dylib -emit-module-doc-path /Users/admin/builder/spi-builder-workspace/.derivedData/Build/Intermediates.noindex/HealthDataGenerator.build/Debug-watchos/HealthDataGenerator-t.build/Objects-normal/arm64/HealthDataGenerator.swiftdoc -emit-module-source-info-path /Users/admin/builder/spi-builder-workspace/.derivedData/Build/Intermediates.noindex/HealthDataGenerator.build/Debug-watchos/HealthDataGenerator-t.build/Objects-normal/arm64/HealthDataGenerator.swiftsourceinfo -emit-objc-header-path /Users/admin/builder/spi-builder-workspace/.derivedData/Build/Intermediates.noindex/HealthDataGenerator.build/Debug-watchos/HealthDataGenerator-t.build/Objects-normal/arm64/HealthDataGenerator-Swift.h -serialize-diagnostics-path /Users/admin/builder/spi-builder-workspace/.derivedData/Build/Intermediates.noindex/HealthDataGenerator.build/Debug-watchos/HealthDataGenerator-t.build/Objects-normal/arm64/HealthDataGenerator-primary-emit-module.dia -emit-dependencies-path /Users/admin/builder/spi-builder-workspace/.derivedData/Build/Intermediates.noindex/HealthDataGenerator.build/Debug-watchos/HealthDataGenerator-t.build/Objects-normal/arm64/HealthDataGenerator-primary-emit-module.d -parse-as-library -o /Users/admin/builder/spi-builder-workspace/.derivedData/Build/Intermediates.noindex/HealthDataGenerator.build/Debug-watchos/HealthDataGenerator-t.build/Objects-normal/arm64/HealthDataGenerator.swiftmodule -emit-abi-descriptor-path /Users/admin/builder/spi-builder-workspace/.derivedData/Build/Intermediates.noindex/HealthDataGenerator.build/Debug-watchos/HealthDataGenerator-t.build/Objects-normal/arm64/HealthDataGenerator.abi.json
SwiftCompile normal arm64 (in target 'HealthDataGenerator' from project 'HealthDataGenerator')
    cd /Users/admin/builder/spi-builder-workspace/.swiftpm/xcode

SwiftEmitModule normal arm64_32 Emitting\ module\ for\ HealthDataGenerator (in target 'HealthDataGenerator' from project 'HealthDataGenerator')
/Users/admin/builder/spi-builder-workspace/Sources/HealthDataGenerator/LLM/AppleFoundationModelProvider.swift:13:32: error: 'SystemLanguageModel' is unavailable in watchOS
 11 |
 12 |     private let logger = AppLogger.llm
 13 |     private let languageModel: SystemLanguageModel
    |                                `- error: 'SystemLanguageModel' is unavailable in watchOS
 14 |     private var session: LanguageModelSession?
 15 |
FoundationModels.SystemLanguageModel:4:20: note: 'SystemLanguageModel' has been explicitly marked unavailable here
2 | @available(tvOS, unavailable)
3 | @available(watchOS, unavailable)
4 | final public class SystemLanguageModel : Sendable {
  |                    `- note: 'SystemLanguageModel' has been explicitly marked unavailable here
5 |     @objc deinit
6 | }
/Users/admin/builder/spi-builder-workspace/Sources/HealthDataGenerator/LLM/AppleFoundationModelProvider.swift:14:26: error: 'LanguageModelSession' is only available in watchOS 27.0 or newer
  8 | /// Apple Foundation Model provider implementation using the real FoundationModels framework
  9 | @available(iOS 26.0, macOS 26.0, *)
 10 | public class AppleFoundationModelProvider: LLMProvider {
    |              `- note: add '@available' attribute to enclosing class
 11 |
 12 |     private let logger = AppLogger.llm
 13 |     private let languageModel: SystemLanguageModel
 14 |     private var session: LanguageModelSession?
    |                          `- error: 'LanguageModelSession' is only available in watchOS 27.0 or newer
 15 |
 16 |     public let identifier = "apple_foundation_model"
/Users/admin/builder/spi-builder-workspace/Sources/HealthDataGenerator/LLM/AppleFoundationModelProvider.swift:202:35: error: 'SystemLanguageModel' is unavailable in watchOS
200 | @available(iOS 26.0, macOS 26, *)
201 | struct Guardrails {
202 |     static var developerProvided: SystemLanguageModel.Guardrails {
    |                                   `- error: 'SystemLanguageModel' is unavailable in watchOS
203 |         var guardrails = SystemLanguageModel.Guardrails.default
204 |
FoundationModels.SystemLanguageModel:4:20: note: 'SystemLanguageModel' has been explicitly marked unavailable here
2 | @available(tvOS, unavailable)
3 | @available(watchOS, unavailable)
4 | final public class SystemLanguageModel : Sendable {
  |                    `- note: 'SystemLanguageModel' has been explicitly marked unavailable here
5 |     @objc deinit
6 | }
/Users/admin/builder/spi-builder-workspace/Sources/HealthDataGenerator/Utilities/AppLogger.swift:156:8: warning: deprecated default implementation is used to satisfy instance method 'log(event:)' required by protocol 'LogHandler': You should implement this method instead of using the default implementation [#DeprecatedDeclaration]
154 |
155 | /// Simple file-based log handler
156 | struct FileLogHandler: LogHandler {
    |        `- warning: deprecated default implementation is used to satisfy instance method 'log(event:)' required by protocol 'LogHandler': You should implement this method instead of using the default implementation [#DeprecatedDeclaration]
157 |     let label: String
158 |     let fileHandle: FileHandle
Logging.LogHandler.log:3:15: note: 'log(event:)' declared here
1 | protocol LogHandler {
2 | @available(*, deprecated, message: "You should implement this method instead of using the default implementation")
3 |   public func log(event: Logging.LogEvent)}
  |               `- note: 'log(event:)' declared here
4 |
Logging.LogHandler.log:2:6: note: requirement 'log(event:)' declared here
1 | protocol LogHandler {
2 | func log(event: Logging.LogEvent)}
  |      `- note: requirement 'log(event:)' declared here
3 |
[#DeprecatedDeclaration]: <https://docs.swift.org/compiler/documentation/diagnostics/deprecated-declaration>
Failed frontend command:
/Applications/Xcode-27.0.0-Release.Candidate.app/Contents/Developer/Toolchains/XcodeDefault.xctoolchain/usr/bin/swift-frontend -frontend -emit-module -experimental-skip-non-inlinable-function-bodies-without-types /Users/admin/builder/spi-builder-workspace/Sources/HealthDataGenerator/Constants/HealthConstants.swift /Users/admin/builder/spi-builder-workspace/Sources/HealthDataGenerator/Core/HealthDataGenerator.swift /Users/admin/builder/spi-builder-workspace/Sources/HealthDataGenerator/DataExport/ExportConfiguration.swift /Users/admin/builder/spi-builder-workspace/Sources/HealthDataGenerator/DataExport/ExportTargets.swift /Users/admin/builder/spi-builder-workspace/Sources/HealthDataGenerator/DataGeneration/HealthProfile.swift /Users/admin/builder/spi-builder-workspace/Sources/HealthDataGenerator/DataGeneration/SampleCreator.swift /Users/admin/builder/spi-builder-workspace/Sources/HealthDataGenerator/DataGeneration/SampleDataGenerator.swift /Users/admin/builder/spi-builder-workspace/Sources/HealthDataGenerator/DataGeneration/SampleGenerationConfig.swift /Users/admin/builder/spi-builder-workspace/Sources/HealthDataGenerator/DataImport/HealthDataProfile.swift /Users/admin/builder/spi-builder-workspace/Sources/HealthDataGenerator/DataImport/HealthDataProfileImporter.swift /Users/admin/builder/spi-builder-workspace/Sources/HealthDataGenerator/DataImport/HealthDataProfileReader.swift /Users/admin/builder/spi-builder-workspace/Sources/HealthDataGenerator/JSON/JsonHandlerProtocol.swift /Users/admin/builder/spi-builder-workspace/Sources/HealthDataGenerator/JSON/JsonReader.swift /Users/admin/builder/spi-builder-workspace/Sources/HealthDataGenerator/JSON/JsonTokenizer.swift /Users/admin/builder/spi-builder-workspace/Sources/HealthDataGenerator/JSON/JsonWriter.swift /Users/admin/builder/spi-builder-workspace/Sources/HealthDataGenerator/JSON/OutputStreams.swift /Users/admin/builder/spi-builder-workspace/Sources/HealthDataGenerator/LLM/AppleFoundationModelProvider.swift /Users/admin/builder/spi-builder-workspace/Sources/HealthDataGenerator/LLM/LLMManager.swift /Users/admin/builder/spi-builder-workspace/Sources/HealthDataGenerator/LLM/LLMProvider.swift /Users/admin/builder/spi-builder-workspace/Sources/HealthDataGenerator/Utilities/AppLogger.swift /Users/admin/builder/spi-builder-workspace/Sources/HealthDataGenerator/Utilities/DateExtensions.swift /Users/admin/builder/spi-builder-workspace/Sources/HealthDataGenerator/Utilities/FileNameUtil.swift /Users/admin/builder/spi-builder-workspace/Sources/HealthDataGenerator/Utilities/HealthStoreCleaner.swift -target arm64_32-apple-watchos10.0 -module-can-import-version FoundationModels 2.0.68.1 0 -disable-cross-import-overlay-search -load-resolved-plugin /Applications/Xcode-27.0.0-Release.Candidate.app/Contents/Developer/Platforms/WatchOS.platform/Developer/usr/lib/swift/host/plugins/libFoundationMacros.dylib\#/Applications/Xcode-27.0.0-Release.Candidate.app/Contents/Developer/Platforms/WatchOS.platform/Developer/usr/bin/swift-plugin-server\#FoundationMacros -load-resolved-plugin /Applications/Xcode-27.0.0-Release.Candidate.app/Contents/Developer/Platforms/WatchOS.platform/Developer/usr/lib/swift/host/plugins/libFoundationModelsMacros.dylib\#/Applications/Xcode-27.0.0-Release.Candidate.app/Contents/Developer/Platforms/WatchOS.platform/Developer/usr/bin/swift-plugin-server\#FoundationModelsMacros -load-resolved-plugin /Applications/Xcode-27.0.0-Release.Candidate.app/Contents/Developer/Platforms/WatchOS.platform/Developer/usr/lib/swift/host/plugins/libObservationMacros.dylib\#/Applications/Xcode-27.0.0-Release.Candidate.app/Contents/Developer/Platforms/WatchOS.platform/Developer/usr/bin/swift-plugin-server\#ObservationMacros -load-resolved-plugin /Applications/Xcode-27.0.0-Release.Candidate.app/Contents/Developer/Platforms/WatchOS.platform/Developer/usr/lib/swift/host/plugins/libSwiftMacros.dylib\#/Applications/Xcode-27.0.0-Release.Candidate.app/Contents/Developer/Platforms/WatchOS.platform/Developer/usr/bin/swift-plugin-server\#SwiftMacros -disable-implicit-swift-modules -Xcc -fno-implicit-modules -Xcc -fno-implicit-module-maps -explicit-swift-module-map-file /Users/admin/builder/spi-builder-workspace/.derivedData/Build/Intermediates.noindex/HealthDataGenerator.build/Debug-watchos/HealthDataGenerator-t.build/Objects-normal/arm64_32/HealthDataGenerator-dependencies-1.json -enable-objc-interop -sdk /Applications/Xcode-27.0.0-Release.Candidate.app/Contents/Developer/Platforms/WatchOS.platform/Developer/SDKs/WatchOS27.0.sdk -I /Users/admin/builder/spi-builder-workspace/.derivedData/Build/Products/Debug-watchos -Isystem /Applications/Xcode-27.0.0-Release.Candidate.app/Contents/Developer/Platforms/WatchOS.platform/Developer/usr/lib -F /Users/admin/builder/spi-builder-workspace/.derivedData/Build/Products/Debug-watchos/PackageFrameworks -F /Users/admin/builder/spi-builder-workspace/.derivedData/Build/Products/Debug-watchos -F /Applications/Xcode-27.0.0-Release.Candidate.app/Contents/Developer/Platforms/WatchOS.platform/Developer/Library/Frameworks -F /Applications/Xcode-27.0.0-Release.Candidate.app/Contents/Developer/Platforms/WatchOS.platform/Developer/SDKs/WatchOS27.0.sdk/Developer/Library/Frameworks -module-cache-path /Users/admin/builder/spi-builder-workspace/.derivedData/Build/Intermediates.noindex/SwiftExplicitPrecompiledModules -no-color-diagnostics -Xcc -fno-color-diagnostics -enable-testing -g -debug-info-format\=dwarf -dwarf-version\=4 -profile-generate -profile-coverage-mapping -swift-version 5 -Onone -D SWIFT_PACKAGE -D DEBUG -D SWIFT_MODULE_RESOURCE_BUNDLE_UNAVAILABLE -D Xcode -serialize-debugging-options -enable-experimental-feature DebugDescriptionMacro -empty-abi-descriptor -validate-clang-modules-once -clang-build-session-file /Users/admin/builder/spi-builder-workspace/.derivedData/ModuleCache.noindex/Session.modulevalidation -Xcc -working-directory -Xcc /Users/admin/builder/spi-builder-workspace/.swiftpm/xcode -enable-anonymous-context-mangled-names -file-compilation-dir /Users/admin/builder/spi-builder-workspace/.swiftpm/xcode -Xcc -D_LIBCPP_HARDENING_MODE\=_LIBCPP_HARDENING_MODE_DEBUG -Xcc -ivfsstatcache -Xcc /Users/admin/builder/spi-builder-workspace/.derivedData/SDKStatCaches.noindex/watchos27.0-24R360-e829b21a6f8c9b70876ba0858053c04477534ef55a1706bf4c1112bbb242f0a2.sdkstatcache -Xcc -fmodules-prune-interval\=86400 -Xcc -fmodules-prune-after\=345600 -Xcc -I/Users/admin/builder/spi-builder-workspace/.derivedData/Build/Products/Debug-watchos/include -Xcc -I/Users/admin/builder/spi-builder-workspace/.derivedData/Build/Intermediates.noindex/HealthDataGenerator.build/Debug-watchos/HealthDataGenerator-t.build/DerivedSources-normal/arm64_32 -Xcc -I/Users/admin/builder/spi-builder-workspace/.derivedData/Build/Intermediates.noindex/HealthDataGenerator.build/Debug-watchos/HealthDataGenerator-t.build/DerivedSources/arm64_32 -Xcc -I/Users/admin/builder/spi-builder-workspace/.derivedData/Build/Intermediates.noindex/HealthDataGenerator.build/Debug-watchos/HealthDataGenerator-t.build/DerivedSources -Xcc -DSWIFT_PACKAGE -Xcc -DDEBUG\=1 -no-auto-bridging-header-chaining -module-name HealthDataGenerator -package-name spi_builder_workspace -const-gather-protocols-file /Users/admin/builder/spi-builder-workspace/.derivedData/Build/Intermediates.noindex/HealthDataGenerator.build/Debug-watchos/HealthDataGenerator-t.build/Objects-normal/arm64_32/HealthDataGenerator_const_extract_protocols.json -disable-clang-spi -clang-target arm64_32-apple-watchos27.0 -target-sdk-version 27.0 -target-sdk-name watchos27.0 -in-process-plugin-server-path /Applications/Xcode-27.0.0-Release.Candidate.app/Contents/Developer/Toolchains/XcodeDefault.xctoolchain/usr/lib/swift/host/libSwiftInProcPluginServer.dylib -emit-module-doc-path /Users/admin/builder/spi-builder-workspace/.derivedData/Build/Intermediates.noindex/HealthDataGenerator.build/Debug-watchos/HealthDataGenerator-t.build/Objects-normal/arm64_32/HealthDataGenerator.swiftdoc -emit-module-source-info-path /Users/admin/builder/spi-builder-workspace/.derivedData/Build/Intermediates.noindex/HealthDataGenerator.build/Debug-watchos/HealthDataGenerator-t.build/Objects-normal/arm64_32/HealthDataGenerator.swiftsourceinfo -emit-objc-header-path /Users/admin/builder/spi-builder-workspace/.derivedData/Build/Intermediates.noindex/HealthDataGenerator.build/Debug-watchos/HealthDataGenerator-t.build/Objects-normal/arm64_32/HealthDataGenerator-Swift.h -serialize-diagnostics-path /Users/admin/builder/spi-builder-workspace/.derivedData/Build/Intermediates.noindex/HealthDataGenerator.build/Debug-watchos/HealthDataGenerator-t.build/Objects-normal/arm64_32/HealthDataGenerator-primary-emit-module.dia -emit-dependencies-path /Users/admin/builder/spi-builder-workspace/.derivedData/Build/Intermediates.noindex/HealthDataGenerator.build/Debug-watchos/HealthDataGenerator-t.build/Objects-normal/arm64_32/HealthDataGenerator-primary-emit-module.d -parse-as-library -o /Users/admin/builder/spi-builder-workspace/.derivedData/Build/Intermediates.noindex/HealthDataGenerator.build/Debug-watchos/HealthDataGenerator-t.build/Objects-normal/arm64_32/HealthDataGenerator.swiftmodule -emit-abi-descriptor-path /Users/admin/builder/spi-builder-workspace/.derivedData/Build/Intermediates.noindex/HealthDataGenerator.build/Debug-watchos/HealthDataGenerator-t.build/Objects-normal/arm64_32/HealthDataGenerator.abi.json
SwiftCompile normal arm64_32 (in target 'HealthDataGenerator' from project 'HealthDataGenerator')
    cd /Users/admin/builder/spi-builder-workspace/.swiftpm/xcode

SwiftCompile normal arm64_32 Compiling\ HealthDataProfileImporter.swift,\ HealthDataProfileReader.swift /Users/admin/builder/spi-builder-workspace/Sources/HealthDataGenerator/DataImport/HealthDataProfileImporter.swift /Users/admin/builder/spi-builder-workspace/Sources/HealthDataGenerator/DataImport/HealthDataProfileReader.swift (in target 'HealthDataGenerator' from project 'HealthDataGenerator')
SwiftCompile normal arm64_32 /Users/admin/builder/spi-builder-workspace/Sources/HealthDataGenerator/DataImport/HealthDataProfileImporter.swift (in target 'HealthDataGenerator' from project 'HealthDataGenerator')
    cd /Users/admin/builder/spi-builder-workspace/.swiftpm/xcode
    builtin-SwiftPerFileCompile HealthDataProfileImporter.swift
SwiftCompile normal arm64_32 /Users/admin/builder/spi-builder-workspace/Sources/HealthDataGenerator/DataImport/HealthDataProfileReader.swift (in target 'HealthDataGenerator' from project 'HealthDataGenerator')
    cd /Users/admin/builder/spi-builder-workspace/.swiftpm/xcode
    builtin-SwiftPerFileCompile HealthDataProfileReader.swift
SwiftCompile normal arm64_32 Compiling\ HealthConstants.swift,\ HealthDataGenerator.swift,\ ExportConfiguration.swift /Users/admin/builder/spi-builder-workspace/Sources/HealthDataGenerator/Constants/HealthConstants.swift /Users/admin/builder/spi-builder-workspace/Sources/HealthDataGenerator/Core/HealthDataGenerator.swift /Users/admin/builder/spi-builder-workspace/Sources/HealthDataGenerator/DataExport/ExportConfiguration.swift (in target 'HealthDataGenerator' from project 'HealthDataGenerator')
SwiftCompile normal arm64_32 /Users/admin/builder/spi-builder-workspace/Sources/HealthDataGenerator/Constants/HealthConstants.swift (in target 'HealthDataGenerator' from project 'HealthDataGenerator')
    cd /Users/admin/builder/spi-builder-workspace/.swiftpm/xcode
    builtin-SwiftPerFileCompile HealthConstants.swift
SwiftCompile normal arm64_32 /Users/admin/builder/spi-builder-workspace/Sources/HealthDataGenerator/Core/HealthDataGenerator.swift (in target 'HealthDataGenerator' from project 'HealthDataGenerator')
    cd /Users/admin/builder/spi-builder-workspace/.swiftpm/xcode
    builtin-SwiftPerFileCompile HealthDataGenerator.swift
SwiftCompile normal arm64_32 /Users/admin/builder/spi-builder-workspace/Sources/HealthDataGenerator/DataExport/ExportConfiguration.swift (in target 'HealthDataGenerator' from project 'HealthDataGenerator')
    cd /Users/admin/builder/spi-builder-workspace/.swiftpm/xcode
    builtin-SwiftPerFileCompile ExportConfiguration.swift
PruneExplicitPrecompiledModules /Users/admin/builder/spi-builder-workspace/.derivedData/Build/Intermediates.noindex/SwiftExplicitPrecompiledModules
PruneExplicitPrecompiledModules /Users/admin/builder/spi-builder-workspace/.derivedData/SDKExplicitPrecompiledModules
PruneExplicitPrecompiledModules /Users/admin/builder/spi-builder-workspace/.derivedData/Build/Intermediates.noindex/ExplicitPrecompiledModules
2026-09-30 11:22:42.438 xcodebuild[883:5174] [MT] IDERunDestination: Supported platforms for the buildables in the current scheme is empty.
2026-09-30 11:22:42.542 xcodebuild[883:5174] [MT] IDERunDestination: Supported platforms for the buildables in the current scheme is empty.
** BUILD FAILED **
The following build commands failed:
	SwiftEmitModule normal arm64 Emitting\ module\ for\ HealthDataGenerator (in target 'HealthDataGenerator' from project 'HealthDataGenerator')
	SwiftCompile normal arm64 (in target 'HealthDataGenerator' from project 'HealthDataGenerator')
	SwiftEmitModule normal arm64_32 Emitting\ module\ for\ HealthDataGenerator (in target 'HealthDataGenerator' from project 'HealthDataGenerator')
	SwiftCompile normal arm64_32 (in target 'HealthDataGenerator' from project 'HealthDataGenerator')
	Building workspace HealthDataGenerator with scheme HealthDataGenerator
(5 failures)
BUILD FAILURE 6.4 watchOS