Build Information
Failed to build StoreKitTheKit, reference 1.5.5 (70a9f1), with Swift 6.4 for watchOS using Xcode 27.0 on 23 Sep 2026 06:31:49 UTC.
Build Command
env DEVELOPER_DIR=/Applications/Xcode-27.0.0-Release.Candidate.app xcrun xcodebuild -IDEClonedSourcePackagesDirPathOverride=$PWD/.dependencies -skipMacroValidation -skipPackagePluginValidation -derivedDataPath $PWD/.derivedData build -scheme StoreKitTheKit -destination generic/platform=watchOSBuild Log
========================================
RunAll
========================================
Builder version: 5.1.0
Interrupt handler set up.
========================================
Checkout
========================================
Clone URL: https://github.com/nicolaischneider/StoreKitTheKit.git
Reference: 1.5.5
Initialized empty Git repository in /Users/admin/builder/spi-builder-workspace/.git/
From https://github.com/nicolaischneider/StoreKitTheKit
* tag 1.5.5 -> FETCH_HEAD
HEAD is now at 70a9f16 minor fix
Cloned https://github.com/nicolaischneider/StoreKitTheKit.git
Revision (git rev-parse @):
70a9f160f9ec4b694b4cee386cb31f134ad954fb
SUCCESS checkout https://github.com/nicolaischneider/StoreKitTheKit.git at 1.5.5
========================================
Build
========================================
Selected platform: watchOS
Swift version: 6.4
Building package at path: $PWD
https://github.com/nicolaischneider/StoreKitTheKit.git
Command line invocation:
/Applications/Xcode-27.0.0-Release.Candidate.app/Contents/Developer/usr/bin/xcodebuild -IDEClonedSourcePackagesDirPathOverride=/Users/admin/builder/spi-builder-workspace/.dependencies -resolvePackageDependencies
Resolve Package Graph
Resolve Package Graph
Resolved source packages:
StoreKitTheKit: /Users/admin/builder/spi-builder-workspace
resolved source packages: StoreKitTheKit
2026-09-23 02:31:06.262 xcodebuild[559:3013] [MT] IDERunDestination: Supported platforms for the buildables in the current scheme is empty.
{
"dependencies" : [
],
"manifest_display_name" : "StoreKitTheKit",
"name" : "StoreKitTheKit",
"path" : "/Users/admin/builder/spi-builder-workspace",
"platforms" : [
{
"name" : "ios",
"version" : "15.0"
},
{
"name" : "macos",
"version" : "12.0"
},
{
"name" : "tvos",
"version" : "15.0"
}
],
"products" : [
{
"name" : "StoreKitTheKit",
"targets" : [
"StoreKitTheKit"
],
"type" : {
"library" : [
"automatic"
]
}
}
],
"targets" : [
{
"c99name" : "StoreKitTheKit",
"module_type" : "SwiftTarget",
"name" : "StoreKitTheKit",
"path" : "Sources/StoreKitTheKit",
"product_memberships" : [
"StoreKitTheKit"
],
"sources" : [
"Extensions/LoggerExtension.swift",
"LocalStore/LocalStoreManager.swift",
"Purchasable/Purchasable.swift",
"Purchasable/SubscriptionPeriodLength.swift",
"StoreKitTheKit/Error/StoreError.swift",
"StoreKitTheKit/States/PurchaseState.swift",
"StoreKitTheKit/States/StoreAvailability.swift",
"StoreKitTheKit/States/StoreKitTheKitState.swift",
"StoreKitTheKit/States/SubscriptionInfo.swift",
"StoreKitTheKit/StoreKitTheKit+Access.swift",
"StoreKitTheKit/StoreKitTheKit+Formatting.swift",
"StoreKitTheKit/StoreKitTheKit+Purchase.swift",
"StoreKitTheKit/StoreKitTheKit+StoreSetup.swift",
"StoreKitTheKit/StoreKitTheKit+Subscription.swift",
"StoreKitTheKit/StoreKitTheKit.swift"
],
"type" : "library"
}
],
"tools_version" : "6.1"
}
{
"workspace" : {
"name" : "StoreKitTheKit",
"schemes" : [
"StoreKitTheKit"
]
}
}
2026-09-23 02:31:38.242 xcodebuild[656:3812] [MT] IDERunDestination: Supported platforms for the buildables in the current scheme is empty.
Running build ...
env DEVELOPER_DIR=/Applications/Xcode-27.0.0-Release.Candidate.app xcrun xcodebuild -IDEClonedSourcePackagesDirPathOverride=$PWD/.dependencies -skipMacroValidation -skipPackagePluginValidation -derivedDataPath $PWD/.derivedData build -scheme StoreKitTheKit -destination generic/platform=watchOS
Command line invocation:
/Applications/Xcode-27.0.0-Release.Candidate.app/Contents/Developer/usr/bin/xcodebuild -IDEClonedSourcePackagesDirPathOverride=/Users/admin/builder/spi-builder-workspace/.dependencies -skipMacroValidation -skipPackagePluginValidation -derivedDataPath /Users/admin/builder/spi-builder-workspace/.derivedData build -scheme StoreKitTheKit -destination generic/platform=watchOS
Resolve Package Graph
Resolved source packages:
StoreKitTheKit: /Users/admin/builder/spi-builder-workspace
ComputePackagePrebuildTargetDependencyGraph
Prepare packages
CreateBuildRequest
SendProjectDescription
CreateBuildOperation
ComputeTargetDependencyGraph
note: Building targets in dependency order
note: Target dependency graph (2 targets)
Target 'StoreKitTheKit-product' in project 'StoreKitTheKit'
➜ Explicit dependency on target 'StoreKitTheKit' in project 'StoreKitTheKit'
Target 'StoreKitTheKit' in project 'StoreKitTheKit' (no dependencies)
GatherProvisioningInputs
CreateBuildDescription
ExecuteExternalTool /Applications/Xcode-27.0.0-Release.Candidate.app/Contents/Developer/Toolchains/XcodeDefault.xctoolchain/usr/bin/clang -v -E -dM -isysroot /Applications/Xcode-27.0.0-Release.Candidate.app/Contents/Developer/Platforms/WatchOS.platform/Developer/SDKs/WatchOS27.0.sdk -x c -c /dev/null
ExecuteExternalTool /Applications/Xcode-27.0.0-Release.Candidate.app/Contents/Developer/Toolchains/XcodeDefault.xctoolchain/usr/bin/swiftc --version
ExecuteExternalTool /Applications/Xcode-27.0.0-Release.Candidate.app/Contents/Developer/Toolchains/XcodeDefault.xctoolchain/usr/bin/ld -version_details
Build description signature: 2fa237b5401b90850e8901c9236cf23d
Build description path: /Users/admin/builder/spi-builder-workspace/.derivedData/Build/Intermediates.noindex/XCBuildData/2fa237b5401b90850e8901c9236cf23d.xcbuilddata
CreateBuildDirectory /Users/admin/builder/spi-builder-workspace/.derivedData/ModuleCache.noindex
cd /Users/admin/builder/spi-builder-workspace/.swiftpm/xcode
builtin-create-build-directory /Users/admin/builder/spi-builder-workspace/.derivedData/ModuleCache.noindex
CreateBuildDirectory /Users/admin/builder/spi-builder-workspace/.derivedData/CompilationCache.noindex
cd /Users/admin/builder/spi-builder-workspace/.swiftpm/xcode
builtin-create-build-directory /Users/admin/builder/spi-builder-workspace/.derivedData/CompilationCache.noindex
CreateBuildDirectory /Users/admin/builder/spi-builder-workspace/.derivedData/SDKExplicitPrecompiledModules
cd /Users/admin/builder/spi-builder-workspace/.swiftpm/xcode
builtin-create-build-directory /Users/admin/builder/spi-builder-workspace/.derivedData/SDKExplicitPrecompiledModules
CreateBuildDirectory /Users/admin/builder/spi-builder-workspace/.derivedData/Build/Intermediates.noindex
cd /Users/admin/builder/spi-builder-workspace/.swiftpm/xcode
builtin-create-build-directory /Users/admin/builder/spi-builder-workspace/.derivedData/Build/Intermediates.noindex
CreateBuildDirectory /Users/admin/builder/spi-builder-workspace/.derivedData/Build/Products
cd /Users/admin/builder/spi-builder-workspace/.swiftpm/xcode
builtin-create-build-directory /Users/admin/builder/spi-builder-workspace/.derivedData/Build/Products
ClangStatCache /Applications/Xcode-27.0.0-Release.Candidate.app/Contents/Developer/Toolchains/XcodeDefault.xctoolchain/usr/bin/clang-stat-cache /Applications/Xcode-27.0.0-Release.Candidate.app/Contents/Developer/Platforms/WatchOS.platform/Developer/SDKs/WatchOS27.0.sdk /Users/admin/builder/spi-builder-workspace/.derivedData/SDKStatCaches.noindex/watchos27.0-24R360-e829b21a6f8c9b70876ba0858053c04477534ef55a1706bf4c1112bbb242f0a2.sdkstatcache
cd /Users/admin/builder/spi-builder-workspace/.swiftpm/xcode
/Applications/Xcode-27.0.0-Release.Candidate.app/Contents/Developer/Toolchains/XcodeDefault.xctoolchain/usr/bin/clang-stat-cache /Applications/Xcode-27.0.0-Release.Candidate.app/Contents/Developer/Platforms/WatchOS.platform/Developer/SDKs/WatchOS27.0.sdk -o /Users/admin/builder/spi-builder-workspace/.derivedData/SDKStatCaches.noindex/watchos27.0-24R360-e829b21a6f8c9b70876ba0858053c04477534ef55a1706bf4c1112bbb242f0a2.sdkstatcache
CreateBuildDirectory /Users/admin/builder/spi-builder-workspace/.derivedData/Build/Intermediates.noindex/SwiftExplicitPrecompiledModules
cd /Users/admin/builder/spi-builder-workspace/.swiftpm/xcode
builtin-create-build-directory /Users/admin/builder/spi-builder-workspace/.derivedData/Build/Intermediates.noindex/SwiftExplicitPrecompiledModules
CreateBuildDirectory /Users/admin/builder/spi-builder-workspace/.derivedData/Build/Intermediates.noindex/PrecompiledHeaders
cd /Users/admin/builder/spi-builder-workspace/.swiftpm/xcode
builtin-create-build-directory /Users/admin/builder/spi-builder-workspace/.derivedData/Build/Intermediates.noindex/PrecompiledHeaders
CreateBuildDirectory /Users/admin/builder/spi-builder-workspace/.derivedData/Build/Intermediates.noindex/ExplicitPrecompiledModules
cd /Users/admin/builder/spi-builder-workspace/.swiftpm/xcode
builtin-create-build-directory /Users/admin/builder/spi-builder-workspace/.derivedData/Build/Intermediates.noindex/ExplicitPrecompiledModules
CreateBuildDirectory /Users/admin/builder/spi-builder-workspace/.derivedData/Build/Intermediates.noindex/EagerLinkingTBDs/Debug-watchos
cd /Users/admin/builder/spi-builder-workspace/.swiftpm/xcode
builtin-create-build-directory /Users/admin/builder/spi-builder-workspace/.derivedData/Build/Intermediates.noindex/EagerLinkingTBDs/Debug-watchos
CreateBuildDirectory /Users/admin/builder/spi-builder-workspace/.derivedData/Build/Products/Debug-watchos
cd /Users/admin/builder/spi-builder-workspace/.swiftpm/xcode
builtin-create-build-directory /Users/admin/builder/spi-builder-workspace/.derivedData/Build/Products/Debug-watchos
CreateBuildDirectory /Users/admin/builder/spi-builder-workspace/.derivedData/Build/Products/Debug-watchos/PackageFrameworks
cd /Users/admin/builder/spi-builder-workspace/.swiftpm/xcode
builtin-create-build-directory /Users/admin/builder/spi-builder-workspace/.derivedData/Build/Products/Debug-watchos/PackageFrameworks
WriteAuxiliaryFile /Users/admin/builder/spi-builder-workspace/.derivedData/Build/Intermediates.noindex/StoreKitTheKit.build/Debug-watchos/StoreKitTheKit-t.build/StoreKitTheKit.modulemap (in target 'StoreKitTheKit' from project 'StoreKitTheKit')
cd /Users/admin/builder/spi-builder-workspace
write-file /Users/admin/builder/spi-builder-workspace/.derivedData/Build/Intermediates.noindex/StoreKitTheKit.build/Debug-watchos/StoreKitTheKit-t.build/StoreKitTheKit.modulemap
WriteAuxiliaryFile /Users/admin/builder/spi-builder-workspace/.derivedData/Build/Intermediates.noindex/StoreKitTheKit.build/Debug-watchos/StoreKitTheKit-t.build/StoreKitTheKit.DependencyStaticMetadataFileList (in target 'StoreKitTheKit' from project 'StoreKitTheKit')
cd /Users/admin/builder/spi-builder-workspace
write-file /Users/admin/builder/spi-builder-workspace/.derivedData/Build/Intermediates.noindex/StoreKitTheKit.build/Debug-watchos/StoreKitTheKit-t.build/StoreKitTheKit.DependencyStaticMetadataFileList
WriteAuxiliaryFile /Users/admin/builder/spi-builder-workspace/.derivedData/Build/Intermediates.noindex/StoreKitTheKit.build/Debug-watchos/StoreKitTheKit-t.build/StoreKitTheKit.DependencyMetadataFileList (in target 'StoreKitTheKit' from project 'StoreKitTheKit')
cd /Users/admin/builder/spi-builder-workspace
write-file /Users/admin/builder/spi-builder-workspace/.derivedData/Build/Intermediates.noindex/StoreKitTheKit.build/Debug-watchos/StoreKitTheKit-t.build/StoreKitTheKit.DependencyMetadataFileList
WriteAuxiliaryFile /Users/admin/builder/spi-builder-workspace/.derivedData/Build/Intermediates.noindex/StoreKitTheKit.build/Debug-watchos/StoreKitTheKit-t.build/Objects-normal/arm64_32/StoreKitTheKit-OutputFileMap.json (in target 'StoreKitTheKit' from project 'StoreKitTheKit')
cd /Users/admin/builder/spi-builder-workspace
write-file /Users/admin/builder/spi-builder-workspace/.derivedData/Build/Intermediates.noindex/StoreKitTheKit.build/Debug-watchos/StoreKitTheKit-t.build/Objects-normal/arm64_32/StoreKitTheKit-OutputFileMap.json
WriteAuxiliaryFile /Users/admin/builder/spi-builder-workspace/.derivedData/Build/Intermediates.noindex/StoreKitTheKit.build/Debug-watchos/StoreKitTheKit-t.build/Objects-normal/arm64_32/StoreKitTheKit_const_extract_protocols.json (in target 'StoreKitTheKit' from project 'StoreKitTheKit')
cd /Users/admin/builder/spi-builder-workspace
write-file /Users/admin/builder/spi-builder-workspace/.derivedData/Build/Intermediates.noindex/StoreKitTheKit.build/Debug-watchos/StoreKitTheKit-t.build/Objects-normal/arm64_32/StoreKitTheKit_const_extract_protocols.json
WriteAuxiliaryFile /Users/admin/builder/spi-builder-workspace/.derivedData/Build/Intermediates.noindex/StoreKitTheKit.build/Debug-watchos/StoreKitTheKit-t.build/Objects-normal/arm64_32/StoreKitTheKit.LinkFileList (in target 'StoreKitTheKit' from project 'StoreKitTheKit')
cd /Users/admin/builder/spi-builder-workspace
write-file /Users/admin/builder/spi-builder-workspace/.derivedData/Build/Intermediates.noindex/StoreKitTheKit.build/Debug-watchos/StoreKitTheKit-t.build/Objects-normal/arm64_32/StoreKitTheKit.LinkFileList
WriteAuxiliaryFile /Users/admin/builder/spi-builder-workspace/.derivedData/Build/Intermediates.noindex/StoreKitTheKit.build/Debug-watchos/StoreKitTheKit-t.build/Objects-normal/arm64_32/StoreKitTheKit.SwiftFileList (in target 'StoreKitTheKit' from project 'StoreKitTheKit')
cd /Users/admin/builder/spi-builder-workspace
write-file /Users/admin/builder/spi-builder-workspace/.derivedData/Build/Intermediates.noindex/StoreKitTheKit.build/Debug-watchos/StoreKitTheKit-t.build/Objects-normal/arm64_32/StoreKitTheKit.SwiftFileList
WriteAuxiliaryFile /Users/admin/builder/spi-builder-workspace/.derivedData/Build/Intermediates.noindex/StoreKitTheKit.build/Debug-watchos/StoreKitTheKit-t.build/Objects-normal/arm64_32/StoreKitTheKit.SwiftConstValuesFileList (in target 'StoreKitTheKit' from project 'StoreKitTheKit')
cd /Users/admin/builder/spi-builder-workspace
write-file /Users/admin/builder/spi-builder-workspace/.derivedData/Build/Intermediates.noindex/StoreKitTheKit.build/Debug-watchos/StoreKitTheKit-t.build/Objects-normal/arm64_32/StoreKitTheKit.SwiftConstValuesFileList
WriteAuxiliaryFile /Users/admin/builder/spi-builder-workspace/.derivedData/Build/Intermediates.noindex/StoreKitTheKit.build/Debug-watchos/StoreKitTheKit-t.build/Objects-normal/arm64/StoreKitTheKit_const_extract_protocols.json (in target 'StoreKitTheKit' from project 'StoreKitTheKit')
cd /Users/admin/builder/spi-builder-workspace
write-file /Users/admin/builder/spi-builder-workspace/.derivedData/Build/Intermediates.noindex/StoreKitTheKit.build/Debug-watchos/StoreKitTheKit-t.build/Objects-normal/arm64/StoreKitTheKit_const_extract_protocols.json
WriteAuxiliaryFile /Users/admin/builder/spi-builder-workspace/.derivedData/Build/Intermediates.noindex/StoreKitTheKit.build/Debug-watchos/StoreKitTheKit-t.build/Objects-normal/arm64/StoreKitTheKit.SwiftFileList (in target 'StoreKitTheKit' from project 'StoreKitTheKit')
cd /Users/admin/builder/spi-builder-workspace
write-file /Users/admin/builder/spi-builder-workspace/.derivedData/Build/Intermediates.noindex/StoreKitTheKit.build/Debug-watchos/StoreKitTheKit-t.build/Objects-normal/arm64/StoreKitTheKit.SwiftFileList
WriteAuxiliaryFile /Users/admin/builder/spi-builder-workspace/.derivedData/Build/Intermediates.noindex/StoreKitTheKit.build/Debug-watchos/StoreKitTheKit-t.build/Objects-normal/arm64/StoreKitTheKit.SwiftConstValuesFileList (in target 'StoreKitTheKit' from project 'StoreKitTheKit')
cd /Users/admin/builder/spi-builder-workspace
write-file /Users/admin/builder/spi-builder-workspace/.derivedData/Build/Intermediates.noindex/StoreKitTheKit.build/Debug-watchos/StoreKitTheKit-t.build/Objects-normal/arm64/StoreKitTheKit.SwiftConstValuesFileList
WriteAuxiliaryFile /Users/admin/builder/spi-builder-workspace/.derivedData/Build/Intermediates.noindex/StoreKitTheKit.build/Debug-watchos/StoreKitTheKit-t.build/Objects-normal/arm64/StoreKitTheKit.LinkFileList (in target 'StoreKitTheKit' from project 'StoreKitTheKit')
cd /Users/admin/builder/spi-builder-workspace
write-file /Users/admin/builder/spi-builder-workspace/.derivedData/Build/Intermediates.noindex/StoreKitTheKit.build/Debug-watchos/StoreKitTheKit-t.build/Objects-normal/arm64/StoreKitTheKit.LinkFileList
WriteAuxiliaryFile /Users/admin/builder/spi-builder-workspace/.derivedData/Build/Intermediates.noindex/StoreKitTheKit.build/Debug-watchos/StoreKitTheKit-t.build/Objects-normal/arm64/StoreKitTheKit-OutputFileMap.json (in target 'StoreKitTheKit' from project 'StoreKitTheKit')
cd /Users/admin/builder/spi-builder-workspace
write-file /Users/admin/builder/spi-builder-workspace/.derivedData/Build/Intermediates.noindex/StoreKitTheKit.build/Debug-watchos/StoreKitTheKit-t.build/Objects-normal/arm64/StoreKitTheKit-OutputFileMap.json
Copy /Users/admin/builder/spi-builder-workspace/.derivedData/Build/Intermediates.noindex/GeneratedModuleMaps-watchos/StoreKitTheKit.modulemap /Users/admin/builder/spi-builder-workspace/.derivedData/Build/Intermediates.noindex/StoreKitTheKit.build/Debug-watchos/StoreKitTheKit-t.build/StoreKitTheKit.modulemap (in target 'StoreKitTheKit' from project 'StoreKitTheKit')
cd /Users/admin/builder/spi-builder-workspace
builtin-copy -exclude .DS_Store -exclude CVS -exclude .svn -exclude .git -exclude .hg -resolve-src-symlinks /Users/admin/builder/spi-builder-workspace/.derivedData/Build/Intermediates.noindex/StoreKitTheKit.build/Debug-watchos/StoreKitTheKit-t.build/StoreKitTheKit.modulemap /Users/admin/builder/spi-builder-workspace/.derivedData/Build/Intermediates.noindex/GeneratedModuleMaps-watchos
SwiftDriver StoreKitTheKit normal arm64 com.apple.xcode.tools.swift.compiler (in target 'StoreKitTheKit' from project 'StoreKitTheKit')
cd /Users/admin/builder/spi-builder-workspace/.swiftpm/xcode
builtin-SwiftDriver -- /Applications/Xcode-27.0.0-Release.Candidate.app/Contents/Developer/Toolchains/XcodeDefault.xctoolchain/usr/bin/swiftc -parse-as-library -module-name StoreKitTheKit -Onone @/Users/admin/builder/spi-builder-workspace/.derivedData/Build/Intermediates.noindex/StoreKitTheKit.build/Debug-watchos/StoreKitTheKit-t.build/Objects-normal/arm64/StoreKitTheKit.SwiftFileList -DSWIFT_PACKAGE -DDEBUG -DSWIFT_MODULE_RESOURCE_BUNDLE_UNAVAILABLE -DXcode -plugin-path /Applications/Xcode-27.0.0-Release.Candidate.app/Contents/Developer/Toolchains/XcodeDefault.xctoolchain/usr/lib/swift/host/plugins/testing -enable-experimental-feature DebugDescriptionMacro -sdk /Applications/Xcode-27.0.0-Release.Candidate.app/Contents/Developer/Platforms/WatchOS.platform/Developer/SDKs/WatchOS27.0.sdk -target arm64-apple-watchos9.0 -g -module-cache-path /Users/admin/builder/spi-builder-workspace/.derivedData/ModuleCache.noindex -Xfrontend -serialize-debugging-options -enable-testing -index-store-path /Users/admin/builder/spi-builder-workspace/.derivedData/Index.noindex/DataStore -Xcc -D_LIBCPP_HARDENING_MODE\=_LIBCPP_HARDENING_MODE_DEBUG -swift-version 6 -I /Users/admin/builder/spi-builder-workspace/.derivedData/Build/Products/Debug-watchos -Isystem /Applications/Xcode-27.0.0-Release.Candidate.app/Contents/Developer/Platforms/WatchOS.platform/Developer/usr/lib -F /Users/admin/builder/spi-builder-workspace/.derivedData/Build/Products/Debug-watchos -F /Applications/Xcode-27.0.0-Release.Candidate.app/Contents/Developer/Platforms/WatchOS.platform/Developer/Library/Frameworks -F /Applications/Xcode-27.0.0-Release.Candidate.app/Contents/Developer/Platforms/WatchOS.platform/Developer/SDKs/WatchOS27.0.sdk/Developer/Library/Frameworks -c -j10 -enable-batch-mode -incremental -Xcc -ivfsstatcache -Xcc /Users/admin/builder/spi-builder-workspace/.derivedData/SDKStatCaches.noindex/watchos27.0-24R360-e829b21a6f8c9b70876ba0858053c04477534ef55a1706bf4c1112bbb242f0a2.sdkstatcache -output-file-map /Users/admin/builder/spi-builder-workspace/.derivedData/Build/Intermediates.noindex/StoreKitTheKit.build/Debug-watchos/StoreKitTheKit-t.build/Objects-normal/arm64/StoreKitTheKit-OutputFileMap.json -save-temps -no-color-diagnostics -explicit-module-build -module-cache-path /Users/admin/builder/spi-builder-workspace/.derivedData/Build/Intermediates.noindex/SwiftExplicitPrecompiledModules -clang-scanner-module-cache-path /Users/admin/builder/spi-builder-workspace/.derivedData/ModuleCache.noindex -sdk-module-cache-path /Users/admin/builder/spi-builder-workspace/.derivedData/SDKExplicitPrecompiledModules -emit-dependencies -emit-module -emit-module-path /Users/admin/builder/spi-builder-workspace/.derivedData/Build/Intermediates.noindex/StoreKitTheKit.build/Debug-watchos/StoreKitTheKit-t.build/Objects-normal/arm64/StoreKitTheKit.swiftmodule -serialize-diagnostics -dependency-scan-serialize-diagnostics-path /Users/admin/builder/spi-builder-workspace/.derivedData/Build/Intermediates.noindex/StoreKitTheKit.build/Debug-watchos/StoreKitTheKit-t.build/Objects-normal/arm64/StoreKitTheKit-dependency-scan.dia -validate-clang-modules-once -clang-build-session-file /Users/admin/builder/spi-builder-workspace/.derivedData/ModuleCache.noindex/Session.modulevalidation -Xcc -fmodules-prune-interval\=86400 -Xcc -fmodules-prune-after\=345600 -package-name spi_builder_workspace -emit-const-values -const-gather-protocols-list /Users/admin/builder/spi-builder-workspace/.derivedData/Build/Intermediates.noindex/StoreKitTheKit.build/Debug-watchos/StoreKitTheKit-t.build/Objects-normal/arm64/StoreKitTheKit_const_extract_protocols.json -Xcc -I/Users/admin/builder/spi-builder-workspace/.derivedData/Build/Products/Debug-watchos/include -Xcc -I/Users/admin/builder/spi-builder-workspace/.derivedData/Build/Intermediates.noindex/StoreKitTheKit.build/Debug-watchos/StoreKitTheKit-t.build/DerivedSources-normal/arm64 -Xcc -I/Users/admin/builder/spi-builder-workspace/.derivedData/Build/Intermediates.noindex/StoreKitTheKit.build/Debug-watchos/StoreKitTheKit-t.build/DerivedSources/arm64 -Xcc -I/Users/admin/builder/spi-builder-workspace/.derivedData/Build/Intermediates.noindex/StoreKitTheKit.build/Debug-watchos/StoreKitTheKit-t.build/DerivedSources -Xcc -DSWIFT_PACKAGE -Xcc -DDEBUG\=1 -emit-objc-header -emit-objc-header-path /Users/admin/builder/spi-builder-workspace/.derivedData/Build/Intermediates.noindex/StoreKitTheKit.build/Debug-watchos/StoreKitTheKit-t.build/Objects-normal/arm64/StoreKitTheKit-Swift.h -working-directory /Users/admin/builder/spi-builder-workspace/.swiftpm/xcode -experimental-emit-module-separately -disable-cmo
SwiftDriver StoreKitTheKit normal arm64_32 com.apple.xcode.tools.swift.compiler (in target 'StoreKitTheKit' from project 'StoreKitTheKit')
cd /Users/admin/builder/spi-builder-workspace/.swiftpm/xcode
builtin-SwiftDriver -- /Applications/Xcode-27.0.0-Release.Candidate.app/Contents/Developer/Toolchains/XcodeDefault.xctoolchain/usr/bin/swiftc -parse-as-library -module-name StoreKitTheKit -Onone @/Users/admin/builder/spi-builder-workspace/.derivedData/Build/Intermediates.noindex/StoreKitTheKit.build/Debug-watchos/StoreKitTheKit-t.build/Objects-normal/arm64_32/StoreKitTheKit.SwiftFileList -DSWIFT_PACKAGE -DDEBUG -DSWIFT_MODULE_RESOURCE_BUNDLE_UNAVAILABLE -DXcode -plugin-path /Applications/Xcode-27.0.0-Release.Candidate.app/Contents/Developer/Toolchains/XcodeDefault.xctoolchain/usr/lib/swift/host/plugins/testing -enable-experimental-feature DebugDescriptionMacro -sdk /Applications/Xcode-27.0.0-Release.Candidate.app/Contents/Developer/Platforms/WatchOS.platform/Developer/SDKs/WatchOS27.0.sdk -target arm64_32-apple-watchos9.0 -g -module-cache-path /Users/admin/builder/spi-builder-workspace/.derivedData/ModuleCache.noindex -Xfrontend -serialize-debugging-options -enable-testing -index-store-path /Users/admin/builder/spi-builder-workspace/.derivedData/Index.noindex/DataStore -Xcc -D_LIBCPP_HARDENING_MODE\=_LIBCPP_HARDENING_MODE_DEBUG -swift-version 6 -I /Users/admin/builder/spi-builder-workspace/.derivedData/Build/Products/Debug-watchos -Isystem /Applications/Xcode-27.0.0-Release.Candidate.app/Contents/Developer/Platforms/WatchOS.platform/Developer/usr/lib -F /Users/admin/builder/spi-builder-workspace/.derivedData/Build/Products/Debug-watchos -F /Applications/Xcode-27.0.0-Release.Candidate.app/Contents/Developer/Platforms/WatchOS.platform/Developer/Library/Frameworks -F /Applications/Xcode-27.0.0-Release.Candidate.app/Contents/Developer/Platforms/WatchOS.platform/Developer/SDKs/WatchOS27.0.sdk/Developer/Library/Frameworks -c -j10 -enable-batch-mode -incremental -Xcc -ivfsstatcache -Xcc /Users/admin/builder/spi-builder-workspace/.derivedData/SDKStatCaches.noindex/watchos27.0-24R360-e829b21a6f8c9b70876ba0858053c04477534ef55a1706bf4c1112bbb242f0a2.sdkstatcache -output-file-map /Users/admin/builder/spi-builder-workspace/.derivedData/Build/Intermediates.noindex/StoreKitTheKit.build/Debug-watchos/StoreKitTheKit-t.build/Objects-normal/arm64_32/StoreKitTheKit-OutputFileMap.json -save-temps -no-color-diagnostics -explicit-module-build -module-cache-path /Users/admin/builder/spi-builder-workspace/.derivedData/Build/Intermediates.noindex/SwiftExplicitPrecompiledModules -clang-scanner-module-cache-path /Users/admin/builder/spi-builder-workspace/.derivedData/ModuleCache.noindex -sdk-module-cache-path /Users/admin/builder/spi-builder-workspace/.derivedData/SDKExplicitPrecompiledModules -emit-dependencies -emit-module -emit-module-path /Users/admin/builder/spi-builder-workspace/.derivedData/Build/Intermediates.noindex/StoreKitTheKit.build/Debug-watchos/StoreKitTheKit-t.build/Objects-normal/arm64_32/StoreKitTheKit.swiftmodule -serialize-diagnostics -dependency-scan-serialize-diagnostics-path /Users/admin/builder/spi-builder-workspace/.derivedData/Build/Intermediates.noindex/StoreKitTheKit.build/Debug-watchos/StoreKitTheKit-t.build/Objects-normal/arm64_32/StoreKitTheKit-dependency-scan.dia -validate-clang-modules-once -clang-build-session-file /Users/admin/builder/spi-builder-workspace/.derivedData/ModuleCache.noindex/Session.modulevalidation -Xcc -fmodules-prune-interval\=86400 -Xcc -fmodules-prune-after\=345600 -package-name spi_builder_workspace -emit-const-values -const-gather-protocols-list /Users/admin/builder/spi-builder-workspace/.derivedData/Build/Intermediates.noindex/StoreKitTheKit.build/Debug-watchos/StoreKitTheKit-t.build/Objects-normal/arm64_32/StoreKitTheKit_const_extract_protocols.json -Xcc -I/Users/admin/builder/spi-builder-workspace/.derivedData/Build/Products/Debug-watchos/include -Xcc -I/Users/admin/builder/spi-builder-workspace/.derivedData/Build/Intermediates.noindex/StoreKitTheKit.build/Debug-watchos/StoreKitTheKit-t.build/DerivedSources-normal/arm64_32 -Xcc -I/Users/admin/builder/spi-builder-workspace/.derivedData/Build/Intermediates.noindex/StoreKitTheKit.build/Debug-watchos/StoreKitTheKit-t.build/DerivedSources/arm64_32 -Xcc -I/Users/admin/builder/spi-builder-workspace/.derivedData/Build/Intermediates.noindex/StoreKitTheKit.build/Debug-watchos/StoreKitTheKit-t.build/DerivedSources -Xcc -DSWIFT_PACKAGE -Xcc -DDEBUG\=1 -emit-objc-header -emit-objc-header-path /Users/admin/builder/spi-builder-workspace/.derivedData/Build/Intermediates.noindex/StoreKitTheKit.build/Debug-watchos/StoreKitTheKit-t.build/Objects-normal/arm64_32/StoreKitTheKit-Swift.h -working-directory /Users/admin/builder/spi-builder-workspace/.swiftpm/xcode -experimental-emit-module-separately -disable-cmo
SwiftExplicitDependencyGeneratePcm arm64 /Users/admin/builder/spi-builder-workspace/.derivedData/SDKExplicitPrecompiledModules/_SwiftConcurrencyShims-CTPSFSTDCBVSSQFHL6I305U72.pcm
SwiftExplicitDependencyGeneratePcm arm64 /Users/admin/builder/spi-builder-workspace/.derivedData/SDKExplicitPrecompiledModules/_Builtin_stddef-5OH846KKUPSJJT7GCX9XU1TKG.pcm
SwiftExplicitDependencyGeneratePcm arm64 /Users/admin/builder/spi-builder-workspace/.derivedData/SDKExplicitPrecompiledModules/DeveloperToolsSupport-CL5QT3CW0ZM498PFTWG64QMLA.pcm
SwiftExplicitDependencyGeneratePcm arm64 /Users/admin/builder/spi-builder-workspace/.derivedData/SDKExplicitPrecompiledModules/_Builtin_stdarg-3X4KLXUYEI0UGBILP4X7D0CYW.pcm
SwiftExplicitDependencyGeneratePcm arm64 /Users/admin/builder/spi-builder-workspace/.derivedData/SDKExplicitPrecompiledModules/_AvailabilityInternal-42EVAC8Q6P1ZT6G3A168N97G4.pcm
SwiftExplicitDependencyGeneratePcm arm64 /Users/admin/builder/spi-builder-workspace/.derivedData/SDKExplicitPrecompiledModules/SwiftShims-AJ4AZYHQNC33R5RLN7AGEIOMP.pcm
SwiftExplicitDependencyGeneratePcm arm64 /Users/admin/builder/spi-builder-workspace/.derivedData/SDKExplicitPrecompiledModules/_Builtin_float-E4M4A8689VXF1T7P7BV56IKBT.pcm
SwiftExplicitDependencyGeneratePcm arm64 /Users/admin/builder/spi-builder-workspace/.derivedData/SDKExplicitPrecompiledModules/ptrauth-C7VQASAJ967Q4Q6SRD4I3CFWZ.pcm
SwiftExplicitDependencyGeneratePcm arm64_32 /Users/admin/builder/spi-builder-workspace/.derivedData/SDKExplicitPrecompiledModules/_Builtin_stdbool-84ZA1VDW90AGWZ2LF5KOCM8DZ.pcm
SwiftExplicitDependencyGeneratePcm arm64_32 /Users/admin/builder/spi-builder-workspace/.derivedData/SDKExplicitPrecompiledModules/_SwiftConcurrencyShims-58G4ISYSYDV3AT1DDGEE0QCUF.pcm
SwiftExplicitDependencyGeneratePcm arm64_32 /Users/admin/builder/spi-builder-workspace/.derivedData/SDKExplicitPrecompiledModules/_Builtin_float-372PLGDQ1U3B6Z5EA5DJMDORJ.pcm
SwiftExplicitDependencyGeneratePcm arm64_32 /Users/admin/builder/spi-builder-workspace/.derivedData/SDKExplicitPrecompiledModules/ptrcheck-EAZ3I917ZFA9H6ZCL6PGLG4TR.pcm
SwiftExplicitDependencyGeneratePcm arm64 /Users/admin/builder/spi-builder-workspace/.derivedData/SDKExplicitPrecompiledModules/_Builtin_stdbool-B692L2PMR118794VVYBG37897.pcm
SwiftExplicitDependencyGeneratePcm arm64_32 /Users/admin/builder/spi-builder-workspace/.derivedData/SDKExplicitPrecompiledModules/SwiftShims-D9VBB138U50XYYGW2C2V21N3L.pcm
SwiftExplicitDependencyGeneratePcm arm64_32 /Users/admin/builder/spi-builder-workspace/.derivedData/SDKExplicitPrecompiledModules/_AvailabilityInternal-22ZP1ILSQW16KHXZS5GBZHOCS.pcm
SwiftExplicitDependencyGeneratePcm arm64_32 /Users/admin/builder/spi-builder-workspace/.derivedData/SDKExplicitPrecompiledModules/_Builtin_stddef-2F9BFIPBQ5EWNSK5G7G7V4EKL.pcm
SwiftExplicitDependencyGeneratePcm arm64_32 /Users/admin/builder/spi-builder-workspace/.derivedData/SDKExplicitPrecompiledModules/DeveloperToolsSupport-3FQKKPF3BW0SWE1YUZ86OZWIB.pcm
SwiftExplicitDependencyGeneratePcm arm64_32 /Users/admin/builder/spi-builder-workspace/.derivedData/SDKExplicitPrecompiledModules/_Builtin_stdarg-EYJP6DFYQL9GJLH1TJ84A8MHV.pcm
SwiftExplicitDependencyGeneratePcm arm64_32 /Users/admin/builder/spi-builder-workspace/.derivedData/SDKExplicitPrecompiledModules/ptrauth-EW7YZZ7LEZE1QZF2T8148IPSA.pcm
SwiftExplicitDependencyGeneratePcm arm64 /Users/admin/builder/spi-builder-workspace/.derivedData/SDKExplicitPrecompiledModules/ptrcheck-8K07997SIHO7YGY7UQ3LOQ3TJ.pcm
SwiftExplicitDependencyGeneratePcm arm64 /Users/admin/builder/spi-builder-workspace/.derivedData/SDKExplicitPrecompiledModules/_DarwinFoundation1-7YQ9TVI7XTOGQU9OADRXP33D1.pcm
SwiftExplicitDependencyGeneratePcm arm64_32 /Users/admin/builder/spi-builder-workspace/.derivedData/SDKExplicitPrecompiledModules/_DarwinFoundation1-5SNIO0SFHX9KJZTLQGIPAPXUZ.pcm
SwiftExplicitDependencyGeneratePcm arm64 /Users/admin/builder/spi-builder-workspace/.derivedData/SDKExplicitPrecompiledModules/_Builtin_limits-75TRA1C7IHYOFCG3KJXQVTHJ4.pcm
SwiftExplicitDependencyGeneratePcm arm64 /Users/admin/builder/spi-builder-workspace/.derivedData/SDKExplicitPrecompiledModules/_DarwinFoundation2-CUPL4FH2SA95GMALQP4M6O8UA.pcm
SwiftExplicitDependencyGeneratePcm arm64_32 /Users/admin/builder/spi-builder-workspace/.derivedData/SDKExplicitPrecompiledModules/_Builtin_limits-AQMEC9CLG0FZQN6TLGDQ6WF78.pcm
SwiftExplicitDependencyGeneratePcm arm64_32 /Users/admin/builder/spi-builder-workspace/.derivedData/SDKExplicitPrecompiledModules/_DarwinFoundation2-FP2Q8F1Q2HR151SBYKTU6Q8B.pcm
SwiftExplicitDependencyGeneratePcm arm64 /Users/admin/builder/spi-builder-workspace/.derivedData/SDKExplicitPrecompiledModules/_Builtin_stdint-6TUACK4YPMARFT56PLIO388SJ.pcm
SwiftExplicitDependencyGeneratePcm arm64 /Users/admin/builder/spi-builder-workspace/.derivedData/SDKExplicitPrecompiledModules/_Builtin_tgmath-7JP2AE1NQHA1DV5JYP2OHQ3BF.pcm
SwiftExplicitDependencyGeneratePcm arm64 /Users/admin/builder/spi-builder-workspace/.derivedData/SDKExplicitPrecompiledModules/string_h-4N9Z22C0HUO8GV7GFPCLZRZA2.pcm
SwiftExplicitDependencyGeneratePcm arm64 /Users/admin/builder/spi-builder-workspace/.derivedData/SDKExplicitPrecompiledModules/sys_types-9KPVYINL86WUSHF45TU8PWZZ1.pcm
SwiftExplicitDependencyGeneratePcm arm64_32 /Users/admin/builder/spi-builder-workspace/.derivedData/SDKExplicitPrecompiledModules/_Builtin_stdint-6IWJLTRH2WB6RCG4THPA65RDS.pcm
SwiftExplicitDependencyGeneratePcm arm64_32 /Users/admin/builder/spi-builder-workspace/.derivedData/SDKExplicitPrecompiledModules/sys_types-65NN51P1G7GN2GUAUPC53JJ7N.pcm
SwiftExplicitDependencyGeneratePcm arm64_32 /Users/admin/builder/spi-builder-workspace/.derivedData/SDKExplicitPrecompiledModules/_Builtin_tgmath-414CVW1GW3IL0HRLCNNCS6Q0U.pcm
SwiftExplicitDependencyGeneratePcm arm64_32 /Users/admin/builder/spi-builder-workspace/.derivedData/SDKExplicitPrecompiledModules/string_h-8QY7P4ZQXQAF14WVDITTM4R70.pcm
SwiftExplicitDependencyGeneratePcm arm64 /Users/admin/builder/spi-builder-workspace/.derivedData/SDKExplicitPrecompiledModules/_DarwinFoundation3-EJXZKD8LN9EYM9OWP9VLJ49PK.pcm
SwiftExplicitDependencyGeneratePcm arm64 /Users/admin/builder/spi-builder-workspace/.derivedData/SDKExplicitPrecompiledModules/_Builtin_intrinsics-SQV576LJA0QE7RW5HF7CQ1BX.pcm
SwiftExplicitDependencyGeneratePcm arm64 /Users/admin/builder/spi-builder-workspace/.derivedData/SDKExplicitPrecompiledModules/_Builtin_stdatomic-25T9UW3XDYID74302F31PX0RP.pcm
SwiftExplicitDependencyGeneratePcm arm64_32 /Users/admin/builder/spi-builder-workspace/.derivedData/SDKExplicitPrecompiledModules/_Builtin_intrinsics-2K07JIG9ZANIKHSNPO3O6L1K6.pcm
SwiftExplicitDependencyGeneratePcm arm64_32 /Users/admin/builder/spi-builder-workspace/.derivedData/SDKExplicitPrecompiledModules/_DarwinFoundation3-3YOBOPIW2MF1LRNQH7JBUBY4G.pcm
SwiftExplicitDependencyGeneratePcm arm64_32 /Users/admin/builder/spi-builder-workspace/.derivedData/SDKExplicitPrecompiledModules/_Builtin_stdatomic-D2FE5M7JS5NQA5JDADVERWJM4.pcm
SwiftExplicitDependencyGeneratePcm arm64_32 /Users/admin/builder/spi-builder-workspace/.derivedData/SDKExplicitPrecompiledModules/_Builtin_inttypes-BPZJ68HW1IMYWSHROAZ0IMUJP.pcm
SwiftExplicitDependencyGeneratePcm arm64 /Users/admin/builder/spi-builder-workspace/.derivedData/SDKExplicitPrecompiledModules/_Builtin_inttypes-86YTNV5YADPJXFMJ82N3R4GWQ.pcm
SwiftExplicitDependencyGeneratePcm arm64_32 /Users/admin/builder/spi-builder-workspace/.derivedData/SDKExplicitPrecompiledModules/Darwin-10D35ZJWCWG7LJAF579U7I5V7.pcm
SwiftExplicitDependencyGeneratePcm arm64 /Users/admin/builder/spi-builder-workspace/.derivedData/SDKExplicitPrecompiledModules/Darwin-CSB8C43KELVSFIQVR0803IZPN.pcm
SwiftExplicitDependencyGeneratePcm arm64_32 /Users/admin/builder/spi-builder-workspace/.derivedData/SDKExplicitPrecompiledModules/simd-1W6O8NR1QUSWJGAN44DNNWVHX.pcm
SwiftExplicitDependencyGeneratePcm arm64 /Users/admin/builder/spi-builder-workspace/.derivedData/SDKExplicitPrecompiledModules/simd-2C11HKTI5TJB05T724EWNFZXD.pcm
SwiftExplicitDependencyGeneratePcm arm64_32 /Users/admin/builder/spi-builder-workspace/.derivedData/SDKExplicitPrecompiledModules/ObjectiveC-71AGZNHLBMR2QK817EJNUN54E.pcm
SwiftExplicitDependencyGeneratePcm arm64_32 /Users/admin/builder/spi-builder-workspace/.derivedData/SDKExplicitPrecompiledModules/MachO-F47JQRYVH1SLPOQSJD8RK9MSX.pcm
SwiftExplicitDependencyGeneratePcm arm64 /Users/admin/builder/spi-builder-workspace/.derivedData/SDKExplicitPrecompiledModules/ObjectiveC-22CZPC4WYQC9G8T393WT2KKLW.pcm
SwiftExplicitDependencyGeneratePcm arm64 /Users/admin/builder/spi-builder-workspace/.derivedData/SDKExplicitPrecompiledModules/MachO-4RYXFVY68ZDEUZYFMVL57WEKU.pcm
SwiftExplicitDependencyGeneratePcm arm64_32 /Users/admin/builder/spi-builder-workspace/.derivedData/SDKExplicitPrecompiledModules/os_object-CTXVQBCWDOH6JHUXIFDUOWFRL.pcm
SwiftExplicitDependencyGeneratePcm arm64 /Users/admin/builder/spi-builder-workspace/.derivedData/SDKExplicitPrecompiledModules/os_object-6KYGGZ4DPVZ3BBAZ6QICZN8LI.pcm
SwiftExplicitDependencyGeneratePcm arm64 /Users/admin/builder/spi-builder-workspace/.derivedData/SDKExplicitPrecompiledModules/os_workgroup-AHE7ULDQBKER38CYPIKDTZF4M.pcm
SwiftExplicitDependencyGeneratePcm arm64_32 /Users/admin/builder/spi-builder-workspace/.derivedData/SDKExplicitPrecompiledModules/os_workgroup-9L9R05BT5LTFRZ2NM68BZTVV2.pcm
SwiftExplicitDependencyGeneratePcm arm64_32 /Users/admin/builder/spi-builder-workspace/.derivedData/SDKExplicitPrecompiledModules/Spatial-4XS0QRL16224ZE9KE9TMKASKT.pcm
SwiftExplicitDependencyGeneratePcm arm64 /Users/admin/builder/spi-builder-workspace/.derivedData/SDKExplicitPrecompiledModules/Spatial-EZKKX4XFW72RZCTOIG80Z93AP.pcm
SwiftExplicitDependencyGeneratePcm arm64 /Users/admin/builder/spi-builder-workspace/.derivedData/SDKExplicitPrecompiledModules/Dispatch-39VR0G01IUJ09PQKMFGOHXZ4L.pcm
SwiftExplicitDependencyGeneratePcm arm64_32 /Users/admin/builder/spi-builder-workspace/.derivedData/SDKExplicitPrecompiledModules/Dispatch-CGIMI9KQKHNRQHR2IECIPRG14.pcm
SwiftExplicitDependencyGeneratePcm arm64 /Users/admin/builder/spi-builder-workspace/.derivedData/SDKExplicitPrecompiledModules/dnssd-ATTPI3CWTACDCM6OYQ1LRHKMO.pcm
SwiftExplicitDependencyGeneratePcm arm64 /Users/admin/builder/spi-builder-workspace/.derivedData/SDKExplicitPrecompiledModules/CoreFoundation-59XKO8YNRGGYNC5U5LK8B4EM.pcm
SwiftExplicitDependencyGeneratePcm arm64 /Users/admin/builder/spi-builder-workspace/.derivedData/SDKExplicitPrecompiledModules/XPC-650JAZBTM6I0OMHYO6CKM0CWJ.pcm
SwiftExplicitDependencyGeneratePcm arm64_32 /Users/admin/builder/spi-builder-workspace/.derivedData/SDKExplicitPrecompiledModules/CoreFoundation-76B9WJP9MDYT33HZQVSNNZQZD.pcm
SwiftExplicitDependencyGeneratePcm arm64_32 /Users/admin/builder/spi-builder-workspace/.derivedData/SDKExplicitPrecompiledModules/XPC-7SLKI45KYLKXH9QET2WYS3UZ4.pcm
SwiftExplicitDependencyGeneratePcm arm64_32 /Users/admin/builder/spi-builder-workspace/.derivedData/SDKExplicitPrecompiledModules/dnssd-4UZX93P7NU8HR5E1GYF87I0V3.pcm
SwiftExplicitDependencyGeneratePcm arm64 /Users/admin/builder/spi-builder-workspace/.derivedData/SDKExplicitPrecompiledModules/os-6BCTB8I5DCBBKFJ0Y0G4WQDDJ.pcm
SwiftExplicitDependencyGeneratePcm arm64_32 /Users/admin/builder/spi-builder-workspace/.derivedData/SDKExplicitPrecompiledModules/os-D9NWGT7PQGY2OD43XMA2KGLJK.pcm
SwiftExplicitDependencyGeneratePcm arm64 /Users/admin/builder/spi-builder-workspace/.derivedData/SDKExplicitPrecompiledModules/Security-69WNGEAVQP55EDBQHP3BLE8QU.pcm
SwiftExplicitDependencyGeneratePcm arm64 /Users/admin/builder/spi-builder-workspace/.derivedData/SDKExplicitPrecompiledModules/CoreGraphics-5488DA9QVJJ7QOFXPYOYIYFUX.pcm
SwiftExplicitDependencyGeneratePcm arm64_32 /Users/admin/builder/spi-builder-workspace/.derivedData/SDKExplicitPrecompiledModules/Security-1W411BS4UH2UNMNII2341429S.pcm
SwiftExplicitDependencyGeneratePcm arm64_32 /Users/admin/builder/spi-builder-workspace/.derivedData/SDKExplicitPrecompiledModules/CoreGraphics-A4WOQTM8SYZAQP223LI6RRPEK.pcm
SwiftExplicitDependencyGeneratePcm arm64_32 /Users/admin/builder/spi-builder-workspace/.derivedData/SDKExplicitPrecompiledModules/Foundation-AIQ30TCDC2B0LBUU6FPQZ0HWI.pcm
SwiftExplicitDependencyGeneratePcm arm64 /Users/admin/builder/spi-builder-workspace/.derivedData/SDKExplicitPrecompiledModules/Foundation-B3IXODHI7VO4VRX2RWRXLVJZT.pcm
SwiftExplicitDependencyGeneratePcm arm64_32 /Users/admin/builder/spi-builder-workspace/.derivedData/SDKExplicitPrecompiledModules/CoreText-34U50N378SZT64826L0B62MN6.pcm
SwiftExplicitDependencyGeneratePcm arm64_32 /Users/admin/builder/spi-builder-workspace/.derivedData/SDKExplicitPrecompiledModules/CoreVideo-BX0NALWCB2F1YOTF0NZGV9FWU.pcm
SwiftExplicitDependencyGeneratePcm arm64 /Users/admin/builder/spi-builder-workspace/.derivedData/SDKExplicitPrecompiledModules/CoreVideo-2YRZ292TS6QDW2V2V92NZMPWM.pcm
SwiftExplicitDependencyGeneratePcm arm64 /Users/admin/builder/spi-builder-workspace/.derivedData/SDKExplicitPrecompiledModules/CoreText-BEC0M2J7FJN53VXNFDZDKL9U2.pcm
SwiftExplicitDependencyGeneratePcm arm64 /Users/admin/builder/spi-builder-workspace/.derivedData/SDKExplicitPrecompiledModules/OSLog-ESJZZ70KT229YQNKF5CWYQVLA.pcm
SwiftExplicitDependencyGeneratePcm arm64 /Users/admin/builder/spi-builder-workspace/.derivedData/SDKExplicitPrecompiledModules/UIUtilities-AR3EDJH6PMDGNUXQGV2JND65S.pcm
SwiftExplicitDependencyGeneratePcm arm64 /Users/admin/builder/spi-builder-workspace/.derivedData/SDKExplicitPrecompiledModules/StoreKit-2T6I8Y0VBC11UMC6KK6P2CTB.pcm
SwiftExplicitDependencyGeneratePcm arm64 /Users/admin/builder/spi-builder-workspace/.derivedData/SDKExplicitPrecompiledModules/Network-A7JT5ECJXOGM0F5CAER8SN68M.pcm
SwiftExplicitDependencyGeneratePcm arm64 /Users/admin/builder/spi-builder-workspace/.derivedData/SDKExplicitPrecompiledModules/LocalAuthentication-B2TFMTPZVFFVZ7Y4SFJ4HJEBL.pcm
SwiftExplicitDependencyGeneratePcm arm64 /Users/admin/builder/spi-builder-workspace/.derivedData/SDKExplicitPrecompiledModules/_LocationEssentials-C3HYVW8P89QAUDLD9VRHUF48Q.pcm
SwiftExplicitDependencyGeneratePcm arm64 /Users/admin/builder/spi-builder-workspace/.derivedData/SDKExplicitPrecompiledModules/UniformTypeIdentifiers-47SS6PHE8KOUZX5UOQUNKH397.pcm
SwiftExplicitDependencyGeneratePcm arm64 /Users/admin/builder/spi-builder-workspace/.derivedData/SDKExplicitPrecompiledModules/UserNotifications-7VIERZPAA371031RT8VBKFYKJ.pcm
SwiftExplicitDependencyGeneratePcm arm64 /Users/admin/builder/spi-builder-workspace/.derivedData/SDKExplicitPrecompiledModules/QuartzCore-BRDP6VIMJ6A6HG4W4NYXZ8BI3.pcm
SwiftExplicitDependencyGeneratePcm arm64 /Users/admin/builder/spi-builder-workspace/.derivedData/SDKExplicitPrecompiledModules/CoreTransferable-EULYJN53RZTIP2D6F171CT1YZ.pcm
SwiftExplicitDependencyGeneratePcm arm64_32 /Users/admin/builder/spi-builder-workspace/.derivedData/SDKExplicitPrecompiledModules/UserNotifications-F5AOMF9V2Y10QV8U00QNX8B7Q.pcm
SwiftExplicitDependencyGeneratePcm arm64_32 /Users/admin/builder/spi-builder-workspace/.derivedData/SDKExplicitPrecompiledModules/UIUtilities-ABH83C7CSGMIJAARTF384TV0L.pcm
SwiftExplicitDependencyGeneratePcm arm64_32 /Users/admin/builder/spi-builder-workspace/.derivedData/SDKExplicitPrecompiledModules/Accessibility-BBXP8Z81UOB3UBBTO3GG9FEEO.pcm
SwiftExplicitDependencyGeneratePcm arm64_32 /Users/admin/builder/spi-builder-workspace/.derivedData/SDKExplicitPrecompiledModules/OSLog-DXCLJ0K1EEBRV5MFYJOV1HIUX.pcm
SwiftExplicitDependencyGeneratePcm arm64_32 /Users/admin/builder/spi-builder-workspace/.derivedData/SDKExplicitPrecompiledModules/QuartzCore-72UYR37X0O2APTD1XMSJ20X5X.pcm
SwiftExplicitDependencyGeneratePcm arm64 /Users/admin/builder/spi-builder-workspace/.derivedData/SDKExplicitPrecompiledModules/CoreLocation-B0A9Z3B1UDU8OLBQROLWD03N3.pcm
SwiftExplicitDependencyGeneratePcm arm64_32 /Users/admin/builder/spi-builder-workspace/.derivedData/SDKExplicitPrecompiledModules/LocalAuthentication-1XZC5548OHHHWETB1RPNV8QDG.pcm
SwiftExplicitDependencyGeneratePcm arm64_32 /Users/admin/builder/spi-builder-workspace/.derivedData/SDKExplicitPrecompiledModules/Symbols-DP67QJL9W7VSYP70ZVEBE3KRT.pcm
SwiftExplicitDependencyGeneratePcm arm64_32 /Users/admin/builder/spi-builder-workspace/.derivedData/SDKExplicitPrecompiledModules/DataDetection-8EDL8T61430CB5CU94L1E3L0C.pcm
SwiftExplicitDependencyGeneratePcm arm64_32 /Users/admin/builder/spi-builder-workspace/.derivedData/SDKExplicitPrecompiledModules/CoreTransferable-DSXZOKFM7XQLZ0FRNNKFDWZT0.pcm
SwiftExplicitDependencyGeneratePcm arm64 /Users/admin/builder/spi-builder-workspace/.derivedData/SDKExplicitPrecompiledModules/SwiftUICore-D4BOUT6VJWDXKNATG8P2F95W3.pcm
SwiftExplicitDependencyGeneratePcm arm64_32 /Users/admin/builder/spi-builder-workspace/.derivedData/SDKExplicitPrecompiledModules/UniformTypeIdentifiers-EH256724QTCKT0XATY095QHVP.pcm
SwiftExplicitDependencyGeneratePcm arm64 /Users/admin/builder/spi-builder-workspace/.derivedData/SDKExplicitPrecompiledModules/Accessibility-DB0V1GY4JDAXG2CZ5MW826DDE.pcm
SwiftExplicitDependencyGeneratePcm arm64 /Users/admin/builder/spi-builder-workspace/.derivedData/SDKExplicitPrecompiledModules/Symbols-B8SNL2YULCKW9SYIL0T5QLMV.pcm
SwiftExplicitDependencyGeneratePcm arm64_32 /Users/admin/builder/spi-builder-workspace/.derivedData/SDKExplicitPrecompiledModules/StoreKit-E9RBAFGLOIACW3EM63MA7NGAB.pcm
SwiftExplicitDependencyGeneratePcm arm64 /Users/admin/builder/spi-builder-workspace/.derivedData/SDKExplicitPrecompiledModules/DataDetection-8RQ09UCIV0XSYRF8TQQD54MWN.pcm
SwiftExplicitDependencyGeneratePcm arm64_32 /Users/admin/builder/spi-builder-workspace/.derivedData/SDKExplicitPrecompiledModules/_LocationEssentials-1XWTF8V96VX3IAHKJO7PJZDU0.pcm
SwiftExplicitDependencyGeneratePcm arm64_32 /Users/admin/builder/spi-builder-workspace/.derivedData/SDKExplicitPrecompiledModules/Network-5VUKX54D0AK1R9WTELJPOWFYG.pcm
SwiftExplicitDependencyGeneratePcm arm64 /Users/admin/builder/spi-builder-workspace/.derivedData/SDKExplicitPrecompiledModules/CoreMotion-70RNUQRT1QM2F8WR42WPP4KQV.pcm
SwiftExplicitDependencyGeneratePcm arm64_32 /Users/admin/builder/spi-builder-workspace/.derivedData/SDKExplicitPrecompiledModules/SwiftUICore-TURER010MQ2QH6SN4BGDJJKP.pcm
SwiftExplicitDependencyGeneratePcm arm64_32 /Users/admin/builder/spi-builder-workspace/.derivedData/SDKExplicitPrecompiledModules/CoreLocation-4AZRAZ8X3W0CS36SZ1GS4LT05.pcm
SwiftExplicitDependencyGeneratePcm arm64 /Users/admin/builder/spi-builder-workspace/.derivedData/SDKExplicitPrecompiledModules/UIKit-2XWL6VFNA7WRWSTXI42YLU909.pcm
SwiftExplicitDependencyGeneratePcm arm64_32 /Users/admin/builder/spi-builder-workspace/.derivedData/SDKExplicitPrecompiledModules/CoreMotion-E9C6K7MOTJF3RC93DULCZ130U.pcm
SwiftExplicitDependencyGeneratePcm arm64_32 /Users/admin/builder/spi-builder-workspace/.derivedData/SDKExplicitPrecompiledModules/UIKit-BGAQE5HOOTG6M9C46O1HHPCDR.pcm
SwiftEmitModule normal arm64 Emitting\ module\ for\ StoreKitTheKit (in target 'StoreKitTheKit' from project 'StoreKitTheKit')
/Users/admin/builder/spi-builder-workspace/Sources/StoreKitTheKit/StoreKitTheKit/StoreKitTheKit+Purchase.swift:98:17: error: cannot override 'paymentQueue' which has been marked unavailable
96 | }
97 |
98 | public func paymentQueue(_ queue: SKPaymentQueue, shouldAddStorePayment payment: SKPayment, for product: SKProduct) -> Bool {
| `- error: cannot override 'paymentQueue' which has been marked unavailable
99 | guard let purchasable = purchasableManager.product(id: product.productIdentifier) else {
100 | Logger.store.addLog("Product couldn't be identified")
/Applications/Xcode-27.0.0-Release.Candidate.app/Contents/Developer/Platforms/WatchOS.platform/Developer/SDKs/WatchOS27.0.sdk/System/Library/Frameworks/StoreKit.framework/Headers/SKPaymentQueue.h:110:1: note: 'paymentQueue(_:shouldAddStorePayment:for:)' has been explicitly marked unavailable here
108 |
109 | // Sent when a user initiates an IAP buy from the App Store
110 | - (BOOL)paymentQueue:(SKPaymentQueue *)queue shouldAddStorePayment:(SKPayment *)payment forProduct:(SKProduct *)product NS_SWIFT_NAME(paymentQueue(_:shouldAddStorePayment:for:)) API_DEPRECATED("Use PurchaseIntent.intents.", ios(11.0, 18.0), tvos(11.0, 18.0), macos(11.0, 15.0), macCatalyst(14.0, 18.0), visionos(1.0, 2.0)) API_UNAVAILABLE(watchos);
| `- note: 'paymentQueue(_:shouldAddStorePayment:for:)' has been explicitly marked unavailable here
111 |
112 | - (void)paymentQueueDidChangeStorefront:(SKPaymentQueue *)queue API_DEPRECATED("Use Storefront.updates.", ios(13.0, 18.0), tvos(13.0, 18.0), macos(10.15, 15.0), watchos(6.2, 11.0), visionos(1.0, 2.0));
Failed frontend command:
SwiftCompile normal arm64 (in target 'StoreKitTheKit' from project 'StoreKitTheKit')
cd /Users/admin/builder/spi-builder-workspace/.swiftpm/xcode
/Applications/Xcode-27.0.0-Release.Candidate.app/Contents/Developer/Toolchains/XcodeDefault.xctoolchain/usr/bin/swift-frontend -frontend -emit-module -experimental-skip-non-inlinable-function-bodies-without-types /Users/admin/builder/spi-builder-workspace/Sources/StoreKitTheKit/Extensions/LoggerExtension.swift /Users/admin/builder/spi-builder-workspace/Sources/StoreKitTheKit/LocalStore/LocalStoreManager.swift /Users/admin/builder/spi-builder-workspace/Sources/StoreKitTheKit/Purchasable/Purchasable.swift /Users/admin/builder/spi-builder-workspace/Sources/StoreKitTheKit/Purchasable/SubscriptionPeriodLength.swift /Users/admin/builder/spi-builder-workspace/Sources/StoreKitTheKit/StoreKitTheKit/Error/StoreError.swift /Users/admin/builder/spi-builder-workspace/Sources/StoreKitTheKit/StoreKitTheKit/States/PurchaseState.swift /Users/admin/builder/spi-builder-workspace/Sources/StoreKitTheKit/StoreKitTheKit/States/StoreAvailability.swift /Users/admin/builder/spi-builder-workspace/Sources/StoreKitTheKit/StoreKitTheKit/States/StoreKitTheKitState.swift /Users/admin/builder/spi-builder-workspace/Sources/StoreKitTheKit/StoreKitTheKit/States/SubscriptionInfo.swift /Users/admin/builder/spi-builder-workspace/Sources/StoreKitTheKit/StoreKitTheKit/StoreKitTheKit+Access.swift /Users/admin/builder/spi-builder-workspace/Sources/StoreKitTheKit/StoreKitTheKit/StoreKitTheKit+Formatting.swift /Users/admin/builder/spi-builder-workspace/Sources/StoreKitTheKit/StoreKitTheKit/StoreKitTheKit+Purchase.swift /Users/admin/builder/spi-builder-workspace/Sources/StoreKitTheKit/StoreKitTheKit/StoreKitTheKit+StoreSetup.swift /Users/admin/builder/spi-builder-workspace/Sources/StoreKitTheKit/StoreKitTheKit/StoreKitTheKit+Subscription.swift /Users/admin/builder/spi-builder-workspace/Sources/StoreKitTheKit/StoreKitTheKit/StoreKitTheKit.swift -target arm64-apple-watchos9.0 -disable-cross-import-overlay-search -swift-module-cross-import StoreKit /Applications/Xcode-27.0.0-Release.Candidate.app/Contents/Developer/Platforms/WatchOS.platform/Developer/SDKs/WatchOS.sdk/System/Library/Frameworks/StoreKit.framework/Modules/StoreKit.swiftcrossimport/SwiftUI.swiftoverlay -swift-module-cross-import StoreKit /Applications/Xcode-27.0.0-Release.Candidate.app/Contents/Developer/Platforms/WatchOS.platform/Developer/SDKs/WatchOS27.0.sdk/System/Library/Frameworks/StoreKit.framework/Modules/StoreKit.swiftcrossimport/SwiftUI.swiftoverlay -load-resolved-plugin /Applications/Xcode-27.0.0-Release.Candidate.app/Contents/Developer/Platforms/WatchOS.platform/Developer/usr/lib/swift/host/plugins/libFoundationMacros.dylib\#/Applications/Xcode-27.0.0-Release.Candidate.app/Contents/Developer/Platforms/WatchOS.platform/Developer/usr/bin/swift-plugin-server\#FoundationMacros -load-resolved-plugin /Applications/Xcode-27.0.0-Release.Candidate.app/Contents/Developer/Platforms/WatchOS.platform/Developer/usr/lib/swift/host/plugins/libObservationMacros.dylib\#/Applications/Xcode-27.0.0-Release.Candidate.app/Contents/Developer/Platforms/WatchOS.platform/Developer/usr/bin/swift-plugin-server\#ObservationMacros -load-resolved-plugin /Applications/Xcode-27.0.0-Release.Candidate.app/Contents/Developer/Platforms/WatchOS.platform/Developer/usr/lib/swift/host/plugins/libSwiftMacros.dylib\#/Applications/Xcode-27.0.0-Release.Candidate.app/Contents/Developer/Platforms/WatchOS.platform/Developer/usr/bin/swift-plugin-server\#SwiftMacros -load-resolved-plugin /Applications/Xcode-27.0.0-Release.Candidate.app/Contents/Developer/Platforms/WatchOS.platform/Developer/usr/lib/swift/host/plugins/libSwiftUIMacros.dylib\#/Applications/Xcode-27.0.0-Release.Candidate.app/Contents/Developer/Platforms/WatchOS.platform/Developer/usr/bin/swift-plugin-server\#SwiftUIMacros -disable-implicit-swift-modules -Xcc -fno-implicit-modules -Xcc -fno-implicit-module-maps -explicit-swift-module-map-file /Users/admin/builder/spi-builder-workspace/.derivedData/Build/Intermediates.noindex/StoreKitTheKit.build/Debug-watchos/StoreKitTheKit-t.build/Objects-normal/arm64/StoreKitTheKit-dependencies-2.json -Xllvm -aarch64-use-tbi -enable-objc-interop -stack-check -sdk /Applications/Xcode-27.0.0-Release.Candidate.app/Contents/Developer/Platforms/WatchOS.platform/Developer/SDKs/WatchOS27.0.sdk -I /Users/admin/builder/spi-builder-workspace/.derivedData/Build/Products/Debug-watchos -Isystem /Applications/Xcode-27.0.0-Release.Candidate.app/Contents/Developer/Platforms/WatchOS.platform/Developer/usr/lib -F /Users/admin/builder/spi-builder-workspace/.derivedData/Build/Products/Debug-watchos -F /Applications/Xcode-27.0.0-Release.Candidate.app/Contents/Developer/Platforms/WatchOS.platform/Developer/Library/Frameworks -F /Applications/Xcode-27.0.0-Release.Candidate.app/Contents/Developer/Platforms/WatchOS.platform/Developer/SDKs/WatchOS27.0.sdk/Developer/Library/Frameworks -module-cache-path /Users/admin/builder/spi-builder-workspace/.derivedData/Build/Intermediates.noindex/SwiftExplicitPrecompiledModules -no-color-diagnostics -Xcc -fno-color-diagnostics -enable-testing -g -debug-info-format\=dwarf -dwarf-version\=4 -swift-version 6 -Onone -D SWIFT_PACKAGE -D DEBUG -D SWIFT_MODULE_RESOURCE_BUNDLE_UNAVAILABLE -D Xcode -serialize-debugging-options -enable-experimental-feature DebugDescriptionMacro -empty-abi-descriptor -validate-clang-modules-once -clang-build-session-file /Users/admin/builder/spi-builder-workspace/.derivedData/ModuleCache.noindex/Session.modulevalidation -Xcc -working-directory -Xcc /Users/admin/builder/spi-builder-workspace/.swiftpm/xcode -enable-anonymous-context-mangled-names -file-compilation-dir /Users/admin/builder/spi-builder-workspace/.swiftpm/xcode -Xcc -D_LIBCPP_HARDENING_MODE\=_LIBCPP_HARDENING_MODE_DEBUG -Xcc -ivfsstatcache -Xcc /Users/admin/builder/spi-builder-workspace/.derivedData/SDKStatCaches.noindex/watchos27.0-24R360-e829b21a6f8c9b70876ba0858053c04477534ef55a1706bf4c1112bbb242f0a2.sdkstatcache -Xcc -fmodules-prune-interval\=86400 -Xcc -fmodules-prune-after\=345600 -Xcc -I/Users/admin/builder/spi-builder-workspace/.derivedData/Build/Products/Debug-watchos/include -Xcc -I/Users/admin/builder/spi-builder-workspace/.derivedData/Build/Intermediates.noindex/StoreKitTheKit.build/Debug-watchos/StoreKitTheKit-t.build/DerivedSources-normal/arm64 -Xcc -I/Users/admin/builder/spi-builder-workspace/.derivedData/Build/Intermediates.noindex/StoreKitTheKit.build/Debug-watchos/StoreKitTheKit-t.build/DerivedSources/arm64 -Xcc -I/Users/admin/builder/spi-builder-workspace/.derivedData/Build/Intermediates.noindex/StoreKitTheKit.build/Debug-watchos/StoreKitTheKit-t.build/DerivedSources -Xcc -DSWIFT_PACKAGE -Xcc -DDEBUG\=1 -no-auto-bridging-header-chaining -module-name StoreKitTheKit -package-name spi_builder_workspace -const-gather-protocols-file /Users/admin/builder/spi-builder-workspace/.derivedData/Build/Intermediates.noindex/StoreKitTheKit.build/Debug-watchos/StoreKitTheKit-t.build/Objects-normal/arm64/StoreKitTheKit_const_extract_protocols.json -disable-clang-spi -clang-target arm64-apple-watchos27.0 -target-sdk-version 27.0 -target-sdk-name watchos27.0 -in-process-plugin-server-path /Applications/Xcode-27.0.0-Release.Candidate.app/Contents/Developer/Toolchains/XcodeDefault.xctoolchain/usr/lib/swift/host/libSwiftInProcPluginServer.dylib -emit-module-doc-path /Users/admin/builder/spi-builder-workspace/.derivedData/Build/Intermediates.noindex/StoreKitTheKit.build/Debug-watchos/StoreKitTheKit-t.build/Objects-normal/arm64/StoreKitTheKit.swiftdoc -emit-module-source-info-path /Users/admin/builder/spi-builder-workspace/.derivedData/Build/Intermediates.noindex/StoreKitTheKit.build/Debug-watchos/StoreKitTheKit-t.build/Objects-normal/arm64/StoreKitTheKit.swiftsourceinfo -emit-objc-header-path /Users/admin/builder/spi-builder-workspace/.derivedData/Build/Intermediates.noindex/StoreKitTheKit.build/Debug-watchos/StoreKitTheKit-t.build/Objects-normal/arm64/StoreKitTheKit-Swift.h -serialize-diagnostics-path /Users/admin/builder/spi-builder-workspace/.derivedData/Build/Intermediates.noindex/StoreKitTheKit.build/Debug-watchos/StoreKitTheKit-t.build/Objects-normal/arm64/StoreKitTheKit-primary-emit-module.dia -emit-dependencies-path /Users/admin/builder/spi-builder-workspace/.derivedData/Build/Intermediates.noindex/StoreKitTheKit.build/Debug-watchos/StoreKitTheKit-t.build/Objects-normal/arm64/StoreKitTheKit-primary-emit-module.d -parse-as-library -o /Users/admin/builder/spi-builder-workspace/.derivedData/Build/Intermediates.noindex/StoreKitTheKit.build/Debug-watchos/StoreKitTheKit-t.build/Objects-normal/arm64/StoreKitTheKit.swiftmodule -emit-abi-descriptor-path /Users/admin/builder/spi-builder-workspace/.derivedData/Build/Intermediates.noindex/StoreKitTheKit.build/Debug-watchos/StoreKitTheKit-t.build/Objects-normal/arm64/StoreKitTheKit.abi.json
SwiftCompile normal arm64 Compiling\ Purchasable.swift,\ SubscriptionPeriodLength.swift /Users/admin/builder/spi-builder-workspace/Sources/StoreKitTheKit/Purchasable/Purchasable.swift /Users/admin/builder/spi-builder-workspace/Sources/StoreKitTheKit/Purchasable/SubscriptionPeriodLength.swift (in target 'StoreKitTheKit' from project 'StoreKitTheKit')
SwiftCompile normal arm64 /Users/admin/builder/spi-builder-workspace/Sources/StoreKitTheKit/Purchasable/Purchasable.swift (in target 'StoreKitTheKit' from project 'StoreKitTheKit')
cd /Users/admin/builder/spi-builder-workspace/.swiftpm/xcode
builtin-SwiftPerFileCompile Purchasable.swift
SwiftCompile normal arm64 /Users/admin/builder/spi-builder-workspace/Sources/StoreKitTheKit/Purchasable/SubscriptionPeriodLength.swift (in target 'StoreKitTheKit' from project 'StoreKitTheKit')
cd /Users/admin/builder/spi-builder-workspace/.swiftpm/xcode
builtin-SwiftPerFileCompile SubscriptionPeriodLength.swift
SwiftCompile normal arm64 Compiling\ StoreKitTheKit+StoreSetup.swift /Users/admin/builder/spi-builder-workspace/Sources/StoreKitTheKit/StoreKitTheKit/StoreKitTheKit+StoreSetup.swift (in target 'StoreKitTheKit' from project 'StoreKitTheKit')
SwiftCompile normal arm64 /Users/admin/builder/spi-builder-workspace/Sources/StoreKitTheKit/StoreKitTheKit/StoreKitTheKit+StoreSetup.swift (in target 'StoreKitTheKit' from project 'StoreKitTheKit')
cd /Users/admin/builder/spi-builder-workspace/.swiftpm/xcode
builtin-SwiftPerFileCompile StoreKitTheKit+StoreSetup.swift
SwiftCompile normal arm64 Compiling\ StoreError.swift,\ PurchaseState.swift /Users/admin/builder/spi-builder-workspace/Sources/StoreKitTheKit/StoreKitTheKit/Error/StoreError.swift /Users/admin/builder/spi-builder-workspace/Sources/StoreKitTheKit/StoreKitTheKit/States/PurchaseState.swift (in target 'StoreKitTheKit' from project 'StoreKitTheKit')
SwiftCompile normal arm64 /Users/admin/builder/spi-builder-workspace/Sources/StoreKitTheKit/StoreKitTheKit/Error/StoreError.swift (in target 'StoreKitTheKit' from project 'StoreKitTheKit')
cd /Users/admin/builder/spi-builder-workspace/.swiftpm/xcode
builtin-SwiftPerFileCompile StoreError.swift
SwiftCompile normal arm64 /Users/admin/builder/spi-builder-workspace/Sources/StoreKitTheKit/StoreKitTheKit/States/PurchaseState.swift (in target 'StoreKitTheKit' from project 'StoreKitTheKit')
cd /Users/admin/builder/spi-builder-workspace/.swiftpm/xcode
builtin-SwiftPerFileCompile PurchaseState.swift
SwiftCompile normal arm64 Compiling\ SubscriptionInfo.swift,\ StoreKitTheKit+Access.swift /Users/admin/builder/spi-builder-workspace/Sources/StoreKitTheKit/StoreKitTheKit/States/SubscriptionInfo.swift /Users/admin/builder/spi-builder-workspace/Sources/StoreKitTheKit/StoreKitTheKit/StoreKitTheKit+Access.swift (in target 'StoreKitTheKit' from project 'StoreKitTheKit')
SwiftCompile normal arm64 /Users/admin/builder/spi-builder-workspace/Sources/StoreKitTheKit/StoreKitTheKit/States/SubscriptionInfo.swift (in target 'StoreKitTheKit' from project 'StoreKitTheKit')
cd /Users/admin/builder/spi-builder-workspace/.swiftpm/xcode
builtin-SwiftPerFileCompile SubscriptionInfo.swift
SwiftCompile normal arm64 /Users/admin/builder/spi-builder-workspace/Sources/StoreKitTheKit/StoreKitTheKit/StoreKitTheKit+Access.swift (in target 'StoreKitTheKit' from project 'StoreKitTheKit')
cd /Users/admin/builder/spi-builder-workspace/.swiftpm/xcode
builtin-SwiftPerFileCompile StoreKitTheKit+Access.swift
SwiftCompile normal arm64 Compiling\ LoggerExtension.swift,\ LocalStoreManager.swift /Users/admin/builder/spi-builder-workspace/Sources/StoreKitTheKit/Extensions/LoggerExtension.swift /Users/admin/builder/spi-builder-workspace/Sources/StoreKitTheKit/LocalStore/LocalStoreManager.swift (in target 'StoreKitTheKit' from project 'StoreKitTheKit')
SwiftCompile normal arm64 /Users/admin/builder/spi-builder-workspace/Sources/StoreKitTheKit/Extensions/LoggerExtension.swift (in target 'StoreKitTheKit' from project 'StoreKitTheKit')
cd /Users/admin/builder/spi-builder-workspace/.swiftpm/xcode
builtin-SwiftPerFileCompile LoggerExtension.swift
SwiftCompile normal arm64 /Users/admin/builder/spi-builder-workspace/Sources/StoreKitTheKit/LocalStore/LocalStoreManager.swift (in target 'StoreKitTheKit' from project 'StoreKitTheKit')
cd /Users/admin/builder/spi-builder-workspace/.swiftpm/xcode
builtin-SwiftPerFileCompile LocalStoreManager.swift
SwiftCompile normal arm64 Compiling\ StoreKitTheKit+Purchase.swift /Users/admin/builder/spi-builder-workspace/Sources/StoreKitTheKit/StoreKitTheKit/StoreKitTheKit+Purchase.swift (in target 'StoreKitTheKit' from project 'StoreKitTheKit')
SwiftCompile normal arm64 /Users/admin/builder/spi-builder-workspace/Sources/StoreKitTheKit/StoreKitTheKit/StoreKitTheKit+Purchase.swift (in target 'StoreKitTheKit' from project 'StoreKitTheKit')
cd /Users/admin/builder/spi-builder-workspace/.swiftpm/xcode
builtin-SwiftPerFileCompile StoreKitTheKit+Purchase.swift
SwiftCompile normal arm64 Compiling\ StoreKitTheKit+Formatting.swift /Users/admin/builder/spi-builder-workspace/Sources/StoreKitTheKit/StoreKitTheKit/StoreKitTheKit+Formatting.swift (in target 'StoreKitTheKit' from project 'StoreKitTheKit')
SwiftCompile normal arm64 /Users/admin/builder/spi-builder-workspace/Sources/StoreKitTheKit/StoreKitTheKit/StoreKitTheKit+Formatting.swift (in target 'StoreKitTheKit' from project 'StoreKitTheKit')
cd /Users/admin/builder/spi-builder-workspace/.swiftpm/xcode
builtin-SwiftPerFileCompile StoreKitTheKit+Formatting.swift
SwiftCompile normal arm64 Compiling\ StoreKitTheKit+Subscription.swift /Users/admin/builder/spi-builder-workspace/Sources/StoreKitTheKit/StoreKitTheKit/StoreKitTheKit+Subscription.swift (in target 'StoreKitTheKit' from project 'StoreKitTheKit')
SwiftCompile normal arm64 /Users/admin/builder/spi-builder-workspace/Sources/StoreKitTheKit/StoreKitTheKit/StoreKitTheKit+Subscription.swift (in target 'StoreKitTheKit' from project 'StoreKitTheKit')
cd /Users/admin/builder/spi-builder-workspace/.swiftpm/xcode
builtin-SwiftPerFileCompile StoreKitTheKit+Subscription.swift
SwiftCompile normal arm64 Compiling\ StoreAvailability.swift,\ StoreKitTheKitState.swift /Users/admin/builder/spi-builder-workspace/Sources/StoreKitTheKit/StoreKitTheKit/States/StoreAvailability.swift /Users/admin/builder/spi-builder-workspace/Sources/StoreKitTheKit/StoreKitTheKit/States/StoreKitTheKitState.swift (in target 'StoreKitTheKit' from project 'StoreKitTheKit')
SwiftCompile normal arm64 /Users/admin/builder/spi-builder-workspace/Sources/StoreKitTheKit/StoreKitTheKit/States/StoreAvailability.swift (in target 'StoreKitTheKit' from project 'StoreKitTheKit')
cd /Users/admin/builder/spi-builder-workspace/.swiftpm/xcode
builtin-SwiftPerFileCompile StoreAvailability.swift
SwiftCompile normal arm64 /Users/admin/builder/spi-builder-workspace/Sources/StoreKitTheKit/StoreKitTheKit/States/StoreKitTheKitState.swift (in target 'StoreKitTheKit' from project 'StoreKitTheKit')
cd /Users/admin/builder/spi-builder-workspace/.swiftpm/xcode
builtin-SwiftPerFileCompile StoreKitTheKitState.swift
SwiftEmitModule normal arm64_32 Emitting\ module\ for\ StoreKitTheKit (in target 'StoreKitTheKit' from project 'StoreKitTheKit')
SwiftCompile normal arm64_32 (in target 'StoreKitTheKit' from project 'StoreKitTheKit')
cd /Users/admin/builder/spi-builder-workspace/.swiftpm/xcode
PruneExplicitPrecompiledModules /Users/admin/builder/spi-builder-workspace/.derivedData/SDKExplicitPrecompiledModules
PruneExplicitPrecompiledModules /Users/admin/builder/spi-builder-workspace/.derivedData/Build/Intermediates.noindex/ExplicitPrecompiledModules
PruneExplicitPrecompiledModules /Users/admin/builder/spi-builder-workspace/.derivedData/Build/Intermediates.noindex/SwiftExplicitPrecompiledModules
2026-09-23 02:31:39.855 xcodebuild[657:3857] [MT] IDERunDestination: Supported platforms for the buildables in the current scheme is empty.
** BUILD FAILED **
The following build commands failed:
SwiftCompile normal arm64 (in target 'StoreKitTheKit' from project 'StoreKitTheKit')
SwiftEmitModule normal arm64 Emitting\ module\ for\ StoreKitTheKit (in target 'StoreKitTheKit' from project 'StoreKitTheKit')
Building workspace StoreKitTheKit with scheme StoreKitTheKit
(3 failures)
Command line invocation:
/Applications/Xcode-27.0.0-Release.Candidate.app/Contents/Developer/usr/bin/xcodebuild -IDEClonedSourcePackagesDirPathOverride=/Users/admin/builder/spi-builder-workspace/.dependencies -resolvePackageDependencies
Resolve Package Graph
Resolved source packages:
StoreKitTheKit: /Users/admin/builder/spi-builder-workspace
resolved source packages: StoreKitTheKit
2026-09-23 02:31:46.179 xcodebuild[792:4361] [MT] IDERunDestination: Supported platforms for the buildables in the current scheme is empty.
{
"dependencies" : [
],
"manifest_display_name" : "StoreKitTheKit",
"name" : "StoreKitTheKit",
"path" : "/Users/admin/builder/spi-builder-workspace",
"platforms" : [
{
"name" : "ios",
"version" : "15.0"
},
{
"name" : "macos",
"version" : "12.0"
},
{
"name" : "tvos",
"version" : "15.0"
}
],
"products" : [
{
"name" : "StoreKitTheKit",
"targets" : [
"StoreKitTheKit"
],
"type" : {
"library" : [
"automatic"
]
}
}
],
"targets" : [
{
"c99name" : "StoreKitTheKit",
"module_type" : "SwiftTarget",
"name" : "StoreKitTheKit",
"path" : "Sources/StoreKitTheKit",
"product_memberships" : [
"StoreKitTheKit"
],
"sources" : [
"Extensions/LoggerExtension.swift",
"LocalStore/LocalStoreManager.swift",
"Purchasable/Purchasable.swift",
"Purchasable/SubscriptionPeriodLength.swift",
"StoreKitTheKit/Error/StoreError.swift",
"StoreKitTheKit/States/PurchaseState.swift",
"StoreKitTheKit/States/StoreAvailability.swift",
"StoreKitTheKit/States/StoreKitTheKitState.swift",
"StoreKitTheKit/States/SubscriptionInfo.swift",
"StoreKitTheKit/StoreKitTheKit+Access.swift",
"StoreKitTheKit/StoreKitTheKit+Formatting.swift",
"StoreKitTheKit/StoreKitTheKit+Purchase.swift",
"StoreKitTheKit/StoreKitTheKit+StoreSetup.swift",
"StoreKitTheKit/StoreKitTheKit+Subscription.swift",
"StoreKitTheKit/StoreKitTheKit.swift"
],
"type" : "library"
}
],
"tools_version" : "6.1"
}
{
"workspace" : {
"name" : "StoreKitTheKit",
"schemes" : [
"StoreKitTheKit"
]
}
}
2026-09-23 02:31:47.473 xcodebuild[801:4444] [MT] IDERunDestination: Supported platforms for the buildables in the current scheme is empty.
Running build ...
env DEVELOPER_DIR=/Applications/Xcode-27.0.0-Release.Candidate.app xcrun xcodebuild -IDEClonedSourcePackagesDirPathOverride=$PWD/.dependencies -skipMacroValidation -skipPackagePluginValidation -derivedDataPath $PWD/.derivedData build -scheme StoreKitTheKit -destination generic/platform=watchOS
Command line invocation:
/Applications/Xcode-27.0.0-Release.Candidate.app/Contents/Developer/usr/bin/xcodebuild -IDEClonedSourcePackagesDirPathOverride=/Users/admin/builder/spi-builder-workspace/.dependencies -skipMacroValidation -skipPackagePluginValidation -derivedDataPath /Users/admin/builder/spi-builder-workspace/.derivedData build -scheme StoreKitTheKit -destination generic/platform=watchOS
Resolve Package Graph
Resolved source packages:
StoreKitTheKit: /Users/admin/builder/spi-builder-workspace
ComputePackagePrebuildTargetDependencyGraph
Prepare packages
CreateBuildRequest
SendProjectDescription
CreateBuildOperation
ComputeTargetDependencyGraph
note: Building targets in dependency order
note: Target dependency graph (2 targets)
Target 'StoreKitTheKit-product' in project 'StoreKitTheKit'
➜ Explicit dependency on target 'StoreKitTheKit' in project 'StoreKitTheKit'
Target 'StoreKitTheKit' in project 'StoreKitTheKit' (no dependencies)
GatherProvisioningInputs
CreateBuildDescription
ClangStatCache /Applications/Xcode-27.0.0-Release.Candidate.app/Contents/Developer/Toolchains/XcodeDefault.xctoolchain/usr/bin/clang-stat-cache /Applications/Xcode-27.0.0-Release.Candidate.app/Contents/Developer/Platforms/WatchOS.platform/Developer/SDKs/WatchOS27.0.sdk /Users/admin/builder/spi-builder-workspace/.derivedData/SDKStatCaches.noindex/watchos27.0-24R360-e829b21a6f8c9b70876ba0858053c04477534ef55a1706bf4c1112bbb242f0a2.sdkstatcache
cd /Users/admin/builder/spi-builder-workspace/.swiftpm/xcode
/Applications/Xcode-27.0.0-Release.Candidate.app/Contents/Developer/Toolchains/XcodeDefault.xctoolchain/usr/bin/clang-stat-cache /Applications/Xcode-27.0.0-Release.Candidate.app/Contents/Developer/Platforms/WatchOS.platform/Developer/SDKs/WatchOS27.0.sdk -o /Users/admin/builder/spi-builder-workspace/.derivedData/SDKStatCaches.noindex/watchos27.0-24R360-e829b21a6f8c9b70876ba0858053c04477534ef55a1706bf4c1112bbb242f0a2.sdkstatcache
SwiftDriver StoreKitTheKit normal arm64 com.apple.xcode.tools.swift.compiler (in target 'StoreKitTheKit' from project 'StoreKitTheKit')
cd /Users/admin/builder/spi-builder-workspace/.swiftpm/xcode
builtin-SwiftDriver -- /Applications/Xcode-27.0.0-Release.Candidate.app/Contents/Developer/Toolchains/XcodeDefault.xctoolchain/usr/bin/swiftc -parse-as-library -module-name StoreKitTheKit -Onone @/Users/admin/builder/spi-builder-workspace/.derivedData/Build/Intermediates.noindex/StoreKitTheKit.build/Debug-watchos/StoreKitTheKit-t.build/Objects-normal/arm64/StoreKitTheKit.SwiftFileList -DSWIFT_PACKAGE -DDEBUG -DSWIFT_MODULE_RESOURCE_BUNDLE_UNAVAILABLE -DXcode -plugin-path /Applications/Xcode-27.0.0-Release.Candidate.app/Contents/Developer/Toolchains/XcodeDefault.xctoolchain/usr/lib/swift/host/plugins/testing -enable-experimental-feature DebugDescriptionMacro -sdk /Applications/Xcode-27.0.0-Release.Candidate.app/Contents/Developer/Platforms/WatchOS.platform/Developer/SDKs/WatchOS27.0.sdk -target arm64-apple-watchos9.0 -g -module-cache-path /Users/admin/builder/spi-builder-workspace/.derivedData/ModuleCache.noindex -Xfrontend -serialize-debugging-options -enable-testing -index-store-path /Users/admin/builder/spi-builder-workspace/.derivedData/Index.noindex/DataStore -Xcc -D_LIBCPP_HARDENING_MODE\=_LIBCPP_HARDENING_MODE_DEBUG -swift-version 6 -I /Users/admin/builder/spi-builder-workspace/.derivedData/Build/Products/Debug-watchos -Isystem /Applications/Xcode-27.0.0-Release.Candidate.app/Contents/Developer/Platforms/WatchOS.platform/Developer/usr/lib -F /Users/admin/builder/spi-builder-workspace/.derivedData/Build/Products/Debug-watchos -F /Applications/Xcode-27.0.0-Release.Candidate.app/Contents/Developer/Platforms/WatchOS.platform/Developer/Library/Frameworks -F /Applications/Xcode-27.0.0-Release.Candidate.app/Contents/Developer/Platforms/WatchOS.platform/Developer/SDKs/WatchOS27.0.sdk/Developer/Library/Frameworks -c -j10 -enable-batch-mode -incremental -Xcc -ivfsstatcache -Xcc /Users/admin/builder/spi-builder-workspace/.derivedData/SDKStatCaches.noindex/watchos27.0-24R360-e829b21a6f8c9b70876ba0858053c04477534ef55a1706bf4c1112bbb242f0a2.sdkstatcache -output-file-map /Users/admin/builder/spi-builder-workspace/.derivedData/Build/Intermediates.noindex/StoreKitTheKit.build/Debug-watchos/StoreKitTheKit-t.build/Objects-normal/arm64/StoreKitTheKit-OutputFileMap.json -save-temps -no-color-diagnostics -explicit-module-build -module-cache-path /Users/admin/builder/spi-builder-workspace/.derivedData/Build/Intermediates.noindex/SwiftExplicitPrecompiledModules -clang-scanner-module-cache-path /Users/admin/builder/spi-builder-workspace/.derivedData/ModuleCache.noindex -sdk-module-cache-path /Users/admin/builder/spi-builder-workspace/.derivedData/SDKExplicitPrecompiledModules -emit-dependencies -emit-module -emit-module-path /Users/admin/builder/spi-builder-workspace/.derivedData/Build/Intermediates.noindex/StoreKitTheKit.build/Debug-watchos/StoreKitTheKit-t.build/Objects-normal/arm64/StoreKitTheKit.swiftmodule -serialize-diagnostics -dependency-scan-serialize-diagnostics-path /Users/admin/builder/spi-builder-workspace/.derivedData/Build/Intermediates.noindex/StoreKitTheKit.build/Debug-watchos/StoreKitTheKit-t.build/Objects-normal/arm64/StoreKitTheKit-dependency-scan.dia -validate-clang-modules-once -clang-build-session-file /Users/admin/builder/spi-builder-workspace/.derivedData/ModuleCache.noindex/Session.modulevalidation -Xcc -fmodules-prune-interval\=86400 -Xcc -fmodules-prune-after\=345600 -package-name spi_builder_workspace -emit-const-values -const-gather-protocols-list /Users/admin/builder/spi-builder-workspace/.derivedData/Build/Intermediates.noindex/StoreKitTheKit.build/Debug-watchos/StoreKitTheKit-t.build/Objects-normal/arm64/StoreKitTheKit_const_extract_protocols.json -Xcc -I/Users/admin/builder/spi-builder-workspace/.derivedData/Build/Products/Debug-watchos/include -Xcc -I/Users/admin/builder/spi-builder-workspace/.derivedData/Build/Intermediates.noindex/StoreKitTheKit.build/Debug-watchos/StoreKitTheKit-t.build/DerivedSources-normal/arm64 -Xcc -I/Users/admin/builder/spi-builder-workspace/.derivedData/Build/Intermediates.noindex/StoreKitTheKit.build/Debug-watchos/StoreKitTheKit-t.build/DerivedSources/arm64 -Xcc -I/Users/admin/builder/spi-builder-workspace/.derivedData/Build/Intermediates.noindex/StoreKitTheKit.build/Debug-watchos/StoreKitTheKit-t.build/DerivedSources -Xcc -DSWIFT_PACKAGE -Xcc -DDEBUG\=1 -emit-objc-header -emit-objc-header-path /Users/admin/builder/spi-builder-workspace/.derivedData/Build/Intermediates.noindex/StoreKitTheKit.build/Debug-watchos/StoreKitTheKit-t.build/Objects-normal/arm64/StoreKitTheKit-Swift.h -working-directory /Users/admin/builder/spi-builder-workspace/.swiftpm/xcode -experimental-emit-module-separately -disable-cmo
SwiftDriver StoreKitTheKit normal arm64_32 com.apple.xcode.tools.swift.compiler (in target 'StoreKitTheKit' from project 'StoreKitTheKit')
cd /Users/admin/builder/spi-builder-workspace/.swiftpm/xcode
builtin-SwiftDriver -- /Applications/Xcode-27.0.0-Release.Candidate.app/Contents/Developer/Toolchains/XcodeDefault.xctoolchain/usr/bin/swiftc -parse-as-library -module-name StoreKitTheKit -Onone @/Users/admin/builder/spi-builder-workspace/.derivedData/Build/Intermediates.noindex/StoreKitTheKit.build/Debug-watchos/StoreKitTheKit-t.build/Objects-normal/arm64_32/StoreKitTheKit.SwiftFileList -DSWIFT_PACKAGE -DDEBUG -DSWIFT_MODULE_RESOURCE_BUNDLE_UNAVAILABLE -DXcode -plugin-path /Applications/Xcode-27.0.0-Release.Candidate.app/Contents/Developer/Toolchains/XcodeDefault.xctoolchain/usr/lib/swift/host/plugins/testing -enable-experimental-feature DebugDescriptionMacro -sdk /Applications/Xcode-27.0.0-Release.Candidate.app/Contents/Developer/Platforms/WatchOS.platform/Developer/SDKs/WatchOS27.0.sdk -target arm64_32-apple-watchos9.0 -g -module-cache-path /Users/admin/builder/spi-builder-workspace/.derivedData/ModuleCache.noindex -Xfrontend -serialize-debugging-options -enable-testing -index-store-path /Users/admin/builder/spi-builder-workspace/.derivedData/Index.noindex/DataStore -Xcc -D_LIBCPP_HARDENING_MODE\=_LIBCPP_HARDENING_MODE_DEBUG -swift-version 6 -I /Users/admin/builder/spi-builder-workspace/.derivedData/Build/Products/Debug-watchos -Isystem /Applications/Xcode-27.0.0-Release.Candidate.app/Contents/Developer/Platforms/WatchOS.platform/Developer/usr/lib -F /Users/admin/builder/spi-builder-workspace/.derivedData/Build/Products/Debug-watchos -F /Applications/Xcode-27.0.0-Release.Candidate.app/Contents/Developer/Platforms/WatchOS.platform/Developer/Library/Frameworks -F /Applications/Xcode-27.0.0-Release.Candidate.app/Contents/Developer/Platforms/WatchOS.platform/Developer/SDKs/WatchOS27.0.sdk/Developer/Library/Frameworks -c -j10 -enable-batch-mode -incremental -Xcc -ivfsstatcache -Xcc /Users/admin/builder/spi-builder-workspace/.derivedData/SDKStatCaches.noindex/watchos27.0-24R360-e829b21a6f8c9b70876ba0858053c04477534ef55a1706bf4c1112bbb242f0a2.sdkstatcache -output-file-map /Users/admin/builder/spi-builder-workspace/.derivedData/Build/Intermediates.noindex/StoreKitTheKit.build/Debug-watchos/StoreKitTheKit-t.build/Objects-normal/arm64_32/StoreKitTheKit-OutputFileMap.json -save-temps -no-color-diagnostics -explicit-module-build -module-cache-path /Users/admin/builder/spi-builder-workspace/.derivedData/Build/Intermediates.noindex/SwiftExplicitPrecompiledModules -clang-scanner-module-cache-path /Users/admin/builder/spi-builder-workspace/.derivedData/ModuleCache.noindex -sdk-module-cache-path /Users/admin/builder/spi-builder-workspace/.derivedData/SDKExplicitPrecompiledModules -emit-dependencies -emit-module -emit-module-path /Users/admin/builder/spi-builder-workspace/.derivedData/Build/Intermediates.noindex/StoreKitTheKit.build/Debug-watchos/StoreKitTheKit-t.build/Objects-normal/arm64_32/StoreKitTheKit.swiftmodule -serialize-diagnostics -dependency-scan-serialize-diagnostics-path /Users/admin/builder/spi-builder-workspace/.derivedData/Build/Intermediates.noindex/StoreKitTheKit.build/Debug-watchos/StoreKitTheKit-t.build/Objects-normal/arm64_32/StoreKitTheKit-dependency-scan.dia -validate-clang-modules-once -clang-build-session-file /Users/admin/builder/spi-builder-workspace/.derivedData/ModuleCache.noindex/Session.modulevalidation -Xcc -fmodules-prune-interval\=86400 -Xcc -fmodules-prune-after\=345600 -package-name spi_builder_workspace -emit-const-values -const-gather-protocols-list /Users/admin/builder/spi-builder-workspace/.derivedData/Build/Intermediates.noindex/StoreKitTheKit.build/Debug-watchos/StoreKitTheKit-t.build/Objects-normal/arm64_32/StoreKitTheKit_const_extract_protocols.json -Xcc -I/Users/admin/builder/spi-builder-workspace/.derivedData/Build/Products/Debug-watchos/include -Xcc -I/Users/admin/builder/spi-builder-workspace/.derivedData/Build/Intermediates.noindex/StoreKitTheKit.build/Debug-watchos/StoreKitTheKit-t.build/DerivedSources-normal/arm64_32 -Xcc -I/Users/admin/builder/spi-builder-workspace/.derivedData/Build/Intermediates.noindex/StoreKitTheKit.build/Debug-watchos/StoreKitTheKit-t.build/DerivedSources/arm64_32 -Xcc -I/Users/admin/builder/spi-builder-workspace/.derivedData/Build/Intermediates.noindex/StoreKitTheKit.build/Debug-watchos/StoreKitTheKit-t.build/DerivedSources -Xcc -DSWIFT_PACKAGE -Xcc -DDEBUG\=1 -emit-objc-header -emit-objc-header-path /Users/admin/builder/spi-builder-workspace/.derivedData/Build/Intermediates.noindex/StoreKitTheKit.build/Debug-watchos/StoreKitTheKit-t.build/Objects-normal/arm64_32/StoreKitTheKit-Swift.h -working-directory /Users/admin/builder/spi-builder-workspace/.swiftpm/xcode -experimental-emit-module-separately -disable-cmo
SwiftCompile normal arm64 Compiling\ StoreError.swift,\ PurchaseState.swift /Users/admin/builder/spi-builder-workspace/Sources/StoreKitTheKit/StoreKitTheKit/Error/StoreError.swift /Users/admin/builder/spi-builder-workspace/Sources/StoreKitTheKit/StoreKitTheKit/States/PurchaseState.swift (in target 'StoreKitTheKit' from project 'StoreKitTheKit')
SwiftCompile normal arm64 /Users/admin/builder/spi-builder-workspace/Sources/StoreKitTheKit/StoreKitTheKit/Error/StoreError.swift (in target 'StoreKitTheKit' from project 'StoreKitTheKit')
cd /Users/admin/builder/spi-builder-workspace/.swiftpm/xcode
builtin-SwiftPerFileCompile StoreError.swift
SwiftCompile normal arm64 /Users/admin/builder/spi-builder-workspace/Sources/StoreKitTheKit/StoreKitTheKit/States/PurchaseState.swift (in target 'StoreKitTheKit' from project 'StoreKitTheKit')
cd /Users/admin/builder/spi-builder-workspace/.swiftpm/xcode
builtin-SwiftPerFileCompile PurchaseState.swift
SwiftCompile normal arm64 Compiling\ StoreKitTheKit+Formatting.swift /Users/admin/builder/spi-builder-workspace/Sources/StoreKitTheKit/StoreKitTheKit/StoreKitTheKit+Formatting.swift (in target 'StoreKitTheKit' from project 'StoreKitTheKit')
SwiftCompile normal arm64 /Users/admin/builder/spi-builder-workspace/Sources/StoreKitTheKit/StoreKitTheKit/StoreKitTheKit+Formatting.swift (in target 'StoreKitTheKit' from project 'StoreKitTheKit')
cd /Users/admin/builder/spi-builder-workspace/.swiftpm/xcode
builtin-SwiftPerFileCompile StoreKitTheKit+Formatting.swift
SwiftCompile normal arm64 Compiling\ StoreKitTheKit+Subscription.swift /Users/admin/builder/spi-builder-workspace/Sources/StoreKitTheKit/StoreKitTheKit/StoreKitTheKit+Subscription.swift (in target 'StoreKitTheKit' from project 'StoreKitTheKit')
SwiftCompile normal arm64 /Users/admin/builder/spi-builder-workspace/Sources/StoreKitTheKit/StoreKitTheKit/StoreKitTheKit+Subscription.swift (in target 'StoreKitTheKit' from project 'StoreKitTheKit')
cd /Users/admin/builder/spi-builder-workspace/.swiftpm/xcode
builtin-SwiftPerFileCompile StoreKitTheKit+Subscription.swift
SwiftEmitModule normal arm64 Emitting\ module\ for\ StoreKitTheKit (in target 'StoreKitTheKit' from project 'StoreKitTheKit')
/Users/admin/builder/spi-builder-workspace/Sources/StoreKitTheKit/StoreKitTheKit/StoreKitTheKit+Purchase.swift:98:17: error: cannot override 'paymentQueue' which has been marked unavailable
96 | }
97 |
98 | public func paymentQueue(_ queue: SKPaymentQueue, shouldAddStorePayment payment: SKPayment, for product: SKProduct) -> Bool {
| `- error: cannot override 'paymentQueue' which has been marked unavailable
99 | guard let purchasable = purchasableManager.product(id: product.productIdentifier) else {
100 | Logger.store.addLog("Product couldn't be identified")
/Applications/Xcode-27.0.0-Release.Candidate.app/Contents/Developer/Platforms/WatchOS.platform/Developer/SDKs/WatchOS27.0.sdk/System/Library/Frameworks/StoreKit.framework/Headers/SKPaymentQueue.h:110:1: note: 'paymentQueue(_:shouldAddStorePayment:for:)' has been explicitly marked unavailable here
108 |
109 | // Sent when a user initiates an IAP buy from the App Store
110 | - (BOOL)paymentQueue:(SKPaymentQueue *)queue shouldAddStorePayment:(SKPayment *)payment forProduct:(SKProduct *)product NS_SWIFT_NAME(paymentQueue(_:shouldAddStorePayment:for:)) API_DEPRECATED("Use PurchaseIntent.intents.", ios(11.0, 18.0), tvos(11.0, 18.0), macos(11.0, 15.0), macCatalyst(14.0, 18.0), visionos(1.0, 2.0)) API_UNAVAILABLE(watchos);
| `- note: 'paymentQueue(_:shouldAddStorePayment:for:)' has been explicitly marked unavailable here
111 |
112 | - (void)paymentQueueDidChangeStorefront:(SKPaymentQueue *)queue API_DEPRECATED("Use Storefront.updates.", ios(13.0, 18.0), tvos(13.0, 18.0), macos(10.15, 15.0), watchos(6.2, 11.0), visionos(1.0, 2.0));
Failed frontend command:
/Applications/Xcode-27.0.0-Release.Candidate.app/Contents/Developer/Toolchains/XcodeDefault.xctoolchain/usr/bin/swift-frontend -frontend -emit-module -experimental-skip-non-inlinable-function-bodies-without-types /Users/admin/builder/spi-builder-workspace/Sources/StoreKitTheKit/Extensions/LoggerExtension.swift /Users/admin/builder/spi-builder-workspace/Sources/StoreKitTheKit/LocalStore/LocalStoreManager.swift /Users/admin/builder/spi-builder-workspace/Sources/StoreKitTheKit/Purchasable/Purchasable.swift /Users/admin/builder/spi-builder-workspace/Sources/StoreKitTheKit/Purchasable/SubscriptionPeriodLength.swift /Users/admin/builder/spi-builder-workspace/Sources/StoreKitTheKit/StoreKitTheKit/Error/StoreError.swift /Users/admin/builder/spi-builder-workspace/Sources/StoreKitTheKit/StoreKitTheKit/States/PurchaseState.swift /Users/admin/builder/spi-builder-workspace/Sources/StoreKitTheKit/StoreKitTheKit/States/StoreAvailability.swift /Users/admin/builder/spi-builder-workspace/Sources/StoreKitTheKit/StoreKitTheKit/States/StoreKitTheKitState.swift /Users/admin/builder/spi-builder-workspace/Sources/StoreKitTheKit/StoreKitTheKit/States/SubscriptionInfo.swift /Users/admin/builder/spi-builder-workspace/Sources/StoreKitTheKit/StoreKitTheKit/StoreKitTheKit+Access.swift /Users/admin/builder/spi-builder-workspace/Sources/StoreKitTheKit/StoreKitTheKit/StoreKitTheKit+Formatting.swift /Users/admin/builder/spi-builder-workspace/Sources/StoreKitTheKit/StoreKitTheKit/StoreKitTheKit+Purchase.swift /Users/admin/builder/spi-builder-workspace/Sources/StoreKitTheKit/StoreKitTheKit/StoreKitTheKit+StoreSetup.swift /Users/admin/builder/spi-builder-workspace/Sources/StoreKitTheKit/StoreKitTheKit/StoreKitTheKit+Subscription.swift /Users/admin/builder/spi-builder-workspace/Sources/StoreKitTheKit/StoreKitTheKit/StoreKitTheKit.swift -target arm64-apple-watchos9.0 -disable-cross-import-overlay-search -swift-module-cross-import StoreKit /Applications/Xcode-27.0.0-Release.Candidate.app/Contents/Developer/Platforms/WatchOS.platform/Developer/SDKs/WatchOS.sdk/System/Library/Frameworks/StoreKit.framework/Modules/StoreKit.swiftcrossimport/SwiftUI.swiftoverlay -swift-module-cross-import StoreKit /Applications/Xcode-27.0.0-Release.Candidate.app/Contents/Developer/Platforms/WatchOS.platform/Developer/SDKs/WatchOS27.0.sdk/System/Library/Frameworks/StoreKit.framework/Modules/StoreKit.swiftcrossimport/SwiftUI.swiftoverlay -load-resolved-plugin /Applications/Xcode-27.0.0-Release.Candidate.app/Contents/Developer/Platforms/WatchOS.platform/Developer/usr/lib/swift/host/plugins/libFoundationMacros.dylib\#/Applications/Xcode-27.0.0-Release.Candidate.app/Contents/Developer/Platforms/WatchOS.platform/Developer/usr/bin/swift-plugin-server\#FoundationMacros -load-resolved-plugin /Applications/Xcode-27.0.0-Release.Candidate.app/Contents/Developer/Platforms/WatchOS.platform/Developer/usr/lib/swift/host/plugins/libObservationMacros.dylib\#/Applications/Xcode-27.0.0-Release.Candidate.app/Contents/Developer/Platforms/WatchOS.platform/Developer/usr/bin/swift-plugin-server\#ObservationMacros -load-resolved-plugin /Applications/Xcode-27.0.0-Release.Candidate.app/Contents/Developer/Platforms/WatchOS.platform/Developer/usr/lib/swift/host/plugins/libSwiftMacros.dylib\#/Applications/Xcode-27.0.0-Release.Candidate.app/Contents/Developer/Platforms/WatchOS.platform/Developer/usr/bin/swift-plugin-server\#SwiftMacros -load-resolved-plugin /Applications/Xcode-27.0.0-Release.Candidate.app/Contents/Developer/Platforms/WatchOS.platform/Developer/usr/lib/swift/host/plugins/libSwiftUIMacros.dylib\#/Applications/Xcode-27.0.0-Release.Candidate.app/Contents/Developer/Platforms/WatchOS.platform/Developer/usr/bin/swift-plugin-server\#SwiftUIMacros -disable-implicit-swift-modules -Xcc -fno-implicit-modules -Xcc -fno-implicit-module-maps -explicit-swift-module-map-file /Users/admin/builder/spi-builder-workspace/.derivedData/Build/Intermediates.noindex/StoreKitTheKit.build/Debug-watchos/StoreKitTheKit-t.build/Objects-normal/arm64/StoreKitTheKit-dependencies-2.json -Xllvm -aarch64-use-tbi -enable-objc-interop -stack-check -sdk /Applications/Xcode-27.0.0-Release.Candidate.app/Contents/Developer/Platforms/WatchOS.platform/Developer/SDKs/WatchOS27.0.sdk -I /Users/admin/builder/spi-builder-workspace/.derivedData/Build/Products/Debug-watchos -Isystem /Applications/Xcode-27.0.0-Release.Candidate.app/Contents/Developer/Platforms/WatchOS.platform/Developer/usr/lib -F /Users/admin/builder/spi-builder-workspace/.derivedData/Build/Products/Debug-watchos -F /Applications/Xcode-27.0.0-Release.Candidate.app/Contents/Developer/Platforms/WatchOS.platform/Developer/Library/Frameworks -F /Applications/Xcode-27.0.0-Release.Candidate.app/Contents/Developer/Platforms/WatchOS.platform/Developer/SDKs/WatchOS27.0.sdk/Developer/Library/Frameworks -module-cache-path /Users/admin/builder/spi-builder-workspace/.derivedData/Build/Intermediates.noindex/SwiftExplicitPrecompiledModules -no-color-diagnostics -Xcc -fno-color-diagnostics -enable-testing -g -debug-info-format\=dwarf -dwarf-version\=4 -swift-version 6 -Onone -D SWIFT_PACKAGE -D DEBUG -D SWIFT_MODULE_RESOURCE_BUNDLE_UNAVAILABLE -D Xcode -serialize-debugging-options -enable-experimental-feature DebugDescriptionMacro -empty-abi-descriptor -validate-clang-modules-once -clang-build-session-file /Users/admin/builder/spi-builder-workspace/.derivedData/ModuleCache.noindex/Session.modulevalidation -Xcc -working-directory -Xcc /Users/admin/builder/spi-builder-workspace/.swiftpm/xcode -enable-anonymous-context-mangled-names -file-compilation-dir /Users/admin/builder/spi-builder-workspace/.swiftpm/xcode -Xcc -D_LIBCPP_HARDENING_MODE\=_LIBCPP_HARDENING_MODE_DEBUG -Xcc -ivfsstatcache -Xcc /Users/admin/builder/spi-builder-workspace/.derivedData/SDKStatCaches.noindex/watchos27.0-24R360-e829b21a6f8c9b70876ba0858053c04477534ef55a1706bf4c1112bbb242f0a2.sdkstatcache -Xcc -fmodules-prune-interval\=86400 -Xcc -fmodules-prune-after\=345600 -Xcc -I/Users/admin/builder/spi-builder-workspace/.derivedData/Build/Products/Debug-watchos/include -Xcc -I/Users/admin/builder/spi-builder-workspace/.derivedData/Build/Intermediates.noindex/StoreKitTheKit.build/Debug-watchos/StoreKitTheKit-t.build/DerivedSources-normal/arm64 -Xcc -I/Users/admin/builder/spi-builder-workspace/.derivedData/Build/Intermediates.noindex/StoreKitTheKit.build/Debug-watchos/StoreKitTheKit-t.build/DerivedSources/arm64 -Xcc -I/Users/admin/builder/spi-builder-workspace/.derivedData/Build/Intermediates.noindex/StoreKitTheKit.build/Debug-watchos/StoreKitTheKit-t.build/DerivedSources -Xcc -DSWIFT_PACKAGE -Xcc -DDEBUG\=1 -no-auto-bridging-header-chaining -module-name StoreKitTheKit -package-name spi_builder_workspace -const-gather-protocols-file /Users/admin/builder/spi-builder-workspace/.derivedData/Build/Intermediates.noindex/StoreKitTheKit.build/Debug-watchos/StoreKitTheKit-t.build/Objects-normal/arm64/StoreKitTheKit_const_extract_protocols.json -disable-clang-spi -clang-target arm64-apple-watchos27.0 -target-sdk-version 27.0 -target-sdk-name watchos27.0 -in-process-plugin-server-path /Applications/Xcode-27.0.0-Release.Candidate.app/Contents/Developer/Toolchains/XcodeDefault.xctoolchain/usr/lib/swift/host/libSwiftInProcPluginServer.dylib -emit-module-doc-path /Users/admin/builder/spi-builder-workspace/.derivedData/Build/Intermediates.noindex/StoreKitTheKit.build/Debug-watchos/StoreKitTheKit-t.build/Objects-normal/arm64/StoreKitTheKit.swiftdoc -emit-module-source-info-path /Users/admin/builder/spi-builder-workspace/.derivedData/Build/Intermediates.noindex/StoreKitTheKit.build/Debug-watchos/StoreKitTheKit-t.build/Objects-normal/arm64/StoreKitTheKit.swiftsourceinfo -emit-objc-header-path /Users/admin/builder/spi-builder-workspace/.derivedData/Build/Intermediates.noindex/StoreKitTheKit.build/Debug-watchos/StoreKitTheKit-t.build/Objects-normal/arm64/StoreKitTheKit-Swift.h -serialize-diagnostics-path /Users/admin/builder/spi-builder-workspace/.derivedData/Build/Intermediates.noindex/StoreKitTheKit.build/Debug-watchos/StoreKitTheKit-t.build/Objects-normal/arm64/StoreKitTheKit-primary-emit-module.dia -emit-dependencies-path /Users/admin/builder/spi-builder-workspace/.derivedData/Build/Intermediates.noindex/StoreKitTheKit.build/Debug-watchos/StoreKitTheKit-t.build/Objects-normal/arm64/StoreKitTheKit-primary-emit-module.d -parse-as-library -o /Users/admin/builder/spi-builder-workspace/.derivedData/Build/Intermediates.noindex/StoreKitTheKit.build/Debug-watchos/StoreKitTheKit-t.build/Objects-normal/arm64/StoreKitTheKit.swiftmodule -emit-abi-descriptor-path /Users/admin/builder/spi-builder-workspace/.derivedData/Build/Intermediates.noindex/StoreKitTheKit.build/Debug-watchos/StoreKitTheKit-t.build/Objects-normal/arm64/StoreKitTheKit.abi.json
SwiftCompile normal arm64 (in target 'StoreKitTheKit' from project 'StoreKitTheKit')
cd /Users/admin/builder/spi-builder-workspace/.swiftpm/xcode
SwiftCompile normal arm64 Compiling\ StoreKitTheKit.swift /Users/admin/builder/spi-builder-workspace/Sources/StoreKitTheKit/StoreKitTheKit/StoreKitTheKit.swift (in target 'StoreKitTheKit' from project 'StoreKitTheKit')
SwiftCompile normal arm64 /Users/admin/builder/spi-builder-workspace/Sources/StoreKitTheKit/StoreKitTheKit/StoreKitTheKit.swift (in target 'StoreKitTheKit' from project 'StoreKitTheKit')
cd /Users/admin/builder/spi-builder-workspace/.swiftpm/xcode
builtin-SwiftPerFileCompile StoreKitTheKit.swift
SwiftCompile normal arm64 Compiling\ SubscriptionInfo.swift,\ StoreKitTheKit+Access.swift /Users/admin/builder/spi-builder-workspace/Sources/StoreKitTheKit/StoreKitTheKit/States/SubscriptionInfo.swift /Users/admin/builder/spi-builder-workspace/Sources/StoreKitTheKit/StoreKitTheKit/StoreKitTheKit+Access.swift (in target 'StoreKitTheKit' from project 'StoreKitTheKit')
SwiftCompile normal arm64 /Users/admin/builder/spi-builder-workspace/Sources/StoreKitTheKit/StoreKitTheKit/States/SubscriptionInfo.swift (in target 'StoreKitTheKit' from project 'StoreKitTheKit')
cd /Users/admin/builder/spi-builder-workspace/.swiftpm/xcode
builtin-SwiftPerFileCompile SubscriptionInfo.swift
SwiftCompile normal arm64 /Users/admin/builder/spi-builder-workspace/Sources/StoreKitTheKit/StoreKitTheKit/StoreKitTheKit+Access.swift (in target 'StoreKitTheKit' from project 'StoreKitTheKit')
cd /Users/admin/builder/spi-builder-workspace/.swiftpm/xcode
builtin-SwiftPerFileCompile StoreKitTheKit+Access.swift
SwiftCompile normal arm64 Compiling\ StoreAvailability.swift,\ StoreKitTheKitState.swift /Users/admin/builder/spi-builder-workspace/Sources/StoreKitTheKit/StoreKitTheKit/States/StoreAvailability.swift /Users/admin/builder/spi-builder-workspace/Sources/StoreKitTheKit/StoreKitTheKit/States/StoreKitTheKitState.swift (in target 'StoreKitTheKit' from project 'StoreKitTheKit')
SwiftCompile normal arm64 /Users/admin/builder/spi-builder-workspace/Sources/StoreKitTheKit/StoreKitTheKit/States/StoreAvailability.swift (in target 'StoreKitTheKit' from project 'StoreKitTheKit')
cd /Users/admin/builder/spi-builder-workspace/.swiftpm/xcode
builtin-SwiftPerFileCompile StoreAvailability.swift
SwiftCompile normal arm64 /Users/admin/builder/spi-builder-workspace/Sources/StoreKitTheKit/StoreKitTheKit/States/StoreKitTheKitState.swift (in target 'StoreKitTheKit' from project 'StoreKitTheKit')
cd /Users/admin/builder/spi-builder-workspace/.swiftpm/xcode
builtin-SwiftPerFileCompile StoreKitTheKitState.swift
SwiftCompile normal arm64 Compiling\ LoggerExtension.swift,\ LocalStoreManager.swift /Users/admin/builder/spi-builder-workspace/Sources/StoreKitTheKit/Extensions/LoggerExtension.swift /Users/admin/builder/spi-builder-workspace/Sources/StoreKitTheKit/LocalStore/LocalStoreManager.swift (in target 'StoreKitTheKit' from project 'StoreKitTheKit')
SwiftCompile normal arm64 /Users/admin/builder/spi-builder-workspace/Sources/StoreKitTheKit/Extensions/LoggerExtension.swift (in target 'StoreKitTheKit' from project 'StoreKitTheKit')
cd /Users/admin/builder/spi-builder-workspace/.swiftpm/xcode
builtin-SwiftPerFileCompile LoggerExtension.swift
SwiftCompile normal arm64 /Users/admin/builder/spi-builder-workspace/Sources/StoreKitTheKit/LocalStore/LocalStoreManager.swift (in target 'StoreKitTheKit' from project 'StoreKitTheKit')
cd /Users/admin/builder/spi-builder-workspace/.swiftpm/xcode
builtin-SwiftPerFileCompile LocalStoreManager.swift
SwiftCompile normal arm64 Compiling\ Purchasable.swift,\ SubscriptionPeriodLength.swift /Users/admin/builder/spi-builder-workspace/Sources/StoreKitTheKit/Purchasable/Purchasable.swift /Users/admin/builder/spi-builder-workspace/Sources/StoreKitTheKit/Purchasable/SubscriptionPeriodLength.swift (in target 'StoreKitTheKit' from project 'StoreKitTheKit')
SwiftCompile normal arm64 /Users/admin/builder/spi-builder-workspace/Sources/StoreKitTheKit/Purchasable/Purchasable.swift (in target 'StoreKitTheKit' from project 'StoreKitTheKit')
cd /Users/admin/builder/spi-builder-workspace/.swiftpm/xcode
builtin-SwiftPerFileCompile Purchasable.swift
SwiftCompile normal arm64 /Users/admin/builder/spi-builder-workspace/Sources/StoreKitTheKit/Purchasable/SubscriptionPeriodLength.swift (in target 'StoreKitTheKit' from project 'StoreKitTheKit')
cd /Users/admin/builder/spi-builder-workspace/.swiftpm/xcode
builtin-SwiftPerFileCompile SubscriptionPeriodLength.swift
SwiftCompile normal arm64 Compiling\ StoreKitTheKit+Purchase.swift /Users/admin/builder/spi-builder-workspace/Sources/StoreKitTheKit/StoreKitTheKit/StoreKitTheKit+Purchase.swift (in target 'StoreKitTheKit' from project 'StoreKitTheKit')
SwiftCompile normal arm64 /Users/admin/builder/spi-builder-workspace/Sources/StoreKitTheKit/StoreKitTheKit/StoreKitTheKit+Purchase.swift (in target 'StoreKitTheKit' from project 'StoreKitTheKit')
cd /Users/admin/builder/spi-builder-workspace/.swiftpm/xcode
builtin-SwiftPerFileCompile StoreKitTheKit+Purchase.swift
SwiftEmitModule normal arm64_32 Emitting\ module\ for\ StoreKitTheKit (in target 'StoreKitTheKit' from project 'StoreKitTheKit')
SwiftCompile normal arm64_32 (in target 'StoreKitTheKit' from project 'StoreKitTheKit')
cd /Users/admin/builder/spi-builder-workspace/.swiftpm/xcode
PruneExplicitPrecompiledModules /Users/admin/builder/spi-builder-workspace/.derivedData/Build/Intermediates.noindex/ExplicitPrecompiledModules
PruneExplicitPrecompiledModules /Users/admin/builder/spi-builder-workspace/.derivedData/Build/Intermediates.noindex/SwiftExplicitPrecompiledModules
PruneExplicitPrecompiledModules /Users/admin/builder/spi-builder-workspace/.derivedData/SDKExplicitPrecompiledModules
2026-09-23 02:31:48.457 xcodebuild[825:4646] [MT] IDERunDestination: Supported platforms for the buildables in the current scheme is empty.
** BUILD FAILED **
The following build commands failed:
SwiftEmitModule normal arm64 Emitting\ module\ for\ StoreKitTheKit (in target 'StoreKitTheKit' from project 'StoreKitTheKit')
SwiftCompile normal arm64 (in target 'StoreKitTheKit' from project 'StoreKitTheKit')
Building workspace StoreKitTheKit with scheme StoreKitTheKit
(3 failures)
BUILD FAILURE 6.4 watchOS