Build Information
Failed to build Frisbee, reference 1.0.0 (32fe11), with Swift 6.4 for macOS (Xcode) using Xcode 27.0 on 15 Sep 2026 23:44:42 UTC.
Build Command
env DEVELOPER_DIR=/Applications/Xcode-27.0.0-Release.Candidate.app xcrun xcodebuild -IDEClonedSourcePackagesDirPathOverride=$PWD/.dependencies -skipMacroValidation -skipPackagePluginValidation -derivedDataPath $PWD/.derivedData build -scheme Frisbee-Package -destination platform=macOS,arch=arm64Build Log
========================================
RunAll
========================================
Builder version: 5.1.0
Interrupt handler set up.
========================================
Checkout
========================================
Clone URL: https://github.com/ronanrodrigo/Frisbee.git
Reference: 1.0.0
Initialized empty Git repository in /Users/admin/builder/spi-builder-workspace/.git/
From https://github.com/ronanrodrigo/Frisbee
* tag 1.0.0 -> FETCH_HEAD
HEAD is now at 32fe11f Merge branch 'master' of github.com:ronanrodrigo/Frisbee
Cloned https://github.com/ronanrodrigo/Frisbee.git
Revision (git rev-parse @):
32fe11fe455760321c1ae41b201b9d4981ab988b
SUCCESS checkout https://github.com/ronanrodrigo/Frisbee.git at 1.0.0
========================================
Build
========================================
Selected platform: macosXcodebuild
Swift version: 6.4
Building package at path: $PWD
https://github.com/ronanrodrigo/Frisbee.git
Command line invocation:
/Applications/Xcode-27.0.0-Release.Candidate.app/Contents/Developer/usr/bin/xcodebuild -IDEClonedSourcePackagesDirPathOverride=/Users/admin/builder/spi-builder-workspace/.dependencies -resolvePackageDependencies
resolved source packages:
{
"dependencies" : [
],
"manifest_display_name" : "Frisbee",
"name" : "Frisbee",
"path" : "/Users/admin/builder/spi-builder-workspace",
"platforms" : [
],
"products" : [
{
"name" : "Frisbee",
"targets" : [
"Frisbee"
],
"type" : {
"library" : [
"automatic"
]
}
}
],
"targets" : [
{
"c99name" : "FrisbeeTests",
"module_type" : "SwiftTarget",
"name" : "FrisbeeTests",
"path" : "Tests/FrisbeeTests",
"sources" : [
"Adapters/BodyAdapterTests.swift",
"Adapters/DecoderDataAdapterTests.swift",
"Adapters/QueryItemAdapterTests.swift",
"Adapters/URLQueryAdapterTests.swift",
"Adapters/URLSessionTaskAdapterTests.swift",
"Entities/FrisbeeErrorTests.swift",
"Entities/ResultTests.swift",
"Factories/URLRequestFactoryTests.swift",
"Factories/URLSessionFactoryTests.swift",
"Interactors/ResultGeneratorTests.swift",
"Requestables/IntegrationNetworkGetTests.swift",
"Requestables/IntegrationNetworkPostTests.swift",
"Requestables/IntegrationNetworkPutTests.swift",
"Requestables/NetworkGetTests.swift",
"Requestables/NetworkPostTests.swift",
"Requestables/NetworkPutTests.swift",
"Support/Doubles/BodyThrowErrorFakeAdapter.swift",
"Support/Doubles/DecoderThrowErrorFakeAdapter.swift",
"Support/Doubles/EncoderThrowErrorFakeAdapter.swift",
"Support/Doubles/MockURLSession.swift",
"Support/Doubles/SerializerThrowErrorFakeAdapter.swift",
"Support/Doubles/URLWithQueryTrhrowErrorFakeBuildable.swift",
"Support/Entities/Empty.swift",
"Support/Entities/Fake.swift",
"Support/Entities/Movie.swift",
"Support/Entities/MovieQuery.swift",
"Support/Entities/SomeEntity.swift",
"Support/Entities/SomeError.swift",
"Support/Extensions/FrisbeeError+All.swift",
"Support/Extensions/SequenceExtensions.swift",
"Support/Extensions/XCTestCase+AssertContains.swift"
],
"target_dependencies" : [
"Frisbee"
],
"type" : "test"
},
{
"c99name" : "Frisbee",
"module_type" : "SwiftTarget",
"name" : "Frisbee",
"path" : "Sources/Frisbee",
"product_memberships" : [
"Frisbee"
],
"sources" : [
"Adapters/BodiableAdapter.swift",
"Adapters/BodyAdapter.swift",
"Adapters/Cancellable.swift",
"Adapters/DecodableAdapter.swift",
"Adapters/DecoderDataAdapter.swift",
"Adapters/DecoderJSONAdapter.swift",
"Adapters/EncodableAdapter.swift",
"Adapters/EncoderJSONAdapter.swift",
"Adapters/QueryItemAdapter.swift",
"Adapters/SerializableAdapter.swift",
"Adapters/SerializerJSONAdapter.swift",
"Adapters/URLQueriableAdapter.swift",
"Adapters/URLQueryAdapter.swift",
"Adapters/URLSessionTaskAdapter.swift",
"Entities/FrisbeeError.swift",
"Entities/HTTPMethod.swift",
"Entities/Result.swift",
"Factories/Adapters/BodyAdapterFactory.swift",
"Factories/Adapters/DecodableAdapterFactory.swift",
"Factories/Adapters/EncodableAdapterFactory.swift",
"Factories/Adapters/SerializableAdapterFactory.swift",
"Factories/Adapters/URLQueriableAdapterFactory.swift",
"Factories/ResultGeneratorFactory.swift",
"Factories/URLRequestFactory.swift",
"Factories/URLSessionFactory.swift",
"Interactors/DataTaskRunner.swift",
"Interactors/ResultGenerator.swift",
"Requestables/Getable.swift",
"Requestables/NetworkGet.swift",
"Requestables/NetworkPost.swift",
"Requestables/NetworkPut.swift",
"Requestables/OnComplete.swift",
"Requestables/Postable.swift",
"Requestables/Putable.swift"
],
"type" : "library"
}
],
"tools_version" : "4.0"
}
{
"project" : {
"configurations" : [
"Debug",
"Release"
],
"name" : "Frisbee",
"schemes" : [
"Frisbee-Package",
"FrisbeePackageDescription",
"FrisbeePackageTests"
],
"targets" : [
"Frisbee",
"FrisbeePackageDescription",
"FrisbeePackageTests",
"FrisbeeTests"
]
}
}
Running build ...
env DEVELOPER_DIR=/Applications/Xcode-27.0.0-Release.Candidate.app xcrun xcodebuild -IDEClonedSourcePackagesDirPathOverride=$PWD/.dependencies -skipMacroValidation -skipPackagePluginValidation -derivedDataPath $PWD/.derivedData build -scheme Frisbee-Package -destination platform=macOS,arch=arm64
Command line invocation:
/Applications/Xcode-27.0.0-Release.Candidate.app/Contents/Developer/usr/bin/xcodebuild -IDEClonedSourcePackagesDirPathOverride=/Users/admin/builder/spi-builder-workspace/.dependencies -skipMacroValidation -skipPackagePluginValidation -derivedDataPath /Users/admin/builder/spi-builder-workspace/.derivedData build -scheme Frisbee-Package -destination platform=macOS,arch=arm64
ComputePackagePrebuildTargetDependencyGraph
Prepare packages
CreateBuildRequest
SendProjectDescription
CreateBuildOperation
ComputeTargetDependencyGraph
note: Building targets in dependency order
note: Target dependency graph (1 target)
Target 'Frisbee' in project 'Frisbee' (no dependencies)
GatherProvisioningInputs
CreateBuildDescription
ExecuteExternalTool /Applications/Xcode-27.0.0-Release.Candidate.app/Contents/Developer/Toolchains/XcodeDefault.xctoolchain/usr/bin/clang -v -E -dM -isysroot /Applications/Xcode-27.0.0-Release.Candidate.app/Contents/Developer/Platforms/MacOSX.platform/Developer/SDKs/MacOSX27.0.sdk -x c -c /dev/null
ExecuteExternalTool /Applications/Xcode-27.0.0-Release.Candidate.app/Contents/Developer/Toolchains/XcodeDefault.xctoolchain/usr/bin/swiftc --version
ExecuteExternalTool /Applications/Xcode-27.0.0-Release.Candidate.app/Contents/Developer/Toolchains/XcodeDefault.xctoolchain/usr/bin/ld -version_details
Build description signature: 6fe3f81dd23edfa154fb560c79a04384
Build description path: /Users/admin/builder/spi-builder-workspace/.derivedData/Build/Intermediates.noindex/XCBuildData/6fe3f81dd23edfa154fb560c79a04384.xcbuilddata
/Users/admin/builder/spi-builder-workspace/Frisbee.xcodeproj: error: The macOS deployment target 'MACOSX_DEPLOYMENT_TARGET' is set to 10.10, but the range of supported deployment target versions is 12.0 to 27.0.x. (in target 'Frisbee' from project 'Frisbee')
** BUILD FAILED **
The following build commands failed:
Building project Frisbee with scheme Frisbee-Package
(1 failure)
Command line invocation:
/Applications/Xcode-27.0.0-Release.Candidate.app/Contents/Developer/usr/bin/xcodebuild -IDEClonedSourcePackagesDirPathOverride=/Users/admin/builder/spi-builder-workspace/.dependencies -resolvePackageDependencies
resolved source packages:
{
"dependencies" : [
],
"manifest_display_name" : "Frisbee",
"name" : "Frisbee",
"path" : "/Users/admin/builder/spi-builder-workspace",
"platforms" : [
],
"products" : [
{
"name" : "Frisbee",
"targets" : [
"Frisbee"
],
"type" : {
"library" : [
"automatic"
]
}
}
],
"targets" : [
{
"c99name" : "FrisbeeTests",
"module_type" : "SwiftTarget",
"name" : "FrisbeeTests",
"path" : "Tests/FrisbeeTests",
"sources" : [
"Adapters/BodyAdapterTests.swift",
"Adapters/DecoderDataAdapterTests.swift",
"Adapters/QueryItemAdapterTests.swift",
"Adapters/URLQueryAdapterTests.swift",
"Adapters/URLSessionTaskAdapterTests.swift",
"Entities/FrisbeeErrorTests.swift",
"Entities/ResultTests.swift",
"Factories/URLRequestFactoryTests.swift",
"Factories/URLSessionFactoryTests.swift",
"Interactors/ResultGeneratorTests.swift",
"Requestables/IntegrationNetworkGetTests.swift",
"Requestables/IntegrationNetworkPostTests.swift",
"Requestables/IntegrationNetworkPutTests.swift",
"Requestables/NetworkGetTests.swift",
"Requestables/NetworkPostTests.swift",
"Requestables/NetworkPutTests.swift",
"Support/Doubles/BodyThrowErrorFakeAdapter.swift",
"Support/Doubles/DecoderThrowErrorFakeAdapter.swift",
"Support/Doubles/EncoderThrowErrorFakeAdapter.swift",
"Support/Doubles/MockURLSession.swift",
"Support/Doubles/SerializerThrowErrorFakeAdapter.swift",
"Support/Doubles/URLWithQueryTrhrowErrorFakeBuildable.swift",
"Support/Entities/Empty.swift",
"Support/Entities/Fake.swift",
"Support/Entities/Movie.swift",
"Support/Entities/MovieQuery.swift",
"Support/Entities/SomeEntity.swift",
"Support/Entities/SomeError.swift",
"Support/Extensions/FrisbeeError+All.swift",
"Support/Extensions/SequenceExtensions.swift",
"Support/Extensions/XCTestCase+AssertContains.swift"
],
"target_dependencies" : [
"Frisbee"
],
"type" : "test"
},
{
"c99name" : "Frisbee",
"module_type" : "SwiftTarget",
"name" : "Frisbee",
"path" : "Sources/Frisbee",
"product_memberships" : [
"Frisbee"
],
"sources" : [
"Adapters/BodiableAdapter.swift",
"Adapters/BodyAdapter.swift",
"Adapters/Cancellable.swift",
"Adapters/DecodableAdapter.swift",
"Adapters/DecoderDataAdapter.swift",
"Adapters/DecoderJSONAdapter.swift",
"Adapters/EncodableAdapter.swift",
"Adapters/EncoderJSONAdapter.swift",
"Adapters/QueryItemAdapter.swift",
"Adapters/SerializableAdapter.swift",
"Adapters/SerializerJSONAdapter.swift",
"Adapters/URLQueriableAdapter.swift",
"Adapters/URLQueryAdapter.swift",
"Adapters/URLSessionTaskAdapter.swift",
"Entities/FrisbeeError.swift",
"Entities/HTTPMethod.swift",
"Entities/Result.swift",
"Factories/Adapters/BodyAdapterFactory.swift",
"Factories/Adapters/DecodableAdapterFactory.swift",
"Factories/Adapters/EncodableAdapterFactory.swift",
"Factories/Adapters/SerializableAdapterFactory.swift",
"Factories/Adapters/URLQueriableAdapterFactory.swift",
"Factories/ResultGeneratorFactory.swift",
"Factories/URLRequestFactory.swift",
"Factories/URLSessionFactory.swift",
"Interactors/DataTaskRunner.swift",
"Interactors/ResultGenerator.swift",
"Requestables/Getable.swift",
"Requestables/NetworkGet.swift",
"Requestables/NetworkPost.swift",
"Requestables/NetworkPut.swift",
"Requestables/OnComplete.swift",
"Requestables/Postable.swift",
"Requestables/Putable.swift"
],
"type" : "library"
}
],
"tools_version" : "4.0"
}
{
"project" : {
"configurations" : [
"Debug",
"Release"
],
"name" : "Frisbee",
"schemes" : [
"Frisbee-Package",
"FrisbeePackageDescription",
"FrisbeePackageTests"
],
"targets" : [
"Frisbee",
"FrisbeePackageDescription",
"FrisbeePackageTests",
"FrisbeeTests"
]
}
}
Running build ...
env DEVELOPER_DIR=/Applications/Xcode-27.0.0-Release.Candidate.app xcrun xcodebuild -IDEClonedSourcePackagesDirPathOverride=$PWD/.dependencies -skipMacroValidation -skipPackagePluginValidation -derivedDataPath $PWD/.derivedData build -scheme Frisbee-Package -destination platform=macOS,arch=arm64
Command line invocation:
/Applications/Xcode-27.0.0-Release.Candidate.app/Contents/Developer/usr/bin/xcodebuild -IDEClonedSourcePackagesDirPathOverride=/Users/admin/builder/spi-builder-workspace/.dependencies -skipMacroValidation -skipPackagePluginValidation -derivedDataPath /Users/admin/builder/spi-builder-workspace/.derivedData build -scheme Frisbee-Package -destination platform=macOS,arch=arm64
ComputePackagePrebuildTargetDependencyGraph
Prepare packages
CreateBuildRequest
SendProjectDescription
CreateBuildOperation
ComputeTargetDependencyGraph
note: Building targets in dependency order
note: Target dependency graph (1 target)
Target 'Frisbee' in project 'Frisbee' (no dependencies)
GatherProvisioningInputs
CreateBuildDescription
/Users/admin/builder/spi-builder-workspace/Frisbee.xcodeproj: error: The macOS deployment target 'MACOSX_DEPLOYMENT_TARGET' is set to 10.10, but the range of supported deployment target versions is 12.0 to 27.0.x. (in target 'Frisbee' from project 'Frisbee')
** BUILD FAILED **
The following build commands failed:
Building project Frisbee with scheme Frisbee-Package
(1 failure)
BUILD FAILURE 6.4 macosXcodebuild