Build Information
Failed to build Loupe, reference 3.0.0 (eb0d2d), with Swift 6.4 for watchOS using Xcode 27.0 on 23 Sep 2026 20:38:01 UTC.
Build Command
env DEVELOPER_DIR=/Applications/Xcode-27.0.0-Release.Candidate.app xcrun xcodebuild -IDEClonedSourcePackagesDirPathOverride=$PWD/.dependencies -skipMacroValidation -skipPackagePluginValidation -derivedDataPath $PWD/.derivedData build -scheme Loupe -destination generic/platform=watchOSBuild Log
========================================
RunAll
========================================
Builder version: 5.1.0
Interrupt handler set up.
========================================
Checkout
========================================
Clone URL: https://github.com/Aeastr/Loupe.git
Reference: 3.0.0
Initialized empty Git repository in /Users/admin/builder/spi-builder-workspace/.git/
From https://github.com/Aeastr/Loupe
* tag 3.0.0 -> FETCH_HEAD
HEAD is now at eb0d2dc Add detailed documentation for visual debugging tools
Cloned https://github.com/Aeastr/Loupe.git
Revision (git rev-parse @):
eb0d2dc4fa053447b643ec7a2d62fc007432014b
SUCCESS checkout https://github.com/Aeastr/Loupe.git at 3.0.0
========================================
Build
========================================
Selected platform: watchOS
Swift version: 6.4
Building package at path: $PWD
https://github.com/Aeastr/Loupe.git
Command line invocation:
/Applications/Xcode-27.0.0-Release.Candidate.app/Contents/Developer/usr/bin/xcodebuild -IDEClonedSourcePackagesDirPathOverride=/Users/admin/builder/spi-builder-workspace/.dependencies -resolvePackageDependencies
Resolve Package Graph
Resolve Package Graph
Resolved source packages:
Loupe: /Users/admin/builder/spi-builder-workspace
resolved source packages: Loupe
2026-09-23 16:37:17.795 xcodebuild[529:3029] [MT] IDERunDestination: Supported platforms for the buildables in the current scheme is empty.
{
"dependencies" : [
],
"manifest_display_name" : "Loupe",
"name" : "Loupe",
"path" : "/Users/admin/builder/spi-builder-workspace",
"platforms" : [
{
"name" : "ios",
"version" : "17.0"
},
{
"name" : "macos",
"version" : "14.0"
},
{
"name" : "visionos",
"version" : "1.0"
},
{
"name" : "tvos",
"version" : "17.0"
},
{
"name" : "watchos",
"version" : "10.0"
}
],
"products" : [
{
"name" : "Loupe",
"targets" : [
"Loupe"
],
"type" : {
"library" : [
"automatic"
]
}
}
],
"targets" : [
{
"c99name" : "Loupe",
"module_type" : "SwiftTarget",
"name" : "Loupe",
"path" : "Sources/Loupe",
"product_memberships" : [
"Loupe"
],
"sources" : [
"LayoutDebug/DraggablePositionView.swift",
"LayoutDebug/VisualCornerInsetGuide.swift",
"LayoutDebug/VisualGridGuide.swift",
"LayoutDebug/VisualLayoutGuide.swift",
"RefreshDebug/ComputeDebugView.swift",
"RefreshDebug/DebugRender.swift",
"RefreshDebug/LocalRenderManager.swift",
"RefreshDebug/RenderCheck.swift",
"RefreshDebug/RenderDebugDemoView.swift"
],
"type" : "library"
}
],
"tools_version" : "6.0"
}
{
"workspace" : {
"name" : "Loupe",
"schemes" : [
"Loupe"
]
}
}
2026-09-23 16:37:49.551 xcodebuild[626:3857] [MT] IDERunDestination: Supported platforms for the buildables in the current scheme is empty.
Running build ...
env DEVELOPER_DIR=/Applications/Xcode-27.0.0-Release.Candidate.app xcrun xcodebuild -IDEClonedSourcePackagesDirPathOverride=$PWD/.dependencies -skipMacroValidation -skipPackagePluginValidation -derivedDataPath $PWD/.derivedData build -scheme Loupe -destination generic/platform=watchOS
Command line invocation:
/Applications/Xcode-27.0.0-Release.Candidate.app/Contents/Developer/usr/bin/xcodebuild -IDEClonedSourcePackagesDirPathOverride=/Users/admin/builder/spi-builder-workspace/.dependencies -skipMacroValidation -skipPackagePluginValidation -derivedDataPath /Users/admin/builder/spi-builder-workspace/.derivedData build -scheme Loupe -destination generic/platform=watchOS
Resolve Package Graph
Resolved source packages:
Loupe: /Users/admin/builder/spi-builder-workspace
ComputePackagePrebuildTargetDependencyGraph
Prepare packages
CreateBuildRequest
SendProjectDescription
CreateBuildOperation
ComputeTargetDependencyGraph
note: Building targets in dependency order
note: Target dependency graph (2 targets)
Target 'Loupe-product' in project 'Loupe'
➜ Explicit dependency on target 'Loupe' in project 'Loupe'
Target 'Loupe' in project 'Loupe' (no dependencies)
GatherProvisioningInputs
CreateBuildDescription
ExecuteExternalTool /Applications/Xcode-27.0.0-Release.Candidate.app/Contents/Developer/Toolchains/XcodeDefault.xctoolchain/usr/bin/clang -v -E -dM -isysroot /Applications/Xcode-27.0.0-Release.Candidate.app/Contents/Developer/Platforms/WatchOS.platform/Developer/SDKs/WatchOS27.0.sdk -x c -c /dev/null
ExecuteExternalTool /Applications/Xcode-27.0.0-Release.Candidate.app/Contents/Developer/Toolchains/XcodeDefault.xctoolchain/usr/bin/swiftc --version
ExecuteExternalTool /Applications/Xcode-27.0.0-Release.Candidate.app/Contents/Developer/Toolchains/XcodeDefault.xctoolchain/usr/bin/ld -version_details
Build description signature: 2b1c97a5c7ad27aed2e76acec6618d3e
Build description path: /Users/admin/builder/spi-builder-workspace/.derivedData/Build/Intermediates.noindex/XCBuildData/2b1c97a5c7ad27aed2e76acec6618d3e.xcbuilddata
CreateBuildDirectory /Users/admin/builder/spi-builder-workspace/.derivedData/SDKExplicitPrecompiledModules
cd /Users/admin/builder/spi-builder-workspace/.swiftpm/xcode
builtin-create-build-directory /Users/admin/builder/spi-builder-workspace/.derivedData/SDKExplicitPrecompiledModules
CreateBuildDirectory /Users/admin/builder/spi-builder-workspace/.derivedData/ModuleCache.noindex
cd /Users/admin/builder/spi-builder-workspace/.swiftpm/xcode
builtin-create-build-directory /Users/admin/builder/spi-builder-workspace/.derivedData/ModuleCache.noindex
CreateBuildDirectory /Users/admin/builder/spi-builder-workspace/.derivedData/CompilationCache.noindex
cd /Users/admin/builder/spi-builder-workspace/.swiftpm/xcode
builtin-create-build-directory /Users/admin/builder/spi-builder-workspace/.derivedData/CompilationCache.noindex
CreateBuildDirectory /Users/admin/builder/spi-builder-workspace/.derivedData/Build/Products
cd /Users/admin/builder/spi-builder-workspace/.swiftpm/xcode
builtin-create-build-directory /Users/admin/builder/spi-builder-workspace/.derivedData/Build/Products
CreateBuildDirectory /Users/admin/builder/spi-builder-workspace/.derivedData/Build/Intermediates.noindex
cd /Users/admin/builder/spi-builder-workspace/.swiftpm/xcode
builtin-create-build-directory /Users/admin/builder/spi-builder-workspace/.derivedData/Build/Intermediates.noindex
ClangStatCache /Applications/Xcode-27.0.0-Release.Candidate.app/Contents/Developer/Toolchains/XcodeDefault.xctoolchain/usr/bin/clang-stat-cache /Applications/Xcode-27.0.0-Release.Candidate.app/Contents/Developer/Platforms/WatchOS.platform/Developer/SDKs/WatchOS27.0.sdk /Users/admin/builder/spi-builder-workspace/.derivedData/SDKStatCaches.noindex/watchos27.0-24R360-e829b21a6f8c9b70876ba0858053c04477534ef55a1706bf4c1112bbb242f0a2.sdkstatcache
cd /Users/admin/builder/spi-builder-workspace/.swiftpm/xcode
/Applications/Xcode-27.0.0-Release.Candidate.app/Contents/Developer/Toolchains/XcodeDefault.xctoolchain/usr/bin/clang-stat-cache /Applications/Xcode-27.0.0-Release.Candidate.app/Contents/Developer/Platforms/WatchOS.platform/Developer/SDKs/WatchOS27.0.sdk -o /Users/admin/builder/spi-builder-workspace/.derivedData/SDKStatCaches.noindex/watchos27.0-24R360-e829b21a6f8c9b70876ba0858053c04477534ef55a1706bf4c1112bbb242f0a2.sdkstatcache
CreateBuildDirectory /Users/admin/builder/spi-builder-workspace/.derivedData/Build/Intermediates.noindex/PrecompiledHeaders
cd /Users/admin/builder/spi-builder-workspace/.swiftpm/xcode
builtin-create-build-directory /Users/admin/builder/spi-builder-workspace/.derivedData/Build/Intermediates.noindex/PrecompiledHeaders
CreateBuildDirectory /Users/admin/builder/spi-builder-workspace/.derivedData/Build/Intermediates.noindex/SwiftExplicitPrecompiledModules
cd /Users/admin/builder/spi-builder-workspace/.swiftpm/xcode
builtin-create-build-directory /Users/admin/builder/spi-builder-workspace/.derivedData/Build/Intermediates.noindex/SwiftExplicitPrecompiledModules
CreateBuildDirectory /Users/admin/builder/spi-builder-workspace/.derivedData/Build/Intermediates.noindex/ExplicitPrecompiledModules
cd /Users/admin/builder/spi-builder-workspace/.swiftpm/xcode
builtin-create-build-directory /Users/admin/builder/spi-builder-workspace/.derivedData/Build/Intermediates.noindex/ExplicitPrecompiledModules
CreateBuildDirectory /Users/admin/builder/spi-builder-workspace/.derivedData/Build/Intermediates.noindex/EagerLinkingTBDs/Debug-watchos
cd /Users/admin/builder/spi-builder-workspace/.swiftpm/xcode
builtin-create-build-directory /Users/admin/builder/spi-builder-workspace/.derivedData/Build/Intermediates.noindex/EagerLinkingTBDs/Debug-watchos
CreateBuildDirectory /Users/admin/builder/spi-builder-workspace/.derivedData/Build/Products/Debug-watchos
cd /Users/admin/builder/spi-builder-workspace/.swiftpm/xcode
builtin-create-build-directory /Users/admin/builder/spi-builder-workspace/.derivedData/Build/Products/Debug-watchos
CreateBuildDirectory /Users/admin/builder/spi-builder-workspace/.derivedData/Build/Products/Debug-watchos/PackageFrameworks
cd /Users/admin/builder/spi-builder-workspace/.swiftpm/xcode
builtin-create-build-directory /Users/admin/builder/spi-builder-workspace/.derivedData/Build/Products/Debug-watchos/PackageFrameworks
WriteAuxiliaryFile /Users/admin/builder/spi-builder-workspace/.derivedData/Build/Intermediates.noindex/Loupe.build/Debug-watchos/Loupe-t.build/Loupe.modulemap (in target 'Loupe' from project 'Loupe')
cd /Users/admin/builder/spi-builder-workspace
write-file /Users/admin/builder/spi-builder-workspace/.derivedData/Build/Intermediates.noindex/Loupe.build/Debug-watchos/Loupe-t.build/Loupe.modulemap
WriteAuxiliaryFile /Users/admin/builder/spi-builder-workspace/.derivedData/Build/Intermediates.noindex/Loupe.build/Debug-watchos/Loupe-t.build/Objects-normal/arm64/Loupe_const_extract_protocols.json (in target 'Loupe' from project 'Loupe')
cd /Users/admin/builder/spi-builder-workspace
write-file /Users/admin/builder/spi-builder-workspace/.derivedData/Build/Intermediates.noindex/Loupe.build/Debug-watchos/Loupe-t.build/Objects-normal/arm64/Loupe_const_extract_protocols.json
WriteAuxiliaryFile /Users/admin/builder/spi-builder-workspace/.derivedData/Build/Intermediates.noindex/Loupe.build/Debug-watchos/Loupe-t.build/Objects-normal/arm64/Loupe-OutputFileMap.json (in target 'Loupe' from project 'Loupe')
cd /Users/admin/builder/spi-builder-workspace
write-file /Users/admin/builder/spi-builder-workspace/.derivedData/Build/Intermediates.noindex/Loupe.build/Debug-watchos/Loupe-t.build/Objects-normal/arm64/Loupe-OutputFileMap.json
WriteAuxiliaryFile /Users/admin/builder/spi-builder-workspace/.derivedData/Build/Intermediates.noindex/Loupe.build/Debug-watchos/Loupe-t.build/Objects-normal/arm64/Loupe.LinkFileList (in target 'Loupe' from project 'Loupe')
cd /Users/admin/builder/spi-builder-workspace
write-file /Users/admin/builder/spi-builder-workspace/.derivedData/Build/Intermediates.noindex/Loupe.build/Debug-watchos/Loupe-t.build/Objects-normal/arm64/Loupe.LinkFileList
WriteAuxiliaryFile /Users/admin/builder/spi-builder-workspace/.derivedData/Build/Intermediates.noindex/Loupe.build/Debug-watchos/Loupe-t.build/Objects-normal/arm64_32/Loupe-OutputFileMap.json (in target 'Loupe' from project 'Loupe')
cd /Users/admin/builder/spi-builder-workspace
write-file /Users/admin/builder/spi-builder-workspace/.derivedData/Build/Intermediates.noindex/Loupe.build/Debug-watchos/Loupe-t.build/Objects-normal/arm64_32/Loupe-OutputFileMap.json
WriteAuxiliaryFile /Users/admin/builder/spi-builder-workspace/.derivedData/Build/Intermediates.noindex/Loupe.build/Debug-watchos/Loupe-t.build/Objects-normal/arm64_32/Loupe.SwiftFileList (in target 'Loupe' from project 'Loupe')
cd /Users/admin/builder/spi-builder-workspace
write-file /Users/admin/builder/spi-builder-workspace/.derivedData/Build/Intermediates.noindex/Loupe.build/Debug-watchos/Loupe-t.build/Objects-normal/arm64_32/Loupe.SwiftFileList
WriteAuxiliaryFile /Users/admin/builder/spi-builder-workspace/.derivedData/Build/Intermediates.noindex/Loupe.build/Debug-watchos/Loupe-t.build/Objects-normal/arm64_32/Loupe_const_extract_protocols.json (in target 'Loupe' from project 'Loupe')
cd /Users/admin/builder/spi-builder-workspace
write-file /Users/admin/builder/spi-builder-workspace/.derivedData/Build/Intermediates.noindex/Loupe.build/Debug-watchos/Loupe-t.build/Objects-normal/arm64_32/Loupe_const_extract_protocols.json
WriteAuxiliaryFile /Users/admin/builder/spi-builder-workspace/.derivedData/Build/Intermediates.noindex/Loupe.build/Debug-watchos/Loupe-t.build/Objects-normal/arm64_32/Loupe.LinkFileList (in target 'Loupe' from project 'Loupe')
cd /Users/admin/builder/spi-builder-workspace
write-file /Users/admin/builder/spi-builder-workspace/.derivedData/Build/Intermediates.noindex/Loupe.build/Debug-watchos/Loupe-t.build/Objects-normal/arm64_32/Loupe.LinkFileList
WriteAuxiliaryFile /Users/admin/builder/spi-builder-workspace/.derivedData/Build/Intermediates.noindex/Loupe.build/Debug-watchos/Loupe-t.build/Objects-normal/arm64_32/Loupe.SwiftConstValuesFileList (in target 'Loupe' from project 'Loupe')
cd /Users/admin/builder/spi-builder-workspace
write-file /Users/admin/builder/spi-builder-workspace/.derivedData/Build/Intermediates.noindex/Loupe.build/Debug-watchos/Loupe-t.build/Objects-normal/arm64_32/Loupe.SwiftConstValuesFileList
WriteAuxiliaryFile /Users/admin/builder/spi-builder-workspace/.derivedData/Build/Intermediates.noindex/Loupe.build/Debug-watchos/Loupe-t.build/Objects-normal/arm64/Loupe.SwiftFileList (in target 'Loupe' from project 'Loupe')
cd /Users/admin/builder/spi-builder-workspace
write-file /Users/admin/builder/spi-builder-workspace/.derivedData/Build/Intermediates.noindex/Loupe.build/Debug-watchos/Loupe-t.build/Objects-normal/arm64/Loupe.SwiftFileList
WriteAuxiliaryFile /Users/admin/builder/spi-builder-workspace/.derivedData/Build/Intermediates.noindex/Loupe.build/Debug-watchos/Loupe-t.build/Objects-normal/arm64/Loupe.SwiftConstValuesFileList (in target 'Loupe' from project 'Loupe')
cd /Users/admin/builder/spi-builder-workspace
write-file /Users/admin/builder/spi-builder-workspace/.derivedData/Build/Intermediates.noindex/Loupe.build/Debug-watchos/Loupe-t.build/Objects-normal/arm64/Loupe.SwiftConstValuesFileList
WriteAuxiliaryFile /Users/admin/builder/spi-builder-workspace/.derivedData/Build/Intermediates.noindex/Loupe.build/Debug-watchos/Loupe-t.build/Loupe.DependencyStaticMetadataFileList (in target 'Loupe' from project 'Loupe')
cd /Users/admin/builder/spi-builder-workspace
write-file /Users/admin/builder/spi-builder-workspace/.derivedData/Build/Intermediates.noindex/Loupe.build/Debug-watchos/Loupe-t.build/Loupe.DependencyStaticMetadataFileList
WriteAuxiliaryFile /Users/admin/builder/spi-builder-workspace/.derivedData/Build/Intermediates.noindex/Loupe.build/Debug-watchos/Loupe-t.build/Loupe.DependencyMetadataFileList (in target 'Loupe' from project 'Loupe')
cd /Users/admin/builder/spi-builder-workspace
write-file /Users/admin/builder/spi-builder-workspace/.derivedData/Build/Intermediates.noindex/Loupe.build/Debug-watchos/Loupe-t.build/Loupe.DependencyMetadataFileList
Copy /Users/admin/builder/spi-builder-workspace/.derivedData/Build/Intermediates.noindex/GeneratedModuleMaps-watchos/Loupe.modulemap /Users/admin/builder/spi-builder-workspace/.derivedData/Build/Intermediates.noindex/Loupe.build/Debug-watchos/Loupe-t.build/Loupe.modulemap (in target 'Loupe' from project 'Loupe')
cd /Users/admin/builder/spi-builder-workspace
builtin-copy -exclude .DS_Store -exclude CVS -exclude .svn -exclude .git -exclude .hg -resolve-src-symlinks /Users/admin/builder/spi-builder-workspace/.derivedData/Build/Intermediates.noindex/Loupe.build/Debug-watchos/Loupe-t.build/Loupe.modulemap /Users/admin/builder/spi-builder-workspace/.derivedData/Build/Intermediates.noindex/GeneratedModuleMaps-watchos
SwiftDriver Loupe normal arm64_32 com.apple.xcode.tools.swift.compiler (in target 'Loupe' from project 'Loupe')
cd /Users/admin/builder/spi-builder-workspace/.swiftpm/xcode
builtin-SwiftDriver -- /Applications/Xcode-27.0.0-Release.Candidate.app/Contents/Developer/Toolchains/XcodeDefault.xctoolchain/usr/bin/swiftc -parse-as-library -module-name Loupe -Onone @/Users/admin/builder/spi-builder-workspace/.derivedData/Build/Intermediates.noindex/Loupe.build/Debug-watchos/Loupe-t.build/Objects-normal/arm64_32/Loupe.SwiftFileList -DSWIFT_PACKAGE -DDEBUG -DSWIFT_MODULE_RESOURCE_BUNDLE_UNAVAILABLE -DXcode -plugin-path /Applications/Xcode-27.0.0-Release.Candidate.app/Contents/Developer/Toolchains/XcodeDefault.xctoolchain/usr/lib/swift/host/plugins/testing -enable-experimental-feature DebugDescriptionMacro -sdk /Applications/Xcode-27.0.0-Release.Candidate.app/Contents/Developer/Platforms/WatchOS.platform/Developer/SDKs/WatchOS27.0.sdk -target arm64_32-apple-watchos10.0 -g -module-cache-path /Users/admin/builder/spi-builder-workspace/.derivedData/ModuleCache.noindex -Xfrontend -serialize-debugging-options -enable-testing -index-store-path /Users/admin/builder/spi-builder-workspace/.derivedData/Index.noindex/DataStore -Xcc -D_LIBCPP_HARDENING_MODE\=_LIBCPP_HARDENING_MODE_DEBUG -swift-version 6 -I /Users/admin/builder/spi-builder-workspace/.derivedData/Build/Products/Debug-watchos -Isystem /Applications/Xcode-27.0.0-Release.Candidate.app/Contents/Developer/Platforms/WatchOS.platform/Developer/usr/lib -F /Users/admin/builder/spi-builder-workspace/.derivedData/Build/Products/Debug-watchos -F /Applications/Xcode-27.0.0-Release.Candidate.app/Contents/Developer/Platforms/WatchOS.platform/Developer/Library/Frameworks -F /Applications/Xcode-27.0.0-Release.Candidate.app/Contents/Developer/Platforms/WatchOS.platform/Developer/SDKs/WatchOS27.0.sdk/Developer/Library/Frameworks -c -j10 -enable-batch-mode -incremental -Xcc -ivfsstatcache -Xcc /Users/admin/builder/spi-builder-workspace/.derivedData/SDKStatCaches.noindex/watchos27.0-24R360-e829b21a6f8c9b70876ba0858053c04477534ef55a1706bf4c1112bbb242f0a2.sdkstatcache -output-file-map /Users/admin/builder/spi-builder-workspace/.derivedData/Build/Intermediates.noindex/Loupe.build/Debug-watchos/Loupe-t.build/Objects-normal/arm64_32/Loupe-OutputFileMap.json -save-temps -no-color-diagnostics -explicit-module-build -module-cache-path /Users/admin/builder/spi-builder-workspace/.derivedData/Build/Intermediates.noindex/SwiftExplicitPrecompiledModules -clang-scanner-module-cache-path /Users/admin/builder/spi-builder-workspace/.derivedData/ModuleCache.noindex -sdk-module-cache-path /Users/admin/builder/spi-builder-workspace/.derivedData/SDKExplicitPrecompiledModules -emit-dependencies -emit-module -emit-module-path /Users/admin/builder/spi-builder-workspace/.derivedData/Build/Intermediates.noindex/Loupe.build/Debug-watchos/Loupe-t.build/Objects-normal/arm64_32/Loupe.swiftmodule -serialize-diagnostics -dependency-scan-serialize-diagnostics-path /Users/admin/builder/spi-builder-workspace/.derivedData/Build/Intermediates.noindex/Loupe.build/Debug-watchos/Loupe-t.build/Objects-normal/arm64_32/Loupe-dependency-scan.dia -validate-clang-modules-once -clang-build-session-file /Users/admin/builder/spi-builder-workspace/.derivedData/ModuleCache.noindex/Session.modulevalidation -Xcc -fmodules-prune-interval\=86400 -Xcc -fmodules-prune-after\=345600 -package-name spi_builder_workspace -emit-const-values -const-gather-protocols-list /Users/admin/builder/spi-builder-workspace/.derivedData/Build/Intermediates.noindex/Loupe.build/Debug-watchos/Loupe-t.build/Objects-normal/arm64_32/Loupe_const_extract_protocols.json -Xcc -I/Users/admin/builder/spi-builder-workspace/.derivedData/Build/Products/Debug-watchos/include -Xcc -I/Users/admin/builder/spi-builder-workspace/.derivedData/Build/Intermediates.noindex/Loupe.build/Debug-watchos/Loupe-t.build/DerivedSources-normal/arm64_32 -Xcc -I/Users/admin/builder/spi-builder-workspace/.derivedData/Build/Intermediates.noindex/Loupe.build/Debug-watchos/Loupe-t.build/DerivedSources/arm64_32 -Xcc -I/Users/admin/builder/spi-builder-workspace/.derivedData/Build/Intermediates.noindex/Loupe.build/Debug-watchos/Loupe-t.build/DerivedSources -Xcc -DSWIFT_PACKAGE -Xcc -DDEBUG\=1 -emit-objc-header -emit-objc-header-path /Users/admin/builder/spi-builder-workspace/.derivedData/Build/Intermediates.noindex/Loupe.build/Debug-watchos/Loupe-t.build/Objects-normal/arm64_32/Loupe-Swift.h -working-directory /Users/admin/builder/spi-builder-workspace/.swiftpm/xcode -experimental-emit-module-separately -disable-cmo
SwiftDriver Loupe normal arm64 com.apple.xcode.tools.swift.compiler (in target 'Loupe' from project 'Loupe')
cd /Users/admin/builder/spi-builder-workspace/.swiftpm/xcode
builtin-SwiftDriver -- /Applications/Xcode-27.0.0-Release.Candidate.app/Contents/Developer/Toolchains/XcodeDefault.xctoolchain/usr/bin/swiftc -parse-as-library -module-name Loupe -Onone @/Users/admin/builder/spi-builder-workspace/.derivedData/Build/Intermediates.noindex/Loupe.build/Debug-watchos/Loupe-t.build/Objects-normal/arm64/Loupe.SwiftFileList -DSWIFT_PACKAGE -DDEBUG -DSWIFT_MODULE_RESOURCE_BUNDLE_UNAVAILABLE -DXcode -plugin-path /Applications/Xcode-27.0.0-Release.Candidate.app/Contents/Developer/Toolchains/XcodeDefault.xctoolchain/usr/lib/swift/host/plugins/testing -enable-experimental-feature DebugDescriptionMacro -sdk /Applications/Xcode-27.0.0-Release.Candidate.app/Contents/Developer/Platforms/WatchOS.platform/Developer/SDKs/WatchOS27.0.sdk -target arm64-apple-watchos10.0 -g -module-cache-path /Users/admin/builder/spi-builder-workspace/.derivedData/ModuleCache.noindex -Xfrontend -serialize-debugging-options -enable-testing -index-store-path /Users/admin/builder/spi-builder-workspace/.derivedData/Index.noindex/DataStore -Xcc -D_LIBCPP_HARDENING_MODE\=_LIBCPP_HARDENING_MODE_DEBUG -swift-version 6 -I /Users/admin/builder/spi-builder-workspace/.derivedData/Build/Products/Debug-watchos -Isystem /Applications/Xcode-27.0.0-Release.Candidate.app/Contents/Developer/Platforms/WatchOS.platform/Developer/usr/lib -F /Users/admin/builder/spi-builder-workspace/.derivedData/Build/Products/Debug-watchos -F /Applications/Xcode-27.0.0-Release.Candidate.app/Contents/Developer/Platforms/WatchOS.platform/Developer/Library/Frameworks -F /Applications/Xcode-27.0.0-Release.Candidate.app/Contents/Developer/Platforms/WatchOS.platform/Developer/SDKs/WatchOS27.0.sdk/Developer/Library/Frameworks -c -j10 -enable-batch-mode -incremental -Xcc -ivfsstatcache -Xcc /Users/admin/builder/spi-builder-workspace/.derivedData/SDKStatCaches.noindex/watchos27.0-24R360-e829b21a6f8c9b70876ba0858053c04477534ef55a1706bf4c1112bbb242f0a2.sdkstatcache -output-file-map /Users/admin/builder/spi-builder-workspace/.derivedData/Build/Intermediates.noindex/Loupe.build/Debug-watchos/Loupe-t.build/Objects-normal/arm64/Loupe-OutputFileMap.json -save-temps -no-color-diagnostics -explicit-module-build -module-cache-path /Users/admin/builder/spi-builder-workspace/.derivedData/Build/Intermediates.noindex/SwiftExplicitPrecompiledModules -clang-scanner-module-cache-path /Users/admin/builder/spi-builder-workspace/.derivedData/ModuleCache.noindex -sdk-module-cache-path /Users/admin/builder/spi-builder-workspace/.derivedData/SDKExplicitPrecompiledModules -emit-dependencies -emit-module -emit-module-path /Users/admin/builder/spi-builder-workspace/.derivedData/Build/Intermediates.noindex/Loupe.build/Debug-watchos/Loupe-t.build/Objects-normal/arm64/Loupe.swiftmodule -serialize-diagnostics -dependency-scan-serialize-diagnostics-path /Users/admin/builder/spi-builder-workspace/.derivedData/Build/Intermediates.noindex/Loupe.build/Debug-watchos/Loupe-t.build/Objects-normal/arm64/Loupe-dependency-scan.dia -validate-clang-modules-once -clang-build-session-file /Users/admin/builder/spi-builder-workspace/.derivedData/ModuleCache.noindex/Session.modulevalidation -Xcc -fmodules-prune-interval\=86400 -Xcc -fmodules-prune-after\=345600 -package-name spi_builder_workspace -emit-const-values -const-gather-protocols-list /Users/admin/builder/spi-builder-workspace/.derivedData/Build/Intermediates.noindex/Loupe.build/Debug-watchos/Loupe-t.build/Objects-normal/arm64/Loupe_const_extract_protocols.json -Xcc -I/Users/admin/builder/spi-builder-workspace/.derivedData/Build/Products/Debug-watchos/include -Xcc -I/Users/admin/builder/spi-builder-workspace/.derivedData/Build/Intermediates.noindex/Loupe.build/Debug-watchos/Loupe-t.build/DerivedSources-normal/arm64 -Xcc -I/Users/admin/builder/spi-builder-workspace/.derivedData/Build/Intermediates.noindex/Loupe.build/Debug-watchos/Loupe-t.build/DerivedSources/arm64 -Xcc -I/Users/admin/builder/spi-builder-workspace/.derivedData/Build/Intermediates.noindex/Loupe.build/Debug-watchos/Loupe-t.build/DerivedSources -Xcc -DSWIFT_PACKAGE -Xcc -DDEBUG\=1 -emit-objc-header -emit-objc-header-path /Users/admin/builder/spi-builder-workspace/.derivedData/Build/Intermediates.noindex/Loupe.build/Debug-watchos/Loupe-t.build/Objects-normal/arm64/Loupe-Swift.h -working-directory /Users/admin/builder/spi-builder-workspace/.swiftpm/xcode -experimental-emit-module-separately -disable-cmo
SwiftExplicitDependencyGeneratePcm arm64_32 /Users/admin/builder/spi-builder-workspace/.derivedData/SDKExplicitPrecompiledModules/_Builtin_float-372PLGDQ1U3B6Z5EA5DJMDORJ.pcm
SwiftExplicitDependencyGeneratePcm arm64 /Users/admin/builder/spi-builder-workspace/.derivedData/SDKExplicitPrecompiledModules/_Builtin_stddef-5OH846KKUPSJJT7GCX9XU1TKG.pcm
SwiftExplicitDependencyGeneratePcm arm64_32 /Users/admin/builder/spi-builder-workspace/.derivedData/SDKExplicitPrecompiledModules/_Builtin_stdbool-84ZA1VDW90AGWZ2LF5KOCM8DZ.pcm
SwiftExplicitDependencyGeneratePcm arm64_32 /Users/admin/builder/spi-builder-workspace/.derivedData/SDKExplicitPrecompiledModules/_Builtin_stddef-2F9BFIPBQ5EWNSK5G7G7V4EKL.pcm
SwiftExplicitDependencyGeneratePcm arm64_32 /Users/admin/builder/spi-builder-workspace/.derivedData/SDKExplicitPrecompiledModules/DeveloperToolsSupport-3FQKKPF3BW0SWE1YUZ86OZWIB.pcm
SwiftExplicitDependencyGeneratePcm arm64 /Users/admin/builder/spi-builder-workspace/.derivedData/SDKExplicitPrecompiledModules/ptrauth-C7VQASAJ967Q4Q6SRD4I3CFWZ.pcm
SwiftExplicitDependencyGeneratePcm arm64_32 /Users/admin/builder/spi-builder-workspace/.derivedData/SDKExplicitPrecompiledModules/SwiftShims-D9VBB138U50XYYGW2C2V21N3L.pcm
SwiftExplicitDependencyGeneratePcm arm64_32 /Users/admin/builder/spi-builder-workspace/.derivedData/SDKExplicitPrecompiledModules/_Builtin_stdarg-EYJP6DFYQL9GJLH1TJ84A8MHV.pcm
SwiftExplicitDependencyGeneratePcm arm64 /Users/admin/builder/spi-builder-workspace/.derivedData/SDKExplicitPrecompiledModules/DeveloperToolsSupport-CL5QT3CW0ZM498PFTWG64QMLA.pcm
SwiftExplicitDependencyGeneratePcm arm64_32 /Users/admin/builder/spi-builder-workspace/.derivedData/SDKExplicitPrecompiledModules/_AvailabilityInternal-22ZP1ILSQW16KHXZS5GBZHOCS.pcm
SwiftExplicitDependencyGeneratePcm arm64 /Users/admin/builder/spi-builder-workspace/.derivedData/SDKExplicitPrecompiledModules/_SwiftConcurrencyShims-CTPSFSTDCBVSSQFHL6I305U72.pcm
SwiftExplicitDependencyGeneratePcm arm64 /Users/admin/builder/spi-builder-workspace/.derivedData/SDKExplicitPrecompiledModules/_Builtin_stdbool-B692L2PMR118794VVYBG37897.pcm
SwiftExplicitDependencyGeneratePcm arm64_32 /Users/admin/builder/spi-builder-workspace/.derivedData/SDKExplicitPrecompiledModules/ptrauth-EW7YZZ7LEZE1QZF2T8148IPSA.pcm
SwiftExplicitDependencyGeneratePcm arm64 /Users/admin/builder/spi-builder-workspace/.derivedData/SDKExplicitPrecompiledModules/_Builtin_float-E4M4A8689VXF1T7P7BV56IKBT.pcm
SwiftExplicitDependencyGeneratePcm arm64_32 /Users/admin/builder/spi-builder-workspace/.derivedData/SDKExplicitPrecompiledModules/_SwiftConcurrencyShims-58G4ISYSYDV3AT1DDGEE0QCUF.pcm
SwiftExplicitDependencyGeneratePcm arm64 /Users/admin/builder/spi-builder-workspace/.derivedData/SDKExplicitPrecompiledModules/_Builtin_stdarg-3X4KLXUYEI0UGBILP4X7D0CYW.pcm
SwiftExplicitDependencyGeneratePcm arm64 /Users/admin/builder/spi-builder-workspace/.derivedData/SDKExplicitPrecompiledModules/ptrcheck-8K07997SIHO7YGY7UQ3LOQ3TJ.pcm
SwiftExplicitDependencyGeneratePcm arm64 /Users/admin/builder/spi-builder-workspace/.derivedData/SDKExplicitPrecompiledModules/_AvailabilityInternal-42EVAC8Q6P1ZT6G3A168N97G4.pcm
SwiftExplicitDependencyGeneratePcm arm64_32 /Users/admin/builder/spi-builder-workspace/.derivedData/SDKExplicitPrecompiledModules/ptrcheck-EAZ3I917ZFA9H6ZCL6PGLG4TR.pcm
SwiftExplicitDependencyGeneratePcm arm64 /Users/admin/builder/spi-builder-workspace/.derivedData/SDKExplicitPrecompiledModules/SwiftShims-AJ4AZYHQNC33R5RLN7AGEIOMP.pcm
SwiftExplicitDependencyGeneratePcm arm64_32 /Users/admin/builder/spi-builder-workspace/.derivedData/SDKExplicitPrecompiledModules/_DarwinFoundation1-5SNIO0SFHX9KJZTLQGIPAPXUZ.pcm
SwiftExplicitDependencyGeneratePcm arm64 /Users/admin/builder/spi-builder-workspace/.derivedData/SDKExplicitPrecompiledModules/_DarwinFoundation1-7YQ9TVI7XTOGQU9OADRXP33D1.pcm
SwiftExplicitDependencyGeneratePcm arm64_32 /Users/admin/builder/spi-builder-workspace/.derivedData/SDKExplicitPrecompiledModules/_DarwinFoundation2-FP2Q8F1Q2HR151SBYKTU6Q8B.pcm
SwiftExplicitDependencyGeneratePcm arm64_32 /Users/admin/builder/spi-builder-workspace/.derivedData/SDKExplicitPrecompiledModules/_Builtin_limits-AQMEC9CLG0FZQN6TLGDQ6WF78.pcm
SwiftExplicitDependencyGeneratePcm arm64 /Users/admin/builder/spi-builder-workspace/.derivedData/SDKExplicitPrecompiledModules/_Builtin_limits-75TRA1C7IHYOFCG3KJXQVTHJ4.pcm
SwiftExplicitDependencyGeneratePcm arm64 /Users/admin/builder/spi-builder-workspace/.derivedData/SDKExplicitPrecompiledModules/_DarwinFoundation2-CUPL4FH2SA95GMALQP4M6O8UA.pcm
SwiftExplicitDependencyGeneratePcm arm64_32 /Users/admin/builder/spi-builder-workspace/.derivedData/SDKExplicitPrecompiledModules/sys_types-65NN51P1G7GN2GUAUPC53JJ7N.pcm
SwiftExplicitDependencyGeneratePcm arm64_32 /Users/admin/builder/spi-builder-workspace/.derivedData/SDKExplicitPrecompiledModules/string_h-8QY7P4ZQXQAF14WVDITTM4R70.pcm
SwiftExplicitDependencyGeneratePcm arm64_32 /Users/admin/builder/spi-builder-workspace/.derivedData/SDKExplicitPrecompiledModules/_Builtin_stdint-6IWJLTRH2WB6RCG4THPA65RDS.pcm
SwiftExplicitDependencyGeneratePcm arm64_32 /Users/admin/builder/spi-builder-workspace/.derivedData/SDKExplicitPrecompiledModules/_Builtin_tgmath-414CVW1GW3IL0HRLCNNCS6Q0U.pcm
SwiftExplicitDependencyGeneratePcm arm64 /Users/admin/builder/spi-builder-workspace/.derivedData/SDKExplicitPrecompiledModules/string_h-4N9Z22C0HUO8GV7GFPCLZRZA2.pcm
SwiftExplicitDependencyGeneratePcm arm64 /Users/admin/builder/spi-builder-workspace/.derivedData/SDKExplicitPrecompiledModules/_Builtin_tgmath-7JP2AE1NQHA1DV5JYP2OHQ3BF.pcm
SwiftExplicitDependencyGeneratePcm arm64 /Users/admin/builder/spi-builder-workspace/.derivedData/SDKExplicitPrecompiledModules/sys_types-9KPVYINL86WUSHF45TU8PWZZ1.pcm
SwiftExplicitDependencyGeneratePcm arm64 /Users/admin/builder/spi-builder-workspace/.derivedData/SDKExplicitPrecompiledModules/_Builtin_stdint-6TUACK4YPMARFT56PLIO388SJ.pcm
SwiftExplicitDependencyGeneratePcm arm64_32 /Users/admin/builder/spi-builder-workspace/.derivedData/SDKExplicitPrecompiledModules/_Builtin_intrinsics-2K07JIG9ZANIKHSNPO3O6L1K6.pcm
SwiftExplicitDependencyGeneratePcm arm64_32 /Users/admin/builder/spi-builder-workspace/.derivedData/SDKExplicitPrecompiledModules/_Builtin_stdatomic-D2FE5M7JS5NQA5JDADVERWJM4.pcm
SwiftExplicitDependencyGeneratePcm arm64_32 /Users/admin/builder/spi-builder-workspace/.derivedData/SDKExplicitPrecompiledModules/_DarwinFoundation3-3YOBOPIW2MF1LRNQH7JBUBY4G.pcm
SwiftExplicitDependencyGeneratePcm arm64 /Users/admin/builder/spi-builder-workspace/.derivedData/SDKExplicitPrecompiledModules/_Builtin_intrinsics-SQV576LJA0QE7RW5HF7CQ1BX.pcm
SwiftExplicitDependencyGeneratePcm arm64 /Users/admin/builder/spi-builder-workspace/.derivedData/SDKExplicitPrecompiledModules/_DarwinFoundation3-EJXZKD8LN9EYM9OWP9VLJ49PK.pcm
SwiftExplicitDependencyGeneratePcm arm64 /Users/admin/builder/spi-builder-workspace/.derivedData/SDKExplicitPrecompiledModules/_Builtin_stdatomic-25T9UW3XDYID74302F31PX0RP.pcm
SwiftExplicitDependencyGeneratePcm arm64_32 /Users/admin/builder/spi-builder-workspace/.derivedData/SDKExplicitPrecompiledModules/_Builtin_inttypes-BPZJ68HW1IMYWSHROAZ0IMUJP.pcm
SwiftExplicitDependencyGeneratePcm arm64 /Users/admin/builder/spi-builder-workspace/.derivedData/SDKExplicitPrecompiledModules/_Builtin_inttypes-86YTNV5YADPJXFMJ82N3R4GWQ.pcm
SwiftExplicitDependencyGeneratePcm arm64_32 /Users/admin/builder/spi-builder-workspace/.derivedData/SDKExplicitPrecompiledModules/Darwin-10D35ZJWCWG7LJAF579U7I5V7.pcm
SwiftExplicitDependencyGeneratePcm arm64 /Users/admin/builder/spi-builder-workspace/.derivedData/SDKExplicitPrecompiledModules/Darwin-CSB8C43KELVSFIQVR0803IZPN.pcm
SwiftExplicitDependencyGeneratePcm arm64_32 /Users/admin/builder/spi-builder-workspace/.derivedData/SDKExplicitPrecompiledModules/simd-1W6O8NR1QUSWJGAN44DNNWVHX.pcm
SwiftExplicitDependencyGeneratePcm arm64 /Users/admin/builder/spi-builder-workspace/.derivedData/SDKExplicitPrecompiledModules/simd-2C11HKTI5TJB05T724EWNFZXD.pcm
SwiftExplicitDependencyGeneratePcm arm64 /Users/admin/builder/spi-builder-workspace/.derivedData/SDKExplicitPrecompiledModules/ObjectiveC-22CZPC4WYQC9G8T393WT2KKLW.pcm
SwiftExplicitDependencyGeneratePcm arm64 /Users/admin/builder/spi-builder-workspace/.derivedData/SDKExplicitPrecompiledModules/MachO-4RYXFVY68ZDEUZYFMVL57WEKU.pcm
SwiftExplicitDependencyGeneratePcm arm64_32 /Users/admin/builder/spi-builder-workspace/.derivedData/SDKExplicitPrecompiledModules/ObjectiveC-71AGZNHLBMR2QK817EJNUN54E.pcm
SwiftExplicitDependencyGeneratePcm arm64_32 /Users/admin/builder/spi-builder-workspace/.derivedData/SDKExplicitPrecompiledModules/MachO-F47JQRYVH1SLPOQSJD8RK9MSX.pcm
SwiftExplicitDependencyGeneratePcm arm64_32 /Users/admin/builder/spi-builder-workspace/.derivedData/SDKExplicitPrecompiledModules/os_object-CTXVQBCWDOH6JHUXIFDUOWFRL.pcm
SwiftExplicitDependencyGeneratePcm arm64 /Users/admin/builder/spi-builder-workspace/.derivedData/SDKExplicitPrecompiledModules/os_object-6KYGGZ4DPVZ3BBAZ6QICZN8LI.pcm
SwiftExplicitDependencyGeneratePcm arm64_32 /Users/admin/builder/spi-builder-workspace/.derivedData/SDKExplicitPrecompiledModules/os_workgroup-9L9R05BT5LTFRZ2NM68BZTVV2.pcm
SwiftExplicitDependencyGeneratePcm arm64 /Users/admin/builder/spi-builder-workspace/.derivedData/SDKExplicitPrecompiledModules/os_workgroup-AHE7ULDQBKER38CYPIKDTZF4M.pcm
SwiftExplicitDependencyGeneratePcm arm64_32 /Users/admin/builder/spi-builder-workspace/.derivedData/SDKExplicitPrecompiledModules/Spatial-4XS0QRL16224ZE9KE9TMKASKT.pcm
SwiftExplicitDependencyGeneratePcm arm64 /Users/admin/builder/spi-builder-workspace/.derivedData/SDKExplicitPrecompiledModules/Spatial-EZKKX4XFW72RZCTOIG80Z93AP.pcm
SwiftExplicitDependencyGeneratePcm arm64_32 /Users/admin/builder/spi-builder-workspace/.derivedData/SDKExplicitPrecompiledModules/Dispatch-CGIMI9KQKHNRQHR2IECIPRG14.pcm
SwiftExplicitDependencyGeneratePcm arm64 /Users/admin/builder/spi-builder-workspace/.derivedData/SDKExplicitPrecompiledModules/Dispatch-39VR0G01IUJ09PQKMFGOHXZ4L.pcm
SwiftExplicitDependencyGeneratePcm arm64 /Users/admin/builder/spi-builder-workspace/.derivedData/SDKExplicitPrecompiledModules/XPC-650JAZBTM6I0OMHYO6CKM0CWJ.pcm
SwiftExplicitDependencyGeneratePcm arm64 /Users/admin/builder/spi-builder-workspace/.derivedData/SDKExplicitPrecompiledModules/CoreFoundation-59XKO8YNRGGYNC5U5LK8B4EM.pcm
SwiftExplicitDependencyGeneratePcm arm64_32 /Users/admin/builder/spi-builder-workspace/.derivedData/SDKExplicitPrecompiledModules/XPC-7SLKI45KYLKXH9QET2WYS3UZ4.pcm
SwiftExplicitDependencyGeneratePcm arm64_32 /Users/admin/builder/spi-builder-workspace/.derivedData/SDKExplicitPrecompiledModules/CoreFoundation-76B9WJP9MDYT33HZQVSNNZQZD.pcm
SwiftExplicitDependencyGeneratePcm arm64 /Users/admin/builder/spi-builder-workspace/.derivedData/SDKExplicitPrecompiledModules/os-6BCTB8I5DCBBKFJ0Y0G4WQDDJ.pcm
SwiftExplicitDependencyGeneratePcm arm64_32 /Users/admin/builder/spi-builder-workspace/.derivedData/SDKExplicitPrecompiledModules/os-D9NWGT7PQGY2OD43XMA2KGLJK.pcm
SwiftExplicitDependencyGeneratePcm arm64_32 /Users/admin/builder/spi-builder-workspace/.derivedData/SDKExplicitPrecompiledModules/Security-1W411BS4UH2UNMNII2341429S.pcm
SwiftExplicitDependencyGeneratePcm arm64 /Users/admin/builder/spi-builder-workspace/.derivedData/SDKExplicitPrecompiledModules/CoreAudioTypes-51SR7UBHOMSGMEPVFS6PLSR4M.pcm
SwiftExplicitDependencyGeneratePcm arm64 /Users/admin/builder/spi-builder-workspace/.derivedData/SDKExplicitPrecompiledModules/Security-69WNGEAVQP55EDBQHP3BLE8QU.pcm
SwiftExplicitDependencyGeneratePcm arm64_32 /Users/admin/builder/spi-builder-workspace/.derivedData/SDKExplicitPrecompiledModules/CoreAudioTypes-AY6JAXDJMW2FLVG4UD79375PW.pcm
SwiftExplicitDependencyGeneratePcm arm64 /Users/admin/builder/spi-builder-workspace/.derivedData/SDKExplicitPrecompiledModules/CoreGraphics-5488DA9QVJJ7QOFXPYOYIYFUX.pcm
SwiftExplicitDependencyGeneratePcm arm64_32 /Users/admin/builder/spi-builder-workspace/.derivedData/SDKExplicitPrecompiledModules/CoreGraphics-A4WOQTM8SYZAQP223LI6RRPEK.pcm
SwiftExplicitDependencyGeneratePcm arm64 /Users/admin/builder/spi-builder-workspace/.derivedData/SDKExplicitPrecompiledModules/CoreAudio-368NRGVYQ33J8K75Y2DSNU06Y.pcm
SwiftExplicitDependencyGeneratePcm arm64_32 /Users/admin/builder/spi-builder-workspace/.derivedData/SDKExplicitPrecompiledModules/CoreAudio-1FTJGW5ZM9ZN5IKPBE4A9LGNF.pcm
SwiftExplicitDependencyGeneratePcm arm64 /Users/admin/builder/spi-builder-workspace/.derivedData/SDKExplicitPrecompiledModules/Foundation-B3IXODHI7VO4VRX2RWRXLVJZT.pcm
SwiftExplicitDependencyGeneratePcm arm64_32 /Users/admin/builder/spi-builder-workspace/.derivedData/SDKExplicitPrecompiledModules/Foundation-AIQ30TCDC2B0LBUU6FPQZ0HWI.pcm
SwiftExplicitDependencyGeneratePcm arm64_32 /Users/admin/builder/spi-builder-workspace/.derivedData/SDKExplicitPrecompiledModules/CoreText-34U50N378SZT64826L0B62MN6.pcm
SwiftExplicitDependencyGeneratePcm arm64_32 /Users/admin/builder/spi-builder-workspace/.derivedData/SDKExplicitPrecompiledModules/CoreVideo-BX0NALWCB2F1YOTF0NZGV9FWU.pcm
SwiftExplicitDependencyGeneratePcm arm64 /Users/admin/builder/spi-builder-workspace/.derivedData/SDKExplicitPrecompiledModules/CoreText-BEC0M2J7FJN53VXNFDZDKL9U2.pcm
SwiftExplicitDependencyGeneratePcm arm64 /Users/admin/builder/spi-builder-workspace/.derivedData/SDKExplicitPrecompiledModules/CoreVideo-2YRZ292TS6QDW2V2V92NZMPWM.pcm
SwiftExplicitDependencyGeneratePcm arm64_32 /Users/admin/builder/spi-builder-workspace/.derivedData/SDKExplicitPrecompiledModules/CoreMedia-CU8J9TNJY5EX43FQOPTAAHU29.pcm
SwiftExplicitDependencyGeneratePcm arm64 /Users/admin/builder/spi-builder-workspace/.derivedData/SDKExplicitPrecompiledModules/CoreMedia-EO02G285WTXB0RPNG3DP9O9VN.pcm
SwiftExplicitDependencyGeneratePcm arm64_32 /Users/admin/builder/spi-builder-workspace/.derivedData/SDKExplicitPrecompiledModules/UserNotifications-F5AOMF9V2Y10QV8U00QNX8B7Q.pcm
SwiftExplicitDependencyGeneratePcm arm64_32 /Users/admin/builder/spi-builder-workspace/.derivedData/SDKExplicitPrecompiledModules/UIUtilities-ABH83C7CSGMIJAARTF384TV0L.pcm
SwiftExplicitDependencyGeneratePcm arm64_32 /Users/admin/builder/spi-builder-workspace/.derivedData/SDKExplicitPrecompiledModules/OSLog-DXCLJ0K1EEBRV5MFYJOV1HIUX.pcm
SwiftExplicitDependencyGeneratePcm arm64_32 /Users/admin/builder/spi-builder-workspace/.derivedData/SDKExplicitPrecompiledModules/SceneKit-CLOM4E4D45A8A94N3QNHOVW3H.pcm
SwiftExplicitDependencyGeneratePcm arm64_32 /Users/admin/builder/spi-builder-workspace/.derivedData/SDKExplicitPrecompiledModules/CoreData-6STZ9DXY0E1K8LHUUEU1F4SE.pcm
SwiftExplicitDependencyGeneratePcm arm64_32 /Users/admin/builder/spi-builder-workspace/.derivedData/SDKExplicitPrecompiledModules/UniformTypeIdentifiers-EH256724QTCKT0XATY095QHVP.pcm
SwiftExplicitDependencyGeneratePcm arm64_32 /Users/admin/builder/spi-builder-workspace/.derivedData/SDKExplicitPrecompiledModules/Symbols-DP67QJL9W7VSYP70ZVEBE3KRT.pcm
SwiftExplicitDependencyGeneratePcm arm64_32 /Users/admin/builder/spi-builder-workspace/.derivedData/SDKExplicitPrecompiledModules/CoreTransferable-DSXZOKFM7XQLZ0FRNNKFDWZT0.pcm
SwiftExplicitDependencyGeneratePcm arm64_32 /Users/admin/builder/spi-builder-workspace/.derivedData/SDKExplicitPrecompiledModules/DataDetection-8EDL8T61430CB5CU94L1E3L0C.pcm
SwiftExplicitDependencyGeneratePcm arm64_32 /Users/admin/builder/spi-builder-workspace/.derivedData/SDKExplicitPrecompiledModules/QuartzCore-72UYR37X0O2APTD1XMSJ20X5X.pcm
SwiftExplicitDependencyGeneratePcm arm64 /Users/admin/builder/spi-builder-workspace/.derivedData/SDKExplicitPrecompiledModules/CoreTransferable-EULYJN53RZTIP2D6F171CT1YZ.pcm
SwiftExplicitDependencyGeneratePcm arm64 /Users/admin/builder/spi-builder-workspace/.derivedData/SDKExplicitPrecompiledModules/SceneKit-4VPDXW2J8W40JMX88G7X30C4G.pcm
SwiftExplicitDependencyGeneratePcm arm64 /Users/admin/builder/spi-builder-workspace/.derivedData/SDKExplicitPrecompiledModules/_LocationEssentials-C3HYVW8P89QAUDLD9VRHUF48Q.pcm
SwiftExplicitDependencyGeneratePcm arm64 /Users/admin/builder/spi-builder-workspace/.derivedData/SDKExplicitPrecompiledModules/UserNotifications-7VIERZPAA371031RT8VBKFYKJ.pcm
SwiftExplicitDependencyGeneratePcm arm64 /Users/admin/builder/spi-builder-workspace/.derivedData/SDKExplicitPrecompiledModules/Symbols-B8SNL2YULCKW9SYIL0T5QLMV.pcm
SwiftExplicitDependencyGeneratePcm arm64 /Users/admin/builder/spi-builder-workspace/.derivedData/SDKExplicitPrecompiledModules/OSLog-ESJZZ70KT229YQNKF5CWYQVLA.pcm
SwiftExplicitDependencyGeneratePcm arm64 /Users/admin/builder/spi-builder-workspace/.derivedData/SDKExplicitPrecompiledModules/CoreData-DAEI6Z48P97TYC3SMMGLERAJ5.pcm
SwiftExplicitDependencyGeneratePcm arm64_32 /Users/admin/builder/spi-builder-workspace/.derivedData/SDKExplicitPrecompiledModules/Accessibility-BBXP8Z81UOB3UBBTO3GG9FEEO.pcm
SwiftExplicitDependencyGeneratePcm arm64 /Users/admin/builder/spi-builder-workspace/.derivedData/SDKExplicitPrecompiledModules/QuartzCore-BRDP6VIMJ6A6HG4W4NYXZ8BI3.pcm
SwiftExplicitDependencyGeneratePcm arm64 /Users/admin/builder/spi-builder-workspace/.derivedData/SDKExplicitPrecompiledModules/DataDetection-8RQ09UCIV0XSYRF8TQQD54MWN.pcm
SwiftExplicitDependencyGeneratePcm arm64 /Users/admin/builder/spi-builder-workspace/.derivedData/SDKExplicitPrecompiledModules/UniformTypeIdentifiers-47SS6PHE8KOUZX5UOQUNKH397.pcm
SwiftExplicitDependencyGeneratePcm arm64_32 /Users/admin/builder/spi-builder-workspace/.derivedData/SDKExplicitPrecompiledModules/SwiftUICore-TURER010MQ2QH6SN4BGDJJKP.pcm
SwiftExplicitDependencyGeneratePcm arm64 /Users/admin/builder/spi-builder-workspace/.derivedData/SDKExplicitPrecompiledModules/CoreLocation-B0A9Z3B1UDU8OLBQROLWD03N3.pcm
SwiftExplicitDependencyGeneratePcm arm64_32 /Users/admin/builder/spi-builder-workspace/.derivedData/SDKExplicitPrecompiledModules/_LocationEssentials-1XWTF8V96VX3IAHKJO7PJZDU0.pcm
SwiftExplicitDependencyGeneratePcm arm64 /Users/admin/builder/spi-builder-workspace/.derivedData/SDKExplicitPrecompiledModules/UIUtilities-AR3EDJH6PMDGNUXQGV2JND65S.pcm
SwiftExplicitDependencyGeneratePcm arm64 /Users/admin/builder/spi-builder-workspace/.derivedData/SDKExplicitPrecompiledModules/Accessibility-DB0V1GY4JDAXG2CZ5MW826DDE.pcm
SwiftExplicitDependencyGeneratePcm arm64_32 /Users/admin/builder/spi-builder-workspace/.derivedData/SDKExplicitPrecompiledModules/CoreLocation-4AZRAZ8X3W0CS36SZ1GS4LT05.pcm
SwiftExplicitDependencyGeneratePcm arm64 /Users/admin/builder/spi-builder-workspace/.derivedData/SDKExplicitPrecompiledModules/SwiftUICore-D4BOUT6VJWDXKNATG8P2F95W3.pcm
SwiftExplicitDependencyGeneratePcm arm64 /Users/admin/builder/spi-builder-workspace/.derivedData/SDKExplicitPrecompiledModules/CoreMotion-70RNUQRT1QM2F8WR42WPP4KQV.pcm
SwiftExplicitDependencyGeneratePcm arm64_32 /Users/admin/builder/spi-builder-workspace/.derivedData/SDKExplicitPrecompiledModules/CoreMotion-E9C6K7MOTJF3RC93DULCZ130U.pcm
SwiftExplicitDependencyGeneratePcm arm64 /Users/admin/builder/spi-builder-workspace/.derivedData/SDKExplicitPrecompiledModules/UIKit-2XWL6VFNA7WRWSTXI42YLU909.pcm
SwiftExplicitDependencyGeneratePcm arm64_32 /Users/admin/builder/spi-builder-workspace/.derivedData/SDKExplicitPrecompiledModules/UIKit-BGAQE5HOOTG6M9C46O1HHPCDR.pcm
SwiftExplicitDependencyGeneratePcm arm64 /Users/admin/builder/spi-builder-workspace/.derivedData/SDKExplicitPrecompiledModules/HomeKit-2JD3RMVTK0MFX7K570KHTLBBH.pcm
SwiftExplicitDependencyGeneratePcm arm64 /Users/admin/builder/spi-builder-workspace/.derivedData/SDKExplicitPrecompiledModules/MapKit-5U4CPBNVICOGB0BBK9BC7P4E9.pcm
SwiftExplicitDependencyGeneratePcm arm64_32 /Users/admin/builder/spi-builder-workspace/.derivedData/SDKExplicitPrecompiledModules/HomeKit-DXH34ZWEY4P4FEELCOH3LXVCR.pcm
SwiftExplicitDependencyGeneratePcm arm64_32 /Users/admin/builder/spi-builder-workspace/.derivedData/SDKExplicitPrecompiledModules/MapKit-3RCPMYWFYVKLOR1JJH1M1L7O6.pcm
SwiftExplicitDependencyGeneratePcm arm64 /Users/admin/builder/spi-builder-workspace/.derivedData/SDKExplicitPrecompiledModules/WatchKit-22L6Z003SE8XPQ9JS14K57C9N.pcm
SwiftExplicitDependencyGeneratePcm arm64_32 /Users/admin/builder/spi-builder-workspace/.derivedData/SDKExplicitPrecompiledModules/WatchKit-7IATJTA58S6OFDEYHG9JSLLDQ.pcm
SwiftExplicitDependencyGeneratePcm arm64 /Users/admin/builder/spi-builder-workspace/.derivedData/SDKExplicitPrecompiledModules/SwiftUI-E6XJI4PF1Q2HPTXKL91GWARU6.pcm
SwiftEmitModule normal arm64 Emitting\ module\ for\ Loupe (in target 'Loupe' from project 'Loupe')
/Users/admin/builder/spi-builder-workspace/Sources/Loupe/LayoutDebug/VisualCornerInsetGuide.swift:78:47: error: 'ConcentricRectangle' is only available in watchOS 26.0 or newer
76 | .padding(20)
77 | .frame(width: 220, height: 160)
78 | .background(.regularMaterial, in: ConcentricRectangle())
| |- error: 'ConcentricRectangle' is only available in watchOS 26.0 or newer
| `- note: add 'if #available' version check
79 |
80 | VisualCornerInsetGuide("RoundedRectangle")
/Users/admin/builder/spi-builder-workspace/Sources/Loupe/LayoutDebug/VisualCornerInsetGuide.swift:83:47: error: 'ConcentricRectangle' is only available in watchOS 26.0 or newer
81 | .padding(20)
82 | .frame(width: 220, height: 160)
83 | .background(.regularMaterial, in: ConcentricRectangle())
| |- error: 'ConcentricRectangle' is only available in watchOS 26.0 or newer
| `- note: add 'if #available' version check
84 | .containerShape(RoundedRectangle(cornerRadius: 72, style: .continuous))
85 |
/Users/admin/builder/spi-builder-workspace/Sources/Loupe/LayoutDebug/VisualCornerInsetGuide.swift:89:47: error: 'ConcentricRectangle' is only available in watchOS 26.0 or newer
87 | .padding(20)
88 | .frame(width: 220, height: 160)
89 | .background(.regularMaterial, in: ConcentricRectangle())
| |- error: 'ConcentricRectangle' is only available in watchOS 26.0 or newer
| `- note: add 'if #available' version check
90 | .containerShape(
91 | UnevenRoundedRectangle(
/Users/admin/builder/spi-builder-workspace/Sources/Loupe/LayoutDebug/VisualLayoutGuide.swift:707:53: error: 'concentricRectangle' is only available in watchOS 26.0 or newer
705 | ZStack{
706 | if #available(iOS 26.0, macOS 26.0, *) {
707 | VisualLayoutGuide("Blue Basic", shape: .concentricRectangle)
| |- error: 'concentricRectangle' is only available in watchOS 26.0 or newer
| `- note: add 'if #available' version check
708 | .foregroundStyle(.blue)
709 |
/Users/admin/builder/spi-builder-workspace/Sources/Loupe/LayoutDebug/VisualLayoutGuide.swift:710:84: error: 'concentricRectangle' is only available in watchOS 26.0 or newer
708 | .foregroundStyle(.blue)
709 |
710 | VisualLayoutGuide("Green Bottom Alligned", alignment: .bottom, shape: .concentricRectangle)
| |- error: 'concentricRectangle' is only available in watchOS 26.0 or newer
| `- note: add 'if #available' version check
711 | .foregroundStyle(.green)
712 |
/Users/admin/builder/spi-builder-workspace/Sources/Loupe/LayoutDebug/VisualLayoutGuide.swift:713:63: error: 'concentricRectangle' is only available in watchOS 26.0 or newer
711 | .foregroundStyle(.green)
712 |
713 | VisualLayoutGuide("Red .ignoresSafeArea", shape: .concentricRectangle)
| |- error: 'concentricRectangle' is only available in watchOS 26.0 or newer
| `- note: add 'if #available' version check
714 | .foregroundStyle(.red)
715 | .padding(5)
Failed frontend command:
SwiftCompile normal arm64 (in target 'Loupe' from project 'Loupe')
cd /Users/admin/builder/spi-builder-workspace/.swiftpm/xcode
/Applications/Xcode-27.0.0-Release.Candidate.app/Contents/Developer/Toolchains/XcodeDefault.xctoolchain/usr/bin/swift-frontend -frontend -emit-module -experimental-skip-non-inlinable-function-bodies-without-types /Users/admin/builder/spi-builder-workspace/Sources/Loupe/LayoutDebug/DraggablePositionView.swift /Users/admin/builder/spi-builder-workspace/Sources/Loupe/LayoutDebug/VisualCornerInsetGuide.swift /Users/admin/builder/spi-builder-workspace/Sources/Loupe/LayoutDebug/VisualGridGuide.swift /Users/admin/builder/spi-builder-workspace/Sources/Loupe/LayoutDebug/VisualLayoutGuide.swift /Users/admin/builder/spi-builder-workspace/Sources/Loupe/RefreshDebug/ComputeDebugView.swift /Users/admin/builder/spi-builder-workspace/Sources/Loupe/RefreshDebug/DebugRender.swift /Users/admin/builder/spi-builder-workspace/Sources/Loupe/RefreshDebug/LocalRenderManager.swift /Users/admin/builder/spi-builder-workspace/Sources/Loupe/RefreshDebug/RenderCheck.swift /Users/admin/builder/spi-builder-workspace/Sources/Loupe/RefreshDebug/RenderDebugDemoView.swift -target arm64-apple-watchos10.0 -module-can-import-version UIKit 9127.0.84.1 9127.0.84 -disable-cross-import-overlay-search -load-resolved-plugin /Applications/Xcode-27.0.0-Release.Candidate.app/Contents/Developer/Platforms/WatchOS.platform/Developer/usr/lib/swift/host/plugins/libFoundationMacros.dylib\#/Applications/Xcode-27.0.0-Release.Candidate.app/Contents/Developer/Platforms/WatchOS.platform/Developer/usr/bin/swift-plugin-server\#FoundationMacros -load-resolved-plugin /Applications/Xcode-27.0.0-Release.Candidate.app/Contents/Developer/Platforms/WatchOS.platform/Developer/usr/lib/swift/host/plugins/libObservationMacros.dylib\#/Applications/Xcode-27.0.0-Release.Candidate.app/Contents/Developer/Platforms/WatchOS.platform/Developer/usr/bin/swift-plugin-server\#ObservationMacros -load-resolved-plugin /Applications/Xcode-27.0.0-Release.Candidate.app/Contents/Developer/Platforms/WatchOS.platform/Developer/usr/lib/swift/host/plugins/libPreviewsMacros.dylib\#/Applications/Xcode-27.0.0-Release.Candidate.app/Contents/Developer/Platforms/WatchOS.platform/Developer/usr/bin/swift-plugin-server\#PreviewsMacros -load-resolved-plugin /Applications/Xcode-27.0.0-Release.Candidate.app/Contents/Developer/Platforms/WatchOS.platform/Developer/usr/lib/swift/host/plugins/libSwiftMacros.dylib\#/Applications/Xcode-27.0.0-Release.Candidate.app/Contents/Developer/Platforms/WatchOS.platform/Developer/usr/bin/swift-plugin-server\#SwiftMacros -load-resolved-plugin /Applications/Xcode-27.0.0-Release.Candidate.app/Contents/Developer/Platforms/WatchOS.platform/Developer/usr/lib/swift/host/plugins/libSwiftUIMacros.dylib\#/Applications/Xcode-27.0.0-Release.Candidate.app/Contents/Developer/Platforms/WatchOS.platform/Developer/usr/bin/swift-plugin-server\#SwiftUIMacros -disable-implicit-swift-modules -Xcc -fno-implicit-modules -Xcc -fno-implicit-module-maps -explicit-swift-module-map-file /Users/admin/builder/spi-builder-workspace/.derivedData/Build/Intermediates.noindex/Loupe.build/Debug-watchos/Loupe-t.build/Objects-normal/arm64/Loupe-dependencies-2.json -Xllvm -aarch64-use-tbi -enable-objc-interop -stack-check -sdk /Applications/Xcode-27.0.0-Release.Candidate.app/Contents/Developer/Platforms/WatchOS.platform/Developer/SDKs/WatchOS27.0.sdk -I /Users/admin/builder/spi-builder-workspace/.derivedData/Build/Products/Debug-watchos -Isystem /Applications/Xcode-27.0.0-Release.Candidate.app/Contents/Developer/Platforms/WatchOS.platform/Developer/usr/lib -F /Users/admin/builder/spi-builder-workspace/.derivedData/Build/Products/Debug-watchos -F /Applications/Xcode-27.0.0-Release.Candidate.app/Contents/Developer/Platforms/WatchOS.platform/Developer/Library/Frameworks -F /Applications/Xcode-27.0.0-Release.Candidate.app/Contents/Developer/Platforms/WatchOS.platform/Developer/SDKs/WatchOS27.0.sdk/Developer/Library/Frameworks -module-cache-path /Users/admin/builder/spi-builder-workspace/.derivedData/Build/Intermediates.noindex/SwiftExplicitPrecompiledModules -no-color-diagnostics -Xcc -fno-color-diagnostics -enable-testing -g -debug-info-format\=dwarf -dwarf-version\=4 -swift-version 6 -Onone -D SWIFT_PACKAGE -D DEBUG -D SWIFT_MODULE_RESOURCE_BUNDLE_UNAVAILABLE -D Xcode -serialize-debugging-options -enable-experimental-feature DebugDescriptionMacro -empty-abi-descriptor -validate-clang-modules-once -clang-build-session-file /Users/admin/builder/spi-builder-workspace/.derivedData/ModuleCache.noindex/Session.modulevalidation -Xcc -working-directory -Xcc /Users/admin/builder/spi-builder-workspace/.swiftpm/xcode -enable-anonymous-context-mangled-names -file-compilation-dir /Users/admin/builder/spi-builder-workspace/.swiftpm/xcode -Xcc -D_LIBCPP_HARDENING_MODE\=_LIBCPP_HARDENING_MODE_DEBUG -Xcc -ivfsstatcache -Xcc /Users/admin/builder/spi-builder-workspace/.derivedData/SDKStatCaches.noindex/watchos27.0-24R360-e829b21a6f8c9b70876ba0858053c04477534ef55a1706bf4c1112bbb242f0a2.sdkstatcache -Xcc -fmodules-prune-interval\=86400 -Xcc -fmodules-prune-after\=345600 -Xcc -I/Users/admin/builder/spi-builder-workspace/.derivedData/Build/Products/Debug-watchos/include -Xcc -I/Users/admin/builder/spi-builder-workspace/.derivedData/Build/Intermediates.noindex/Loupe.build/Debug-watchos/Loupe-t.build/DerivedSources-normal/arm64 -Xcc -I/Users/admin/builder/spi-builder-workspace/.derivedData/Build/Intermediates.noindex/Loupe.build/Debug-watchos/Loupe-t.build/DerivedSources/arm64 -Xcc -I/Users/admin/builder/spi-builder-workspace/.derivedData/Build/Intermediates.noindex/Loupe.build/Debug-watchos/Loupe-t.build/DerivedSources -Xcc -DSWIFT_PACKAGE -Xcc -DDEBUG\=1 -no-auto-bridging-header-chaining -module-name Loupe -package-name spi_builder_workspace -const-gather-protocols-file /Users/admin/builder/spi-builder-workspace/.derivedData/Build/Intermediates.noindex/Loupe.build/Debug-watchos/Loupe-t.build/Objects-normal/arm64/Loupe_const_extract_protocols.json -disable-clang-spi -clang-target arm64-apple-watchos27.0 -target-sdk-version 27.0 -target-sdk-name watchos27.0 -in-process-plugin-server-path /Applications/Xcode-27.0.0-Release.Candidate.app/Contents/Developer/Toolchains/XcodeDefault.xctoolchain/usr/lib/swift/host/libSwiftInProcPluginServer.dylib -emit-module-doc-path /Users/admin/builder/spi-builder-workspace/.derivedData/Build/Intermediates.noindex/Loupe.build/Debug-watchos/Loupe-t.build/Objects-normal/arm64/Loupe.swiftdoc -emit-module-source-info-path /Users/admin/builder/spi-builder-workspace/.derivedData/Build/Intermediates.noindex/Loupe.build/Debug-watchos/Loupe-t.build/Objects-normal/arm64/Loupe.swiftsourceinfo -emit-objc-header-path /Users/admin/builder/spi-builder-workspace/.derivedData/Build/Intermediates.noindex/Loupe.build/Debug-watchos/Loupe-t.build/Objects-normal/arm64/Loupe-Swift.h -serialize-diagnostics-path /Users/admin/builder/spi-builder-workspace/.derivedData/Build/Intermediates.noindex/Loupe.build/Debug-watchos/Loupe-t.build/Objects-normal/arm64/Loupe-primary-emit-module.dia -emit-dependencies-path /Users/admin/builder/spi-builder-workspace/.derivedData/Build/Intermediates.noindex/Loupe.build/Debug-watchos/Loupe-t.build/Objects-normal/arm64/Loupe-primary-emit-module.d -parse-as-library -o /Users/admin/builder/spi-builder-workspace/.derivedData/Build/Intermediates.noindex/Loupe.build/Debug-watchos/Loupe-t.build/Objects-normal/arm64/Loupe.swiftmodule -emit-abi-descriptor-path /Users/admin/builder/spi-builder-workspace/.derivedData/Build/Intermediates.noindex/Loupe.build/Debug-watchos/Loupe-t.build/Objects-normal/arm64/Loupe.abi.json
SwiftCompile normal arm64 Compiling\ RenderCheck.swift /Users/admin/builder/spi-builder-workspace/Sources/Loupe/RefreshDebug/RenderCheck.swift (in target 'Loupe' from project 'Loupe')
SwiftCompile normal arm64 /Users/admin/builder/spi-builder-workspace/Sources/Loupe/RefreshDebug/RenderCheck.swift (in target 'Loupe' from project 'Loupe')
cd /Users/admin/builder/spi-builder-workspace/.swiftpm/xcode
builtin-SwiftPerFileCompile RenderCheck.swift
SwiftCompile normal arm64 Compiling\ DebugRender.swift /Users/admin/builder/spi-builder-workspace/Sources/Loupe/RefreshDebug/DebugRender.swift (in target 'Loupe' from project 'Loupe')
SwiftCompile normal arm64 /Users/admin/builder/spi-builder-workspace/Sources/Loupe/RefreshDebug/DebugRender.swift (in target 'Loupe' from project 'Loupe')
cd /Users/admin/builder/spi-builder-workspace/.swiftpm/xcode
builtin-SwiftPerFileCompile DebugRender.swift
SwiftCompile normal arm64 Compiling\ DraggablePositionView.swift /Users/admin/builder/spi-builder-workspace/Sources/Loupe/LayoutDebug/DraggablePositionView.swift (in target 'Loupe' from project 'Loupe')
/Users/admin/builder/spi-builder-workspace/Sources/Loupe/LayoutDebug/VisualCornerInsetGuide.swift:78:47: error: 'ConcentricRectangle' is only available in watchOS 26.0 or newer
76 | .padding(20)
77 | .frame(width: 220, height: 160)
78 | .background(.regularMaterial, in: ConcentricRectangle())
| |- error: 'ConcentricRectangle' is only available in watchOS 26.0 or newer
| `- note: add 'if #available' version check
79 |
80 | VisualCornerInsetGuide("RoundedRectangle")
/Users/admin/builder/spi-builder-workspace/Sources/Loupe/LayoutDebug/VisualCornerInsetGuide.swift:83:47: error: 'ConcentricRectangle' is only available in watchOS 26.0 or newer
81 | .padding(20)
82 | .frame(width: 220, height: 160)
83 | .background(.regularMaterial, in: ConcentricRectangle())
| |- error: 'ConcentricRectangle' is only available in watchOS 26.0 or newer
| `- note: add 'if #available' version check
84 | .containerShape(RoundedRectangle(cornerRadius: 72, style: .continuous))
85 |
/Users/admin/builder/spi-builder-workspace/Sources/Loupe/LayoutDebug/VisualCornerInsetGuide.swift:89:47: error: 'ConcentricRectangle' is only available in watchOS 26.0 or newer
87 | .padding(20)
88 | .frame(width: 220, height: 160)
89 | .background(.regularMaterial, in: ConcentricRectangle())
| |- error: 'ConcentricRectangle' is only available in watchOS 26.0 or newer
| `- note: add 'if #available' version check
90 | .containerShape(
91 | UnevenRoundedRectangle(
/Users/admin/builder/spi-builder-workspace/Sources/Loupe/LayoutDebug/VisualLayoutGuide.swift:707:53: error: 'concentricRectangle' is only available in watchOS 26.0 or newer
705 | ZStack{
706 | if #available(iOS 26.0, macOS 26.0, *) {
707 | VisualLayoutGuide("Blue Basic", shape: .concentricRectangle)
| |- error: 'concentricRectangle' is only available in watchOS 26.0 or newer
| `- note: add 'if #available' version check
708 | .foregroundStyle(.blue)
709 |
/Users/admin/builder/spi-builder-workspace/Sources/Loupe/LayoutDebug/VisualLayoutGuide.swift:710:84: error: 'concentricRectangle' is only available in watchOS 26.0 or newer
708 | .foregroundStyle(.blue)
709 |
710 | VisualLayoutGuide("Green Bottom Alligned", alignment: .bottom, shape: .concentricRectangle)
| |- error: 'concentricRectangle' is only available in watchOS 26.0 or newer
| `- note: add 'if #available' version check
711 | .foregroundStyle(.green)
712 |
/Users/admin/builder/spi-builder-workspace/Sources/Loupe/LayoutDebug/VisualLayoutGuide.swift:713:63: error: 'concentricRectangle' is only available in watchOS 26.0 or newer
711 | .foregroundStyle(.green)
712 |
713 | VisualLayoutGuide("Red .ignoresSafeArea", shape: .concentricRectangle)
| |- error: 'concentricRectangle' is only available in watchOS 26.0 or newer
| `- note: add 'if #available' version check
714 | .foregroundStyle(.red)
715 | .padding(5)
/Users/admin/builder/spi-builder-workspace/Sources/Loupe/LayoutDebug/DraggablePositionView.swift:293:14: warning: 'onChange(of:perform:)' was deprecated in watchOS 10.0: Use `onChange` with a two or zero parameter action closure instead. [#DeprecatedDeclaration]
291 | y: startPosition.height + manualOffset.height
292 | )
293 | .onChange(of: interactions) { _ in
| `- warning: 'onChange(of:perform:)' was deprecated in watchOS 10.0: Use `onChange` with a two or zero parameter action closure instead. [#DeprecatedDeclaration]
294 | handleInteractionChange()
295 | }
/Users/admin/builder/spi-builder-workspace/Sources/Loupe/LayoutDebug/DraggablePositionView.swift:296:14: warning: 'onChange(of:perform:)' was deprecated in watchOS 10.0: Use `onChange` with a two or zero parameter action closure instead. [#DeprecatedDeclaration]
294 | handleInteractionChange()
295 | }
296 | .onChange(of: persistenceStorageKey) { _ in
| `- warning: 'onChange(of:perform:)' was deprecated in watchOS 10.0: Use `onChange` with a two or zero parameter action closure instead. [#DeprecatedDeclaration]
297 | let restored = restorePersistedOffsetIfNeeded(force: true)
298 | if !restored {
/Users/admin/builder/spi-builder-workspace/Sources/Loupe/LayoutDebug/DraggablePositionView.swift:259:45: warning: main actor-isolated property 'coordinateSpaceValue' can not be referenced from a Sendable closure
257 | }
258 | .onGeometryChange(for: CGPoint.self) { proxy in
259 | let frame = proxy.frame(in: coordinateSpaceValue)
| `- warning: main actor-isolated property 'coordinateSpaceValue' can not be referenced from a Sendable closure
260 | return frame.origin
261 | } action: { newValue in
:
357 | // MARK: - Helpers
358 |
359 | private var coordinateSpaceValue: CoordinateSpace {
| `- note: property declared here
360 | switch coordinateSpace {
361 | case .local:
/Users/admin/builder/spi-builder-workspace/Sources/Loupe/LayoutDebug/DraggablePositionView.swift:454:28: error: 'UIScreen' is unavailable in watchOS
452 | #if canImport(UIKit)
453 | // Get screen height from global bounds
454 | let screenHeight = UIScreen.main.bounds.height
| `- error: 'UIScreen' is unavailable in watchOS
455 | // If overlay would go off screen, flip it above the circle
456 | if overlayBottomY > screenHeight {
/Applications/Xcode-27.0.0-Release.Candidate.app/Contents/Developer/Platforms/WatchOS.platform/Developer/SDKs/WatchOS27.0.sdk/System/Library/Frameworks/UIKit.framework/Headers/UIScreen.h:54:12: note: 'UIScreen' has been explicitly marked unavailable here
52 |
53 | UIKIT_EXTERN API_AVAILABLE(ios(2.0)) API_UNAVAILABLE(visionos, watchos) NS_SWIFT_UI_ACTOR
54 | @interface UIScreen : NSObject <UITraitEnvironment>
| `- note: 'UIScreen' has been explicitly marked unavailable here
55 |
56 | @property(class, nonatomic, readonly) NSArray<UIScreen *> *screens API_DEPRECATED("Use UIApplication.shared.openSessions to find open sessions with scenes from other screens", ios(3.2, 16.0), visionos(1.0, 1.0)) API_UNAVAILABLE(watchos); // all screens currently attached to the device
SwiftCompile normal arm64 /Users/admin/builder/spi-builder-workspace/Sources/Loupe/LayoutDebug/DraggablePositionView.swift (in target 'Loupe' from project 'Loupe')
cd /Users/admin/builder/spi-builder-workspace/.swiftpm/xcode
builtin-SwiftPerFileCompile DraggablePositionView.swift
SwiftCompile normal arm64 Compiling\ VisualGridGuide.swift /Users/admin/builder/spi-builder-workspace/Sources/Loupe/LayoutDebug/VisualGridGuide.swift (in target 'Loupe' from project 'Loupe')
/Users/admin/builder/spi-builder-workspace/Sources/Loupe/LayoutDebug/VisualCornerInsetGuide.swift:78:47: error: 'ConcentricRectangle' is only available in watchOS 26.0 or newer
76 | .padding(20)
77 | .frame(width: 220, height: 160)
78 | .background(.regularMaterial, in: ConcentricRectangle())
| |- error: 'ConcentricRectangle' is only available in watchOS 26.0 or newer
| `- note: add 'if #available' version check
79 |
80 | VisualCornerInsetGuide("RoundedRectangle")
/Users/admin/builder/spi-builder-workspace/Sources/Loupe/LayoutDebug/VisualCornerInsetGuide.swift:83:47: error: 'ConcentricRectangle' is only available in watchOS 26.0 or newer
81 | .padding(20)
82 | .frame(width: 220, height: 160)
83 | .background(.regularMaterial, in: ConcentricRectangle())
| |- error: 'ConcentricRectangle' is only available in watchOS 26.0 or newer
| `- note: add 'if #available' version check
84 | .containerShape(RoundedRectangle(cornerRadius: 72, style: .continuous))
85 |
/Users/admin/builder/spi-builder-workspace/Sources/Loupe/LayoutDebug/VisualCornerInsetGuide.swift:89:47: error: 'ConcentricRectangle' is only available in watchOS 26.0 or newer
87 | .padding(20)
88 | .frame(width: 220, height: 160)
89 | .background(.regularMaterial, in: ConcentricRectangle())
| |- error: 'ConcentricRectangle' is only available in watchOS 26.0 or newer
| `- note: add 'if #available' version check
90 | .containerShape(
91 | UnevenRoundedRectangle(
/Users/admin/builder/spi-builder-workspace/Sources/Loupe/LayoutDebug/VisualLayoutGuide.swift:707:53: error: 'concentricRectangle' is only available in watchOS 26.0 or newer
705 | ZStack{
706 | if #available(iOS 26.0, macOS 26.0, *) {
707 | VisualLayoutGuide("Blue Basic", shape: .concentricRectangle)
| |- error: 'concentricRectangle' is only available in watchOS 26.0 or newer
| `- note: add 'if #available' version check
708 | .foregroundStyle(.blue)
709 |
/Users/admin/builder/spi-builder-workspace/Sources/Loupe/LayoutDebug/VisualLayoutGuide.swift:710:84: error: 'concentricRectangle' is only available in watchOS 26.0 or newer
708 | .foregroundStyle(.blue)
709 |
710 | VisualLayoutGuide("Green Bottom Alligned", alignment: .bottom, shape: .concentricRectangle)
| |- error: 'concentricRectangle' is only available in watchOS 26.0 or newer
| `- note: add 'if #available' version check
711 | .foregroundStyle(.green)
712 |
SwiftCompile normal arm64 /Users/admin/builder/spi-builder-workspace/Sources/Loupe/LayoutDebug/VisualGridGuide.swift (in target 'Loupe' from project 'Loupe')
cd /Users/admin/builder/spi-builder-workspace/.swiftpm/xcode
builtin-SwiftPerFileCompile VisualGridGuide.swift
SwiftCompile normal arm64 Compiling\ VisualLayoutGuide.swift /Users/admin/builder/spi-builder-workspace/Sources/Loupe/LayoutDebug/VisualLayoutGuide.swift (in target 'Loupe' from project 'Loupe')
/Users/admin/builder/spi-builder-workspace/Sources/Loupe/LayoutDebug/VisualCornerInsetGuide.swift:78:47: error: 'ConcentricRectangle' is only available in watchOS 26.0 or newer
76 | .padding(20)
77 | .frame(width: 220, height: 160)
78 | .background(.regularMaterial, in: ConcentricRectangle())
| |- error: 'ConcentricRectangle' is only available in watchOS 26.0 or newer
| `- note: add 'if #available' version check
79 |
80 | VisualCornerInsetGuide("RoundedRectangle")
/Users/admin/builder/spi-builder-workspace/Sources/Loupe/LayoutDebug/VisualCornerInsetGuide.swift:83:47: error: 'ConcentricRectangle' is only available in watchOS 26.0 or newer
81 | .padding(20)
82 | .frame(width: 220, height: 160)
83 | .background(.regularMaterial, in: ConcentricRectangle())
| |- error: 'ConcentricRectangle' is only available in watchOS 26.0 or newer
| `- note: add 'if #available' version check
84 | .containerShape(RoundedRectangle(cornerRadius: 72, style: .continuous))
85 |
/Users/admin/builder/spi-builder-workspace/Sources/Loupe/LayoutDebug/VisualCornerInsetGuide.swift:89:47: error: 'ConcentricRectangle' is only available in watchOS 26.0 or newer
87 | .padding(20)
88 | .frame(width: 220, height: 160)
89 | .background(.regularMaterial, in: ConcentricRectangle())
| |- error: 'ConcentricRectangle' is only available in watchOS 26.0 or newer
| `- note: add 'if #available' version check
90 | .containerShape(
91 | UnevenRoundedRectangle(
/Users/admin/builder/spi-builder-workspace/Sources/Loupe/LayoutDebug/VisualLayoutGuide.swift:707:53: error: 'concentricRectangle' is only available in watchOS 26.0 or newer
705 | ZStack{
706 | if #available(iOS 26.0, macOS 26.0, *) {
707 | VisualLayoutGuide("Blue Basic", shape: .concentricRectangle)
| |- error: 'concentricRectangle' is only available in watchOS 26.0 or newer
| `- note: add 'if #available' version check
708 | .foregroundStyle(.blue)
709 |
/Users/admin/builder/spi-builder-workspace/Sources/Loupe/LayoutDebug/VisualLayoutGuide.swift:710:84: error: 'concentricRectangle' is only available in watchOS 26.0 or newer
708 | .foregroundStyle(.blue)
709 |
710 | VisualLayoutGuide("Green Bottom Alligned", alignment: .bottom, shape: .concentricRectangle)
| |- error: 'concentricRectangle' is only available in watchOS 26.0 or newer
| `- note: add 'if #available' version check
711 | .foregroundStyle(.green)
712 |
/Users/admin/builder/spi-builder-workspace/Sources/Loupe/LayoutDebug/VisualLayoutGuide.swift:713:63: error: 'concentricRectangle' is only available in watchOS 26.0 or newer
711 | .foregroundStyle(.green)
712 |
713 | VisualLayoutGuide("Red .ignoresSafeArea", shape: .concentricRectangle)
| |- error: 'concentricRectangle' is only available in watchOS 26.0 or newer
| `- note: add 'if #available' version check
714 | .foregroundStyle(.red)
715 | .padding(5)
/Users/admin/builder/spi-builder-workspace/Sources/Loupe/LayoutDebug/VisualLayoutGuide.swift:418:14: warning: 'onChange(of:perform:)' was deprecated in watchOS 10.0: Use `onChange` with a two or zero parameter action closure instead. [#DeprecatedDeclaration]
416 | viewInsets = newValue
417 | }
418 | .onChange(of: coordinator.offsetsRevision) { _ in
| `- warning: 'onChange(of:perform:)' was deprecated in watchOS 10.0: Use `onChange` with a two or zero parameter action closure instead. [#DeprecatedDeclaration]
419 | overlayOffset = coordinator.offset(for: id)
420 | }
/Users/admin/builder/spi-builder-workspace/Sources/Loupe/LayoutDebug/VisualLayoutGuide.swift:421:14: warning: 'onChange(of:perform:)' was deprecated in watchOS 10.0: Use `onChange` with a two or zero parameter action closure instead. [#DeprecatedDeclaration]
419 | overlayOffset = coordinator.offset(for: id)
420 | }
421 | .onChange(of: positioningMode) { _ in
| `- warning: 'onChange(of:perform:)' was deprecated in watchOS 10.0: Use `onChange` with a two or zero parameter action closure instead. [#DeprecatedDeclaration]
422 | refreshOverlayOffset()
423 | }
/Users/admin/builder/spi-builder-workspace/Sources/Loupe/LayoutDebug/VisualLayoutGuide.swift:424:14: warning: 'onChange(of:perform:)' was deprecated in watchOS 10.0: Use `onChange` with a two or zero parameter action closure instead. [#DeprecatedDeclaration]
422 | refreshOverlayOffset()
423 | }
424 | .onChange(of: interactions) { _ in
| `- warning: 'onChange(of:perform:)' was deprecated in watchOS 10.0: Use `onChange` with a two or zero parameter action closure instead. [#DeprecatedDeclaration]
425 | handleInteractionChange()
426 | }
/Users/admin/builder/spi-builder-workspace/Sources/Loupe/LayoutDebug/VisualLayoutGuide.swift:427:14: warning: 'onChange(of:perform:)' was deprecated in watchOS 10.0: Use `onChange` with a two or zero parameter action closure instead. [#DeprecatedDeclaration]
425 | handleInteractionChange()
426 | }
427 | .onChange(of: persistedManualOffset) { _ in
| `- warning: 'onChange(of:perform:)' was deprecated in watchOS 10.0: Use `onChange` with a two or zero parameter action closure instead. [#DeprecatedDeclaration]
428 | refreshOverlayOffset()
429 | }
/Users/admin/builder/spi-builder-workspace/Sources/Loupe/LayoutDebug/VisualLayoutGuide.swift:430:14: warning: 'onChange(of:perform:)' was deprecated in watchOS 10.0: Use `onChange` with a two or zero parameter action closure instead. [#DeprecatedDeclaration]
428 | refreshOverlayOffset()
429 | }
430 | .onChange(of: activeDragOffset) { _ in
| `- warning: 'onChange(of:perform:)' was deprecated in watchOS 10.0: Use `onChange` with a two or zero parameter action closure instead. [#DeprecatedDeclaration]
431 | refreshOverlayOffset()
432 | }
SwiftCompile normal arm64 /Users/admin/builder/spi-builder-workspace/Sources/Loupe/LayoutDebug/VisualLayoutGuide.swift (in target 'Loupe' from project 'Loupe')
cd /Users/admin/builder/spi-builder-workspace/.swiftpm/xcode
builtin-SwiftPerFileCompile VisualLayoutGuide.swift
SwiftCompile normal arm64 Compiling\ RenderDebugDemoView.swift /Users/admin/builder/spi-builder-workspace/Sources/Loupe/RefreshDebug/RenderDebugDemoView.swift (in target 'Loupe' from project 'Loupe')
SwiftCompile normal arm64 /Users/admin/builder/spi-builder-workspace/Sources/Loupe/RefreshDebug/RenderDebugDemoView.swift (in target 'Loupe' from project 'Loupe')
cd /Users/admin/builder/spi-builder-workspace/.swiftpm/xcode
builtin-SwiftPerFileCompile RenderDebugDemoView.swift
SwiftCompile normal arm64 Compiling\ VisualCornerInsetGuide.swift /Users/admin/builder/spi-builder-workspace/Sources/Loupe/LayoutDebug/VisualCornerInsetGuide.swift (in target 'Loupe' from project 'Loupe')
/Users/admin/builder/spi-builder-workspace/Sources/Loupe/LayoutDebug/VisualCornerInsetGuide.swift:78:47: error: 'ConcentricRectangle' is only available in watchOS 26.0 or newer
76 | .padding(20)
77 | .frame(width: 220, height: 160)
78 | .background(.regularMaterial, in: ConcentricRectangle())
| |- error: 'ConcentricRectangle' is only available in watchOS 26.0 or newer
| `- note: add 'if #available' version check
79 |
80 | VisualCornerInsetGuide("RoundedRectangle")
/Users/admin/builder/spi-builder-workspace/Sources/Loupe/LayoutDebug/VisualCornerInsetGuide.swift:83:47: error: 'ConcentricRectangle' is only available in watchOS 26.0 or newer
81 | .padding(20)
82 | .frame(width: 220, height: 160)
83 | .background(.regularMaterial, in: ConcentricRectangle())
| |- error: 'ConcentricRectangle' is only available in watchOS 26.0 or newer
| `- note: add 'if #available' version check
84 | .containerShape(RoundedRectangle(cornerRadius: 72, style: .continuous))
85 |
/Users/admin/builder/spi-builder-workspace/Sources/Loupe/LayoutDebug/VisualCornerInsetGuide.swift:89:47: error: 'ConcentricRectangle' is only available in watchOS 26.0 or newer
87 | .padding(20)
88 | .frame(width: 220, height: 160)
89 | .background(.regularMaterial, in: ConcentricRectangle())
| |- error: 'ConcentricRectangle' is only available in watchOS 26.0 or newer
| `- note: add 'if #available' version check
90 | .containerShape(
91 | UnevenRoundedRectangle(
/Users/admin/builder/spi-builder-workspace/Sources/Loupe/LayoutDebug/VisualLayoutGuide.swift:707:53: error: 'concentricRectangle' is only available in watchOS 26.0 or newer
705 | ZStack{
706 | if #available(iOS 26.0, macOS 26.0, *) {
707 | VisualLayoutGuide("Blue Basic", shape: .concentricRectangle)
| |- error: 'concentricRectangle' is only available in watchOS 26.0 or newer
| `- note: add 'if #available' version check
708 | .foregroundStyle(.blue)
709 |
/Users/admin/builder/spi-builder-workspace/Sources/Loupe/LayoutDebug/VisualLayoutGuide.swift:710:84: error: 'concentricRectangle' is only available in watchOS 26.0 or newer
708 | .foregroundStyle(.blue)
709 |
710 | VisualLayoutGuide("Green Bottom Alligned", alignment: .bottom, shape: .concentricRectangle)
| |- error: 'concentricRectangle' is only available in watchOS 26.0 or newer
| `- note: add 'if #available' version check
711 | .foregroundStyle(.green)
712 |
/Users/admin/builder/spi-builder-workspace/Sources/Loupe/LayoutDebug/VisualLayoutGuide.swift:713:63: error: 'concentricRectangle' is only available in watchOS 26.0 or newer
711 | .foregroundStyle(.green)
712 |
713 | VisualLayoutGuide("Red .ignoresSafeArea", shape: .concentricRectangle)
| |- error: 'concentricRectangle' is only available in watchOS 26.0 or newer
| `- note: add 'if #available' version check
714 | .foregroundStyle(.red)
715 | .padding(5)
/Users/admin/builder/spi-builder-workspace/Sources/Loupe/LayoutDebug/VisualCornerInsetGuide.swift:32:13: error: 'ConcentricRectangle' is only available in watchOS 26.0 or newer
13 | /// along with an info panel showing the view size.
14 | @available(iOS 26.0, macOS 26.0, *)
15 | public struct VisualCornerInsetGuide: View {
| `- note: add '@available' attribute to enclosing struct
16 | /// Optional caption displayed in the metrics summary panel.
17 | private let label: String?
:
28 | }
29 |
30 | public var body: some View {
| `- note: add '@available' attribute to enclosing property
31 | ZStack {
32 | ConcentricRectangle()
| |- error: 'ConcentricRectangle' is only available in watchOS 26.0 or newer
| `- note: add 'if #available' version check
33 | .opacity(0.5)
34 | MetricsSummary(label: label, size: viewSize)
macro expansion #Preview:24:63: error: 'ConcentricRectangle' is only available in watchOS 26.0 or newer
`- /Users/admin/builder/spi-builder-workspace/Sources/Loupe/LayoutDebug/VisualCornerInsetGuide.swift:99:2: note: expanded code originates here
71 | // MARK: - Previews
72 | @available(iOS 26.0, macOS 26.0, *)
73 | #Preview("VisualCornerInsetGuide") {
| |- note: in expansion of macro 'Preview' here
| |- note: in expansion of macro 'Preview' here
| `- note: in expansion of macro 'Preview' here
74 | VStack(spacing: 40) {
75 | VisualCornerInsetGuide("None")
:
97 | )
98 | }
99 | }
+--- macro expansion #Preview --------------------------------------
|11 | }
|12 |
|13 | @MainActor static func makePreview() throws -> DeveloperToolsSupport.Preview {
| | `- note: add '@available' attribute to enclosing static method
|14 | if #available(iOS 26.0, macOS 26.0, *) {
|15 | DeveloperToolsSupport.Preview("VisualCornerInsetGuide") {
| :
|22 | .padding(20)
|23 | .frame(width: 220, height: 160)
|24 | .background(.regularMaterial, in: ConcentricRectangle())
| | |- error: 'ConcentricRectangle' is only available in watchOS 26.0 or newer
| | `- note: add 'if #available' version check
|25 |
|26 | VisualCornerInsetGuide("RoundedRectangle")
+-------------------------------------------------------------------
100 |
101 | @available(iOS 26.0, macOS 26.0, *)
macro expansion #Preview:29:63: error: 'ConcentricRectangle' is only available in watchOS 26.0 or newer
`- /Users/admin/builder/spi-builder-workspace/Sources/Loupe/LayoutDebug/VisualCornerInsetGuide.swift:99:2: note: expanded code originates here
71 | // MARK: - Previews
72 | @available(iOS 26.0, macOS 26.0, *)
73 | #Preview("VisualCornerInsetGuide") {
| |- note: in expansion of macro 'Preview' here
| |- note: in expansion of macro 'Preview' here
| `- note: in expansion of macro 'Preview' here
74 | VStack(spacing: 40) {
75 | VisualCornerInsetGuide("None")
:
97 | )
98 | }
99 | }
+--- macro expansion #Preview --------------------------------------
|11 | }
|12 |
|13 | @MainActor static func makePreview() throws -> DeveloperToolsSupport.Preview {
| | `- note: add '@available' attribute to enclosing static method
|14 | if #available(iOS 26.0, macOS 26.0, *) {
|15 | DeveloperToolsSupport.Preview("VisualCornerInsetGuide") {
| :
|27 | .padding(20)
|28 | .frame(width: 220, height: 160)
|29 | .background(.regularMaterial, in: ConcentricRectangle())
| | |- error: 'ConcentricRectangle' is only available in watchOS 26.0 or newer
| | `- note: add 'if #available' version check
|30 | .containerShape(RoundedRectangle(cornerRadius: 72, style: .continuous))
|31 |
+-------------------------------------------------------------------
100 |
101 | @available(iOS 26.0, macOS 26.0, *)
SwiftCompile normal arm64 /Users/admin/builder/spi-builder-workspace/Sources/Loupe/LayoutDebug/VisualCornerInsetGuide.swift (in target 'Loupe' from project 'Loupe')
cd /Users/admin/builder/spi-builder-workspace/.swiftpm/xcode
builtin-SwiftPerFileCompile VisualCornerInsetGuide.swift
SwiftCompile normal arm64 Compiling\ ComputeDebugView.swift /Users/admin/builder/spi-builder-workspace/Sources/Loupe/RefreshDebug/ComputeDebugView.swift (in target 'Loupe' from project 'Loupe')
SwiftCompile normal arm64 /Users/admin/builder/spi-builder-workspace/Sources/Loupe/RefreshDebug/ComputeDebugView.swift (in target 'Loupe' from project 'Loupe')
cd /Users/admin/builder/spi-builder-workspace/.swiftpm/xcode
builtin-SwiftPerFileCompile ComputeDebugView.swift
SwiftCompile normal arm64 Compiling\ LocalRenderManager.swift /Users/admin/builder/spi-builder-workspace/Sources/Loupe/RefreshDebug/LocalRenderManager.swift (in target 'Loupe' from project 'Loupe')
SwiftCompile normal arm64 /Users/admin/builder/spi-builder-workspace/Sources/Loupe/RefreshDebug/LocalRenderManager.swift (in target 'Loupe' from project 'Loupe')
cd /Users/admin/builder/spi-builder-workspace/.swiftpm/xcode
builtin-SwiftPerFileCompile LocalRenderManager.swift
SwiftExplicitDependencyGeneratePcm arm64_32 /Users/admin/builder/spi-builder-workspace/.derivedData/SDKExplicitPrecompiledModules/SwiftUI-6DR5UJH94SD7QMITGWNAX9FBI.pcm
PruneExplicitPrecompiledModules /Users/admin/builder/spi-builder-workspace/.derivedData/Build/Intermediates.noindex/ExplicitPrecompiledModules
PruneExplicitPrecompiledModules /Users/admin/builder/spi-builder-workspace/.derivedData/Build/Intermediates.noindex/SwiftExplicitPrecompiledModules
PruneExplicitPrecompiledModules /Users/admin/builder/spi-builder-workspace/.derivedData/SDKExplicitPrecompiledModules
2026-09-23 16:37:51.111 xcodebuild[627:3897] [MT] IDERunDestination: Supported platforms for the buildables in the current scheme is empty.
** BUILD FAILED **
The following build commands failed:
SwiftCompile normal arm64 (in target 'Loupe' from project 'Loupe')
SwiftEmitModule normal arm64 Emitting\ module\ for\ Loupe (in target 'Loupe' from project 'Loupe')
Building workspace Loupe with scheme Loupe
(3 failures)
Command line invocation:
/Applications/Xcode-27.0.0-Release.Candidate.app/Contents/Developer/usr/bin/xcodebuild -IDEClonedSourcePackagesDirPathOverride=/Users/admin/builder/spi-builder-workspace/.dependencies -resolvePackageDependencies
Resolve Package Graph
Resolved source packages:
Loupe: /Users/admin/builder/spi-builder-workspace
resolved source packages: Loupe
2026-09-23 16:37:58.071 xcodebuild[803:4659] [MT] IDERunDestination: Supported platforms for the buildables in the current scheme is empty.
{
"dependencies" : [
],
"manifest_display_name" : "Loupe",
"name" : "Loupe",
"path" : "/Users/admin/builder/spi-builder-workspace",
"platforms" : [
{
"name" : "ios",
"version" : "17.0"
},
{
"name" : "macos",
"version" : "14.0"
},
{
"name" : "visionos",
"version" : "1.0"
},
{
"name" : "tvos",
"version" : "17.0"
},
{
"name" : "watchos",
"version" : "10.0"
}
],
"products" : [
{
"name" : "Loupe",
"targets" : [
"Loupe"
],
"type" : {
"library" : [
"automatic"
]
}
}
],
"targets" : [
{
"c99name" : "Loupe",
"module_type" : "SwiftTarget",
"name" : "Loupe",
"path" : "Sources/Loupe",
"product_memberships" : [
"Loupe"
],
"sources" : [
"LayoutDebug/DraggablePositionView.swift",
"LayoutDebug/VisualCornerInsetGuide.swift",
"LayoutDebug/VisualGridGuide.swift",
"LayoutDebug/VisualLayoutGuide.swift",
"RefreshDebug/ComputeDebugView.swift",
"RefreshDebug/DebugRender.swift",
"RefreshDebug/LocalRenderManager.swift",
"RefreshDebug/RenderCheck.swift",
"RefreshDebug/RenderDebugDemoView.swift"
],
"type" : "library"
}
],
"tools_version" : "6.0"
}
{
"workspace" : {
"name" : "Loupe",
"schemes" : [
"Loupe"
]
}
}
2026-09-23 16:37:59.281 xcodebuild[811:4724] [MT] IDERunDestination: Supported platforms for the buildables in the current scheme is empty.
Running build ...
env DEVELOPER_DIR=/Applications/Xcode-27.0.0-Release.Candidate.app xcrun xcodebuild -IDEClonedSourcePackagesDirPathOverride=$PWD/.dependencies -skipMacroValidation -skipPackagePluginValidation -derivedDataPath $PWD/.derivedData build -scheme Loupe -destination generic/platform=watchOS
Command line invocation:
/Applications/Xcode-27.0.0-Release.Candidate.app/Contents/Developer/usr/bin/xcodebuild -IDEClonedSourcePackagesDirPathOverride=/Users/admin/builder/spi-builder-workspace/.dependencies -skipMacroValidation -skipPackagePluginValidation -derivedDataPath /Users/admin/builder/spi-builder-workspace/.derivedData build -scheme Loupe -destination generic/platform=watchOS
Resolve Package Graph
Resolved source packages:
Loupe: /Users/admin/builder/spi-builder-workspace
ComputePackagePrebuildTargetDependencyGraph
Prepare packages
CreateBuildRequest
SendProjectDescription
CreateBuildOperation
ComputeTargetDependencyGraph
note: Building targets in dependency order
note: Target dependency graph (2 targets)
Target 'Loupe-product' in project 'Loupe'
➜ Explicit dependency on target 'Loupe' in project 'Loupe'
Target 'Loupe' in project 'Loupe' (no dependencies)
GatherProvisioningInputs
CreateBuildDescription
ClangStatCache /Applications/Xcode-27.0.0-Release.Candidate.app/Contents/Developer/Toolchains/XcodeDefault.xctoolchain/usr/bin/clang-stat-cache /Applications/Xcode-27.0.0-Release.Candidate.app/Contents/Developer/Platforms/WatchOS.platform/Developer/SDKs/WatchOS27.0.sdk /Users/admin/builder/spi-builder-workspace/.derivedData/SDKStatCaches.noindex/watchos27.0-24R360-e829b21a6f8c9b70876ba0858053c04477534ef55a1706bf4c1112bbb242f0a2.sdkstatcache
cd /Users/admin/builder/spi-builder-workspace/.swiftpm/xcode
/Applications/Xcode-27.0.0-Release.Candidate.app/Contents/Developer/Toolchains/XcodeDefault.xctoolchain/usr/bin/clang-stat-cache /Applications/Xcode-27.0.0-Release.Candidate.app/Contents/Developer/Platforms/WatchOS.platform/Developer/SDKs/WatchOS27.0.sdk -o /Users/admin/builder/spi-builder-workspace/.derivedData/SDKStatCaches.noindex/watchos27.0-24R360-e829b21a6f8c9b70876ba0858053c04477534ef55a1706bf4c1112bbb242f0a2.sdkstatcache
SwiftDriver Loupe normal arm64_32 com.apple.xcode.tools.swift.compiler (in target 'Loupe' from project 'Loupe')
cd /Users/admin/builder/spi-builder-workspace/.swiftpm/xcode
builtin-SwiftDriver -- /Applications/Xcode-27.0.0-Release.Candidate.app/Contents/Developer/Toolchains/XcodeDefault.xctoolchain/usr/bin/swiftc -parse-as-library -module-name Loupe -Onone @/Users/admin/builder/spi-builder-workspace/.derivedData/Build/Intermediates.noindex/Loupe.build/Debug-watchos/Loupe-t.build/Objects-normal/arm64_32/Loupe.SwiftFileList -DSWIFT_PACKAGE -DDEBUG -DSWIFT_MODULE_RESOURCE_BUNDLE_UNAVAILABLE -DXcode -plugin-path /Applications/Xcode-27.0.0-Release.Candidate.app/Contents/Developer/Toolchains/XcodeDefault.xctoolchain/usr/lib/swift/host/plugins/testing -enable-experimental-feature DebugDescriptionMacro -sdk /Applications/Xcode-27.0.0-Release.Candidate.app/Contents/Developer/Platforms/WatchOS.platform/Developer/SDKs/WatchOS27.0.sdk -target arm64_32-apple-watchos10.0 -g -module-cache-path /Users/admin/builder/spi-builder-workspace/.derivedData/ModuleCache.noindex -Xfrontend -serialize-debugging-options -enable-testing -index-store-path /Users/admin/builder/spi-builder-workspace/.derivedData/Index.noindex/DataStore -Xcc -D_LIBCPP_HARDENING_MODE\=_LIBCPP_HARDENING_MODE_DEBUG -swift-version 6 -I /Users/admin/builder/spi-builder-workspace/.derivedData/Build/Products/Debug-watchos -Isystem /Applications/Xcode-27.0.0-Release.Candidate.app/Contents/Developer/Platforms/WatchOS.platform/Developer/usr/lib -F /Users/admin/builder/spi-builder-workspace/.derivedData/Build/Products/Debug-watchos -F /Applications/Xcode-27.0.0-Release.Candidate.app/Contents/Developer/Platforms/WatchOS.platform/Developer/Library/Frameworks -F /Applications/Xcode-27.0.0-Release.Candidate.app/Contents/Developer/Platforms/WatchOS.platform/Developer/SDKs/WatchOS27.0.sdk/Developer/Library/Frameworks -c -j10 -enable-batch-mode -incremental -Xcc -ivfsstatcache -Xcc /Users/admin/builder/spi-builder-workspace/.derivedData/SDKStatCaches.noindex/watchos27.0-24R360-e829b21a6f8c9b70876ba0858053c04477534ef55a1706bf4c1112bbb242f0a2.sdkstatcache -output-file-map /Users/admin/builder/spi-builder-workspace/.derivedData/Build/Intermediates.noindex/Loupe.build/Debug-watchos/Loupe-t.build/Objects-normal/arm64_32/Loupe-OutputFileMap.json -save-temps -no-color-diagnostics -explicit-module-build -module-cache-path /Users/admin/builder/spi-builder-workspace/.derivedData/Build/Intermediates.noindex/SwiftExplicitPrecompiledModules -clang-scanner-module-cache-path /Users/admin/builder/spi-builder-workspace/.derivedData/ModuleCache.noindex -sdk-module-cache-path /Users/admin/builder/spi-builder-workspace/.derivedData/SDKExplicitPrecompiledModules -emit-dependencies -emit-module -emit-module-path /Users/admin/builder/spi-builder-workspace/.derivedData/Build/Intermediates.noindex/Loupe.build/Debug-watchos/Loupe-t.build/Objects-normal/arm64_32/Loupe.swiftmodule -serialize-diagnostics -dependency-scan-serialize-diagnostics-path /Users/admin/builder/spi-builder-workspace/.derivedData/Build/Intermediates.noindex/Loupe.build/Debug-watchos/Loupe-t.build/Objects-normal/arm64_32/Loupe-dependency-scan.dia -validate-clang-modules-once -clang-build-session-file /Users/admin/builder/spi-builder-workspace/.derivedData/ModuleCache.noindex/Session.modulevalidation -Xcc -fmodules-prune-interval\=86400 -Xcc -fmodules-prune-after\=345600 -package-name spi_builder_workspace -emit-const-values -const-gather-protocols-list /Users/admin/builder/spi-builder-workspace/.derivedData/Build/Intermediates.noindex/Loupe.build/Debug-watchos/Loupe-t.build/Objects-normal/arm64_32/Loupe_const_extract_protocols.json -Xcc -I/Users/admin/builder/spi-builder-workspace/.derivedData/Build/Products/Debug-watchos/include -Xcc -I/Users/admin/builder/spi-builder-workspace/.derivedData/Build/Intermediates.noindex/Loupe.build/Debug-watchos/Loupe-t.build/DerivedSources-normal/arm64_32 -Xcc -I/Users/admin/builder/spi-builder-workspace/.derivedData/Build/Intermediates.noindex/Loupe.build/Debug-watchos/Loupe-t.build/DerivedSources/arm64_32 -Xcc -I/Users/admin/builder/spi-builder-workspace/.derivedData/Build/Intermediates.noindex/Loupe.build/Debug-watchos/Loupe-t.build/DerivedSources -Xcc -DSWIFT_PACKAGE -Xcc -DDEBUG\=1 -emit-objc-header -emit-objc-header-path /Users/admin/builder/spi-builder-workspace/.derivedData/Build/Intermediates.noindex/Loupe.build/Debug-watchos/Loupe-t.build/Objects-normal/arm64_32/Loupe-Swift.h -working-directory /Users/admin/builder/spi-builder-workspace/.swiftpm/xcode -experimental-emit-module-separately -disable-cmo
SwiftDriver Loupe normal arm64 com.apple.xcode.tools.swift.compiler (in target 'Loupe' from project 'Loupe')
cd /Users/admin/builder/spi-builder-workspace/.swiftpm/xcode
builtin-SwiftDriver -- /Applications/Xcode-27.0.0-Release.Candidate.app/Contents/Developer/Toolchains/XcodeDefault.xctoolchain/usr/bin/swiftc -parse-as-library -module-name Loupe -Onone @/Users/admin/builder/spi-builder-workspace/.derivedData/Build/Intermediates.noindex/Loupe.build/Debug-watchos/Loupe-t.build/Objects-normal/arm64/Loupe.SwiftFileList -DSWIFT_PACKAGE -DDEBUG -DSWIFT_MODULE_RESOURCE_BUNDLE_UNAVAILABLE -DXcode -plugin-path /Applications/Xcode-27.0.0-Release.Candidate.app/Contents/Developer/Toolchains/XcodeDefault.xctoolchain/usr/lib/swift/host/plugins/testing -enable-experimental-feature DebugDescriptionMacro -sdk /Applications/Xcode-27.0.0-Release.Candidate.app/Contents/Developer/Platforms/WatchOS.platform/Developer/SDKs/WatchOS27.0.sdk -target arm64-apple-watchos10.0 -g -module-cache-path /Users/admin/builder/spi-builder-workspace/.derivedData/ModuleCache.noindex -Xfrontend -serialize-debugging-options -enable-testing -index-store-path /Users/admin/builder/spi-builder-workspace/.derivedData/Index.noindex/DataStore -Xcc -D_LIBCPP_HARDENING_MODE\=_LIBCPP_HARDENING_MODE_DEBUG -swift-version 6 -I /Users/admin/builder/spi-builder-workspace/.derivedData/Build/Products/Debug-watchos -Isystem /Applications/Xcode-27.0.0-Release.Candidate.app/Contents/Developer/Platforms/WatchOS.platform/Developer/usr/lib -F /Users/admin/builder/spi-builder-workspace/.derivedData/Build/Products/Debug-watchos -F /Applications/Xcode-27.0.0-Release.Candidate.app/Contents/Developer/Platforms/WatchOS.platform/Developer/Library/Frameworks -F /Applications/Xcode-27.0.0-Release.Candidate.app/Contents/Developer/Platforms/WatchOS.platform/Developer/SDKs/WatchOS27.0.sdk/Developer/Library/Frameworks -c -j10 -enable-batch-mode -incremental -Xcc -ivfsstatcache -Xcc /Users/admin/builder/spi-builder-workspace/.derivedData/SDKStatCaches.noindex/watchos27.0-24R360-e829b21a6f8c9b70876ba0858053c04477534ef55a1706bf4c1112bbb242f0a2.sdkstatcache -output-file-map /Users/admin/builder/spi-builder-workspace/.derivedData/Build/Intermediates.noindex/Loupe.build/Debug-watchos/Loupe-t.build/Objects-normal/arm64/Loupe-OutputFileMap.json -save-temps -no-color-diagnostics -explicit-module-build -module-cache-path /Users/admin/builder/spi-builder-workspace/.derivedData/Build/Intermediates.noindex/SwiftExplicitPrecompiledModules -clang-scanner-module-cache-path /Users/admin/builder/spi-builder-workspace/.derivedData/ModuleCache.noindex -sdk-module-cache-path /Users/admin/builder/spi-builder-workspace/.derivedData/SDKExplicitPrecompiledModules -emit-dependencies -emit-module -emit-module-path /Users/admin/builder/spi-builder-workspace/.derivedData/Build/Intermediates.noindex/Loupe.build/Debug-watchos/Loupe-t.build/Objects-normal/arm64/Loupe.swiftmodule -serialize-diagnostics -dependency-scan-serialize-diagnostics-path /Users/admin/builder/spi-builder-workspace/.derivedData/Build/Intermediates.noindex/Loupe.build/Debug-watchos/Loupe-t.build/Objects-normal/arm64/Loupe-dependency-scan.dia -validate-clang-modules-once -clang-build-session-file /Users/admin/builder/spi-builder-workspace/.derivedData/ModuleCache.noindex/Session.modulevalidation -Xcc -fmodules-prune-interval\=86400 -Xcc -fmodules-prune-after\=345600 -package-name spi_builder_workspace -emit-const-values -const-gather-protocols-list /Users/admin/builder/spi-builder-workspace/.derivedData/Build/Intermediates.noindex/Loupe.build/Debug-watchos/Loupe-t.build/Objects-normal/arm64/Loupe_const_extract_protocols.json -Xcc -I/Users/admin/builder/spi-builder-workspace/.derivedData/Build/Products/Debug-watchos/include -Xcc -I/Users/admin/builder/spi-builder-workspace/.derivedData/Build/Intermediates.noindex/Loupe.build/Debug-watchos/Loupe-t.build/DerivedSources-normal/arm64 -Xcc -I/Users/admin/builder/spi-builder-workspace/.derivedData/Build/Intermediates.noindex/Loupe.build/Debug-watchos/Loupe-t.build/DerivedSources/arm64 -Xcc -I/Users/admin/builder/spi-builder-workspace/.derivedData/Build/Intermediates.noindex/Loupe.build/Debug-watchos/Loupe-t.build/DerivedSources -Xcc -DSWIFT_PACKAGE -Xcc -DDEBUG\=1 -emit-objc-header -emit-objc-header-path /Users/admin/builder/spi-builder-workspace/.derivedData/Build/Intermediates.noindex/Loupe.build/Debug-watchos/Loupe-t.build/Objects-normal/arm64/Loupe-Swift.h -working-directory /Users/admin/builder/spi-builder-workspace/.swiftpm/xcode -experimental-emit-module-separately -disable-cmo
SwiftExplicitDependencyGeneratePcm arm64_32 /Users/admin/builder/spi-builder-workspace/.derivedData/SDKExplicitPrecompiledModules/SwiftUI-6DR5UJH94SD7QMITGWNAX9FBI.pcm
SwiftCompile normal arm64 Compiling\ ComputeDebugView.swift /Users/admin/builder/spi-builder-workspace/Sources/Loupe/RefreshDebug/ComputeDebugView.swift (in target 'Loupe' from project 'Loupe')
SwiftCompile normal arm64 /Users/admin/builder/spi-builder-workspace/Sources/Loupe/RefreshDebug/ComputeDebugView.swift (in target 'Loupe' from project 'Loupe')
cd /Users/admin/builder/spi-builder-workspace/.swiftpm/xcode
builtin-SwiftPerFileCompile ComputeDebugView.swift
SwiftCompile normal arm64 Compiling\ DraggablePositionView.swift /Users/admin/builder/spi-builder-workspace/Sources/Loupe/LayoutDebug/DraggablePositionView.swift (in target 'Loupe' from project 'Loupe')
/Users/admin/builder/spi-builder-workspace/Sources/Loupe/LayoutDebug/VisualCornerInsetGuide.swift:78:47: error: 'ConcentricRectangle' is only available in watchOS 26.0 or newer
76 | .padding(20)
77 | .frame(width: 220, height: 160)
78 | .background(.regularMaterial, in: ConcentricRectangle())
| |- error: 'ConcentricRectangle' is only available in watchOS 26.0 or newer
| `- note: add 'if #available' version check
79 |
80 | VisualCornerInsetGuide("RoundedRectangle")
/Users/admin/builder/spi-builder-workspace/Sources/Loupe/LayoutDebug/VisualCornerInsetGuide.swift:83:47: error: 'ConcentricRectangle' is only available in watchOS 26.0 or newer
81 | .padding(20)
82 | .frame(width: 220, height: 160)
83 | .background(.regularMaterial, in: ConcentricRectangle())
| |- error: 'ConcentricRectangle' is only available in watchOS 26.0 or newer
| `- note: add 'if #available' version check
84 | .containerShape(RoundedRectangle(cornerRadius: 72, style: .continuous))
85 |
/Users/admin/builder/spi-builder-workspace/Sources/Loupe/LayoutDebug/VisualCornerInsetGuide.swift:89:47: error: 'ConcentricRectangle' is only available in watchOS 26.0 or newer
87 | .padding(20)
88 | .frame(width: 220, height: 160)
89 | .background(.regularMaterial, in: ConcentricRectangle())
| |- error: 'ConcentricRectangle' is only available in watchOS 26.0 or newer
| `- note: add 'if #available' version check
90 | .containerShape(
91 | UnevenRoundedRectangle(
/Users/admin/builder/spi-builder-workspace/Sources/Loupe/LayoutDebug/VisualLayoutGuide.swift:707:53: error: 'concentricRectangle' is only available in watchOS 26.0 or newer
705 | ZStack{
706 | if #available(iOS 26.0, macOS 26.0, *) {
707 | VisualLayoutGuide("Blue Basic", shape: .concentricRectangle)
| |- error: 'concentricRectangle' is only available in watchOS 26.0 or newer
| `- note: add 'if #available' version check
708 | .foregroundStyle(.blue)
709 |
/Users/admin/builder/spi-builder-workspace/Sources/Loupe/LayoutDebug/VisualLayoutGuide.swift:710:84: error: 'concentricRectangle' is only available in watchOS 26.0 or newer
708 | .foregroundStyle(.blue)
709 |
710 | VisualLayoutGuide("Green Bottom Alligned", alignment: .bottom, shape: .concentricRectangle)
| |- error: 'concentricRectangle' is only available in watchOS 26.0 or newer
| `- note: add 'if #available' version check
711 | .foregroundStyle(.green)
712 |
/Users/admin/builder/spi-builder-workspace/Sources/Loupe/LayoutDebug/VisualLayoutGuide.swift:713:63: error: 'concentricRectangle' is only available in watchOS 26.0 or newer
711 | .foregroundStyle(.green)
712 |
713 | VisualLayoutGuide("Red .ignoresSafeArea", shape: .concentricRectangle)
| |- error: 'concentricRectangle' is only available in watchOS 26.0 or newer
| `- note: add 'if #available' version check
714 | .foregroundStyle(.red)
715 | .padding(5)
/Users/admin/builder/spi-builder-workspace/Sources/Loupe/LayoutDebug/DraggablePositionView.swift:293:14: warning: 'onChange(of:perform:)' was deprecated in watchOS 10.0: Use `onChange` with a two or zero parameter action closure instead. [#DeprecatedDeclaration]
291 | y: startPosition.height + manualOffset.height
292 | )
293 | .onChange(of: interactions) { _ in
| `- warning: 'onChange(of:perform:)' was deprecated in watchOS 10.0: Use `onChange` with a two or zero parameter action closure instead. [#DeprecatedDeclaration]
294 | handleInteractionChange()
295 | }
/Users/admin/builder/spi-builder-workspace/Sources/Loupe/LayoutDebug/DraggablePositionView.swift:296:14: warning: 'onChange(of:perform:)' was deprecated in watchOS 10.0: Use `onChange` with a two or zero parameter action closure instead. [#DeprecatedDeclaration]
294 | handleInteractionChange()
295 | }
296 | .onChange(of: persistenceStorageKey) { _ in
| `- warning: 'onChange(of:perform:)' was deprecated in watchOS 10.0: Use `onChange` with a two or zero parameter action closure instead. [#DeprecatedDeclaration]
297 | let restored = restorePersistedOffsetIfNeeded(force: true)
298 | if !restored {
/Users/admin/builder/spi-builder-workspace/Sources/Loupe/LayoutDebug/DraggablePositionView.swift:259:45: warning: main actor-isolated property 'coordinateSpaceValue' can not be referenced from a Sendable closure
257 | }
258 | .onGeometryChange(for: CGPoint.self) { proxy in
259 | let frame = proxy.frame(in: coordinateSpaceValue)
| `- warning: main actor-isolated property 'coordinateSpaceValue' can not be referenced from a Sendable closure
260 | return frame.origin
261 | } action: { newValue in
:
357 | // MARK: - Helpers
358 |
359 | private var coordinateSpaceValue: CoordinateSpace {
| `- note: property declared here
360 | switch coordinateSpace {
361 | case .local:
/Users/admin/builder/spi-builder-workspace/Sources/Loupe/LayoutDebug/DraggablePositionView.swift:454:28: error: 'UIScreen' is unavailable in watchOS
452 | #if canImport(UIKit)
453 | // Get screen height from global bounds
454 | let screenHeight = UIScreen.main.bounds.height
| `- error: 'UIScreen' is unavailable in watchOS
455 | // If overlay would go off screen, flip it above the circle
456 | if overlayBottomY > screenHeight {
/Applications/Xcode-27.0.0-Release.Candidate.app/Contents/Developer/Platforms/WatchOS.platform/Developer/SDKs/WatchOS27.0.sdk/System/Library/Frameworks/UIKit.framework/Headers/UIScreen.h:54:12: note: 'UIScreen' has been explicitly marked unavailable here
52 |
53 | UIKIT_EXTERN API_AVAILABLE(ios(2.0)) API_UNAVAILABLE(visionos, watchos) NS_SWIFT_UI_ACTOR
54 | @interface UIScreen : NSObject <UITraitEnvironment>
| `- note: 'UIScreen' has been explicitly marked unavailable here
55 |
56 | @property(class, nonatomic, readonly) NSArray<UIScreen *> *screens API_DEPRECATED("Use UIApplication.shared.openSessions to find open sessions with scenes from other screens", ios(3.2, 16.0), visionos(1.0, 1.0)) API_UNAVAILABLE(watchos); // all screens currently attached to the device
SwiftCompile normal arm64 /Users/admin/builder/spi-builder-workspace/Sources/Loupe/LayoutDebug/DraggablePositionView.swift (in target 'Loupe' from project 'Loupe')
cd /Users/admin/builder/spi-builder-workspace/.swiftpm/xcode
builtin-SwiftPerFileCompile DraggablePositionView.swift
SwiftCompile normal arm64 Compiling\ VisualGridGuide.swift /Users/admin/builder/spi-builder-workspace/Sources/Loupe/LayoutDebug/VisualGridGuide.swift (in target 'Loupe' from project 'Loupe')
/Users/admin/builder/spi-builder-workspace/Sources/Loupe/LayoutDebug/VisualCornerInsetGuide.swift:78:47: error: 'ConcentricRectangle' is only available in watchOS 26.0 or newer
76 | .padding(20)
77 | .frame(width: 220, height: 160)
78 | .background(.regularMaterial, in: ConcentricRectangle())
| |- error: 'ConcentricRectangle' is only available in watchOS 26.0 or newer
| `- note: add 'if #available' version check
79 |
80 | VisualCornerInsetGuide("RoundedRectangle")
/Users/admin/builder/spi-builder-workspace/Sources/Loupe/LayoutDebug/VisualCornerInsetGuide.swift:83:47: error: 'ConcentricRectangle' is only available in watchOS 26.0 or newer
81 | .padding(20)
82 | .frame(width: 220, height: 160)
83 | .background(.regularMaterial, in: ConcentricRectangle())
| |- error: 'ConcentricRectangle' is only available in watchOS 26.0 or newer
| `- note: add 'if #available' version check
84 | .containerShape(RoundedRectangle(cornerRadius: 72, style: .continuous))
85 |
/Users/admin/builder/spi-builder-workspace/Sources/Loupe/LayoutDebug/VisualCornerInsetGuide.swift:89:47: error: 'ConcentricRectangle' is only available in watchOS 26.0 or newer
87 | .padding(20)
88 | .frame(width: 220, height: 160)
89 | .background(.regularMaterial, in: ConcentricRectangle())
| |- error: 'ConcentricRectangle' is only available in watchOS 26.0 or newer
| `- note: add 'if #available' version check
90 | .containerShape(
91 | UnevenRoundedRectangle(
/Users/admin/builder/spi-builder-workspace/Sources/Loupe/LayoutDebug/VisualLayoutGuide.swift:707:53: error: 'concentricRectangle' is only available in watchOS 26.0 or newer
705 | ZStack{
706 | if #available(iOS 26.0, macOS 26.0, *) {
707 | VisualLayoutGuide("Blue Basic", shape: .concentricRectangle)
| |- error: 'concentricRectangle' is only available in watchOS 26.0 or newer
| `- note: add 'if #available' version check
708 | .foregroundStyle(.blue)
709 |
/Users/admin/builder/spi-builder-workspace/Sources/Loupe/LayoutDebug/VisualLayoutGuide.swift:710:84: error: 'concentricRectangle' is only available in watchOS 26.0 or newer
708 | .foregroundStyle(.blue)
709 |
710 | VisualLayoutGuide("Green Bottom Alligned", alignment: .bottom, shape: .concentricRectangle)
| |- error: 'concentricRectangle' is only available in watchOS 26.0 or newer
| `- note: add 'if #available' version check
711 | .foregroundStyle(.green)
712 |
SwiftCompile normal arm64 /Users/admin/builder/spi-builder-workspace/Sources/Loupe/LayoutDebug/VisualGridGuide.swift (in target 'Loupe' from project 'Loupe')
cd /Users/admin/builder/spi-builder-workspace/.swiftpm/xcode
builtin-SwiftPerFileCompile VisualGridGuide.swift
SwiftCompile normal arm64 Compiling\ VisualCornerInsetGuide.swift /Users/admin/builder/spi-builder-workspace/Sources/Loupe/LayoutDebug/VisualCornerInsetGuide.swift (in target 'Loupe' from project 'Loupe')
/Users/admin/builder/spi-builder-workspace/Sources/Loupe/LayoutDebug/VisualCornerInsetGuide.swift:78:47: error: 'ConcentricRectangle' is only available in watchOS 26.0 or newer
76 | .padding(20)
77 | .frame(width: 220, height: 160)
78 | .background(.regularMaterial, in: ConcentricRectangle())
| |- error: 'ConcentricRectangle' is only available in watchOS 26.0 or newer
| `- note: add 'if #available' version check
79 |
80 | VisualCornerInsetGuide("RoundedRectangle")
/Users/admin/builder/spi-builder-workspace/Sources/Loupe/LayoutDebug/VisualCornerInsetGuide.swift:83:47: error: 'ConcentricRectangle' is only available in watchOS 26.0 or newer
81 | .padding(20)
82 | .frame(width: 220, height: 160)
83 | .background(.regularMaterial, in: ConcentricRectangle())
| |- error: 'ConcentricRectangle' is only available in watchOS 26.0 or newer
| `- note: add 'if #available' version check
84 | .containerShape(RoundedRectangle(cornerRadius: 72, style: .continuous))
85 |
/Users/admin/builder/spi-builder-workspace/Sources/Loupe/LayoutDebug/VisualCornerInsetGuide.swift:89:47: error: 'ConcentricRectangle' is only available in watchOS 26.0 or newer
87 | .padding(20)
88 | .frame(width: 220, height: 160)
89 | .background(.regularMaterial, in: ConcentricRectangle())
| |- error: 'ConcentricRectangle' is only available in watchOS 26.0 or newer
| `- note: add 'if #available' version check
90 | .containerShape(
91 | UnevenRoundedRectangle(
/Users/admin/builder/spi-builder-workspace/Sources/Loupe/LayoutDebug/VisualLayoutGuide.swift:707:53: error: 'concentricRectangle' is only available in watchOS 26.0 or newer
705 | ZStack{
706 | if #available(iOS 26.0, macOS 26.0, *) {
707 | VisualLayoutGuide("Blue Basic", shape: .concentricRectangle)
| |- error: 'concentricRectangle' is only available in watchOS 26.0 or newer
| `- note: add 'if #available' version check
708 | .foregroundStyle(.blue)
709 |
/Users/admin/builder/spi-builder-workspace/Sources/Loupe/LayoutDebug/VisualLayoutGuide.swift:710:84: error: 'concentricRectangle' is only available in watchOS 26.0 or newer
708 | .foregroundStyle(.blue)
709 |
710 | VisualLayoutGuide("Green Bottom Alligned", alignment: .bottom, shape: .concentricRectangle)
| |- error: 'concentricRectangle' is only available in watchOS 26.0 or newer
| `- note: add 'if #available' version check
711 | .foregroundStyle(.green)
712 |
/Users/admin/builder/spi-builder-workspace/Sources/Loupe/LayoutDebug/VisualLayoutGuide.swift:713:63: error: 'concentricRectangle' is only available in watchOS 26.0 or newer
711 | .foregroundStyle(.green)
712 |
713 | VisualLayoutGuide("Red .ignoresSafeArea", shape: .concentricRectangle)
| |- error: 'concentricRectangle' is only available in watchOS 26.0 or newer
| `- note: add 'if #available' version check
714 | .foregroundStyle(.red)
715 | .padding(5)
/Users/admin/builder/spi-builder-workspace/Sources/Loupe/LayoutDebug/VisualCornerInsetGuide.swift:32:13: error: 'ConcentricRectangle' is only available in watchOS 26.0 or newer
13 | /// along with an info panel showing the view size.
14 | @available(iOS 26.0, macOS 26.0, *)
15 | public struct VisualCornerInsetGuide: View {
| `- note: add '@available' attribute to enclosing struct
16 | /// Optional caption displayed in the metrics summary panel.
17 | private let label: String?
:
28 | }
29 |
30 | public var body: some View {
| `- note: add '@available' attribute to enclosing property
31 | ZStack {
32 | ConcentricRectangle()
| |- error: 'ConcentricRectangle' is only available in watchOS 26.0 or newer
| `- note: add 'if #available' version check
33 | .opacity(0.5)
34 | MetricsSummary(label: label, size: viewSize)
macro expansion #Preview:24:63: error: 'ConcentricRectangle' is only available in watchOS 26.0 or newer
`- /Users/admin/builder/spi-builder-workspace/Sources/Loupe/LayoutDebug/VisualCornerInsetGuide.swift:99:2: note: expanded code originates here
71 | // MARK: - Previews
72 | @available(iOS 26.0, macOS 26.0, *)
73 | #Preview("VisualCornerInsetGuide") {
| |- note: in expansion of macro 'Preview' here
| |- note: in expansion of macro 'Preview' here
| `- note: in expansion of macro 'Preview' here
74 | VStack(spacing: 40) {
75 | VisualCornerInsetGuide("None")
:
97 | )
98 | }
99 | }
+--- macro expansion #Preview --------------------------------------
|11 | }
|12 |
|13 | @MainActor static func makePreview() throws -> DeveloperToolsSupport.Preview {
| | `- note: add '@available' attribute to enclosing static method
|14 | if #available(iOS 26.0, macOS 26.0, *) {
|15 | DeveloperToolsSupport.Preview("VisualCornerInsetGuide") {
| :
|22 | .padding(20)
|23 | .frame(width: 220, height: 160)
|24 | .background(.regularMaterial, in: ConcentricRectangle())
| | |- error: 'ConcentricRectangle' is only available in watchOS 26.0 or newer
| | `- note: add 'if #available' version check
|25 |
|26 | VisualCornerInsetGuide("RoundedRectangle")
+-------------------------------------------------------------------
100 |
101 | @available(iOS 26.0, macOS 26.0, *)
macro expansion #Preview:29:63: error: 'ConcentricRectangle' is only available in watchOS 26.0 or newer
`- /Users/admin/builder/spi-builder-workspace/Sources/Loupe/LayoutDebug/VisualCornerInsetGuide.swift:99:2: note: expanded code originates here
71 | // MARK: - Previews
72 | @available(iOS 26.0, macOS 26.0, *)
73 | #Preview("VisualCornerInsetGuide") {
| |- note: in expansion of macro 'Preview' here
| |- note: in expansion of macro 'Preview' here
| `- note: in expansion of macro 'Preview' here
74 | VStack(spacing: 40) {
75 | VisualCornerInsetGuide("None")
:
97 | )
98 | }
99 | }
+--- macro expansion #Preview --------------------------------------
|11 | }
|12 |
|13 | @MainActor static func makePreview() throws -> DeveloperToolsSupport.Preview {
| | `- note: add '@available' attribute to enclosing static method
|14 | if #available(iOS 26.0, macOS 26.0, *) {
|15 | DeveloperToolsSupport.Preview("VisualCornerInsetGuide") {
| :
|27 | .padding(20)
|28 | .frame(width: 220, height: 160)
|29 | .background(.regularMaterial, in: ConcentricRectangle())
| | |- error: 'ConcentricRectangle' is only available in watchOS 26.0 or newer
| | `- note: add 'if #available' version check
|30 | .containerShape(RoundedRectangle(cornerRadius: 72, style: .continuous))
|31 |
+-------------------------------------------------------------------
100 |
101 | @available(iOS 26.0, macOS 26.0, *)
SwiftCompile normal arm64 /Users/admin/builder/spi-builder-workspace/Sources/Loupe/LayoutDebug/VisualCornerInsetGuide.swift (in target 'Loupe' from project 'Loupe')
cd /Users/admin/builder/spi-builder-workspace/.swiftpm/xcode
builtin-SwiftPerFileCompile VisualCornerInsetGuide.swift
SwiftCompile normal arm64 Compiling\ VisualLayoutGuide.swift /Users/admin/builder/spi-builder-workspace/Sources/Loupe/LayoutDebug/VisualLayoutGuide.swift (in target 'Loupe' from project 'Loupe')
/Users/admin/builder/spi-builder-workspace/Sources/Loupe/LayoutDebug/VisualCornerInsetGuide.swift:78:47: error: 'ConcentricRectangle' is only available in watchOS 26.0 or newer
76 | .padding(20)
77 | .frame(width: 220, height: 160)
78 | .background(.regularMaterial, in: ConcentricRectangle())
| |- error: 'ConcentricRectangle' is only available in watchOS 26.0 or newer
| `- note: add 'if #available' version check
79 |
80 | VisualCornerInsetGuide("RoundedRectangle")
/Users/admin/builder/spi-builder-workspace/Sources/Loupe/LayoutDebug/VisualCornerInsetGuide.swift:83:47: error: 'ConcentricRectangle' is only available in watchOS 26.0 or newer
81 | .padding(20)
82 | .frame(width: 220, height: 160)
83 | .background(.regularMaterial, in: ConcentricRectangle())
| |- error: 'ConcentricRectangle' is only available in watchOS 26.0 or newer
| `- note: add 'if #available' version check
84 | .containerShape(RoundedRectangle(cornerRadius: 72, style: .continuous))
85 |
/Users/admin/builder/spi-builder-workspace/Sources/Loupe/LayoutDebug/VisualCornerInsetGuide.swift:89:47: error: 'ConcentricRectangle' is only available in watchOS 26.0 or newer
87 | .padding(20)
88 | .frame(width: 220, height: 160)
89 | .background(.regularMaterial, in: ConcentricRectangle())
| |- error: 'ConcentricRectangle' is only available in watchOS 26.0 or newer
| `- note: add 'if #available' version check
90 | .containerShape(
91 | UnevenRoundedRectangle(
/Users/admin/builder/spi-builder-workspace/Sources/Loupe/LayoutDebug/VisualLayoutGuide.swift:707:53: error: 'concentricRectangle' is only available in watchOS 26.0 or newer
705 | ZStack{
706 | if #available(iOS 26.0, macOS 26.0, *) {
707 | VisualLayoutGuide("Blue Basic", shape: .concentricRectangle)
| |- error: 'concentricRectangle' is only available in watchOS 26.0 or newer
| `- note: add 'if #available' version check
708 | .foregroundStyle(.blue)
709 |
/Users/admin/builder/spi-builder-workspace/Sources/Loupe/LayoutDebug/VisualLayoutGuide.swift:710:84: error: 'concentricRectangle' is only available in watchOS 26.0 or newer
708 | .foregroundStyle(.blue)
709 |
710 | VisualLayoutGuide("Green Bottom Alligned", alignment: .bottom, shape: .concentricRectangle)
| |- error: 'concentricRectangle' is only available in watchOS 26.0 or newer
| `- note: add 'if #available' version check
711 | .foregroundStyle(.green)
712 |
/Users/admin/builder/spi-builder-workspace/Sources/Loupe/LayoutDebug/VisualLayoutGuide.swift:713:63: error: 'concentricRectangle' is only available in watchOS 26.0 or newer
711 | .foregroundStyle(.green)
712 |
713 | VisualLayoutGuide("Red .ignoresSafeArea", shape: .concentricRectangle)
| |- error: 'concentricRectangle' is only available in watchOS 26.0 or newer
| `- note: add 'if #available' version check
714 | .foregroundStyle(.red)
715 | .padding(5)
/Users/admin/builder/spi-builder-workspace/Sources/Loupe/LayoutDebug/VisualLayoutGuide.swift:418:14: warning: 'onChange(of:perform:)' was deprecated in watchOS 10.0: Use `onChange` with a two or zero parameter action closure instead. [#DeprecatedDeclaration]
416 | viewInsets = newValue
417 | }
418 | .onChange(of: coordinator.offsetsRevision) { _ in
| `- warning: 'onChange(of:perform:)' was deprecated in watchOS 10.0: Use `onChange` with a two or zero parameter action closure instead. [#DeprecatedDeclaration]
419 | overlayOffset = coordinator.offset(for: id)
420 | }
/Users/admin/builder/spi-builder-workspace/Sources/Loupe/LayoutDebug/VisualLayoutGuide.swift:421:14: warning: 'onChange(of:perform:)' was deprecated in watchOS 10.0: Use `onChange` with a two or zero parameter action closure instead. [#DeprecatedDeclaration]
419 | overlayOffset = coordinator.offset(for: id)
420 | }
421 | .onChange(of: positioningMode) { _ in
| `- warning: 'onChange(of:perform:)' was deprecated in watchOS 10.0: Use `onChange` with a two or zero parameter action closure instead. [#DeprecatedDeclaration]
422 | refreshOverlayOffset()
423 | }
/Users/admin/builder/spi-builder-workspace/Sources/Loupe/LayoutDebug/VisualLayoutGuide.swift:424:14: warning: 'onChange(of:perform:)' was deprecated in watchOS 10.0: Use `onChange` with a two or zero parameter action closure instead. [#DeprecatedDeclaration]
422 | refreshOverlayOffset()
423 | }
424 | .onChange(of: interactions) { _ in
| `- warning: 'onChange(of:perform:)' was deprecated in watchOS 10.0: Use `onChange` with a two or zero parameter action closure instead. [#DeprecatedDeclaration]
425 | handleInteractionChange()
426 | }
/Users/admin/builder/spi-builder-workspace/Sources/Loupe/LayoutDebug/VisualLayoutGuide.swift:427:14: warning: 'onChange(of:perform:)' was deprecated in watchOS 10.0: Use `onChange` with a two or zero parameter action closure instead. [#DeprecatedDeclaration]
425 | handleInteractionChange()
426 | }
427 | .onChange(of: persistedManualOffset) { _ in
| `- warning: 'onChange(of:perform:)' was deprecated in watchOS 10.0: Use `onChange` with a two or zero parameter action closure instead. [#DeprecatedDeclaration]
428 | refreshOverlayOffset()
429 | }
/Users/admin/builder/spi-builder-workspace/Sources/Loupe/LayoutDebug/VisualLayoutGuide.swift:430:14: warning: 'onChange(of:perform:)' was deprecated in watchOS 10.0: Use `onChange` with a two or zero parameter action closure instead. [#DeprecatedDeclaration]
428 | refreshOverlayOffset()
429 | }
430 | .onChange(of: activeDragOffset) { _ in
| `- warning: 'onChange(of:perform:)' was deprecated in watchOS 10.0: Use `onChange` with a two or zero parameter action closure instead. [#DeprecatedDeclaration]
431 | refreshOverlayOffset()
432 | }
SwiftCompile normal arm64 /Users/admin/builder/spi-builder-workspace/Sources/Loupe/LayoutDebug/VisualLayoutGuide.swift (in target 'Loupe' from project 'Loupe')
cd /Users/admin/builder/spi-builder-workspace/.swiftpm/xcode
builtin-SwiftPerFileCompile VisualLayoutGuide.swift
SwiftCompile normal arm64 Compiling\ RenderDebugDemoView.swift /Users/admin/builder/spi-builder-workspace/Sources/Loupe/RefreshDebug/RenderDebugDemoView.swift (in target 'Loupe' from project 'Loupe')
SwiftCompile normal arm64 /Users/admin/builder/spi-builder-workspace/Sources/Loupe/RefreshDebug/RenderDebugDemoView.swift (in target 'Loupe' from project 'Loupe')
cd /Users/admin/builder/spi-builder-workspace/.swiftpm/xcode
builtin-SwiftPerFileCompile RenderDebugDemoView.swift
SwiftEmitModule normal arm64 Emitting\ module\ for\ Loupe (in target 'Loupe' from project 'Loupe')
/Users/admin/builder/spi-builder-workspace/Sources/Loupe/LayoutDebug/VisualCornerInsetGuide.swift:78:47: error: 'ConcentricRectangle' is only available in watchOS 26.0 or newer
76 | .padding(20)
77 | .frame(width: 220, height: 160)
78 | .background(.regularMaterial, in: ConcentricRectangle())
| |- error: 'ConcentricRectangle' is only available in watchOS 26.0 or newer
| `- note: add 'if #available' version check
79 |
80 | VisualCornerInsetGuide("RoundedRectangle")
/Users/admin/builder/spi-builder-workspace/Sources/Loupe/LayoutDebug/VisualCornerInsetGuide.swift:83:47: error: 'ConcentricRectangle' is only available in watchOS 26.0 or newer
81 | .padding(20)
82 | .frame(width: 220, height: 160)
83 | .background(.regularMaterial, in: ConcentricRectangle())
| |- error: 'ConcentricRectangle' is only available in watchOS 26.0 or newer
| `- note: add 'if #available' version check
84 | .containerShape(RoundedRectangle(cornerRadius: 72, style: .continuous))
85 |
/Users/admin/builder/spi-builder-workspace/Sources/Loupe/LayoutDebug/VisualCornerInsetGuide.swift:89:47: error: 'ConcentricRectangle' is only available in watchOS 26.0 or newer
87 | .padding(20)
88 | .frame(width: 220, height: 160)
89 | .background(.regularMaterial, in: ConcentricRectangle())
| |- error: 'ConcentricRectangle' is only available in watchOS 26.0 or newer
| `- note: add 'if #available' version check
90 | .containerShape(
91 | UnevenRoundedRectangle(
/Users/admin/builder/spi-builder-workspace/Sources/Loupe/LayoutDebug/VisualLayoutGuide.swift:707:53: error: 'concentricRectangle' is only available in watchOS 26.0 or newer
705 | ZStack{
706 | if #available(iOS 26.0, macOS 26.0, *) {
707 | VisualLayoutGuide("Blue Basic", shape: .concentricRectangle)
| |- error: 'concentricRectangle' is only available in watchOS 26.0 or newer
| `- note: add 'if #available' version check
708 | .foregroundStyle(.blue)
709 |
/Users/admin/builder/spi-builder-workspace/Sources/Loupe/LayoutDebug/VisualLayoutGuide.swift:710:84: error: 'concentricRectangle' is only available in watchOS 26.0 or newer
708 | .foregroundStyle(.blue)
709 |
710 | VisualLayoutGuide("Green Bottom Alligned", alignment: .bottom, shape: .concentricRectangle)
| |- error: 'concentricRectangle' is only available in watchOS 26.0 or newer
| `- note: add 'if #available' version check
711 | .foregroundStyle(.green)
712 |
/Users/admin/builder/spi-builder-workspace/Sources/Loupe/LayoutDebug/VisualLayoutGuide.swift:713:63: error: 'concentricRectangle' is only available in watchOS 26.0 or newer
711 | .foregroundStyle(.green)
712 |
713 | VisualLayoutGuide("Red .ignoresSafeArea", shape: .concentricRectangle)
| |- error: 'concentricRectangle' is only available in watchOS 26.0 or newer
| `- note: add 'if #available' version check
714 | .foregroundStyle(.red)
715 | .padding(5)
Failed frontend command:
/Applications/Xcode-27.0.0-Release.Candidate.app/Contents/Developer/Toolchains/XcodeDefault.xctoolchain/usr/bin/swift-frontend -frontend -emit-module -experimental-skip-non-inlinable-function-bodies-without-types /Users/admin/builder/spi-builder-workspace/Sources/Loupe/LayoutDebug/DraggablePositionView.swift /Users/admin/builder/spi-builder-workspace/Sources/Loupe/LayoutDebug/VisualCornerInsetGuide.swift /Users/admin/builder/spi-builder-workspace/Sources/Loupe/LayoutDebug/VisualGridGuide.swift /Users/admin/builder/spi-builder-workspace/Sources/Loupe/LayoutDebug/VisualLayoutGuide.swift /Users/admin/builder/spi-builder-workspace/Sources/Loupe/RefreshDebug/ComputeDebugView.swift /Users/admin/builder/spi-builder-workspace/Sources/Loupe/RefreshDebug/DebugRender.swift /Users/admin/builder/spi-builder-workspace/Sources/Loupe/RefreshDebug/LocalRenderManager.swift /Users/admin/builder/spi-builder-workspace/Sources/Loupe/RefreshDebug/RenderCheck.swift /Users/admin/builder/spi-builder-workspace/Sources/Loupe/RefreshDebug/RenderDebugDemoView.swift -target arm64-apple-watchos10.0 -module-can-import-version UIKit 9127.0.84.1 9127.0.84 -disable-cross-import-overlay-search -load-resolved-plugin /Applications/Xcode-27.0.0-Release.Candidate.app/Contents/Developer/Platforms/WatchOS.platform/Developer/usr/lib/swift/host/plugins/libFoundationMacros.dylib\#/Applications/Xcode-27.0.0-Release.Candidate.app/Contents/Developer/Platforms/WatchOS.platform/Developer/usr/bin/swift-plugin-server\#FoundationMacros -load-resolved-plugin /Applications/Xcode-27.0.0-Release.Candidate.app/Contents/Developer/Platforms/WatchOS.platform/Developer/usr/lib/swift/host/plugins/libObservationMacros.dylib\#/Applications/Xcode-27.0.0-Release.Candidate.app/Contents/Developer/Platforms/WatchOS.platform/Developer/usr/bin/swift-plugin-server\#ObservationMacros -load-resolved-plugin /Applications/Xcode-27.0.0-Release.Candidate.app/Contents/Developer/Platforms/WatchOS.platform/Developer/usr/lib/swift/host/plugins/libPreviewsMacros.dylib\#/Applications/Xcode-27.0.0-Release.Candidate.app/Contents/Developer/Platforms/WatchOS.platform/Developer/usr/bin/swift-plugin-server\#PreviewsMacros -load-resolved-plugin /Applications/Xcode-27.0.0-Release.Candidate.app/Contents/Developer/Platforms/WatchOS.platform/Developer/usr/lib/swift/host/plugins/libSwiftMacros.dylib\#/Applications/Xcode-27.0.0-Release.Candidate.app/Contents/Developer/Platforms/WatchOS.platform/Developer/usr/bin/swift-plugin-server\#SwiftMacros -load-resolved-plugin /Applications/Xcode-27.0.0-Release.Candidate.app/Contents/Developer/Platforms/WatchOS.platform/Developer/usr/lib/swift/host/plugins/libSwiftUIMacros.dylib\#/Applications/Xcode-27.0.0-Release.Candidate.app/Contents/Developer/Platforms/WatchOS.platform/Developer/usr/bin/swift-plugin-server\#SwiftUIMacros -disable-implicit-swift-modules -Xcc -fno-implicit-modules -Xcc -fno-implicit-module-maps -explicit-swift-module-map-file /Users/admin/builder/spi-builder-workspace/.derivedData/Build/Intermediates.noindex/Loupe.build/Debug-watchos/Loupe-t.build/Objects-normal/arm64/Loupe-dependencies-1.json -Xllvm -aarch64-use-tbi -enable-objc-interop -stack-check -sdk /Applications/Xcode-27.0.0-Release.Candidate.app/Contents/Developer/Platforms/WatchOS.platform/Developer/SDKs/WatchOS27.0.sdk -I /Users/admin/builder/spi-builder-workspace/.derivedData/Build/Products/Debug-watchos -Isystem /Applications/Xcode-27.0.0-Release.Candidate.app/Contents/Developer/Platforms/WatchOS.platform/Developer/usr/lib -F /Users/admin/builder/spi-builder-workspace/.derivedData/Build/Products/Debug-watchos -F /Applications/Xcode-27.0.0-Release.Candidate.app/Contents/Developer/Platforms/WatchOS.platform/Developer/Library/Frameworks -F /Applications/Xcode-27.0.0-Release.Candidate.app/Contents/Developer/Platforms/WatchOS.platform/Developer/SDKs/WatchOS27.0.sdk/Developer/Library/Frameworks -module-cache-path /Users/admin/builder/spi-builder-workspace/.derivedData/Build/Intermediates.noindex/SwiftExplicitPrecompiledModules -no-color-diagnostics -Xcc -fno-color-diagnostics -enable-testing -g -debug-info-format\=dwarf -dwarf-version\=4 -swift-version 6 -Onone -D SWIFT_PACKAGE -D DEBUG -D SWIFT_MODULE_RESOURCE_BUNDLE_UNAVAILABLE -D Xcode -serialize-debugging-options -enable-experimental-feature DebugDescriptionMacro -empty-abi-descriptor -validate-clang-modules-once -clang-build-session-file /Users/admin/builder/spi-builder-workspace/.derivedData/ModuleCache.noindex/Session.modulevalidation -Xcc -working-directory -Xcc /Users/admin/builder/spi-builder-workspace/.swiftpm/xcode -enable-anonymous-context-mangled-names -file-compilation-dir /Users/admin/builder/spi-builder-workspace/.swiftpm/xcode -Xcc -D_LIBCPP_HARDENING_MODE\=_LIBCPP_HARDENING_MODE_DEBUG -Xcc -ivfsstatcache -Xcc /Users/admin/builder/spi-builder-workspace/.derivedData/SDKStatCaches.noindex/watchos27.0-24R360-e829b21a6f8c9b70876ba0858053c04477534ef55a1706bf4c1112bbb242f0a2.sdkstatcache -Xcc -fmodules-prune-interval\=86400 -Xcc -fmodules-prune-after\=345600 -Xcc -I/Users/admin/builder/spi-builder-workspace/.derivedData/Build/Products/Debug-watchos/include -Xcc -I/Users/admin/builder/spi-builder-workspace/.derivedData/Build/Intermediates.noindex/Loupe.build/Debug-watchos/Loupe-t.build/DerivedSources-normal/arm64 -Xcc -I/Users/admin/builder/spi-builder-workspace/.derivedData/Build/Intermediates.noindex/Loupe.build/Debug-watchos/Loupe-t.build/DerivedSources/arm64 -Xcc -I/Users/admin/builder/spi-builder-workspace/.derivedData/Build/Intermediates.noindex/Loupe.build/Debug-watchos/Loupe-t.build/DerivedSources -Xcc -DSWIFT_PACKAGE -Xcc -DDEBUG\=1 -no-auto-bridging-header-chaining -module-name Loupe -package-name spi_builder_workspace -const-gather-protocols-file /Users/admin/builder/spi-builder-workspace/.derivedData/Build/Intermediates.noindex/Loupe.build/Debug-watchos/Loupe-t.build/Objects-normal/arm64/Loupe_const_extract_protocols.json -disable-clang-spi -clang-target arm64-apple-watchos27.0 -target-sdk-version 27.0 -target-sdk-name watchos27.0 -in-process-plugin-server-path /Applications/Xcode-27.0.0-Release.Candidate.app/Contents/Developer/Toolchains/XcodeDefault.xctoolchain/usr/lib/swift/host/libSwiftInProcPluginServer.dylib -emit-module-doc-path /Users/admin/builder/spi-builder-workspace/.derivedData/Build/Intermediates.noindex/Loupe.build/Debug-watchos/Loupe-t.build/Objects-normal/arm64/Loupe.swiftdoc -emit-module-source-info-path /Users/admin/builder/spi-builder-workspace/.derivedData/Build/Intermediates.noindex/Loupe.build/Debug-watchos/Loupe-t.build/Objects-normal/arm64/Loupe.swiftsourceinfo -emit-objc-header-path /Users/admin/builder/spi-builder-workspace/.derivedData/Build/Intermediates.noindex/Loupe.build/Debug-watchos/Loupe-t.build/Objects-normal/arm64/Loupe-Swift.h -serialize-diagnostics-path /Users/admin/builder/spi-builder-workspace/.derivedData/Build/Intermediates.noindex/Loupe.build/Debug-watchos/Loupe-t.build/Objects-normal/arm64/Loupe-primary-emit-module.dia -emit-dependencies-path /Users/admin/builder/spi-builder-workspace/.derivedData/Build/Intermediates.noindex/Loupe.build/Debug-watchos/Loupe-t.build/Objects-normal/arm64/Loupe-primary-emit-module.d -parse-as-library -o /Users/admin/builder/spi-builder-workspace/.derivedData/Build/Intermediates.noindex/Loupe.build/Debug-watchos/Loupe-t.build/Objects-normal/arm64/Loupe.swiftmodule -emit-abi-descriptor-path /Users/admin/builder/spi-builder-workspace/.derivedData/Build/Intermediates.noindex/Loupe.build/Debug-watchos/Loupe-t.build/Objects-normal/arm64/Loupe.abi.json
SwiftCompile normal arm64 (in target 'Loupe' from project 'Loupe')
cd /Users/admin/builder/spi-builder-workspace/.swiftpm/xcode
SwiftCompile normal arm64 Compiling\ RenderCheck.swift /Users/admin/builder/spi-builder-workspace/Sources/Loupe/RefreshDebug/RenderCheck.swift (in target 'Loupe' from project 'Loupe')
SwiftCompile normal arm64 /Users/admin/builder/spi-builder-workspace/Sources/Loupe/RefreshDebug/RenderCheck.swift (in target 'Loupe' from project 'Loupe')
cd /Users/admin/builder/spi-builder-workspace/.swiftpm/xcode
builtin-SwiftPerFileCompile RenderCheck.swift
SwiftCompile normal arm64 Compiling\ DebugRender.swift /Users/admin/builder/spi-builder-workspace/Sources/Loupe/RefreshDebug/DebugRender.swift (in target 'Loupe' from project 'Loupe')
SwiftCompile normal arm64 /Users/admin/builder/spi-builder-workspace/Sources/Loupe/RefreshDebug/DebugRender.swift (in target 'Loupe' from project 'Loupe')
cd /Users/admin/builder/spi-builder-workspace/.swiftpm/xcode
builtin-SwiftPerFileCompile DebugRender.swift
SwiftCompile normal arm64 Compiling\ LocalRenderManager.swift /Users/admin/builder/spi-builder-workspace/Sources/Loupe/RefreshDebug/LocalRenderManager.swift (in target 'Loupe' from project 'Loupe')
SwiftCompile normal arm64 /Users/admin/builder/spi-builder-workspace/Sources/Loupe/RefreshDebug/LocalRenderManager.swift (in target 'Loupe' from project 'Loupe')
cd /Users/admin/builder/spi-builder-workspace/.swiftpm/xcode
builtin-SwiftPerFileCompile LocalRenderManager.swift
SwiftEmitModule normal arm64_32 Emitting\ module\ for\ Loupe (in target 'Loupe' from project 'Loupe')
SwiftCompile normal arm64_32 (in target 'Loupe' from project 'Loupe')
cd /Users/admin/builder/spi-builder-workspace/.swiftpm/xcode
PruneExplicitPrecompiledModules /Users/admin/builder/spi-builder-workspace/.derivedData/Build/Intermediates.noindex/SwiftExplicitPrecompiledModules
PruneExplicitPrecompiledModules /Users/admin/builder/spi-builder-workspace/.derivedData/SDKExplicitPrecompiledModules
PruneExplicitPrecompiledModules /Users/admin/builder/spi-builder-workspace/.derivedData/Build/Intermediates.noindex/ExplicitPrecompiledModules
2026-09-23 16:38:00.260 xcodebuild[812:4754] [MT] IDERunDestination: Supported platforms for the buildables in the current scheme is empty.
** BUILD FAILED **
The following build commands failed:
SwiftEmitModule normal arm64 Emitting\ module\ for\ Loupe (in target 'Loupe' from project 'Loupe')
SwiftCompile normal arm64 (in target 'Loupe' from project 'Loupe')
Building workspace Loupe with scheme Loupe
(3 failures)
BUILD FAILURE 6.4 watchOS