The Swift Package Index logo.Swift Package Index

Build Information

Failed to build Haversack, reference 2.0.1 (1f74e8), with Swift 6.2 for Wasm on 31 Oct 2026 21:06:37 UTC.

Build Command

bash -c docker run --pull=always --rm -v "checkouts-54344845-0":/host -w "$PWD" -e JAVA_HOME="/root/.sdkman/candidates/java/current" -e SPI_BUILD="1" -e SPI_PROCESSING="1" registry.gitlab.com/saguaro1/spi-images:wasm-6.2-latest swift build --swift-sdk swift-6.2-RELEASE_wasm 2>&1

Build Log

========================================
RunAll
========================================
Builder version: 5.1.4
Interrupt handler set up.
========================================
Checkout
========================================
Clone URL: https://github.com/jamf/Haversack.git
Reference: 2.0.1
Initialized empty Git repository in /host/spi-builder-workspace/.git/
hint: Using 'master' as the name for the initial branch. This default branch name
hint: is subject to change. To configure the initial branch name to use in all
hint: of your new repositories, which will suppress this warning, call:
hint:
hint: 	git config --global init.defaultBranch <name>
hint:
hint: Names commonly chosen instead of 'master' are 'main', 'trunk' and
hint: 'development'. The just-created branch can be renamed via this command:
hint:
hint: 	git branch -m <name>
From https://github.com/jamf/Haversack
 * tag               2.0.1      -> FETCH_HEAD
HEAD is now at 1f74e81 Merge pull request #19 from mlink/main
Cloned https://github.com/jamf/Haversack.git
Revision (git rev-parse @):
1f74e81e3e169e739afcdacad709c4a2798efc99
SUCCESS checkout https://github.com/jamf/Haversack.git at 2.0.1
========================================
Build
========================================
Selected platform:         wasm
Swift version:             6.2
Building package at path:  $PWD
https://github.com/jamf/Haversack.git
Running build ...
bash -c docker run --pull=always --rm -v "checkouts-54344845-0":/host -w "$PWD" -e JAVA_HOME="/root/.sdkman/candidates/java/current" -e SPI_BUILD="1" -e SPI_PROCESSING="1" registry.gitlab.com/saguaro1/spi-images:wasm-6.2-latest swift build --swift-sdk swift-6.2-RELEASE_wasm 2>&1
wasm-6.2-latest: Pulling from saguaro1/spi-images
Digest: sha256:c2cc4df169d3c45015ced899e997f329be5fc90bdbfce388bd8981e1ea44d639
Status: Image is up to date for registry.gitlab.com/saguaro1/spi-images:wasm-6.2-latest
Fetching https://github.com/apple/swift-collections
Fetching https://github.com/apple/swift-docc-plugin
[1/2345] Fetching swift-docc-plugin
[2346/31763] Fetching swift-docc-plugin, swift-collections
Fetched https://github.com/apple/swift-docc-plugin from cache (1.17s)
Fetched https://github.com/apple/swift-collections from cache (1.18s)
Computing version for https://github.com/apple/swift-docc-plugin
Computed https://github.com/apple/swift-docc-plugin at 1.5.0 (2.04s)
Fetching https://github.com/swiftlang/swift-docc-symbolkit
[1/3850] Fetching swift-docc-symbolkit
Fetched https://github.com/swiftlang/swift-docc-symbolkit from cache (0.56s)
Computing version for https://github.com/swiftlang/swift-docc-symbolkit
Computed https://github.com/swiftlang/swift-docc-symbolkit at 1.0.0 (0.75s)
Computing version for https://github.com/apple/swift-collections
Computed https://github.com/apple/swift-collections at 1.7.5 (0.25s)
Creating working copy for https://github.com/apple/swift-docc-plugin
Working copy of https://github.com/apple/swift-docc-plugin resolved at 1.5.0
Creating working copy for https://github.com/swiftlang/swift-docc-symbolkit
Working copy of https://github.com/swiftlang/swift-docc-symbolkit resolved at 1.0.0
Creating working copy for https://github.com/apple/swift-collections
Working copy of https://github.com/apple/swift-collections resolved at 1.7.5
[1/1] Compiling plugin Swift-DocC Preview
[2/2] Compiling plugin Swift-DocC
Building for debugging...
[2/9] Write sources
[3/9] Copying PrivacyInfo.xcprivacy
[3/9] Write sources
[8/9] Write swift-version-24593BA9C3E375BF.txt
[10/37] Emitting module InternalCollectionsUtilities
[11/40] Compiling InternalCollectionsUtilities UnsafeRawBufferPointer+Extras.swift
[12/40] Compiling InternalCollectionsUtilities _SortedCollection.swift
[13/40] Compiling InternalCollectionsUtilities _UniqueCollection.swift
[14/40] Compiling InternalCollectionsUtilities Strideable+LimitHelpers.swift
[15/40] Compiling InternalCollectionsUtilities String+Padding.swift
[16/40] Compiling InternalCollectionsUtilities TemporaryAllocation.swift
[17/40] Compiling InternalCollectionsUtilities _UnsafeBitSet+Index.swift
[18/40] Compiling InternalCollectionsUtilities MutableSpan+Extras.swift
[19/40] Compiling InternalCollectionsUtilities OutputSpan+Extras.swift
[20/40] Compiling InternalCollectionsUtilities RandomAccessCollection+Offsets.swift
[21/40] Compiling InternalCollectionsUtilities Span+Extras.swift
[22/40] Compiling InternalCollectionsUtilities BorrowingIteratorProtocol+Equality.swift
[23/40] Compiling InternalCollectionsUtilities BorrowingIteratorProtocol+Extras.swift
[24/40] Compiling InternalCollectionsUtilities Debugging.swift
[25/40] Compiling InternalCollectionsUtilities Descriptions.swift
[26/40] Compiling InternalCollectionsUtilities Iterable+CopyContents.swift
[27/40] Compiling InternalCollectionsUtilities Iterable+Equality.swift
[28/40] Compiling InternalCollectionsUtilities LifetimeOverride.swift
[29/40] Compiling InternalCollectionsUtilities MutableRef.swift
[30/40] Compiling InternalCollectionsUtilities FixedWidthInteger+roundUpToPowerOfTwo.swift
[31/40] Compiling InternalCollectionsUtilities Integer rank.swift
[32/40] Compiling InternalCollectionsUtilities UInt+first and last set bit.swift
[33/40] Compiling InternalCollectionsUtilities UInt+reversed.swift
[34/40] Compiling InternalCollectionsUtilities _UnsafeBitSet+_Word.swift
[35/40] Compiling InternalCollectionsUtilities _UnsafeBitSet.swift
[36/40] Compiling InternalCollectionsUtilities UnsafeBufferPointer+Extras.swift
[37/40] Compiling InternalCollectionsUtilities UnsafeMutableBufferPointer+Extras.swift
[38/40] Compiling InternalCollectionsUtilities UnsafeMutablePointer+Extras.swift
[39/40] Compiling InternalCollectionsUtilities UnsafeMutableRawBufferPointer+Extras.swift
[40/40] Compiling InternalCollectionsUtilities UnsafePointer+Extras.swift
[42/98] Compiling OrderedCollections OrderedSet+Partial SetAlgebra formSymmetricDifference.swift
[43/98] Compiling OrderedCollections OrderedSet+Partial SetAlgebra formUnion.swift
[44/98] Compiling OrderedCollections OrderedSet+Partial SetAlgebra intersection.swift
[45/98] Compiling OrderedCollections OrderedSet+Partial SetAlgebra isDisjoint.swift
[46/98] Compiling OrderedCollections OrderedSet+Partial SetAlgebra isEqualSet.swift
[47/98] Compiling OrderedCollections OrderedSet+Partial SetAlgebra isStrictSubset.swift
[48/98] Compiling OrderedCollections OrderedSet+Partial SetAlgebra isStrictSuperset.swift
[49/98] Compiling OrderedCollections OrderedSet+Partial SetAlgebra isSubset.swift
[50/105] Compiling OrderedCollections OrderedSet+Partial SetAlgebra isSuperset.swift
[51/105] Compiling OrderedCollections OrderedSet+Partial SetAlgebra subtract.swift
[52/105] Compiling OrderedCollections OrderedSet+Partial SetAlgebra subtracting.swift
[53/105] Compiling OrderedCollections OrderedSet+Partial SetAlgebra symmetricDifference.swift
[54/105] Compiling OrderedCollections OrderedSet+Partial SetAlgebra union.swift
[55/105] Compiling OrderedCollections OrderedSet+Partial SetAlgebra+Basics.swift
[56/105] Compiling OrderedCollections OrderedSet+RandomAccessCollection.swift
[57/105] Compiling OrderedCollections OrderedSet+ReserveCapacity.swift
[58/105] Compiling OrderedCollections OrderedDictionary+Values.swift
[59/105] Compiling OrderedCollections OrderedDictionary.swift
[60/105] Compiling OrderedCollections OrderedSet+Codable.swift
[61/105] Compiling OrderedCollections OrderedSet+CustomReflectable.swift
[62/105] Compiling OrderedCollections OrderedSet+Descriptions.swift
[63/105] Compiling OrderedCollections OrderedSet+Diffing.swift
[64/105] Compiling OrderedCollections OrderedSet+Equatable.swift
[65/105] Compiling OrderedCollections OrderedSet+ExpressibleByArrayLiteral.swift
[66/105] Compiling OrderedCollections OrderedDictionary+Hashable.swift
[67/105] Compiling OrderedCollections OrderedDictionary+Initializers.swift
[68/105] Compiling OrderedCollections OrderedDictionary+Invariants.swift
[69/105] Compiling OrderedCollections OrderedDictionary+Move.swift
[70/105] Compiling OrderedCollections OrderedDictionary+Partial MutableCollection.swift
[71/105] Compiling OrderedCollections OrderedDictionary+Partial RangeReplaceableCollection.swift
[72/105] Compiling OrderedCollections OrderedDictionary+Sendable.swift
[73/105] Compiling OrderedCollections OrderedDictionary+Sequence.swift
[74/105] Compiling OrderedCollections OrderedDictionary+Codable.swift
[75/105] Compiling OrderedCollections OrderedDictionary+CustomReflectable.swift
[76/105] Compiling OrderedCollections OrderedDictionary+Deprecations.swift
[77/105] Compiling OrderedCollections OrderedDictionary+Descriptions.swift
[78/105] Compiling OrderedCollections OrderedDictionary+Elements.SubSequence.swift
[79/105] Compiling OrderedCollections OrderedDictionary+Elements.swift
[80/105] Compiling OrderedCollections OrderedDictionary+Equatable.swift
[81/105] Compiling OrderedCollections OrderedDictionary+ExpressibleByDictionaryLiteral.swift
[82/105] Compiling OrderedCollections OrderedSet+Hashable.swift
[83/105] Compiling OrderedCollections OrderedSet+Initializers.swift
[84/105] Compiling OrderedCollections OrderedSet+Insertions.swift
[85/105] Compiling OrderedCollections OrderedSet+Invariants.swift
[86/105] Compiling OrderedCollections OrderedSet+Move.swift
[87/105] Compiling OrderedCollections OrderedSet+Partial MutableCollection.swift
[88/105] Compiling OrderedCollections OrderedSet+Partial RangeReplaceableCollection.swift
[89/105] Compiling OrderedCollections OrderedSet+Partial SetAlgebra formIntersection.swift
[90/105] Compiling OrderedCollections _HashTable+Bucket.swift
[91/105] Compiling OrderedCollections _HashTable+BucketIterator.swift
[92/105] Compiling OrderedCollections _HashTable+Constants.swift
[93/105] Compiling OrderedCollections _HashTable+CustomStringConvertible.swift
[94/105] Compiling OrderedCollections _HashTable+Testing.swift
[95/105] Compiling OrderedCollections _HashTable+UnsafeHandle.swift
[96/105] Compiling OrderedCollections _HashTable.swift
[97/105] Compiling OrderedCollections _Hashtable+Header.swift
[98/105] Compiling OrderedCollections OrderedSet+Sendable.swift
[99/105] Compiling OrderedCollections OrderedSet+SubSequence.swift
[100/105] Compiling OrderedCollections OrderedSet+Testing.swift
[101/105] Compiling OrderedCollections OrderedSet+UnorderedView.swift
[102/105] Compiling OrderedCollections OrderedSet+UnstableInternals.swift
[103/105] Compiling OrderedCollections OrderedSet.swift
[104/105] Compiling OrderedCollections UnsafeBitset.swift
[105/105] Emitting module OrderedCollections
error: emit-module command failed with exit code 1 (use -v to see invocation)
[107/141] Emitting module Haversack
/host/spi-builder-workspace/Sources/Haversack/Entities/GenericPasswordEntity.swift:5:24: error: no such module 'Security'
  3 |
  4 | import Foundation
  5 | @preconcurrency import Security
    |                        `- error: no such module 'Security'
  6 |
  7 | /// Represents a password to anything in the keychain.
[108/145] Compiling Haversack IdentityQuery.swift
/host/spi-builder-workspace/Sources/Haversack/Entities/GenericPasswordEntity.swift:5:24: error: no such module 'Security'
  3 |
  4 | import Foundation
  5 | @preconcurrency import Security
    |                        `- error: no such module 'Security'
  6 |
  7 | /// Represents a password to anything in the keychain.
[109/145] Compiling Haversack InternetPasswordQuery.swift
/host/spi-builder-workspace/Sources/Haversack/Entities/GenericPasswordEntity.swift:5:24: error: no such module 'Security'
  3 |
  4 | import Foundation
  5 | @preconcurrency import Security
    |                        `- error: no such module 'Security'
  6 |
  7 | /// Represents a password to anything in the keychain.
[110/145] Compiling Haversack KeyBaseQuerying.swift
/host/spi-builder-workspace/Sources/Haversack/Entities/GenericPasswordEntity.swift:5:24: error: no such module 'Security'
  3 |
  4 | import Foundation
  5 | @preconcurrency import Security
    |                        `- error: no such module 'Security'
  6 |
  7 | /// Represents a password to anything in the keychain.
[111/145] Compiling Haversack KeyQuery.swift
/host/spi-builder-workspace/Sources/Haversack/Entities/GenericPasswordEntity.swift:5:24: error: no such module 'Security'
  3 |
  4 | import Foundation
  5 | @preconcurrency import Security
    |                        `- error: no such module 'Security'
  6 |
  7 | /// Represents a password to anything in the keychain.
[112/145] Compiling Haversack KeychainQueryOptions.swift
/host/spi-builder-workspace/Sources/Haversack/Entities/GenericPasswordEntity.swift:5:24: error: no such module 'Security'
  3 |
  4 | import Foundation
  5 | @preconcurrency import Security
    |                        `- error: no such module 'Security'
  6 |
  7 | /// Represents a password to anything in the keychain.
[113/145] Compiling Haversack KeychainItemRetrievability.swift
/host/spi-builder-workspace/Sources/Haversack/Entities/GenericPasswordEntity.swift:5:24: error: no such module 'Security'
  3 |
  4 | import Foundation
  5 | @preconcurrency import Security
    |                        `- error: no such module 'Security'
  6 |
  7 | /// Represents a password to anything in the keychain.
[114/145] Compiling Haversack RetrievabilityLevel.swift
/host/spi-builder-workspace/Sources/Haversack/Entities/GenericPasswordEntity.swift:5:24: error: no such module 'Security'
  3 |
  4 | import Foundation
  5 | @preconcurrency import Security
    |                        `- error: no such module 'Security'
  6 |
  7 | /// Represents a password to anything in the keychain.
[115/145] Compiling Haversack SecuritySendable.swift
/host/spi-builder-workspace/Sources/Haversack/Entities/GenericPasswordEntity.swift:5:24: error: no such module 'Security'
  3 |
  4 | import Foundation
  5 | @preconcurrency import Security
    |                        `- error: no such module 'Security'
  6 |
  7 | /// Represents a password to anything in the keychain.
[116/145] Compiling Haversack resource_bundle_accessor.swift
/host/spi-builder-workspace/Sources/Haversack/Entities/GenericPasswordEntity.swift:5:24: error: no such module 'Security'
  3 |
  4 | import Foundation
  5 | @preconcurrency import Security
    |                        `- error: no such module 'Security'
  6 |
  7 | /// Represents a password to anything in the keychain.
[117/145] Compiling Haversack KeychainImportConfig.swift
/host/spi-builder-workspace/Sources/Haversack/Entities/GenericPasswordEntity.swift:5:24: error: no such module 'Security'
  3 |
  4 | import Foundation
  5 | @preconcurrency import Security
    |                        `- error: no such module 'Security'
  6 |
  7 | /// Represents a password to anything in the keychain.
[118/145] Compiling Haversack KeychainPortable.swift
/host/spi-builder-workspace/Sources/Haversack/Entities/GenericPasswordEntity.swift:5:24: error: no such module 'Security'
  3 |
  4 | import Foundation
  5 | @preconcurrency import Security
    |                        `- error: no such module 'Security'
  6 |
  7 | /// Represents a password to anything in the keychain.
[119/145] Compiling Haversack PassphraseStrategy.swift
/host/spi-builder-workspace/Sources/Haversack/Entities/GenericPasswordEntity.swift:5:24: error: no such module 'Security'
  3 |
  4 | import Foundation
  5 | @preconcurrency import Security
    |                        `- error: no such module 'Security'
  6 |
  7 | /// Represents a password to anything in the keychain.
[120/145] Compiling Haversack PrivateKeyImporting.swift
/host/spi-builder-workspace/Sources/Haversack/Entities/GenericPasswordEntity.swift:5:24: error: no such module 'Security'
  3 |
  4 | import Foundation
  5 | @preconcurrency import Security
    |                        `- error: no such module 'Security'
  6 |
  7 | /// Represents a password to anything in the keychain.
[121/145] Compiling Haversack KeyGenerationConfig.swift
/host/spi-builder-workspace/Sources/Haversack/Entities/GenericPasswordEntity.swift:5:24: error: no such module 'Security'
  3 |
  4 | import Foundation
  5 | @preconcurrency import Security
    |                        `- error: no such module 'Security'
  6 |
  7 | /// Represents a password to anything in the keychain.
[122/145] Compiling Haversack KeyEntity.swift
/host/spi-builder-workspace/Sources/Haversack/Entities/GenericPasswordEntity.swift:5:24: error: no such module 'Security'
  3 |
  4 | import Foundation
  5 | @preconcurrency import Security
    |                        `- error: no such module 'Security'
  6 |
  7 | /// Represents a password to anything in the keychain.
[123/145] Compiling Haversack KeychainStorable.swift
/host/spi-builder-workspace/Sources/Haversack/Entities/GenericPasswordEntity.swift:5:24: error: no such module 'Security'
  3 |
  4 | import Foundation
  5 | @preconcurrency import Security
    |                        `- error: no such module 'Security'
  6 |
  7 | /// Represents a password to anything in the keychain.
[124/145] Compiling Haversack PasswordBaseEntity.swift
/host/spi-builder-workspace/Sources/Haversack/Entities/GenericPasswordEntity.swift:5:24: error: no such module 'Security'
  3 |
  4 | import Foundation
  5 | @preconcurrency import Security
    |                        `- error: no such module 'Security'
  6 |
  7 | /// Represents a password to anything in the keychain.
[125/145] Compiling Haversack GenericPasswordConvertible.swift
/host/spi-builder-workspace/Sources/Haversack/Entities/GenericPasswordEntity.swift:5:24: error: no such module 'Security'
  3 |
  4 | import Foundation
  5 | @preconcurrency import Security
    |                        `- error: no such module 'Security'
  6 |
  7 | /// Represents a password to anything in the keychain.
[126/145] Compiling Haversack Haversack+AsyncAwait.swift
/host/spi-builder-workspace/Sources/Haversack/Entities/GenericPasswordEntity.swift:5:24: error: no such module 'Security'
  3 |
  4 | import Foundation
  5 | @preconcurrency import Security
    |                        `- error: no such module 'Security'
  6 |
  7 | /// Represents a password to anything in the keychain.
[127/145] Compiling Haversack KeychainQuerying.swift
/host/spi-builder-workspace/Sources/Haversack/Entities/GenericPasswordEntity.swift:5:24: error: no such module 'Security'
  3 |
  4 | import Foundation
  5 | @preconcurrency import Security
    |                        `- error: no such module 'Security'
  6 |
  7 | /// Represents a password to anything in the keychain.
[128/145] Compiling Haversack PasswordBaseQuerying.swift
/host/spi-builder-workspace/Sources/Haversack/Entities/GenericPasswordEntity.swift:5:24: error: no such module 'Security'
  3 |
  4 | import Foundation
  5 | @preconcurrency import Security
    |                        `- error: no such module 'Security'
  6 |
  7 | /// Represents a password to anything in the keychain.
[129/145] Compiling Haversack ItemSecurity.swift
/host/spi-builder-workspace/Sources/Haversack/Entities/GenericPasswordEntity.swift:5:24: error: no such module 'Security'
  3 |
  4 | import Foundation
  5 | @preconcurrency import Security
    |                        `- error: no such module 'Security'
  6 |
  7 | /// Represents a password to anything in the keychain.
[130/145] Compiling Haversack KeychainFile.swift
/host/spi-builder-workspace/Sources/Haversack/Entities/GenericPasswordEntity.swift:5:24: error: no such module 'Security'
  3 |
  4 | import Foundation
  5 | @preconcurrency import Security
    |                        `- error: no such module 'Security'
  6 |
  7 | /// Represents a password to anything in the keychain.
[131/145] Compiling Haversack Haversack.swift
/host/spi-builder-workspace/Sources/Haversack/Entities/GenericPasswordEntity.swift:5:24: error: no such module 'Security'
  3 |
  4 | import Foundation
  5 | @preconcurrency import Security
    |                        `- error: no such module 'Security'
  6 |
  7 | /// Represents a password to anything in the keychain.
[132/145] Compiling Haversack HaversackConfiguration.swift
/host/spi-builder-workspace/Sources/Haversack/Entities/GenericPasswordEntity.swift:5:24: error: no such module 'Security'
  3 |
  4 | import Foundation
  5 | @preconcurrency import Security
    |                        `- error: no such module 'Security'
  6 |
  7 | /// Represents a password to anything in the keychain.
[133/145] Compiling Haversack HaversackError.swift
/host/spi-builder-workspace/Sources/Haversack/Entities/GenericPasswordEntity.swift:5:24: error: no such module 'Security'
  3 |
  4 | import Foundation
  5 | @preconcurrency import Security
    |                        `- error: no such module 'Security'
  6 |
  7 | /// Represents a password to anything in the keychain.
[134/145] Compiling Haversack HaversackStrategy.swift
/host/spi-builder-workspace/Sources/Haversack/Entities/GenericPasswordEntity.swift:5:24: error: no such module 'Security'
  3 |
  4 | import Foundation
  5 | @preconcurrency import Security
    |                        `- error: no such module 'Security'
  6 |
  7 | /// Represents a password to anything in the keychain.
[135/145] Compiling Haversack KeychainExportConfig.swift
/host/spi-builder-workspace/Sources/Haversack/Entities/GenericPasswordEntity.swift:5:24: error: no such module 'Security'
  3 |
  4 | import Foundation
  5 | @preconcurrency import Security
    |                        `- error: no such module 'Security'
  6 |
  7 | /// Represents a password to anything in the keychain.
[136/145] Compiling Haversack Logs.swift
/host/spi-builder-workspace/Sources/Haversack/Entities/GenericPasswordEntity.swift:5:24: error: no such module 'Security'
  3 |
  4 | import Foundation
  5 | @preconcurrency import Security
    |                        `- error: no such module 'Security'
  6 |
  7 | /// Represents a password to anything in the keychain.
[137/145] Compiling Haversack NSLocked.swift
/host/spi-builder-workspace/Sources/Haversack/Entities/GenericPasswordEntity.swift:5:24: error: no such module 'Security'
  3 |
  4 | import Foundation
  5 | @preconcurrency import Security
    |                        `- error: no such module 'Security'
  6 |
  7 | /// Represents a password to anything in the keychain.
[138/145] Compiling Haversack CertificateBaseQuerying.swift
/host/spi-builder-workspace/Sources/Haversack/Entities/GenericPasswordEntity.swift:5:24: error: no such module 'Security'
  3 |
  4 | import Foundation
  5 | @preconcurrency import Security
    |                        `- error: no such module 'Security'
  6 |
  7 | /// Represents a password to anything in the keychain.
[139/145] Compiling Haversack CertificateQuery.swift
/host/spi-builder-workspace/Sources/Haversack/Entities/GenericPasswordEntity.swift:5:24: error: no such module 'Security'
  3 |
  4 | import Foundation
  5 | @preconcurrency import Security
    |                        `- error: no such module 'Security'
  6 |
  7 | /// Represents a password to anything in the keychain.
[140/145] Compiling Haversack GenericPasswordQuery.swift
/host/spi-builder-workspace/Sources/Haversack/Entities/GenericPasswordEntity.swift:5:24: error: no such module 'Security'
  3 |
  4 | import Foundation
  5 | @preconcurrency import Security
    |                        `- error: no such module 'Security'
  6 |
  7 | /// Represents a password to anything in the keychain.
[141/145] Compiling Haversack CertificateEntity.swift
/host/spi-builder-workspace/Sources/Haversack/Entities/GenericPasswordEntity.swift:5:24: error: no such module 'Security'
  3 |
  4 | import Foundation
  5 | @preconcurrency import Security
    |                        `- error: no such module 'Security'
  6 |
  7 | /// Represents a password to anything in the keychain.
[142/145] Compiling Haversack Data+X501Name.swift
/host/spi-builder-workspace/Sources/Haversack/Entities/GenericPasswordEntity.swift:5:24: error: no such module 'Security'
  3 |
  4 | import Foundation
  5 | @preconcurrency import Security
    |                        `- error: no such module 'Security'
  6 |
  7 | /// Represents a password to anything in the keychain.
[143/145] Compiling Haversack GenericPasswordEntity.swift
/host/spi-builder-workspace/Sources/Haversack/Entities/GenericPasswordEntity.swift:5:24: error: no such module 'Security'
  3 |
  4 | import Foundation
  5 | @preconcurrency import Security
    |                        `- error: no such module 'Security'
  6 |
  7 | /// Represents a password to anything in the keychain.
[144/145] Compiling Haversack IdentityEntity.swift
/host/spi-builder-workspace/Sources/Haversack/Entities/GenericPasswordEntity.swift:5:24: error: no such module 'Security'
  3 |
  4 | import Foundation
  5 | @preconcurrency import Security
    |                        `- error: no such module 'Security'
  6 |
  7 | /// Represents a password to anything in the keychain.
[145/145] Compiling Haversack InternetPasswordEntity.swift
/host/spi-builder-workspace/Sources/Haversack/Entities/GenericPasswordEntity.swift:5:24: error: no such module 'Security'
  3 |
  4 | import Foundation
  5 | @preconcurrency import Security
    |                        `- error: no such module 'Security'
  6 |
  7 | /// Represents a password to anything in the keychain.
BUILD FAILURE 6.2 wasm