Build Information
Failed to build SwiftCardanoUtils, reference main (13f063), with Swift 6.3 for Wasm on 12 Oct 2026 08:13:56 UTC.
Build Command
bash -c docker run --pull=always --rm -v "checkouts-53886768-0":/host -w "$PWD" -e JAVA_HOME="/root/.sdkman/candidates/java/current" -e SPI_BUILD="1" -e SPI_PROCESSING="1" registry.gitlab.com/saguaro1/spi-images:wasm-6.3-latest swift build --swift-sdk swift-6.3.2-RELEASE_wasm 2>&1Build Log
========================================
RunAll
========================================
Builder version: 5.1.1
Interrupt handler set up.
========================================
Checkout
========================================
Clone URL: https://github.com/Kingpin-Apps/swift-cardano-utils.git
Reference: main
Initialized empty Git repository in /host/spi-builder-workspace/.git/
hint: Using 'master' as the name for the initial branch. This default branch name
hint: is subject to change. To configure the initial branch name to use in all
hint: of your new repositories, which will suppress this warning, call:
hint:
hint: git config --global init.defaultBranch <name>
hint:
hint: Names commonly chosen instead of 'master' are 'main', 'trunk' and
hint: 'development'. The just-created branch can be renamed via this command:
hint:
hint: git branch -m <name>
From https://github.com/Kingpin-Apps/swift-cardano-utils
* branch main -> FETCH_HEAD
* [new branch] main -> origin/main
HEAD is now at 13f063c bump: version 0.5.7 → 0.5.8
Cloned https://github.com/Kingpin-Apps/swift-cardano-utils.git
Revision (git rev-parse @):
13f063ce811def06db7dfc9cd23c84289fbb76df
SPI manifest file found: $PWD/.spi.yml
SUCCESS checkout https://github.com/Kingpin-Apps/swift-cardano-utils.git at main
========================================
Build
========================================
Selected platform: wasm
Swift version: 6.3
Building package at path: $PWD
https://github.com/Kingpin-Apps/swift-cardano-utils.git
Running build ...
bash -c docker run --pull=always --rm -v "checkouts-53886768-0":/host -w "$PWD" -e JAVA_HOME="/root/.sdkman/candidates/java/current" -e SPI_BUILD="1" -e SPI_PROCESSING="1" registry.gitlab.com/saguaro1/spi-images:wasm-6.3-latest swift build --swift-sdk swift-6.3.2-RELEASE_wasm 2>&1
wasm-6.3-latest: Pulling from saguaro1/spi-images
Digest: sha256:df2e9038ff906af397ec7b7e13902ccb183f8867606bc33419e44453a9abdb4b
Status: Image is up to date for registry.gitlab.com/saguaro1/spi-images:wasm-6.3-latest
Fetching https://github.com/apple/swift-log.git
Fetching https://github.com/tuist/Command.git
Fetching https://github.com/Kolos65/Mockable
Fetching https://github.com/apple/swift-system.git
Fetching https://github.com/mattt/swift-configuration-toml.git
Fetching https://github.com/Kingpin-Apps/swift-cardano-core.git
[1/8257] Fetching swift-log
[3387/8388] Fetching swift-log, swift-configuration-toml
Fetched https://github.com/mattt/swift-configuration-toml.git from cache (0.48s)
Fetching https://github.com/apple/swift-configuration
[1/5034] Fetching swift-cardano-core
[4482/12275] Fetching swift-cardano-core, swift-system
[5325/14405] Fetching swift-cardano-core, swift-system, mockable
[14406/18333] Fetching swift-cardano-core, swift-system, mockable, swift-configuration
[18334/20858] Fetching swift-cardano-core, swift-system, mockable, swift-configuration, command
Fetched https://github.com/apple/swift-configuration from cache (0.56s)
[14431/16930] Fetching swift-cardano-core, swift-system, mockable, command
Fetched https://github.com/Kolos65/Mockable from cache (1.16s)
Fetched https://github.com/Kingpin-Apps/swift-cardano-core.git from cache (1.16s)
Fetched https://github.com/tuist/Command.git from cache (1.16s)
Fetched https://github.com/apple/swift-log.git from cache (1.16s)
Fetched https://github.com/apple/swift-system.git from cache (1.16s)
Computing version for https://github.com/mattt/swift-configuration-toml.git
Computed https://github.com/mattt/swift-configuration-toml.git at 2.0.0 (1.32s)
Fetching https://github.com/apple/swift-metrics
Fetching https://github.com/mattt/swift-toml.git
[1/331] Fetching swift-toml
[332/3894] Fetching swift-toml, swift-metrics
Fetched https://github.com/mattt/swift-toml.git from cache (0.68s)
Fetched https://github.com/apple/swift-metrics from cache (0.68s)
Computing version for https://github.com/mattt/swift-toml.git
Computed https://github.com/mattt/swift-toml.git at 2.0.0 (0.84s)
Computing version for https://github.com/Kolos65/Mockable
Computed https://github.com/Kolos65/Mockable at 0.6.4 (0.20s)
Fetching https://github.com/pointfreeco/xctest-dynamic-overlay
Fetching https://github.com/swiftlang/swift-syntax.git
[1/2727] Fetching xctest-dynamic-overlay
[2728/83190] Fetching xctest-dynamic-overlay, swift-syntax
Fetched https://github.com/pointfreeco/xctest-dynamic-overlay from cache (3.67s)
Fetched https://github.com/swiftlang/swift-syntax.git from cache (3.69s)
Computing version for https://github.com/apple/swift-configuration
Computed https://github.com/apple/swift-configuration at 1.2.2 (4.49s)
Fetching https://github.com/swift-server/swift-service-lifecycle
Fetching https://github.com/apple/swift-collections
Fetching https://github.com/jpsim/Yams
[1/2867] Fetching swift-service-lifecycle
[2868/14749] Fetching swift-service-lifecycle, yams
[8572/43452] Fetching swift-service-lifecycle, yams, swift-collections
Fetched https://github.com/swift-server/swift-service-lifecycle from cache (1.42s)
Fetched https://github.com/apple/swift-collections from cache (1.44s)
Fetched https://github.com/jpsim/Yams from cache (1.44s)
Computing version for https://github.com/pointfreeco/xctest-dynamic-overlay
Computed https://github.com/pointfreeco/xctest-dynamic-overlay at 1.9.0 (1.58s)
Computing version for https://github.com/apple/swift-metrics
Computed https://github.com/apple/swift-metrics at 2.12.0 (0.14s)
Computing version for https://github.com/jpsim/Yams
Computed https://github.com/jpsim/Yams at 6.2.2 (0.13s)
Computing version for https://github.com/swift-server/swift-service-lifecycle
Computed https://github.com/swift-server/swift-service-lifecycle at 2.12.1 (0.14s)
Fetching https://github.com/apple/swift-async-algorithms.git
[1/6820] Fetching swift-async-algorithms
Fetched https://github.com/apple/swift-async-algorithms.git from cache (0.58s)
Computing version for https://github.com/apple/swift-log.git
Computed https://github.com/apple/swift-log.git at 1.16.1 (0.73s)
Computing version for https://github.com/apple/swift-async-algorithms.git
Computed https://github.com/apple/swift-async-algorithms.git at 1.1.7 (0.17s)
Computing version for https://github.com/apple/swift-collections
Computed https://github.com/apple/swift-collections at 1.7.2 (0.23s)
Computing version for https://github.com/Kingpin-Apps/swift-cardano-core.git
Computed https://github.com/Kingpin-Apps/swift-cardano-core.git at 0.8.5 (0.14s)
Fetching https://github.com/Kingpin-Apps/swift-nacl.git
Fetching https://github.com/Kingpin-Apps/swift-kes.git
Fetching https://github.com/Kingpin-Apps/swift-cbor-codable.git
Fetching https://github.com/Frizlab/swift-fraction-number.git
Fetching https://github.com/krzyzanowskim/CryptoSwift.git
Fetching https://github.com/mxcl/Version.git
[1/317] Fetching swift-cbor-codable
Fetched https://github.com/Kingpin-Apps/swift-cbor-codable.git from cache (0.36s)
Fetching https://github.com/Kingpin-Apps/swift-base58.git
[1/311] Fetching version
[33/337] Fetching version, swift-fraction-number
Fetched https://github.com/mxcl/Version.git from cache (0.41s)
Fetching https://github.com/Kingpin-Apps/swift-mnemonic.git
[1/13439] Fetching cryptoswift
[136/13563] Fetching cryptoswift, swift-kes
[529/14420] Fetching cryptoswift, swift-kes, swift-nacl
[4477/14506] Fetching cryptoswift, swift-kes, swift-nacl, swift-base58
Fetched https://github.com/Kingpin-Apps/swift-base58.git from cache (0.36s)
Fetching https://github.com/apple/swift-crypto.git
[4610/14420] Fetching cryptoswift, swift-kes, swift-nacl
[14421/14650] Fetching cryptoswift, swift-kes, swift-nacl, swift-mnemonic
Fetched https://github.com/Kingpin-Apps/swift-mnemonic.git from cache (0.48s)
Fetching https://github.com/attaswift/BigInt.git
Fetched https://github.com/Frizlab/swift-fraction-number.git from cache (1.11s)
Fetched https://github.com/Kingpin-Apps/swift-kes.git from cache (1.11s)
Fetched https://github.com/Kingpin-Apps/swift-nacl.git from cache (1.12s)
Fetched https://github.com/krzyzanowskim/CryptoSwift.git from cache (1.12s)
[1/18629] Fetching swift-crypto
[933/23572] Fetching swift-crypto, bigint
Fetched https://github.com/attaswift/BigInt.git from cache (0.52s)
[3167/18629] Fetching swift-crypto
Fetched https://github.com/apple/swift-crypto.git from cache (1.25s)
Computing version for https://github.com/Kingpin-Apps/swift-mnemonic.git
Computed https://github.com/Kingpin-Apps/swift-mnemonic.git at 0.2.5 (2.11s)
Computing version for https://github.com/mxcl/Version.git
Computed https://github.com/mxcl/Version.git at 2.2.1 (0.86s)
Computing version for https://github.com/krzyzanowskim/CryptoSwift.git
Computed https://github.com/krzyzanowskim/CryptoSwift.git at 1.10.0 (0.16s)
Computing version for https://github.com/Kingpin-Apps/swift-kes.git
Computed https://github.com/Kingpin-Apps/swift-kes.git at 1.0.2 (0.13s)
Computing version for https://github.com/Kingpin-Apps/swift-base58.git
Computed https://github.com/Kingpin-Apps/swift-base58.git at 0.1.5 (0.13s)
Computing version for https://github.com/Frizlab/swift-fraction-number.git
Computed https://github.com/Frizlab/swift-fraction-number.git at 0.2.0 (0.12s)
Computing version for https://github.com/Kingpin-Apps/swift-nacl.git
Computed https://github.com/Kingpin-Apps/swift-nacl.git at 1.0.3 (0.31s)
Fetching https://github.com/norio-nomura/Base32.git
[1/1168] Fetching base32
Fetched https://github.com/norio-nomura/Base32.git from cache (0.39s)
Computing version for https://github.com/norio-nomura/Base32.git
Computed https://github.com/norio-nomura/Base32.git at 0.9.0 (1.26s)
Computing version for https://github.com/Kingpin-Apps/swift-cbor-codable.git
Computed https://github.com/Kingpin-Apps/swift-cbor-codable.git at 0.3.4 (0.14s)
Fetching https://github.com/SusanDoggie/Float16.git
[1/310] Fetching float16
Fetched https://github.com/SusanDoggie/Float16.git from cache (0.40s)
Computing version for https://github.com/SusanDoggie/Float16.git
Computed https://github.com/SusanDoggie/Float16.git at 1.1.1 (0.57s)
Fetching https://github.com/apple/swift-numerics
[1/6743] Fetching swift-numerics
Fetched https://github.com/apple/swift-numerics from cache (0.56s)
Computing version for https://github.com/attaswift/BigInt.git
Computed https://github.com/attaswift/BigInt.git at 6.0.1 (0.71s)
Computing version for https://github.com/apple/swift-crypto.git
Computed https://github.com/apple/swift-crypto.git at 4.5.2 (0.24s)
Fetching https://github.com/apple/swift-asn1.git
[1/2009] Fetching swift-asn1
Fetched https://github.com/apple/swift-asn1.git from cache (0.52s)
Computing version for https://github.com/apple/swift-numerics
Computed https://github.com/apple/swift-numerics at 1.1.1 (0.67s)
Computing version for https://github.com/apple/swift-system.git
Computed https://github.com/apple/swift-system.git at 1.8.1 (0.17s)
Computing version for https://github.com/apple/swift-asn1.git
Computed https://github.com/apple/swift-asn1.git at 1.7.3 (0.18s)
Computing version for https://github.com/tuist/Command.git
Computed https://github.com/tuist/Command.git at 0.14.14 (0.14s)
Fetching https://github.com/tuist/Path
[1/418] Fetching path
Fetched https://github.com/tuist/Path from cache (0.41s)
Computing version for https://github.com/tuist/Path
Computed https://github.com/tuist/Path at 0.3.8 (0.58s)
Computing version for https://github.com/swiftlang/swift-syntax.git
Computed https://github.com/swiftlang/swift-syntax.git at 603.0.2 (0.26s)
Creating working copy for https://github.com/SusanDoggie/Float16.git
Working copy of https://github.com/SusanDoggie/Float16.git resolved at 1.1.1
Creating working copy for https://github.com/swiftlang/swift-syntax.git
Working copy of https://github.com/swiftlang/swift-syntax.git resolved at 603.0.2
Creating working copy for https://github.com/apple/swift-collections
Working copy of https://github.com/apple/swift-collections resolved at 1.7.2
Creating working copy for https://github.com/Kingpin-Apps/swift-mnemonic.git
Working copy of https://github.com/Kingpin-Apps/swift-mnemonic.git resolved at 0.2.5
Creating working copy for https://github.com/Kolos65/Mockable
Working copy of https://github.com/Kolos65/Mockable resolved at 0.6.4
Creating working copy for https://github.com/tuist/Command.git
Working copy of https://github.com/tuist/Command.git resolved at 0.14.14
Creating working copy for https://github.com/apple/swift-numerics
Working copy of https://github.com/apple/swift-numerics resolved at 1.1.1
Creating working copy for https://github.com/apple/swift-metrics
Working copy of https://github.com/apple/swift-metrics resolved at 2.12.0
Creating working copy for https://github.com/apple/swift-async-algorithms.git
Working copy of https://github.com/apple/swift-async-algorithms.git resolved at 1.1.7
Creating working copy for https://github.com/tuist/Path
Working copy of https://github.com/tuist/Path resolved at 0.3.8
Creating working copy for https://github.com/apple/swift-log.git
Working copy of https://github.com/apple/swift-log.git resolved at 1.16.1
Creating working copy for https://github.com/pointfreeco/xctest-dynamic-overlay
Working copy of https://github.com/pointfreeco/xctest-dynamic-overlay resolved at 1.9.0
Creating working copy for https://github.com/apple/swift-asn1.git
Working copy of https://github.com/apple/swift-asn1.git resolved at 1.7.3
Creating working copy for https://github.com/Frizlab/swift-fraction-number.git
Working copy of https://github.com/Frizlab/swift-fraction-number.git resolved at 0.2.0
Creating working copy for https://github.com/apple/swift-configuration
Working copy of https://github.com/apple/swift-configuration resolved at 1.2.2
Creating working copy for https://github.com/apple/swift-system.git
Working copy of https://github.com/apple/swift-system.git resolved at 1.8.1
Creating working copy for https://github.com/mattt/swift-toml.git
Working copy of https://github.com/mattt/swift-toml.git resolved at 2.0.0
Creating working copy for https://github.com/mattt/swift-configuration-toml.git
Working copy of https://github.com/mattt/swift-configuration-toml.git resolved at 2.0.0
Creating working copy for https://github.com/krzyzanowskim/CryptoSwift.git
Working copy of https://github.com/krzyzanowskim/CryptoSwift.git resolved at 1.10.0
Creating working copy for https://github.com/Kingpin-Apps/swift-cbor-codable.git
Working copy of https://github.com/Kingpin-Apps/swift-cbor-codable.git resolved at 0.3.4
Creating working copy for https://github.com/norio-nomura/Base32.git
Working copy of https://github.com/norio-nomura/Base32.git resolved at 0.9.0
Creating working copy for https://github.com/swift-server/swift-service-lifecycle
Working copy of https://github.com/swift-server/swift-service-lifecycle resolved at 2.12.1
Creating working copy for https://github.com/Kingpin-Apps/swift-kes.git
Working copy of https://github.com/Kingpin-Apps/swift-kes.git resolved at 1.0.2
Creating working copy for https://github.com/jpsim/Yams
Working copy of https://github.com/jpsim/Yams resolved at 6.2.2
Creating working copy for https://github.com/apple/swift-crypto.git
Working copy of https://github.com/apple/swift-crypto.git resolved at 4.5.2
Creating working copy for https://github.com/Kingpin-Apps/swift-cardano-core.git
Working copy of https://github.com/Kingpin-Apps/swift-cardano-core.git resolved at 0.8.5
Creating working copy for https://github.com/attaswift/BigInt.git
Working copy of https://github.com/attaswift/BigInt.git resolved at 6.0.1
Creating working copy for https://github.com/mxcl/Version.git
Working copy of https://github.com/mxcl/Version.git resolved at 2.2.1
Creating working copy for https://github.com/Kingpin-Apps/swift-base58.git
Working copy of https://github.com/Kingpin-Apps/swift-base58.git resolved at 0.1.5
Creating working copy for https://github.com/Kingpin-Apps/swift-nacl.git
Working copy of https://github.com/Kingpin-Apps/swift-nacl.git resolved at 1.0.3
Downloading package prebuilt https://download.swift.org/prebuilts/swift-syntax/603.0.2/swift-6.3.2-RELEASE-ubuntu_noble_x86_64-MacroSupport.tar.gz
Downloaded https://download.swift.org/prebuilts/swift-syntax/603.0.2/swift-6.3.2-RELEASE-ubuntu_noble_x86_64-MacroSupport.tar.gz (0.21s)
Building for debugging...
[0/516] Write sources
[7/516] Write embedded_resources.swift
[7/516] Write sources
[20/516] Write embedded_resources.swift
[21/516] Write sources
[28/516] Compiling version.c
[29/516] Compiling runtime.c
[30/516] Compiling codecs.c
[31/516] Write swift-version-24593BA9C3E375BF.txt
[32/516] Compiling vrf.c
[32/516] Compiling randombytes.c
[34/516] Compiling randombytes_sysrandom.c
[35/516] Compiling utils.c
[35/516] Compiling core.c
[37/516] Compiling randombytes_internal_random.c
[38/516] Compiling verify.c
[39/516] Compiling prove.c
[41/707] Emitting module MockableMacro
[42/711] Compiling CryptoSwift BlockMode.swift
[43/711] Compiling CryptoSwift BlockModeOptions.swift
[44/711] Compiling CryptoSwift CBC.swift
[45/711] Emitting module Version
[46/711] Compiling Version Version+Codable.swift
[47/714] Compiling CryptoSwift ASN1Scanner.swift
[48/714] Compiling CryptoSwift Array+Extension.swift
[49/714] Compiling CryptoSwift Authenticator.swift
[50/714] Compiling CryptoSwift BatchedCollection.swift
[51/714] Compiling CoreMetrics WithMetricsFactory.swift
[52/714] Compiling CryptoSwift AES.swift
[53/714] Compiling CryptoSwift ASN1.swift
[54/714] Compiling CryptoSwift ASN1Decoder.swift
[55/714] Compiling CryptoSwift ASN1Encoder.swift
[56/714] Compiling CryptoSwift ECB.swift
[57/714] Compiling CryptoSwift GCM.swift
[58/714] Compiling CryptoSwift OCB.swift
[59/714] Compiling CryptoSwift OFB.swift
[60/714] Compiling Logging LoggingSystem.swift
[61/715] Compiling Version Version+Range.swift
[62/715] Compiling Version Version.swift
[63/715] Emitting module InternalCollectionsUtilities
[64/715] Compiling CryptoSwift AEAD.swift
[65/715] Compiling CryptoSwift AEADChaCha20Poly1305.swift
[66/715] Compiling CryptoSwift AEADXChaCha20Poly1305.swift
[67/715] Compiling CryptoSwift AES.Cryptors.swift
[68/715] Compiling CryptoSwift CCM.swift
[69/715] Compiling CryptoSwift CFB.swift
[70/715] Compiling CryptoSwift CTR.swift
[71/715] Compiling CryptoSwift CipherModeWorker.swift
[72/715] Compiling CryptoSwift Bit.swift
[73/715] Compiling CryptoSwift BlockCipher.swift
[74/715] Compiling CryptoSwift BlockDecryptor.swift
[75/715] Compiling CryptoSwift BlockEncryptor.swift
[76/715] Compiling InternalCollectionsUtilities UnsafeRawBufferPointer+Extras.swift
[77/715] Compiling InternalCollectionsUtilities _SortedCollection.swift
[78/715] Compiling InternalCollectionsUtilities _UniqueCollection.swift
[80/716] Emitting module CryptoSwift
[80/730] Compiling keypair.c
[82/734] Compiling SpanPreview MutableSpan+InputSpanHelpers.swift
[83/734] Emitting module SpanPreview
[84/734] Compiling SpanPreview OutputSpan+InputSpanHelpers.swift
[85/734] Compiling SpanPreview InputSpan.swift
[86/735] Compiling Path Path.swift
[87/735] Emitting module Path
[90/735] Compiling Logging Logger+Attributes.swift
[91/735] Compiling Logging Logger+With.swift
[92/735] Compiling Logging Logger.swift
[94/736] Compiling CoreMetrics Metrics.swift
[95/736] Compiling CoreMetrics MappingMetricsFactory.swift
[97/835] Compiling Logging MetadataProvider.swift
[98/835] Compiling DequeModule Deque+CustomReflectable.swift
[99/835] Compiling DequeModule Deque+Descriptions.swift
[100/835] Emitting module Logging
[101/835] Compiling DequeModule Deque+Codable.swift
[102/835] Compiling DequeModule Deque+Collection.swift
[103/836] Compiling CryptoSwift Collection+Extension.swift
[104/836] Compiling CryptoSwift CompactMap.swift
[105/836] Compiling CryptoSwift Cryptor.swift
[106/836] Compiling CryptoSwift Cryptors.swift
[107/836] Compiling CryptoSwift Digest.swift
[108/836] Compiling CryptoSwift DigestType.swift
[109/836] Compiling CryptoSwift AES+Foundation.swift
[110/836] Compiling CryptoSwift Array+Foundation.swift
[111/836] Compiling CryptoSwift Blowfish+Foundation.swift
[112/836] Compiling CryptoSwift ChaCha20+Foundation.swift
[113/836] Compiling CryptoSwift Data+Extension.swift
[114/836] Compiling CryptoSwift HMAC+Foundation.swift
[115/836] Compiling CryptoSwift Rabbit+Foundation.swift
[116/836] Compiling CryptoSwift String+FoundationExtension.swift
[117/836] Emitting module CoreMetrics
[119/836] Compiling CoreMetrics Locks.swift
[120/837] Compiling FractionNumber Maths.swift
[122/837] Compiling Version Version+Comparable.swift
[123/837] Compiling Version Version+Foundation.swift
[123/838] Wrapping AST for Path for debugging
[125/838] Compiling OrderedCollections OrderedSet+Invariants.swift
[126/838] Compiling OrderedCollections OrderedSet+Move.swift
[127/838] Compiling OrderedCollections OrderedSet+Partial MutableCollection.swift
[128/838] Compiling OrderedCollections OrderedSet+Partial RangeReplaceableCollection.swift
[129/838] Compiling OrderedCollections OrderedSet+Partial SetAlgebra formIntersection.swift
[130/838] Compiling OrderedCollections OrderedDictionary+Hashable.swift
[131/838] Compiling OrderedCollections OrderedDictionary+Initializers.swift
[132/838] Compiling OrderedCollections OrderedDictionary+Invariants.swift
[133/838] Compiling OrderedCollections OrderedDictionary+Move.swift
[134/838] Compiling OrderedCollections OrderedDictionary+Partial MutableCollection.swift
[135/838] Compiling OrderedCollections OrderedDictionary+Partial RangeReplaceableCollection.swift
[136/838] Compiling OrderedCollections OrderedDictionary+Sendable.swift
[137/838] Compiling OrderedCollections OrderedDictionary+Sequence.swift
[138/838] Compiling CryptoSwift GCD.swift
[139/838] Compiling DequeModule RigidDeque+Deprecations.swift
[140/838] Compiling DequeModule UniqueDeque+Initializers.swift
[141/838] Compiling DequeModule UniqueDeque+Insertions.swift
[142/838] Compiling DequeModule UniqueDeque+Iterable.swift
[143/838] Compiling DequeModule UniqueDeque+Prepend.swift
[144/838] Compiling DequeModule UniqueDeque+Removals.swift
[145/838] Compiling DequeModule RigidDeque+Descriptions.swift
[146/838] Compiling DequeModule RigidDeque+Equatable.swift
[147/838] Compiling DequeModule RigidDeque+Hashable.swift
[148/838] Compiling DequeModule RigidDeque+Initializers.swift
[149/838] Compiling DequeModule RigidDeque+Insertions.swift
[150/838] Compiling DequeModule RigidDeque+Iterable.swift
[151/838] Compiling OrderedCollections OrderedSet+Initializers.swift
[152/838] Compiling OrderedCollections OrderedSet+Insertions.swift
[153/838] Compiling DequeModule RigidDeque+Testing.swift
[154/838] Compiling DequeModule RigidDeque.swift
[155/838] Compiling DequeModule UniqueDeque+Append.swift
[156/838] Compiling DequeModule UniqueDeque+Consumption.swift
[157/838] Compiling DequeModule UniqueDeque+ContainerOperations.swift
[158/838] Compiling DequeModule UniqueDeque+Deprecations.swift
[159/838] Compiling DequeModule UniqueDeque+Descriptions.swift
[160/838] Compiling DequeModule UniqueDeque+Equatable.swift
[161/838] Compiling DequeModule UniqueDeque+Hashable.swift
[162/838] Compiling DequeModule _DequeBuffer.swift
[163/838] Compiling DequeModule _DequeBufferHeader.swift
[164/838] Compiling DequeModule RigidDeque+Append.swift
[165/838] Compiling DequeModule RigidDeque+Consumption.swift
[166/838] Compiling DequeModule RigidDeque+ContainerOperations.swift
[167/838] Wrapping AST for Logging for debugging
[168/840] Compiling crypto_vrf.c
[170/840] Compiling FractionNumber FractionNumber.swift
[171/840] Emitting module FractionNumber
[171/841] Compiling convert.c
[172/841] Compiling verify.c
[174/841] Compiling stream_xchacha20.c
[175/841] Compiling stream_xsalsa20.c
[176/841] Compiling stream_salsa208_ref.c
[177/841] Compiling stream_salsa208.c
[178/841] Compiling stream_salsa2012_ref.c
[190/841] Compiling stream_salsa2012.c
[191/841] Compiling salsa20_ref.c
[198/846] Compiling stream_salsa20.c
[199/846] Compiling crypto_stream.c
[200/846] Compiling stream_chacha20.c
[201/846] Compiling chacha20_ref.c
[202/846] Compiling sign_ed25519.c
[204/846] Emitting module Metrics
[205/846] Compiling Metrics Metrics.swift
[205/847] Compiling sign.c
[206/847] Compiling open.c
[208/847] Compiling obsolete.c
[209/847] Compiling crypto_sign.c
[210/847] Compiling keypair.c
[211/847] Compiling shorthash_siphashx24.c
[220/847] Compiling shorthash_siphash24.c
[221/854] Compiling crypto_shorthash.c
[222/854] Compiling shorthash_siphash24_ref.c
[223/854] Compiling shorthash_siphashx24_ref.c
[224/854] Compiling secretstream_xchacha20poly1305.c
[225/854] Compiling secretbox_xsalsa20poly1305.c
[226/854] Compiling crypto_secretbox.c
[227/854] Compiling secretbox_xchacha20poly1305.c
[228/854] Compiling crypto_secretbox_easy.c
[229/854] Compiling scalarmult_curve25519.c
[230/854] Compiling scalarmult_ristretto255_ref10.c
[230/854] Compiling scalarmult_ed25519_ref10.c
[232/854] Compiling crypto_scalarmult.c
[233/854] Compiling x25519_ref10.c
[234/854] Compiling scrypt_platform.c
[235/854] Compiling pwhash_scryptsalsa208sha256.c
[236/854] Compiling pbkdf2-sha256.c
[244/854] Compiling DequeModule RigidDeque+Prepend.swift
[245/854] Compiling DequeModule RigidDeque+Removals.swift
[246/854] Compiling DequeModule RigidDeque+Replacements.swift
[249/854] Compiling crypto_pwhash.c
[250/854] Compiling crypto_scrypt-common.c
[251/854] Compiling pwhash_argon2id.c
[252/854] Compiling pwhash_scryptsalsa208sha256_nosse.c
[261/854] Compiling argon2.c
[262/854] Compiling blake2b-long.c
[263/854] Compiling pwhash_argon2i.c
[265/854] Compiling CryptoSwift Utils+Foundation.swift
[266/854] Compiling CryptoSwift XChaCha20+Foundation.swift
[267/854] Compiling CryptoSwift Generics.swift
[268/854] Compiling CryptoSwift HKDF.swift
[269/854] Compiling CryptoSwift HMAC.swift
[270/854] Compiling CryptoSwift ISO10126Padding.swift
[271/854] Compiling CryptoSwift ISO78164Padding.swift
[272/854] Compiling CryptoSwift Int+Extension.swift
[273/854] Compiling CryptoSwift MD5.swift
[274/854] Compiling CryptoSwift NoPadding.swift
[275/854] Compiling CryptoSwift Operators.swift
[276/854] Compiling CryptoSwift DER.swift
[277/854] Compiling CryptoSwift PBKDF1.swift
[278/854] Compiling CryptoSwift PBKDF2.swift
[279/854] Compiling CryptoSwift PKCS1v15.swift
[280/854] Compiling CryptoSwift PKCS5.swift
[281/854] Compiling CryptoSwift PKCS7.swift
[282/854] Compiling CryptoSwift PKCS7Padding.swift
[283/854] Compiling CryptoSwift Padding.swift
[284/854] Compiling CryptoSwift Poly1305.swift
[285/854] Compiling CryptoSwift RSA+Cipher.swift
[286/854] Compiling CryptoSwift RSA+Signature.swift
[287/854] Compiling CryptoSwift RSA.swift
[288/854] Compiling CryptoSwift Rabbit.swift
[289/854] Compiling CryptoSwift SHA1.swift
[290/854] Compiling CryptoSwift SHA2.swift
[291/854] Compiling CryptoSwift SHA3.swift
[292/854] Compiling CryptoSwift Scrypt.swift
[292/854] Compiling argon2-encoding.c
[293/854] Compiling onetimeauth_poly1305.c
[302/854] Compiling argon2-fill-block-ref.c
[303/854] Compiling argon2-core.c
[304/854] Compiling crypto_onetimeauth.c
[304/854] Compiling poly1305_donna.c
[306/854] Compiling crypto_kdf.c
[307/854] Compiling hash_sha512.c
[308/854] Compiling kdf_blake2b.c
[309/854] Compiling crypto_kx.c
[311/854] Compiling DequeModule Deque+Testing.swift
[312/854] Compiling DequeModule Deque._Storage.swift
[313/854] Compiling DequeModule Deque._UnsafeHandle.swift
[314/854] Compiling DequeModule Deque.swift
[318/854] Compiling hash_sha256.c
[324/854] Compiling DequeModule Deque+Equatable.swift
[325/854] Compiling DequeModule Deque+ExpressibleByArrayLiteral.swift
[325/854] Compiling crypto_hash.c
[326/854] Compiling generichash_blake2b.c
[327/854] Compiling crypto_generichash.c
[328/854] Compiling hash_sha256_cp.c
[329/854] Compiling blake2b-ref.c
[330/854] Compiling generichash_blake2.c
[331/854] Compiling core_hsalsa20_ref2.c
[332/854] Compiling hash_sha512_cp.c
[333/854] Compiling core_salsa_ref.c
[334/854] Compiling core_hsalsa20.c
[335/854] Compiling blake2b-compress-ref.c
[335/854] Compiling core_hchacha20.c
[337/854] Compiling core_ristretto255.c
[338/854] Compiling box_curve25519xsalsa20poly1305.c
[339/854] Compiling core_ed25519.c
[340/854] Compiling box_seal_curve25519xchacha20poly1305.c
[342/854] Compiling DequeModule Deque+Extras.swift
[343/854] Compiling DequeModule Deque+Hashable.swift
[347/854] Compiling box_curve25519xchacha20poly1305.c
[348/854] Compiling crypto_box_seal.c
[349/854] Compiling crypto_box_easy.c
[350/854] Compiling auth_hmacsha512256.c
[351/854] Compiling crypto_box.c
[352/854] Compiling auth_hmacsha512.c
[353/854] Compiling crypto_auth.c
[354/854] Compiling auth_hmacsha256.c
[355/854] Compiling aead_aegis256.c
[356/854] Compiling aead_xchacha20poly1305.c
[357/854] Compiling aead_chacha20poly1305.c
[358/854] Compiling ed25519_ref10.c
[359/854] Compiling writer.c
[360/854] Compiling reader.c
[361/854] Compiling parser.c
[362/854] Compiling CXKCPShims shims.c
[363/854] Compiling SimpleFIPS202.c
[364/854] Compiling KeccakSponge.c
[367/854] Compiling DequeModule UniqueDeque+Replacements.swift
[368/854] Compiling DequeModule UniqueDeque.swift
[369/854] Compiling DequeModule _DequeSlot.swift
[370/854] Compiling DequeModule _UnsafeDequeHandle.swift
[371/854] Compiling DequeModule _UnsafeDequeSegments.swift
[381/854] Compiling api.c
[390/854] Compiling KeccakHash.c
[391/854] Compiling emitter.c
[392/854] Compiling CSystem shims.c
[419/862] Compiling OrderedCollections OrderedSet+Sendable.swift
[420/862] Compiling OrderedCollections OrderedSet+SubSequence.swift
[421/862] Compiling OrderedCollections OrderedSet+Testing.swift
[422/862] Compiling OrderedCollections OrderedSet+UnorderedView.swift
[423/862] Compiling OrderedCollections OrderedSet+UnstableInternals.swift
[424/862] Compiling OrderedCollections OrderedSet.swift
[425/862] Compiling OrderedCollections _UnsafeBitset.swift
[425/876] Compiling scanner.c
[427/891] Emitting module OrderedCollections
[428/892] Compiling SystemPackage FilePermissions.swift
[433/892] Compiling SystemPackage IOCompletion.swift
[434/892] Compiling SystemPackage IORequest.swift
[435/892] Compiling SystemPackage IORing+Util.swift
[436/892] Compiling SystemPackage IORing.swift
[437/892] Compiling SystemPackage RawIORequest.swift
[438/897] Compiling SystemPackage FilePath.swift
[439/897] Compiling SystemPackage FileFlags.swift
[440/897] Compiling SystemPackage FileMode.swift
[441/897] Compiling SystemPackage FileType.swift
[442/897] Compiling SystemPackage Identifiers.swift
[443/898] Compiling SystemPackage Stat.swift
[449/898] Compiling SystemPackage RawBuffer.swift
[450/898] Compiling SystemPackage Syscalls.swift
[451/898] Compiling SystemPackage WindowsSyscallAdapters.swift
[452/898] Compiling SystemPackage MachPort.swift
[452/915] Compiling CCryptoBoringSSLShims shims.c
[453/917] Compiling fiat_p256_adx_sqr.S
[454/917] Compiling fiat_p256_adx_mul.S
[455/917] Compiling fiat_curve25519_adx_square.S
[456/917] Compiling fiat_curve25519_adx_mul.S
[457/917] Compiling md5-x86_64-linux.S
[458/917] Compiling md5-x86_64-apple.S
[459/917] Compiling md5-586-linux.S
[460/917] Compiling md5-586-apple.S
[466/917] Compiling SystemPackage PlatformString.swift
[467/917] Compiling SystemPackage Backcompat.swift
[468/917] Compiling SystemPackage CInterop.swift
[469/917] Compiling SystemPackage Constants.swift
[470/917] Compiling SystemPackage Exports.swift
[471/917] Compiling SystemPackage Mocking.swift
[472/917] Compiling Yams Node.swift
[473/917] Compiling Yams Resolver.swift
[474/917] Compiling Yams String+Yams.swift
[475/917] Compiling Yams Mark.swift
[476/917] Compiling Yams Node.Alias.swift
[477/917] Emitting module SystemPackage
[478/917] Compiling CryptoSwift SecureBytes.swift
[479/917] Compiling CryptoSwift Signature.swift
[480/917] Compiling CryptoSwift StreamDecryptor.swift
[481/917] Compiling CryptoSwift StreamEncryptor.swift
[482/917] Compiling CryptoSwift String+Extension.swift
[483/917] Compiling CryptoSwift UInt128.swift
[484/917] Compiling CryptoSwift UInt16+Extension.swift
[485/917] Compiling CryptoSwift UInt32+Extension.swift
[486/917] Compiling CryptoSwift UInt64+Extension.swift
[487/917] Compiling CryptoSwift UInt8+Extension.swift
[488/917] Compiling CryptoSwift Updatable.swift
[489/917] Compiling CryptoSwift Utils.swift
[490/917] Compiling CryptoSwift XChaCha20.swift
[491/917] Compiling CryptoSwift ZeroPadding.swift
[493/918] Compiling SystemPackage FilePathTemp.swift
[494/918] Compiling SystemPackage FilePathTempPosix.swift
[495/918] Compiling SystemPackage FilePathTempWindows.swift
[496/918] Compiling SystemPackage FilePathWindows.swift
[497/918] Compiling err_data.cc
[498/918] Compiling chacha20_poly1305_x86_64-linux.S
[499/918] Compiling chacha20_poly1305_x86_64-apple.S
[500/918] Compiling chacha20_poly1305_armv8-win.S
[501/918] Compiling chacha20_poly1305_armv8-apple.S
[502/918] Compiling chacha20_poly1305_armv8-linux.S
[504/918] Compiling SystemPackage SystemString.swift
[505/918] Compiling SystemPackage Util+StringArray.swift
[506/918] Compiling SystemPackage Util.swift
[507/918] Compiling SystemPackage UtilConsumers.swift
[508/918] Compiling SystemPackage WinSDK+Overlay.swift
[508/918] Compiling chacha-x86_64-linux.S
[509/918] Compiling chacha-x86_64-apple.S
[510/918] Compiling chacha-x86-linux.S
[511/918] Compiling chacha-x86-apple.S
[512/918] Compiling chacha-armv8-win.S
[513/918] Compiling chacha-armv8-linux.S
[515/918] Emitting module DequeModule
[515/918] Compiling chacha-armv8-apple.S
[516/918] Compiling chacha-armv4-linux.S
[518/918] Compiling Yams Encoder.swift
[519/918] Compiling Yams Parser.swift
[520/918] Compiling Yams RedundancyAliasingStrategy.swift
[521/918] Compiling Yams Representer.swift
[522/918] Compiling Yams Node.Scalar.swift
[523/918] Compiling Yams Node.Sequence.swift
[524/918] Compiling Yams AliasDereferencingStrategy.swift
[525/918] Compiling Yams Anchor.swift
[526/918] Compiling Yams Constructor.swift
[527/918] Compiling Yams Decoder.swift
[528/918] Compiling Yams Emitter.swift
[528/919] Compiling aes128gcmsiv-x86_64-linux.S
[529/919] Compiling aes128gcmsiv-x86_64-apple.S
[530/919] Compiling x86_64-mont5-apple.S
[532/919] Compiling x86_64-mont5-linux.S
[533/919] Compiling x86_64-mont-linux.S
[534/919] Compiling x86_64-mont-apple.S
[540/920] Compiling x86-mont-linux.S
[541/920] Compiling x86-mont-apple.S
[542/920] Compiling vpaes-x86_64-linux.S
[544/920] Compiling vpaes-x86-linux.S
[545/920] Compiling vpaes-x86_64-apple.S
[546/920] Compiling vpaes-x86-apple.S
[547/920] Compiling vpaes-armv8-linux.S
[548/920] Compiling vpaes-armv8-win.S
[549/920] Compiling vpaes-armv8-apple.S
[550/920] Compiling vpaes-armv7-linux.S
[551/920] Compiling sha512-x86_64-linux.S
[552/920] Compiling sha512-x86_64-apple.S
[553/920] Compiling sha512-armv8-win.S
[554/920] Compiling sha512-armv8-linux.S
[561/920] Compiling sha512-armv8-apple.S
[566/921] Compiling sha512-armv4-linux.S
[567/921] Compiling sha512-586-linux.S
[568/921] Compiling sha256-x86_64-linux.S
[569/921] Compiling sha512-586-apple.S
[571/921] Compiling sha256-x86_64-apple.S
[572/921] Compiling sha256-armv8-win.S
[573/921] Compiling sha256-armv8-linux.S
[574/921] Compiling sha256-armv8-apple.S
[575/921] Compiling sha256-armv4-linux.S
[576/921] Compiling sha256-586-linux.S
[577/921] Compiling sha1-x86_64-linux.S
[578/921] Compiling sha1-x86_64-apple.S
[579/921] Compiling sha256-586-apple.S
[580/921] Wrapping AST for MockableMacro for debugging
[581/921] Compiling sha1-armv8-win.S
[582/921] Write Objects.LinkFileList
[583/921] Compiling sha1-armv8-apple.S
[584/921] Compiling sha1-armv8-linux.S
[585/921] Compiling sha1-armv4-large-linux.S
[586/921] Compiling sha1-586-linux.S
[587/921] Compiling sha1-586-apple.S
[588/921] Compiling rsaz-avx2-linux.S
[589/921] Compiling rsaz-avx2-apple.S
[590/921] Compiling rdrand-x86_64-apple.S
[591/921] Compiling p256_beeu-x86_64-asm-linux.S
[592/921] Compiling rdrand-x86_64-linux.S
[593/921] Compiling p256_beeu-x86_64-asm-apple.S
[594/921] Compiling p256_beeu-armv8-asm-win.S
[595/921] Compiling p256-x86_64-asm-linux.S
[596/921] Compiling p256_beeu-armv8-asm-linux.S
[597/921] Compiling p256_beeu-armv8-asm-apple.S
[598/921] Compiling p256-armv8-asm-linux.S
[599/921] Compiling p256-armv8-asm-win.S
[600/921] Compiling p256-x86_64-asm-apple.S
[601/921] Compiling p256-armv8-asm-apple.S
[602/921] Compiling ghashv8-armv8-win.S
[603/921] Compiling ghashv8-armv8-linux.S
[604/921] Compiling ghashv8-armv8-apple.S
[605/921] Compiling ghashv8-armv7-linux.S
[606/921] Compiling ghash-x86_64-linux.S
[607/921] Compiling ghash-x86_64-apple.S
[608/921] Compiling ghash-x86-linux.S
[611/923] Compiling ghash-x86-apple.S
[613/923] Compiling Yams Tag.swift
[614/923] Compiling Yams YamlAnchorProviding.swift
[614/923] Compiling ghash-ssse3-x86_64-linux.S
[615/923] Compiling ghash-ssse3-x86_64-apple.S
[616/923] Compiling ghash-ssse3-x86-linux.S
[617/923] Compiling ghash-ssse3-x86-apple.S
[618/923] Compiling ghash-neon-armv8-linux.S
[619/923] Compiling ghash-neon-armv8-win.S
[620/923] Compiling ghash-armv4-linux.S
[621/923] Compiling ghash-neon-armv8-apple.S
[622/923] Compiling co-586-linux.S
[623/923] Compiling co-586-apple.S
[624/923] Compiling bsaes-armv7-linux.S
[625/923] Compiling bn-armv8-linux.S
[625/923] Compiling bn-armv8-win.S
/host/spi-builder-workspace/.build/checkouts/Yams/Sources/Yams/Representer.swift:342:45: error: cannot find 'DBL_DECIMAL_DIG' in scope
340 | // Since `NumberFormatter` creates a string with insufficient precision for Decode,
341 | // it uses with `String(format:...)`
342 | let string = String(format: "%.*g", DBL_DECIMAL_DIG, self)
| `- error: cannot find 'DBL_DECIMAL_DIG' in scope
343 | // "%*.g" does not use scientific notation if the exponent is less than –4.
344 | // So fallback to using `NumberFormatter` if string does not uses scientific notation.
/host/spi-builder-workspace/.build/checkouts/Yams/Sources/Yams/Representer.swift:342:45: error: cannot find 'DBL_DECIMAL_DIG' in scope
340 | // Since `NumberFormatter` creates a string with insufficient precision for Decode,
341 | // it uses with `String(format:...)`
342 | let string = String(format: "%.*g", DBL_DECIMAL_DIG, self)
| `- error: cannot find 'DBL_DECIMAL_DIG' in scope
343 | // "%*.g" does not use scientific notation if the exponent is less than –4.
344 | // So fallback to using `NumberFormatter` if string does not uses scientific notation.
/host/spi-builder-workspace/.build/checkouts/Yams/Sources/Yams/Representer.swift:342:45: error: cannot find 'DBL_DECIMAL_DIG' in scope
340 | // Since `NumberFormatter` creates a string with insufficient precision for Decode,
341 | // it uses with `String(format:...)`
342 | let string = String(format: "%.*g", DBL_DECIMAL_DIG, self)
| `- error: cannot find 'DBL_DECIMAL_DIG' in scope
343 | // "%*.g" does not use scientific notation if the exponent is less than –4.
344 | // So fallback to using `NumberFormatter` if string does not uses scientific notation.
[630/923] Compiling bn-586-linux.S
[631/923] Compiling bn-armv8-apple.S
[632/923] Compiling armv8-mont-win.S
[633/923] Compiling bn-586-apple.S
[634/923] Compiling armv8-mont-apple.S
[635/923] Compiling armv8-mont-linux.S
[636/923] Compiling armv4-mont-linux.S
[636/923] Compiling aesv8-gcm-armv8-linux.S
[638/923] Compiling aesv8-gcm-armv8-apple.S
[639/923] Compiling aesv8-gcm-armv8-win.S
[640/923] Compiling aesv8-armv8-win.S
[641/923] Compiling aesv8-armv8-apple.S
[642/923] Compiling aesv8-armv8-linux.S
[643/923] Compiling aesv8-armv7-linux.S
[647/923] Compiling Yams Node.Mapping.swift
[647/923] Compiling aesni-x86-apple.S
[648/923] Compiling aesni-x86_64-linux.S
[649/923] Compiling aesni-x86-linux.S
[650/923] Compiling aesni-x86_64-apple.S
[651/923] Compiling aesni-gcm-x86_64-linux.S
[652/923] Compiling aes-gcm-avx512-x86_64-linux.S
[653/923] Compiling aesni-gcm-x86_64-apple.S
[654/923] Compiling aes-gcm-avx512-x86_64-apple.S
[655/923] Compiling aes-gcm-avx2-x86_64-linux.S
[656/923] Compiling aes-gcm-avx2-x86_64-apple.S
[657/923] Linking MockableMacro-tool
[659/923] Compiling Yams YamlError.swift
[660/923] Compiling Yams YamlTagProviding.swift
[661/923] Emitting module Yams
[664/923] Compiling xwing.cc
[665/923] Compiling x_x509a.cc
[666/923] Compiling x_sig.cc
[667/923] Compiling CTomlPlusPlus ctoml.cpp
[668/923] Compiling x_x509.cc
[669/930] Compiling x_spki.cc
[671/936] Compiling Command ThreadSafe.swift
/host/spi-builder-workspace/.build/checkouts/Command/Sources/Command/ThreadSafe.swift:5:25: error: cannot find 'DispatchQueue' in scope
3 | /// Type that ensures thread-safe access to the underlying value using DispatchQueue.
4 | public final class ThreadSafe<T>: @unchecked Sendable {
5 | private let queue = DispatchQueue(label: "dev.tuist.Command.ThreadSafe", attributes: .concurrent)
| `- error: cannot find 'DispatchQueue' in scope
6 | private var _value: T
7 |
/host/spi-builder-workspace/.build/checkouts/Command/Sources/Command/ThreadSafe.swift:5:91: error: cannot infer contextual base in reference to member 'concurrent'
3 | /// Type that ensures thread-safe access to the underlying value using DispatchQueue.
4 | public final class ThreadSafe<T>: @unchecked Sendable {
5 | private let queue = DispatchQueue(label: "dev.tuist.Command.ThreadSafe", attributes: .concurrent)
| `- error: cannot infer contextual base in reference to member 'concurrent'
6 | private var _value: T
7 |
/host/spi-builder-workspace/.build/checkouts/Command/Sources/Command/ThreadSafe.swift:25:32: error: cannot infer contextual base in reference to member 'barrier'
23 | @discardableResult
24 | public func mutate<Result>(_ body: (inout T) throws -> Result) rethrows -> Result {
25 | try queue.sync(flags: .barrier) {
| `- error: cannot infer contextual base in reference to member 'barrier'
26 | try body(&_value)
27 | }
[672/936] Compiling Command Command.swift
[678/936] Compiling x_pubkey.cc
[678/936] Compiling KeccakP-1600-opt64.c
error: emit-module command failed with exit code 1 (use -v to see invocation)
[679/936] Emitting module Command
/host/spi-builder-workspace/.build/checkouts/Command/Sources/Command/ThreadSafe.swift:5:25: error: cannot find 'DispatchQueue' in scope
3 | /// Type that ensures thread-safe access to the underlying value using DispatchQueue.
4 | public final class ThreadSafe<T>: @unchecked Sendable {
5 | private let queue = DispatchQueue(label: "dev.tuist.Command.ThreadSafe", attributes: .concurrent)
| `- error: cannot find 'DispatchQueue' in scope
6 | private var _value: T
7 |
/host/spi-builder-workspace/.build/checkouts/Command/Sources/Command/ThreadSafe.swift:5:91: error: cannot infer contextual base in reference to member 'concurrent'
3 | /// Type that ensures thread-safe access to the underlying value using DispatchQueue.
4 | public final class ThreadSafe<T>: @unchecked Sendable {
5 | private let queue = DispatchQueue(label: "dev.tuist.Command.ThreadSafe", attributes: .concurrent)
| `- error: cannot infer contextual base in reference to member 'concurrent'
6 | private var _value: T
7 |
[680/936] Compiling Command FileHandle+Extras.swift
/host/spi-builder-workspace/.build/checkouts/Command/Sources/Command/FileHandle+Extras.swift:6:18: error: value of type 'FileHandle' has no member 'readabilityHandler'
4 | func byteStream() -> AsyncThrowingStream<Data, Error> {
5 | AsyncThrowingStream { continuation in
6 | self.readabilityHandler = { handle in
| `- error: value of type 'FileHandle' has no member 'readabilityHandler'
7 | let data = handle.availableData
8 | if data.isEmpty {
/host/spi-builder-workspace/.build/checkouts/Command/Sources/Command/FileHandle+Extras.swift:6:41: error: cannot infer type of closure parameter 'handle' without a type annotation
4 | func byteStream() -> AsyncThrowingStream<Data, Error> {
5 | AsyncThrowingStream { continuation in
6 | self.readabilityHandler = { handle in
| `- error: cannot infer type of closure parameter 'handle' without a type annotation
7 | let data = handle.availableData
8 | if data.isEmpty {
/host/spi-builder-workspace/.build/checkouts/Command/Sources/Command/CommandRunner.swift:199:33: error: cannot find 'rlimit' in scope
197 | return fallbackMaximumConcurrentProcesses
198 | #else
199 | var resourceLimit = rlimit()
| `- error: cannot find 'rlimit' in scope
200 | #if canImport(Glibc)
201 | let openFilesResource = Int32(RLIMIT_NOFILE.rawValue)
/host/spi-builder-workspace/.build/checkouts/Command/Sources/Command/CommandRunner.swift:203:41: error: cannot find 'RLIMIT_NOFILE' in scope
201 | let openFilesResource = Int32(RLIMIT_NOFILE.rawValue)
202 | #else
203 | let openFilesResource = RLIMIT_NOFILE
| `- error: cannot find 'RLIMIT_NOFILE' in scope
204 | #endif
205 | guard getrlimit(openFilesResource, &resourceLimit) == 0 else {
/host/spi-builder-workspace/.build/checkouts/Command/Sources/Command/CommandRunner.swift:205:19: error: cannot find 'getrlimit' in scope
203 | let openFilesResource = RLIMIT_NOFILE
204 | #endif
205 | guard getrlimit(openFilesResource, &resourceLimit) == 0 else {
| `- error: cannot find 'getrlimit' in scope
206 | return fallbackMaximumConcurrentProcesses
207 | }
/host/spi-builder-workspace/.build/checkouts/Command/Sources/Command/CommandRunner.swift:222:45: error: cannot find type 'Process' in scope
220 | ) -> AsyncThrowingStream<CommandEvent, any Error> {
221 | AsyncThrowingStream(CommandEvent.self, bufferingPolicy: .unbounded) { continuation in
222 | let runningProcess = ThreadSafe<Process?>(nil)
| `- error: cannot find type 'Process' in scope
223 |
224 | let task = Task.detached {
[680/936] Compiling x_name.cc
[680/936] Compiling x_exten.cc
[680/936] Compiling x_req.cc
BUILD FAILURE 6.3 wasm