The Swift Package Index logo.Swift Package Index

Build Information

Failed to build GoogleAuth, reference main (eb390d), with Swift 6.4 for watchOS using Xcode 27.0 on 11 Oct 2026 03:55:03 UTC.

Build Command

env DEVELOPER_DIR=/Applications/Xcode-27.0.0-Release.Candidate.app xcrun xcodebuild -IDEClonedSourcePackagesDirPathOverride=$PWD/.dependencies -skipMacroValidation -skipPackagePluginValidation -derivedDataPath $PWD/.derivedData build -scheme GoogleAuth -destination generic/platform=watchOS

Build Log

2026-10-10 23:54:48.803 appintentsmetadataprocessor[6511:20084] Starting appintentsmetadataprocessor export
2026-10-10 23:54:48.906 appintentsmetadataprocessor[6511:20084] Extracted no relevant App Intents symbols, skipping writing output
Ld /Users/admin/builder/spi-builder-workspace/.derivedData/Build/Intermediates.noindex/swift-nio-extras.build/Debug-watchos/NIOHTTPCompression-t.build/Objects-normal/arm64_32/Binary/NIOHTTPCompression.o normal arm64_32 (in target 'NIOHTTPCompression' from project 'swift-nio-extras')
    cd /Users/admin/builder/spi-builder-workspace/.dependencies/checkouts/swift-nio-extras
    /Applications/Xcode-27.0.0.app/Contents/Developer/Toolchains/XcodeDefault.xctoolchain/usr/bin/clang -Xlinker -reproducible -target arm64_32-apple-watchos9.0 -r -isysroot /Applications/Xcode-27.0.0.app/Contents/Developer/Platforms/WatchOS.platform/Developer/SDKs/WatchOS27.0.sdk -O0 -w -Xlinker -no_warn_duplicate_libraries -F/Users/admin/builder/spi-builder-workspace/.derivedData/Build/Intermediates.noindex/EagerLinkingTBDs/Debug-watchos -F/Users/admin/builder/spi-builder-workspace/.derivedData/Build/Products/Debug-watchos/PackageFrameworks -F/Users/admin/builder/spi-builder-workspace/.derivedData/Build/Products/Debug-watchos -iframework /Applications/Xcode-27.0.0.app/Contents/Developer/Platforms/WatchOS.platform/Developer/Library/Frameworks -iframework /Applications/Xcode-27.0.0.app/Contents/Developer/Platforms/WatchOS.platform/Developer/SDKs/WatchOS27.0.sdk/Developer/Library/Frameworks -filelist /Users/admin/builder/spi-builder-workspace/.derivedData/Build/Intermediates.noindex/swift-nio-extras.build/Debug-watchos/NIOHTTPCompression-t.build/Objects-normal/arm64_32/NIOHTTPCompression.LinkFileList -nostdlib -Xlinker -object_path_lto -Xlinker /Users/admin/builder/spi-builder-workspace/.derivedData/Build/Intermediates.noindex/swift-nio-extras.build/Debug-watchos/NIOHTTPCompression-t.build/Objects-normal/arm64_32/NIOHTTPCompression_lto.o -Xlinker -no_deduplicate -Xlinker -debug_variant -Xlinker -dependency_info -Xlinker /Users/admin/builder/spi-builder-workspace/.derivedData/Build/Intermediates.noindex/swift-nio-extras.build/Debug-watchos/NIOHTTPCompression-t.build/Objects-normal/arm64_32/NIOHTTPCompression_dependency_info.dat -fobjc-link-runtime -L/Applications/Xcode-27.0.0.app/Contents/Developer/Toolchains/XcodeDefault.xctoolchain/usr/lib/swift/watchos -L/usr/lib/swift -Xlinker -add_ast_path -Xlinker /Users/admin/builder/spi-builder-workspace/.derivedData/Build/Intermediates.noindex/swift-nio-extras.build/Debug-watchos/NIOHTTPCompression-t.build/Objects-normal/arm64_32/NIOHTTPCompression.swiftmodule -o /Users/admin/builder/spi-builder-workspace/.derivedData/Build/Intermediates.noindex/swift-nio-extras.build/Debug-watchos/NIOHTTPCompression-t.build/Objects-normal/arm64_32/Binary/NIOHTTPCompression.o
Ld /Users/admin/builder/spi-builder-workspace/.derivedData/Build/Intermediates.noindex/swift-nio-extras.build/Debug-watchos/NIOHTTPCompression-t.build/Objects-normal/arm64/Binary/NIOHTTPCompression.o normal arm64 (in target 'NIOHTTPCompression' from project 'swift-nio-extras')
    cd /Users/admin/builder/spi-builder-workspace/.dependencies/checkouts/swift-nio-extras
    /Applications/Xcode-27.0.0.app/Contents/Developer/Toolchains/XcodeDefault.xctoolchain/usr/bin/clang -Xlinker -reproducible -target arm64-apple-watchos9.0 -r -isysroot /Applications/Xcode-27.0.0.app/Contents/Developer/Platforms/WatchOS.platform/Developer/SDKs/WatchOS27.0.sdk -O0 -w -Xlinker -no_warn_duplicate_libraries -F/Users/admin/builder/spi-builder-workspace/.derivedData/Build/Intermediates.noindex/EagerLinkingTBDs/Debug-watchos -F/Users/admin/builder/spi-builder-workspace/.derivedData/Build/Products/Debug-watchos/PackageFrameworks -F/Users/admin/builder/spi-builder-workspace/.derivedData/Build/Products/Debug-watchos -iframework /Applications/Xcode-27.0.0.app/Contents/Developer/Platforms/WatchOS.platform/Developer/Library/Frameworks -iframework /Applications/Xcode-27.0.0.app/Contents/Developer/Platforms/WatchOS.platform/Developer/SDKs/WatchOS27.0.sdk/Developer/Library/Frameworks -filelist /Users/admin/builder/spi-builder-workspace/.derivedData/Build/Intermediates.noindex/swift-nio-extras.build/Debug-watchos/NIOHTTPCompression-t.build/Objects-normal/arm64/NIOHTTPCompression.LinkFileList -nostdlib -Xlinker -object_path_lto -Xlinker /Users/admin/builder/spi-builder-workspace/.derivedData/Build/Intermediates.noindex/swift-nio-extras.build/Debug-watchos/NIOHTTPCompression-t.build/Objects-normal/arm64/NIOHTTPCompression_lto.o -Xlinker -no_deduplicate -Xlinker -debug_variant -Xlinker -dependency_info -Xlinker /Users/admin/builder/spi-builder-workspace/.derivedData/Build/Intermediates.noindex/swift-nio-extras.build/Debug-watchos/NIOHTTPCompression-t.build/Objects-normal/arm64/NIOHTTPCompression_dependency_info.dat -fobjc-link-runtime -L/Applications/Xcode-27.0.0.app/Contents/Developer/Toolchains/XcodeDefault.xctoolchain/usr/lib/swift/watchos -L/usr/lib/swift -Xlinker -add_ast_path -Xlinker /Users/admin/builder/spi-builder-workspace/.derivedData/Build/Intermediates.noindex/swift-nio-extras.build/Debug-watchos/NIOHTTPCompression-t.build/Objects-normal/arm64/NIOHTTPCompression.swiftmodule -o /Users/admin/builder/spi-builder-workspace/.derivedData/Build/Intermediates.noindex/swift-nio-extras.build/Debug-watchos/NIOHTTPCompression-t.build/Objects-normal/arm64/Binary/NIOHTTPCompression.o
CreateUniversalBinary /Users/admin/builder/spi-builder-workspace/.derivedData/Build/Products/Debug-watchos/NIOHTTPCompression.o normal arm64\ arm64_32 (in target 'NIOHTTPCompression' from project 'swift-nio-extras')
    cd /Users/admin/builder/spi-builder-workspace/.dependencies/checkouts/swift-nio-extras
    /Applications/Xcode-27.0.0.app/Contents/Developer/Toolchains/XcodeDefault.xctoolchain/usr/bin/lipo -create /Users/admin/builder/spi-builder-workspace/.derivedData/Build/Intermediates.noindex/swift-nio-extras.build/Debug-watchos/NIOHTTPCompression-t.build/Objects-normal/arm64/Binary/NIOHTTPCompression.o /Users/admin/builder/spi-builder-workspace/.derivedData/Build/Intermediates.noindex/swift-nio-extras.build/Debug-watchos/NIOHTTPCompression-t.build/Objects-normal/arm64_32/Binary/NIOHTTPCompression.o -output /Users/admin/builder/spi-builder-workspace/.derivedData/Build/Products/Debug-watchos/NIOHTTPCompression.o
Ld /Users/admin/builder/spi-builder-workspace/.derivedData/Build/Intermediates.noindex/swift-nio-http2.build/Debug-watchos/NIOHPACK-t.build/Objects-normal/arm64_32/Binary/NIOHPACK.o normal arm64_32 (in target 'NIOHPACK' from project 'swift-nio-http2')
    cd /Users/admin/builder/spi-builder-workspace/.dependencies/checkouts/swift-nio-http2
    /Applications/Xcode-27.0.0.app/Contents/Developer/Toolchains/XcodeDefault.xctoolchain/usr/bin/clang -Xlinker -reproducible -target arm64_32-apple-watchos9.0 -r -isysroot /Applications/Xcode-27.0.0.app/Contents/Developer/Platforms/WatchOS.platform/Developer/SDKs/WatchOS27.0.sdk -O0 -w -Xlinker -no_warn_duplicate_libraries -F/Users/admin/builder/spi-builder-workspace/.derivedData/Build/Intermediates.noindex/EagerLinkingTBDs/Debug-watchos -F/Users/admin/builder/spi-builder-workspace/.derivedData/Build/Products/Debug-watchos/PackageFrameworks -F/Users/admin/builder/spi-builder-workspace/.derivedData/Build/Products/Debug-watchos -iframework /Applications/Xcode-27.0.0.app/Contents/Developer/Platforms/WatchOS.platform/Developer/Library/Frameworks -iframework /Applications/Xcode-27.0.0.app/Contents/Developer/Platforms/WatchOS.platform/Developer/SDKs/WatchOS27.0.sdk/Developer/Library/Frameworks -filelist /Users/admin/builder/spi-builder-workspace/.derivedData/Build/Intermediates.noindex/swift-nio-http2.build/Debug-watchos/NIOHPACK-t.build/Objects-normal/arm64_32/NIOHPACK.LinkFileList -nostdlib -Xlinker -object_path_lto -Xlinker /Users/admin/builder/spi-builder-workspace/.derivedData/Build/Intermediates.noindex/swift-nio-http2.build/Debug-watchos/NIOHPACK-t.build/Objects-normal/arm64_32/NIOHPACK_lto.o -Xlinker -no_deduplicate -Xlinker -debug_variant -Xlinker -dependency_info -Xlinker /Users/admin/builder/spi-builder-workspace/.derivedData/Build/Intermediates.noindex/swift-nio-http2.build/Debug-watchos/NIOHPACK-t.build/Objects-normal/arm64_32/NIOHPACK_dependency_info.dat -fobjc-link-runtime -L/Applications/Xcode-27.0.0.app/Contents/Developer/Toolchains/XcodeDefault.xctoolchain/usr/lib/swift/watchos -L/usr/lib/swift -Xlinker -add_ast_path -Xlinker /Users/admin/builder/spi-builder-workspace/.derivedData/Build/Intermediates.noindex/swift-nio-http2.build/Debug-watchos/NIOHPACK-t.build/Objects-normal/arm64_32/NIOHPACK.swiftmodule -o /Users/admin/builder/spi-builder-workspace/.derivedData/Build/Intermediates.noindex/swift-nio-http2.build/Debug-watchos/NIOHPACK-t.build/Objects-normal/arm64_32/Binary/NIOHPACK.o
Ld /Users/admin/builder/spi-builder-workspace/.derivedData/Build/Intermediates.noindex/swift-nio-http2.build/Debug-watchos/NIOHPACK-t.build/Objects-normal/arm64/Binary/NIOHPACK.o normal arm64 (in target 'NIOHPACK' from project 'swift-nio-http2')
    cd /Users/admin/builder/spi-builder-workspace/.dependencies/checkouts/swift-nio-http2
    /Applications/Xcode-27.0.0.app/Contents/Developer/Toolchains/XcodeDefault.xctoolchain/usr/bin/clang -Xlinker -reproducible -target arm64-apple-watchos9.0 -r -isysroot /Applications/Xcode-27.0.0.app/Contents/Developer/Platforms/WatchOS.platform/Developer/SDKs/WatchOS27.0.sdk -O0 -w -Xlinker -no_warn_duplicate_libraries -F/Users/admin/builder/spi-builder-workspace/.derivedData/Build/Intermediates.noindex/EagerLinkingTBDs/Debug-watchos -F/Users/admin/builder/spi-builder-workspace/.derivedData/Build/Products/Debug-watchos/PackageFrameworks -F/Users/admin/builder/spi-builder-workspace/.derivedData/Build/Products/Debug-watchos -iframework /Applications/Xcode-27.0.0.app/Contents/Developer/Platforms/WatchOS.platform/Developer/Library/Frameworks -iframework /Applications/Xcode-27.0.0.app/Contents/Developer/Platforms/WatchOS.platform/Developer/SDKs/WatchOS27.0.sdk/Developer/Library/Frameworks -filelist /Users/admin/builder/spi-builder-workspace/.derivedData/Build/Intermediates.noindex/swift-nio-http2.build/Debug-watchos/NIOHPACK-t.build/Objects-normal/arm64/NIOHPACK.LinkFileList -nostdlib -Xlinker -object_path_lto -Xlinker /Users/admin/builder/spi-builder-workspace/.derivedData/Build/Intermediates.noindex/swift-nio-http2.build/Debug-watchos/NIOHPACK-t.build/Objects-normal/arm64/NIOHPACK_lto.o -Xlinker -no_deduplicate -Xlinker -debug_variant -Xlinker -dependency_info -Xlinker /Users/admin/builder/spi-builder-workspace/.derivedData/Build/Intermediates.noindex/swift-nio-http2.build/Debug-watchos/NIOHPACK-t.build/Objects-normal/arm64/NIOHPACK_dependency_info.dat -fobjc-link-runtime -L/Applications/Xcode-27.0.0.app/Contents/Developer/Toolchains/XcodeDefault.xctoolchain/usr/lib/swift/watchos -L/usr/lib/swift -Xlinker -add_ast_path -Xlinker /Users/admin/builder/spi-builder-workspace/.derivedData/Build/Intermediates.noindex/swift-nio-http2.build/Debug-watchos/NIOHPACK-t.build/Objects-normal/arm64/NIOHPACK.swiftmodule -o /Users/admin/builder/spi-builder-workspace/.derivedData/Build/Intermediates.noindex/swift-nio-http2.build/Debug-watchos/NIOHPACK-t.build/Objects-normal/arm64/Binary/NIOHPACK.o
ExtractAppIntentsMetadata (in target 'NIOHTTPCompression' from project 'swift-nio-extras')
    cd /Users/admin/builder/spi-builder-workspace/.dependencies/checkouts/swift-nio-extras
    /Applications/Xcode-27.0.0.app/Contents/Developer/Toolchains/XcodeDefault.xctoolchain/usr/bin/appintentsmetadataprocessor --toolchain-dir /var/run/com.apple.security.cryptexd/mnt/com.apple.MobileAsset.MetalToolchain-v27.1.266.1.zsJywq/Metal.xctoolchain --module-name NIOHTTPCompression --sdk-root /Applications/Xcode-27.0.0.app/Contents/Developer/Platforms/WatchOS.platform/Developer/SDKs/WatchOS27.0.sdk --xcode-version 27A266a --platform-family watchOS --deployment-target 9.0 --bundle-identifier swift-nio-extras.NIOHTTPCompression --output /Users/admin/builder/spi-builder-workspace/.derivedData/Build/Products/Debug-watchos/NIOHTTPCompression.appintents --target-triple arm64-apple-watchos9.0 --target-triple arm64_32-apple-watchos9.0 --binary-file /Users/admin/builder/spi-builder-workspace/.derivedData/Build/Products/Debug-watchos/NIOHTTPCompression.o --dependency-file /Users/admin/builder/spi-builder-workspace/.derivedData/Build/Intermediates.noindex/swift-nio-extras.build/Debug-watchos/NIOHTTPCompression-t.build/Objects-normal/arm64/NIOHTTPCompression_dependency_info.dat --dependency-file /Users/admin/builder/spi-builder-workspace/.derivedData/Build/Intermediates.noindex/swift-nio-extras.build/Debug-watchos/NIOHTTPCompression-t.build/Objects-normal/arm64_32/NIOHTTPCompression_dependency_info.dat --stringsdata-file /Users/admin/builder/spi-builder-workspace/.derivedData/Build/Intermediates.noindex/swift-nio-extras.build/Debug-watchos/NIOHTTPCompression-t.build/Objects-normal/arm64/ExtractedAppShortcutsMetadata.stringsdata --stringsdata-file /Users/admin/builder/spi-builder-workspace/.derivedData/Build/Intermediates.noindex/swift-nio-extras.build/Debug-watchos/NIOHTTPCompression-t.build/Objects-normal/arm64_32/ExtractedAppShortcutsMetadata.stringsdata --source-file-list /Users/admin/builder/spi-builder-workspace/.derivedData/Build/Intermediates.noindex/swift-nio-extras.build/Debug-watchos/NIOHTTPCompression-t.build/Objects-normal/arm64/NIOHTTPCompression.SwiftFileList --source-file-list /Users/admin/builder/spi-builder-workspace/.derivedData/Build/Intermediates.noindex/swift-nio-extras.build/Debug-watchos/NIOHTTPCompression-t.build/Objects-normal/arm64_32/NIOHTTPCompression.SwiftFileList --metadata-file-list /Users/admin/builder/spi-builder-workspace/.derivedData/Build/Intermediates.noindex/swift-nio-extras.build/Debug-watchos/NIOHTTPCompression-t.build/NIOHTTPCompression.DependencyMetadataFileList --static-metadata-file-list /Users/admin/builder/spi-builder-workspace/.derivedData/Build/Intermediates.noindex/swift-nio-extras.build/Debug-watchos/NIOHTTPCompression-t.build/NIOHTTPCompression.DependencyStaticMetadataFileList --swift-const-vals-list /Users/admin/builder/spi-builder-workspace/.derivedData/Build/Intermediates.noindex/swift-nio-extras.build/Debug-watchos/NIOHTTPCompression-t.build/Objects-normal/arm64/NIOHTTPCompression.SwiftConstValuesFileList --swift-const-vals-list /Users/admin/builder/spi-builder-workspace/.derivedData/Build/Intermediates.noindex/swift-nio-extras.build/Debug-watchos/NIOHTTPCompression-t.build/Objects-normal/arm64_32/NIOHTTPCompression.SwiftConstValuesFileList --force --compile-time-extraction --deployment-aware-processing --no-app-shortcuts-localization
2026-10-10 23:54:48.993 appintentsmetadataprocessor[6521:20235] Starting appintentsmetadataprocessor export
2026-10-10 23:54:49.079 appintentsmetadataprocessor[6521:20235] Extracted no relevant App Intents symbols, skipping writing output
CreateUniversalBinary /Users/admin/builder/spi-builder-workspace/.derivedData/Build/Products/Debug-watchos/NIOHPACK.o normal arm64\ arm64_32 (in target 'NIOHPACK' from project 'swift-nio-http2')
    cd /Users/admin/builder/spi-builder-workspace/.dependencies/checkouts/swift-nio-http2
    /Applications/Xcode-27.0.0.app/Contents/Developer/Toolchains/XcodeDefault.xctoolchain/usr/bin/lipo -create /Users/admin/builder/spi-builder-workspace/.derivedData/Build/Intermediates.noindex/swift-nio-http2.build/Debug-watchos/NIOHPACK-t.build/Objects-normal/arm64/Binary/NIOHPACK.o /Users/admin/builder/spi-builder-workspace/.derivedData/Build/Intermediates.noindex/swift-nio-http2.build/Debug-watchos/NIOHPACK-t.build/Objects-normal/arm64_32/Binary/NIOHPACK.o -output /Users/admin/builder/spi-builder-workspace/.derivedData/Build/Products/Debug-watchos/NIOHPACK.o
Ld /Users/admin/builder/spi-builder-workspace/.derivedData/Build/Intermediates.noindex/swift-nio-transport-services.build/Debug-watchos/NIOTransportServices-t.build/Objects-normal/arm64_32/Binary/NIOTransportServices.o normal arm64_32 (in target 'NIOTransportServices' from project 'swift-nio-transport-services')
    cd /Users/admin/builder/spi-builder-workspace/.dependencies/checkouts/swift-nio-transport-services
    /Applications/Xcode-27.0.0.app/Contents/Developer/Toolchains/XcodeDefault.xctoolchain/usr/bin/clang -Xlinker -reproducible -target arm64_32-apple-watchos9.0 -r -isysroot /Applications/Xcode-27.0.0.app/Contents/Developer/Platforms/WatchOS.platform/Developer/SDKs/WatchOS27.0.sdk -O0 -w -Xlinker -no_warn_duplicate_libraries -F/Users/admin/builder/spi-builder-workspace/.derivedData/Build/Intermediates.noindex/EagerLinkingTBDs/Debug-watchos -F/Users/admin/builder/spi-builder-workspace/.derivedData/Build/Products/Debug-watchos/PackageFrameworks -F/Users/admin/builder/spi-builder-workspace/.derivedData/Build/Products/Debug-watchos -iframework /Applications/Xcode-27.0.0.app/Contents/Developer/Platforms/WatchOS.platform/Developer/Library/Frameworks -iframework /Applications/Xcode-27.0.0.app/Contents/Developer/Platforms/WatchOS.platform/Developer/SDKs/WatchOS27.0.sdk/Developer/Library/Frameworks -filelist /Users/admin/builder/spi-builder-workspace/.derivedData/Build/Intermediates.noindex/swift-nio-transport-services.build/Debug-watchos/NIOTransportServices-t.build/Objects-normal/arm64_32/NIOTransportServices.LinkFileList -nostdlib -Xlinker -object_path_lto -Xlinker /Users/admin/builder/spi-builder-workspace/.derivedData/Build/Intermediates.noindex/swift-nio-transport-services.build/Debug-watchos/NIOTransportServices-t.build/Objects-normal/arm64_32/NIOTransportServices_lto.o -Xlinker -no_deduplicate -Xlinker -debug_variant -Xlinker -dependency_info -Xlinker /Users/admin/builder/spi-builder-workspace/.derivedData/Build/Intermediates.noindex/swift-nio-transport-services.build/Debug-watchos/NIOTransportServices-t.build/Objects-normal/arm64_32/NIOTransportServices_dependency_info.dat -fobjc-link-runtime -L/Applications/Xcode-27.0.0.app/Contents/Developer/Toolchains/XcodeDefault.xctoolchain/usr/lib/swift/watchos -L/usr/lib/swift -Xlinker -add_ast_path -Xlinker /Users/admin/builder/spi-builder-workspace/.derivedData/Build/Intermediates.noindex/swift-nio-transport-services.build/Debug-watchos/NIOTransportServices-t.build/Objects-normal/arm64_32/NIOTransportServices.swiftmodule -o /Users/admin/builder/spi-builder-workspace/.derivedData/Build/Intermediates.noindex/swift-nio-transport-services.build/Debug-watchos/NIOTransportServices-t.build/Objects-normal/arm64_32/Binary/NIOTransportServices.o
Ld /Users/admin/builder/spi-builder-workspace/.derivedData/Build/Intermediates.noindex/swift-nio-transport-services.build/Debug-watchos/NIOTransportServices-t.build/Objects-normal/arm64/Binary/NIOTransportServices.o normal arm64 (in target 'NIOTransportServices' from project 'swift-nio-transport-services')
    cd /Users/admin/builder/spi-builder-workspace/.dependencies/checkouts/swift-nio-transport-services
    /Applications/Xcode-27.0.0.app/Contents/Developer/Toolchains/XcodeDefault.xctoolchain/usr/bin/clang -Xlinker -reproducible -target arm64-apple-watchos9.0 -r -isysroot /Applications/Xcode-27.0.0.app/Contents/Developer/Platforms/WatchOS.platform/Developer/SDKs/WatchOS27.0.sdk -O0 -w -Xlinker -no_warn_duplicate_libraries -F/Users/admin/builder/spi-builder-workspace/.derivedData/Build/Intermediates.noindex/EagerLinkingTBDs/Debug-watchos -F/Users/admin/builder/spi-builder-workspace/.derivedData/Build/Products/Debug-watchos/PackageFrameworks -F/Users/admin/builder/spi-builder-workspace/.derivedData/Build/Products/Debug-watchos -iframework /Applications/Xcode-27.0.0.app/Contents/Developer/Platforms/WatchOS.platform/Developer/Library/Frameworks -iframework /Applications/Xcode-27.0.0.app/Contents/Developer/Platforms/WatchOS.platform/Developer/SDKs/WatchOS27.0.sdk/Developer/Library/Frameworks -filelist /Users/admin/builder/spi-builder-workspace/.derivedData/Build/Intermediates.noindex/swift-nio-transport-services.build/Debug-watchos/NIOTransportServices-t.build/Objects-normal/arm64/NIOTransportServices.LinkFileList -nostdlib -Xlinker -object_path_lto -Xlinker /Users/admin/builder/spi-builder-workspace/.derivedData/Build/Intermediates.noindex/swift-nio-transport-services.build/Debug-watchos/NIOTransportServices-t.build/Objects-normal/arm64/NIOTransportServices_lto.o -Xlinker -no_deduplicate -Xlinker -debug_variant -Xlinker -dependency_info -Xlinker /Users/admin/builder/spi-builder-workspace/.derivedData/Build/Intermediates.noindex/swift-nio-transport-services.build/Debug-watchos/NIOTransportServices-t.build/Objects-normal/arm64/NIOTransportServices_dependency_info.dat -fobjc-link-runtime -L/Applications/Xcode-27.0.0.app/Contents/Developer/Toolchains/XcodeDefault.xctoolchain/usr/lib/swift/watchos -L/usr/lib/swift -Xlinker -add_ast_path -Xlinker /Users/admin/builder/spi-builder-workspace/.derivedData/Build/Intermediates.noindex/swift-nio-transport-services.build/Debug-watchos/NIOTransportServices-t.build/Objects-normal/arm64/NIOTransportServices.swiftmodule -o /Users/admin/builder/spi-builder-workspace/.derivedData/Build/Intermediates.noindex/swift-nio-transport-services.build/Debug-watchos/NIOTransportServices-t.build/Objects-normal/arm64/Binary/NIOTransportServices.o
CreateUniversalBinary /Users/admin/builder/spi-builder-workspace/.derivedData/Build/Products/Debug-watchos/NIOTransportServices.o normal arm64\ arm64_32 (in target 'NIOTransportServices' from project 'swift-nio-transport-services')
    cd /Users/admin/builder/spi-builder-workspace/.dependencies/checkouts/swift-nio-transport-services
    /Applications/Xcode-27.0.0.app/Contents/Developer/Toolchains/XcodeDefault.xctoolchain/usr/bin/lipo -create /Users/admin/builder/spi-builder-workspace/.derivedData/Build/Intermediates.noindex/swift-nio-transport-services.build/Debug-watchos/NIOTransportServices-t.build/Objects-normal/arm64/Binary/NIOTransportServices.o /Users/admin/builder/spi-builder-workspace/.derivedData/Build/Intermediates.noindex/swift-nio-transport-services.build/Debug-watchos/NIOTransportServices-t.build/Objects-normal/arm64_32/Binary/NIOTransportServices.o -output /Users/admin/builder/spi-builder-workspace/.derivedData/Build/Products/Debug-watchos/NIOTransportServices.o
ExtractAppIntentsMetadata (in target 'NIOHPACK' from project 'swift-nio-http2')
    cd /Users/admin/builder/spi-builder-workspace/.dependencies/checkouts/swift-nio-http2
    /Applications/Xcode-27.0.0.app/Contents/Developer/Toolchains/XcodeDefault.xctoolchain/usr/bin/appintentsmetadataprocessor --toolchain-dir /var/run/com.apple.security.cryptexd/mnt/com.apple.MobileAsset.MetalToolchain-v27.1.266.1.zsJywq/Metal.xctoolchain --module-name NIOHPACK --sdk-root /Applications/Xcode-27.0.0.app/Contents/Developer/Platforms/WatchOS.platform/Developer/SDKs/WatchOS27.0.sdk --xcode-version 27A266a --platform-family watchOS --deployment-target 9.0 --bundle-identifier swift-nio-http2.NIOHPACK --output /Users/admin/builder/spi-builder-workspace/.derivedData/Build/Products/Debug-watchos/NIOHPACK.appintents --target-triple arm64-apple-watchos9.0 --target-triple arm64_32-apple-watchos9.0 --binary-file /Users/admin/builder/spi-builder-workspace/.derivedData/Build/Products/Debug-watchos/NIOHPACK.o --dependency-file /Users/admin/builder/spi-builder-workspace/.derivedData/Build/Intermediates.noindex/swift-nio-http2.build/Debug-watchos/NIOHPACK-t.build/Objects-normal/arm64/NIOHPACK_dependency_info.dat --dependency-file /Users/admin/builder/spi-builder-workspace/.derivedData/Build/Intermediates.noindex/swift-nio-http2.build/Debug-watchos/NIOHPACK-t.build/Objects-normal/arm64_32/NIOHPACK_dependency_info.dat --stringsdata-file /Users/admin/builder/spi-builder-workspace/.derivedData/Build/Intermediates.noindex/swift-nio-http2.build/Debug-watchos/NIOHPACK-t.build/Objects-normal/arm64/ExtractedAppShortcutsMetadata.stringsdata --stringsdata-file /Users/admin/builder/spi-builder-workspace/.derivedData/Build/Intermediates.noindex/swift-nio-http2.build/Debug-watchos/NIOHPACK-t.build/Objects-normal/arm64_32/ExtractedAppShortcutsMetadata.stringsdata --source-file-list /Users/admin/builder/spi-builder-workspace/.derivedData/Build/Intermediates.noindex/swift-nio-http2.build/Debug-watchos/NIOHPACK-t.build/Objects-normal/arm64/NIOHPACK.SwiftFileList --source-file-list /Users/admin/builder/spi-builder-workspace/.derivedData/Build/Intermediates.noindex/swift-nio-http2.build/Debug-watchos/NIOHPACK-t.build/Objects-normal/arm64_32/NIOHPACK.SwiftFileList --metadata-file-list /Users/admin/builder/spi-builder-workspace/.derivedData/Build/Intermediates.noindex/swift-nio-http2.build/Debug-watchos/NIOHPACK-t.build/NIOHPACK.DependencyMetadataFileList --static-metadata-file-list /Users/admin/builder/spi-builder-workspace/.derivedData/Build/Intermediates.noindex/swift-nio-http2.build/Debug-watchos/NIOHPACK-t.build/NIOHPACK.DependencyStaticMetadataFileList --swift-const-vals-list /Users/admin/builder/spi-builder-workspace/.derivedData/Build/Intermediates.noindex/swift-nio-http2.build/Debug-watchos/NIOHPACK-t.build/Objects-normal/arm64/NIOHPACK.SwiftConstValuesFileList --swift-const-vals-list /Users/admin/builder/spi-builder-workspace/.derivedData/Build/Intermediates.noindex/swift-nio-http2.build/Debug-watchos/NIOHPACK-t.build/Objects-normal/arm64_32/NIOHPACK.SwiftConstValuesFileList --force --compile-time-extraction --deployment-aware-processing --no-app-shortcuts-localization
2026-10-10 23:54:49.082 appintentsmetadataprocessor[6528:20284] Starting appintentsmetadataprocessor export
2026-10-10 23:54:49.156 appintentsmetadataprocessor[6528:20284] Extracted no relevant App Intents symbols, skipping writing output
ExtractAppIntentsMetadata (in target 'NIOTransportServices' from project 'swift-nio-transport-services')
    cd /Users/admin/builder/spi-builder-workspace/.dependencies/checkouts/swift-nio-transport-services
    /Applications/Xcode-27.0.0.app/Contents/Developer/Toolchains/XcodeDefault.xctoolchain/usr/bin/appintentsmetadataprocessor --toolchain-dir /var/run/com.apple.security.cryptexd/mnt/com.apple.MobileAsset.MetalToolchain-v27.1.266.1.zsJywq/Metal.xctoolchain --module-name NIOTransportServices --sdk-root /Applications/Xcode-27.0.0.app/Contents/Developer/Platforms/WatchOS.platform/Developer/SDKs/WatchOS27.0.sdk --xcode-version 27A266a --platform-family watchOS --deployment-target 9.0 --bundle-identifier swift-nio-transport-services.NIOTransportServices --output /Users/admin/builder/spi-builder-workspace/.derivedData/Build/Products/Debug-watchos/NIOTransportServices.appintents --target-triple arm64-apple-watchos9.0 --target-triple arm64_32-apple-watchos9.0 --binary-file /Users/admin/builder/spi-builder-workspace/.derivedData/Build/Products/Debug-watchos/NIOTransportServices.o --dependency-file /Users/admin/builder/spi-builder-workspace/.derivedData/Build/Intermediates.noindex/swift-nio-transport-services.build/Debug-watchos/NIOTransportServices-t.build/Objects-normal/arm64/NIOTransportServices_dependency_info.dat --dependency-file /Users/admin/builder/spi-builder-workspace/.derivedData/Build/Intermediates.noindex/swift-nio-transport-services.build/Debug-watchos/NIOTransportServices-t.build/Objects-normal/arm64_32/NIOTransportServices_dependency_info.dat --stringsdata-file /Users/admin/builder/spi-builder-workspace/.derivedData/Build/Intermediates.noindex/swift-nio-transport-services.build/Debug-watchos/NIOTransportServices-t.build/Objects-normal/arm64/ExtractedAppShortcutsMetadata.stringsdata --stringsdata-file /Users/admin/builder/spi-builder-workspace/.derivedData/Build/Intermediates.noindex/swift-nio-transport-services.build/Debug-watchos/NIOTransportServices-t.build/Objects-normal/arm64_32/ExtractedAppShortcutsMetadata.stringsdata --source-file-list /Users/admin/builder/spi-builder-workspace/.derivedData/Build/Intermediates.noindex/swift-nio-transport-services.build/Debug-watchos/NIOTransportServices-t.build/Objects-normal/arm64/NIOTransportServices.SwiftFileList --source-file-list /Users/admin/builder/spi-builder-workspace/.derivedData/Build/Intermediates.noindex/swift-nio-transport-services.build/Debug-watchos/NIOTransportServices-t.build/Objects-normal/arm64_32/NIOTransportServices.SwiftFileList --metadata-file-list /Users/admin/builder/spi-builder-workspace/.derivedData/Build/Intermediates.noindex/swift-nio-transport-services.build/Debug-watchos/NIOTransportServices-t.build/NIOTransportServices.DependencyMetadataFileList --static-metadata-file-list /Users/admin/builder/spi-builder-workspace/.derivedData/Build/Intermediates.noindex/swift-nio-transport-services.build/Debug-watchos/NIOTransportServices-t.build/NIOTransportServices.DependencyStaticMetadataFileList --swift-const-vals-list /Users/admin/builder/spi-builder-workspace/.derivedData/Build/Intermediates.noindex/swift-nio-transport-services.build/Debug-watchos/NIOTransportServices-t.build/Objects-normal/arm64/NIOTransportServices.SwiftConstValuesFileList --swift-const-vals-list /Users/admin/builder/spi-builder-workspace/.derivedData/Build/Intermediates.noindex/swift-nio-transport-services.build/Debug-watchos/NIOTransportServices-t.build/Objects-normal/arm64_32/NIOTransportServices.SwiftConstValuesFileList --force --compile-time-extraction --deployment-aware-processing --no-app-shortcuts-localization
2026-10-10 23:54:49.101 appintentsmetadataprocessor[6529:20286] Starting appintentsmetadataprocessor export
2026-10-10 23:54:49.173 appintentsmetadataprocessor[6529:20286] Extracted no relevant App Intents symbols, skipping writing output
SwiftEmitModule normal arm64_32 Emitting\ module\ for\ GoogleAuth (in target 'GoogleAuth' from project 'GoogleAuth')
/Users/admin/builder/spi-builder-workspace/Sources/GoogleAuth/CredentialParserRegistry.swift:32:25: error: 'Mutex' is only available in watchOS 11.0 or newer
27 | }
28 |
29 | internal final class CredentialParserRegistry: Sendable {
   |                      `- note: add '@available' attribute to enclosing class
30 |   internal static let shared = CredentialParserRegistry()
31 |
32 |   private let parsers = Mutex<[String: any CredentialSourceParser.Type]>([:])
   |                         `- error: 'Mutex' is only available in watchOS 11.0 or newer
33 |
34 |   private init() {}
/Users/admin/builder/spi-builder-workspace/Sources/GoogleAuth/CredentialParserRegistry.swift:32:72: error: 'init(_:)' is only available in watchOS 11.0 or newer
27 | }
28 |
29 | internal final class CredentialParserRegistry: Sendable {
   |                      `- note: add '@available' attribute to enclosing class
30 |   internal static let shared = CredentialParserRegistry()
31 |
32 |   private let parsers = Mutex<[String: any CredentialSourceParser.Type]>([:])
   |                                                                        `- error: 'init(_:)' is only available in watchOS 11.0 or newer
33 |
34 |   private init() {}
Failed frontend command:
/Applications/Xcode-27.0.0.app/Contents/Developer/Toolchains/XcodeDefault.xctoolchain/usr/bin/swift-frontend -frontend -emit-module -experimental-skip-non-inlinable-function-bodies-without-types /Users/admin/builder/spi-builder-workspace/Sources/GoogleAuth/ADC.swift /Users/admin/builder/spi-builder-workspace/Sources/GoogleAuth/ADCPath.swift /Users/admin/builder/spi-builder-workspace/Sources/GoogleAuth/ADCResolver.swift /Users/admin/builder/spi-builder-workspace/Sources/GoogleAuth/AuthHeaders.swift /Users/admin/builder/spi-builder-workspace/Sources/GoogleAuth/CredentialParserRegistry.swift /Users/admin/builder/spi-builder-workspace/Sources/GoogleAuth/Credentials.swift /Users/admin/builder/spi-builder-workspace/Sources/GoogleAuth/CredentialsError.swift /Users/admin/builder/spi-builder-workspace/Sources/GoogleAuth/Http/AuthHTTPClient.swift /Users/admin/builder/spi-builder-workspace/Sources/GoogleAuth/Http/AuthHTTPError.swift /Users/admin/builder/spi-builder-workspace/Sources/GoogleAuth/Http/RetryEngine.swift /Users/admin/builder/spi-builder-workspace/Sources/GoogleAuth/Providers/AnonymousCredentials.swift /Users/admin/builder/spi-builder-workspace/Sources/GoogleAuth/Providers/ApiKeyCredentials.swift /Users/admin/builder/spi-builder-workspace/Sources/GoogleAuth/Providers/ExternalAccountCredentials.swift /Users/admin/builder/spi-builder-workspace/Sources/GoogleAuth/Providers/ExternalAccountSources/SubjectTokenProvider.swift /Users/admin/builder/spi-builder-workspace/Sources/GoogleAuth/Providers/MDSAccessTokenProvider.swift /Users/admin/builder/spi-builder-workspace/Sources/GoogleAuth/Providers/MDSCredentials.swift /Users/admin/builder/spi-builder-workspace/Sources/GoogleAuth/Providers/ServiceAccountCredentials.swift /Users/admin/builder/spi-builder-workspace/Sources/GoogleAuth/Providers/ServiceAccountData.swift /Users/admin/builder/spi-builder-workspace/Sources/GoogleAuth/Providers/ServiceAccountTokenProvider.swift /Users/admin/builder/spi-builder-workspace/Sources/GoogleAuth/Providers/UserAccount/UserAccountData.swift /Users/admin/builder/spi-builder-workspace/Sources/GoogleAuth/Providers/UserAccountTokenProvider.swift /Users/admin/builder/spi-builder-workspace/Sources/GoogleAuth/Providers/UserCredentials.swift /Users/admin/builder/spi-builder-workspace/Sources/GoogleAuth/STSHandler.swift /Users/admin/builder/spi-builder-workspace/Sources/GoogleAuth/TokenCache.swift /Users/admin/builder/spi-builder-workspace/Sources/GoogleAuth/generated/PackageVersion.swift -target arm64_32-apple-watchos9.0 -disable-cross-import-overlay-search -load-resolved-plugin /Applications/Xcode-27.0.0.app/Contents/Developer/Platforms/WatchOS.platform/Developer/usr/lib/swift/host/plugins/libFoundationMacros.dylib\#/Applications/Xcode-27.0.0.app/Contents/Developer/Platforms/WatchOS.platform/Developer/usr/bin/swift-plugin-server\#FoundationMacros -load-resolved-plugin /Applications/Xcode-27.0.0.app/Contents/Developer/Platforms/WatchOS.platform/Developer/usr/lib/swift/host/plugins/libObservationMacros.dylib\#/Applications/Xcode-27.0.0.app/Contents/Developer/Platforms/WatchOS.platform/Developer/usr/bin/swift-plugin-server\#ObservationMacros -load-resolved-plugin /Applications/Xcode-27.0.0.app/Contents/Developer/Platforms/WatchOS.platform/Developer/usr/lib/swift/host/plugins/libSwiftMacros.dylib\#/Applications/Xcode-27.0.0.app/Contents/Developer/Platforms/WatchOS.platform/Developer/usr/bin/swift-plugin-server\#SwiftMacros -disable-implicit-swift-modules -Xcc -fno-implicit-modules -Xcc -fno-implicit-module-maps -explicit-swift-module-map-file /Users/admin/builder/spi-builder-workspace/.derivedData/Build/Intermediates.noindex/GoogleAuth.build/Debug-watchos/GoogleAuth-t.build/Objects-normal/arm64_32/GoogleAuth-dependencies-1.json -enable-objc-interop -sdk /Applications/Xcode-27.0.0.app/Contents/Developer/Platforms/WatchOS.platform/Developer/SDKs/WatchOS27.0.sdk -I /Users/admin/builder/spi-builder-workspace/.derivedData/Build/Products/Debug-watchos -Isystem /Applications/Xcode-27.0.0.app/Contents/Developer/Platforms/WatchOS.platform/Developer/usr/lib -F /Users/admin/builder/spi-builder-workspace/.derivedData/Build/Products/Debug-watchos/PackageFrameworks -F /Users/admin/builder/spi-builder-workspace/.derivedData/Build/Products/Debug-watchos -F /Applications/Xcode-27.0.0.app/Contents/Developer/Platforms/WatchOS.platform/Developer/Library/Frameworks -F /Applications/Xcode-27.0.0.app/Contents/Developer/Platforms/WatchOS.platform/Developer/SDKs/WatchOS27.0.sdk/Developer/Library/Frameworks -module-cache-path /Users/admin/builder/spi-builder-workspace/.derivedData/Build/Intermediates.noindex/SwiftExplicitPrecompiledModules -no-color-diagnostics -Xcc -fno-color-diagnostics -enable-testing -g -debug-info-format\=dwarf -dwarf-version\=4 -profile-generate -profile-coverage-mapping -swift-version 6 -Onone -D SWIFT_PACKAGE -D DEBUG -D SWIFT_MODULE_RESOURCE_BUNDLE_UNAVAILABLE -D Xcode -serialize-debugging-options -enable-upcoming-feature ExistentialAny -enable-upcoming-feature InternalImportsByDefault -enable-upcoming-feature MemberImportVisibility -enable-upcoming-feature NonisolatedNonsendingByDefault -enable-experimental-feature DebugDescriptionMacro -strict-memory-safety -empty-abi-descriptor -validate-clang-modules-once -clang-build-session-file /Users/admin/builder/spi-builder-workspace/.derivedData/ModuleCache.noindex/Session.modulevalidation -Xcc -working-directory -Xcc /Users/admin/builder/spi-builder-workspace/.swiftpm/xcode -enable-anonymous-context-mangled-names -file-compilation-dir /Users/admin/builder/spi-builder-workspace/.swiftpm/xcode -Xcc -fmodule-map-file\=/Users/admin/builder/spi-builder-workspace/.derivedData/Build/Intermediates.noindex/GeneratedModuleMaps-watchos/CNIOBoringSSLShims.modulemap -Xcc -fmodule-map-file\=/Users/admin/builder/spi-builder-workspace/.dependencies/checkouts/swift-nio-ssl/Sources/CNIOBoringSSL/include/module.modulemap -Xcc -fmodule-map-file\=/Users/admin/builder/spi-builder-workspace/.derivedData/Build/Intermediates.noindex/GeneratedModuleMaps-watchos/CNIOExtrasZlib.modulemap -Xcc -fmodule-map-file\=/Users/admin/builder/spi-builder-workspace/.dependencies/checkouts/swift-numerics/Sources/_NumericsShims/include/module.modulemap -Xcc -fmodule-map-file\=/Users/admin/builder/spi-builder-workspace/.derivedData/Build/Intermediates.noindex/GeneratedModuleMaps-watchos/CAsyncHTTPClient.modulemap -Xcc -fmodule-map-file\=/Users/admin/builder/spi-builder-workspace/.dependencies/checkouts/swift-crypto/Sources/CCryptoBoringSSLShims/include/module.modulemap -Xcc -fmodule-map-file\=/Users/admin/builder/spi-builder-workspace/.dependencies/checkouts/swift-crypto/Sources/CCryptoBoringSSL/include/module.modulemap -Xcc -fmodule-map-file\=/Users/admin/builder/spi-builder-workspace/.dependencies/checkouts/swift-system/Sources/CSystem/include/module.modulemap -Xcc -fmodule-map-file\=/Users/admin/builder/spi-builder-workspace/.dependencies/checkouts/swift-atomics/Sources/_AtomicsShims/include/module.modulemap -Xcc -fmodule-map-file\=/Users/admin/builder/spi-builder-workspace/.derivedData/Build/Intermediates.noindex/GeneratedModuleMaps-watchos/CNIOLLHTTP.modulemap -Xcc -fmodule-map-file\=/Users/admin/builder/spi-builder-workspace/.derivedData/Build/Intermediates.noindex/GeneratedModuleMaps-watchos/CNIOPosix.modulemap -Xcc -fmodule-map-file\=/Users/admin/builder/spi-builder-workspace/.derivedData/Build/Intermediates.noindex/GeneratedModuleMaps-watchos/CNIOWASI.modulemap -Xcc -fmodule-map-file\=/Users/admin/builder/spi-builder-workspace/.dependencies/checkouts/swift-nio/Sources/CNIOWindows/include/module.modulemap -Xcc -fmodule-map-file\=/Users/admin/builder/spi-builder-workspace/.derivedData/Build/Intermediates.noindex/GeneratedModuleMaps-watchos/CNIOLinux.modulemap -Xcc -fmodule-map-file\=/Users/admin/builder/spi-builder-workspace/.derivedData/Build/Intermediates.noindex/GeneratedModuleMaps-watchos/CNIODarwin.modulemap -Xcc -fmodule-map-file\=/Users/admin/builder/spi-builder-workspace/.derivedData/Build/Intermediates.noindex/GeneratedModuleMaps-watchos/CNIOFreeBSD.modulemap -Xcc -fmodule-map-file\=/Users/admin/builder/spi-builder-workspace/.derivedData/Build/Intermediates.noindex/GeneratedModuleMaps-watchos/CNIOOpenBSD.modulemap -Xcc -fmodule-map-file\=/Users/admin/builder/spi-builder-workspace/.derivedData/Build/Intermediates.noindex/GeneratedModuleMaps-watchos/CNIOAtomics.modulemap -Xcc -D_LIBCPP_HARDENING_MODE\=_LIBCPP_HARDENING_MODE_DEBUG -Xcc -ivfsstatcache -Xcc /Users/admin/builder/spi-builder-workspace/.derivedData/SDKStatCaches.noindex/watchos27.0-24R360-e829b21a6f8c9b70876ba0858053c044b9db9bc9c079ee3c7b5f3373b13d10bc.sdkstatcache -Xcc -fmodules-prune-interval\=86400 -Xcc -fmodules-prune-after\=345600 -Xcc -I/Users/admin/builder/spi-builder-workspace/.dependencies/checkouts/swift-nio-ssl/Sources/CNIOBoringSSLShims/include -Xcc -I/Users/admin/builder/spi-builder-workspace/.dependencies/checkouts/swift-nio-ssl/Sources/CNIOBoringSSL/include -Xcc -I/Users/admin/builder/spi-builder-workspace/.dependencies/checkouts/swift-nio-extras/Sources/CNIOExtrasZlib/include -Xcc -I/Users/admin/builder/spi-builder-workspace/.dependencies/checkouts/swift-numerics/Sources/_NumericsShims/include -Xcc -I/Users/admin/builder/spi-builder-workspace/.dependencies/checkouts/async-http-client/Sources/CAsyncHTTPClient/include -Xcc -I/Users/admin/builder/spi-builder-workspace/.dependencies/checkouts/swift-crypto/Sources/CCryptoBoringSSLShims/include -Xcc -I/Users/admin/builder/spi-builder-workspace/.dependencies/checkouts/swift-crypto/Sources/CCryptoBoringSSL/include -Xcc -I/Users/admin/builder/spi-builder-workspace/.dependencies/checkouts/swift-system/Sources/CSystem/include -Xcc -I/Users/admin/builder/spi-builder-workspace/.dependencies/checkouts/swift-atomics/Sources/_AtomicsShims/include -Xcc -I/Users/admin/builder/spi-builder-workspace/.dependencies/checkouts/swift-nio/Sources/CNIOLLHTTP/include -Xcc -I/Users/admin/builder/spi-builder-workspace/.dependencies/checkouts/swift-nio/Sources/CNIOPosix/include -Xcc -I/Users/admin/builder/spi-builder-workspace/.dependencies/checkouts/swift-nio/Sources/CNIOWASI/include -Xcc -I/Users/admin/builder/spi-builder-workspace/.dependencies/checkouts/swift-nio/Sources/CNIOWindows/include -Xcc -I/Users/admin/builder/spi-builder-workspace/.dependencies/checkouts/swift-nio/Sources/CNIOLinux/include -Xcc -I/Users/admin/builder/spi-builder-workspace/.dependencies/checkouts/swift-nio/Sources/CNIODarwin/include -Xcc -I/Users/admin/builder/spi-builder-workspace/.dependencies/checkouts/swift-nio/Sources/CNIOFreeBSD/include -Xcc -I/Users/admin/builder/spi-builder-workspace/.dependencies/checkouts/swift-nio/Sources/CNIOOpenBSD/include -Xcc -I/Users/admin/builder/spi-builder-workspace/.dependencies/checkouts/swift-nio/Sources/CNIOAtomics/include -Xcc -I/Users/admin/builder/spi-builder-workspace/.derivedData/Build/Products/Debug-watchos/include -Xcc -I/Users/admin/builder/spi-builder-workspace/.derivedData/Build/Intermediates.noindex/GoogleAuth.build/Debug-watchos/GoogleAuth-t.build/DerivedSources-normal/arm64_32 -Xcc -I/Users/admin/builder/spi-builder-workspace/.derivedData/Build/Intermediates.noindex/GoogleAuth.build/Debug-watchos/GoogleAuth-t.build/DerivedSources/arm64_32 -Xcc -I/Users/admin/builder/spi-builder-workspace/.derivedData/Build/Intermediates.noindex/GoogleAuth.build/Debug-watchos/GoogleAuth-t.build/DerivedSources -Xcc -DSWIFT_PACKAGE -Xcc -DDEBUG\=1 -no-auto-bridging-header-chaining -module-name GoogleAuth -package-name spi_builder_workspace -const-gather-protocols-file /Users/admin/builder/spi-builder-workspace/.derivedData/Build/Intermediates.noindex/GoogleAuth.build/Debug-watchos/GoogleAuth-t.build/Objects-normal/arm64_32/GoogleAuth_const_extract_protocols.json -disable-clang-spi -clang-target arm64_32-apple-watchos27.0 -target-sdk-version 27.0 -target-sdk-name watchos27.0 -in-process-plugin-server-path /Applications/Xcode-27.0.0.app/Contents/Developer/Toolchains/XcodeDefault.xctoolchain/usr/lib/swift/host/libSwiftInProcPluginServer.dylib -emit-module-doc-path /Users/admin/builder/spi-builder-workspace/.derivedData/Build/Intermediates.noindex/GoogleAuth.build/Debug-watchos/GoogleAuth-t.build/Objects-normal/arm64_32/GoogleAuth.swiftdoc -emit-module-source-info-path /Users/admin/builder/spi-builder-workspace/.derivedData/Build/Intermediates.noindex/GoogleAuth.build/Debug-watchos/GoogleAuth-t.build/Objects-normal/arm64_32/GoogleAuth.swiftsourceinfo -emit-objc-header-path /Users/admin/builder/spi-builder-workspace/.derivedData/Build/Intermediates.noindex/GoogleAuth.build/Debug-watchos/GoogleAuth-t.build/Objects-normal/arm64_32/GoogleAuth-Swift.h -serialize-diagnostics-path /Users/admin/builder/spi-builder-workspace/.derivedData/Build/Intermediates.noindex/GoogleAuth.build/Debug-watchos/GoogleAuth-t.build/Objects-normal/arm64_32/GoogleAuth-primary-emit-module.dia -emit-dependencies-path /Users/admin/builder/spi-builder-workspace/.derivedData/Build/Intermediates.noindex/GoogleAuth.build/Debug-watchos/GoogleAuth-t.build/Objects-normal/arm64_32/GoogleAuth-primary-emit-module.d -parse-as-library -o /Users/admin/builder/spi-builder-workspace/.derivedData/Build/Intermediates.noindex/GoogleAuth.build/Debug-watchos/GoogleAuth-t.build/Objects-normal/arm64_32/GoogleAuth.swiftmodule -emit-abi-descriptor-path /Users/admin/builder/spi-builder-workspace/.derivedData/Build/Intermediates.noindex/GoogleAuth.build/Debug-watchos/GoogleAuth-t.build/Objects-normal/arm64_32/GoogleAuth.abi.json
SwiftCompile normal arm64_32 (in target 'GoogleAuth' from project 'GoogleAuth')
    cd /Users/admin/builder/spi-builder-workspace/.swiftpm/xcode

SwiftCompile normal arm64_32 Compiling\ MDSCredentials.swift,\ ServiceAccountCredentials.swift /Users/admin/builder/spi-builder-workspace/Sources/GoogleAuth/Providers/MDSCredentials.swift /Users/admin/builder/spi-builder-workspace/Sources/GoogleAuth/Providers/ServiceAccountCredentials.swift (in target 'GoogleAuth' from project 'GoogleAuth')
SwiftCompile normal arm64_32 /Users/admin/builder/spi-builder-workspace/Sources/GoogleAuth/Providers/MDSCredentials.swift (in target 'GoogleAuth' from project 'GoogleAuth')
    cd /Users/admin/builder/spi-builder-workspace/.swiftpm/xcode
    builtin-SwiftPerFileCompile MDSCredentials.swift
SwiftCompile normal arm64_32 /Users/admin/builder/spi-builder-workspace/Sources/GoogleAuth/Providers/ServiceAccountCredentials.swift (in target 'GoogleAuth' from project 'GoogleAuth')
    cd /Users/admin/builder/spi-builder-workspace/.swiftpm/xcode
    builtin-SwiftPerFileCompile ServiceAccountCredentials.swift
SwiftEmitModule normal arm64 Emitting\ module\ for\ GoogleAuth (in target 'GoogleAuth' from project 'GoogleAuth')
/Users/admin/builder/spi-builder-workspace/Sources/GoogleAuth/CredentialParserRegistry.swift:32:25: error: 'Mutex' is only available in watchOS 11.0 or newer
27 | }
28 |
29 | internal final class CredentialParserRegistry: Sendable {
   |                      `- note: add '@available' attribute to enclosing class
30 |   internal static let shared = CredentialParserRegistry()
31 |
32 |   private let parsers = Mutex<[String: any CredentialSourceParser.Type]>([:])
   |                         `- error: 'Mutex' is only available in watchOS 11.0 or newer
33 |
34 |   private init() {}
SwiftCompile normal arm64 (in target 'GoogleAuth' from project 'GoogleAuth')
    cd /Users/admin/builder/spi-builder-workspace/.swiftpm/xcode

SwiftDriverJobDiscovery normal arm64 Compiling HTTPClientRequest.swift, HTTPClientResponse.swift, SingleIteratorPrecondition.swift, Transaction+StateMachine.swift, Transaction.swift, Base64.swift, BasicAuth.swift (in target 'AsyncHTTPClient' from project 'async-http-client')
SwiftCompile normal arm64 Compiling\ AuthHeaders.swift,\ CredentialParserRegistry.swift,\ Credentials.swift /Users/admin/builder/spi-builder-workspace/Sources/GoogleAuth/AuthHeaders.swift /Users/admin/builder/spi-builder-workspace/Sources/GoogleAuth/CredentialParserRegistry.swift /Users/admin/builder/spi-builder-workspace/Sources/GoogleAuth/Credentials.swift (in target 'GoogleAuth' from project 'GoogleAuth')
/Users/admin/builder/spi-builder-workspace/Sources/GoogleAuth/CredentialParserRegistry.swift:32:25: error: 'Mutex' is only available in watchOS 11.0 or newer
27 | }
28 |
29 | internal final class CredentialParserRegistry: Sendable {
   |                      `- note: add '@available' attribute to enclosing class
30 |   internal static let shared = CredentialParserRegistry()
31 |
32 |   private let parsers = Mutex<[String: any CredentialSourceParser.Type]>([:])
   |                         `- error: 'Mutex' is only available in watchOS 11.0 or newer
33 |
34 |   private init() {}
/Users/admin/builder/spi-builder-workspace/Sources/GoogleAuth/CredentialParserRegistry.swift:32:72: error: 'init(_:)' is only available in watchOS 11.0 or newer
27 | }
28 |
29 | internal final class CredentialParserRegistry: Sendable {
   |                      `- note: add '@available' attribute to enclosing class
30 |   internal static let shared = CredentialParserRegistry()
31 |
32 |   private let parsers = Mutex<[String: any CredentialSourceParser.Type]>([:])
   |                                                                        `- error: 'init(_:)' is only available in watchOS 11.0 or newer
33 |
34 |   private init() {}
/Users/admin/builder/spi-builder-workspace/Sources/GoogleAuth/CredentialParserRegistry.swift:37:13: error: 'withLock' is only available in watchOS 11.0 or newer
27 | }
28 |
29 | internal final class CredentialParserRegistry: Sendable {
   |                      `- note: add '@available' attribute to enclosing class
30 |   internal static let shared = CredentialParserRegistry()
31 |
   :
34 |   private init() {}
35 |
36 |   internal func register(parser: any CredentialSourceParser.Type) {
   |                 `- note: add '@available' attribute to enclosing instance method
37 |     parsers.withLock { $0[parser.type] = parser }
   |             |- error: 'withLock' is only available in watchOS 11.0 or newer
   |             `- note: add 'if #available' version check
38 |   }
39 |
/Users/admin/builder/spi-builder-workspace/Sources/GoogleAuth/CredentialParserRegistry.swift:48:24: error: 'withLock' is only available in watchOS 11.0 or newer
27 | }
28 |
29 | internal final class CredentialParserRegistry: Sendable {
   |                      `- note: add '@available' attribute to enclosing class
30 |   internal static let shared = CredentialParserRegistry()
31 |
   :
38 |   }
39 |
40 |   internal func parse(
   |                 `- note: add '@available' attribute to enclosing instance method
41 |     type: String,
42 |     config: [String: Any],
   :
46 |     environment: [String: String]
47 |   ) throws -> (any CredentialsProvider)? {
48 |     return try parsers.withLock { parsers in
   |                        |- error: 'withLock' is only available in watchOS 11.0 or newer
   |                        `- note: add 'if #available' version check
49 |       guard let parserType = parsers[type] else { return nil }
50 |       return try parserType.init().parse(
Failed frontend command:
/Applications/Xcode-27.0.0.app/Contents/Developer/Toolchains/XcodeDefault.xctoolchain/usr/bin/swift-frontend -frontend -c /Users/admin/builder/spi-builder-workspace/Sources/GoogleAuth/ADC.swift /Users/admin/builder/spi-builder-workspace/Sources/GoogleAuth/ADCPath.swift /Users/admin/builder/spi-builder-workspace/Sources/GoogleAuth/ADCResolver.swift -primary-file /Users/admin/builder/spi-builder-workspace/Sources/GoogleAuth/AuthHeaders.swift -primary-file /Users/admin/builder/spi-builder-workspace/Sources/GoogleAuth/CredentialParserRegistry.swift -primary-file /Users/admin/builder/spi-builder-workspace/Sources/GoogleAuth/Credentials.swift /Users/admin/builder/spi-builder-workspace/Sources/GoogleAuth/CredentialsError.swift /Users/admin/builder/spi-builder-workspace/Sources/GoogleAuth/Http/AuthHTTPClient.swift /Users/admin/builder/spi-builder-workspace/Sources/GoogleAuth/Http/AuthHTTPError.swift /Users/admin/builder/spi-builder-workspace/Sources/GoogleAuth/Http/RetryEngine.swift /Users/admin/builder/spi-builder-workspace/Sources/GoogleAuth/Providers/AnonymousCredentials.swift /Users/admin/builder/spi-builder-workspace/Sources/GoogleAuth/Providers/ApiKeyCredentials.swift /Users/admin/builder/spi-builder-workspace/Sources/GoogleAuth/Providers/ExternalAccountCredentials.swift /Users/admin/builder/spi-builder-workspace/Sources/GoogleAuth/Providers/ExternalAccountSources/SubjectTokenProvider.swift /Users/admin/builder/spi-builder-workspace/Sources/GoogleAuth/Providers/MDSAccessTokenProvider.swift /Users/admin/builder/spi-builder-workspace/Sources/GoogleAuth/Providers/MDSCredentials.swift /Users/admin/builder/spi-builder-workspace/Sources/GoogleAuth/Providers/ServiceAccountCredentials.swift /Users/admin/builder/spi-builder-workspace/Sources/GoogleAuth/Providers/ServiceAccountData.swift /Users/admin/builder/spi-builder-workspace/Sources/GoogleAuth/Providers/ServiceAccountTokenProvider.swift /Users/admin/builder/spi-builder-workspace/Sources/GoogleAuth/Providers/UserAccount/UserAccountData.swift /Users/admin/builder/spi-builder-workspace/Sources/GoogleAuth/Providers/UserAccountTokenProvider.swift /Users/admin/builder/spi-builder-workspace/Sources/GoogleAuth/Providers/UserCredentials.swift /Users/admin/builder/spi-builder-workspace/Sources/GoogleAuth/STSHandler.swift /Users/admin/builder/spi-builder-workspace/Sources/GoogleAuth/TokenCache.swift /Users/admin/builder/spi-builder-workspace/Sources/GoogleAuth/generated/PackageVersion.swift -supplementary-output-file-map /Users/admin/builder/spi-builder-workspace/.derivedData/Build/Intermediates.noindex/GoogleAuth.build/Debug-watchos/GoogleAuth-t.build/Objects-normal/arm64/supplementaryOutputs-287 -target arm64-apple-watchos9.0 -disable-cross-import-overlay-search -load-resolved-plugin /Applications/Xcode-27.0.0.app/Contents/Developer/Platforms/WatchOS.platform/Developer/usr/lib/swift/host/plugins/libFoundationMacros.dylib\#/Applications/Xcode-27.0.0.app/Contents/Developer/Platforms/WatchOS.platform/Developer/usr/bin/swift-plugin-server\#FoundationMacros -load-resolved-plugin /Applications/Xcode-27.0.0.app/Contents/Developer/Platforms/WatchOS.platform/Developer/usr/lib/swift/host/plugins/libObservationMacros.dylib\#/Applications/Xcode-27.0.0.app/Contents/Developer/Platforms/WatchOS.platform/Developer/usr/bin/swift-plugin-server\#ObservationMacros -load-resolved-plugin /Applications/Xcode-27.0.0.app/Contents/Developer/Platforms/WatchOS.platform/Developer/usr/lib/swift/host/plugins/libSwiftMacros.dylib\#/Applications/Xcode-27.0.0.app/Contents/Developer/Platforms/WatchOS.platform/Developer/usr/bin/swift-plugin-server\#SwiftMacros -disable-implicit-swift-modules -Xcc -fno-implicit-modules -Xcc -fno-implicit-module-maps -explicit-swift-module-map-file /Users/admin/builder/spi-builder-workspace/.derivedData/Build/Intermediates.noindex/GoogleAuth.build/Debug-watchos/GoogleAuth-t.build/Objects-normal/arm64/GoogleAuth-dependencies-2.json -Xllvm -aarch64-use-tbi -enable-objc-interop -stack-check -sdk /Applications/Xcode-27.0.0.app/Contents/Developer/Platforms/WatchOS.platform/Developer/SDKs/WatchOS27.0.sdk -I /Users/admin/builder/spi-builder-workspace/.derivedData/Build/Products/Debug-watchos -Isystem /Applications/Xcode-27.0.0.app/Contents/Developer/Platforms/WatchOS.platform/Developer/usr/lib -F /Users/admin/builder/spi-builder-workspace/.derivedData/Build/Products/Debug-watchos/PackageFrameworks -F /Users/admin/builder/spi-builder-workspace/.derivedData/Build/Products/Debug-watchos -F /Applications/Xcode-27.0.0.app/Contents/Developer/Platforms/WatchOS.platform/Developer/Library/Frameworks -F /Applications/Xcode-27.0.0.app/Contents/Developer/Platforms/WatchOS.platform/Developer/SDKs/WatchOS27.0.sdk/Developer/Library/Frameworks -module-cache-path /Users/admin/builder/spi-builder-workspace/.derivedData/Build/Intermediates.noindex/SwiftExplicitPrecompiledModules -no-color-diagnostics -Xcc -fno-color-diagnostics -enable-testing -g -debug-info-format\=dwarf -dwarf-version\=4 -profile-generate -profile-coverage-mapping -swift-version 6 -Onone -D SWIFT_PACKAGE -D DEBUG -D SWIFT_MODULE_RESOURCE_BUNDLE_UNAVAILABLE -D Xcode -serialize-debugging-options -enable-upcoming-feature ExistentialAny -enable-upcoming-feature InternalImportsByDefault -enable-upcoming-feature MemberImportVisibility -enable-upcoming-feature NonisolatedNonsendingByDefault -enable-experimental-feature DebugDescriptionMacro -strict-memory-safety -empty-abi-descriptor -validate-clang-modules-once -clang-build-session-file /Users/admin/builder/spi-builder-workspace/.derivedData/ModuleCache.noindex/Session.modulevalidation -Xcc -working-directory -Xcc /Users/admin/builder/spi-builder-workspace/.swiftpm/xcode -enable-anonymous-context-mangled-names -file-compilation-dir /Users/admin/builder/spi-builder-workspace/.swiftpm/xcode -Xcc -fmodule-map-file\=/Users/admin/builder/spi-builder-workspace/.derivedData/Build/Intermediates.noindex/GeneratedModuleMaps-watchos/CNIOBoringSSLShims.modulemap -Xcc -fmodule-map-file\=/Users/admin/builder/spi-builder-workspace/.dependencies/checkouts/swift-nio-ssl/Sources/CNIOBoringSSL/include/module.modulemap -Xcc -fmodule-map-file\=/Users/admin/builder/spi-builder-workspace/.derivedData/Build/Intermediates.noindex/GeneratedModuleMaps-watchos/CNIOExtrasZlib.modulemap -Xcc -fmodule-map-file\=/Users/admin/builder/spi-builder-workspace/.dependencies/checkouts/swift-numerics/Sources/_NumericsShims/include/module.modulemap -Xcc -fmodule-map-file\=/Users/admin/builder/spi-builder-workspace/.derivedData/Build/Intermediates.noindex/GeneratedModuleMaps-watchos/CAsyncHTTPClient.modulemap -Xcc -fmodule-map-file\=/Users/admin/builder/spi-builder-workspace/.dependencies/checkouts/swift-crypto/Sources/CCryptoBoringSSLShims/include/module.modulemap -Xcc -fmodule-map-file\=/Users/admin/builder/spi-builder-workspace/.dependencies/checkouts/swift-crypto/Sources/CCryptoBoringSSL/include/module.modulemap -Xcc -fmodule-map-file\=/Users/admin/builder/spi-builder-workspace/.dependencies/checkouts/swift-system/Sources/CSystem/include/module.modulemap -Xcc -fmodule-map-file\=/Users/admin/builder/spi-builder-workspace/.dependencies/checkouts/swift-atomics/Sources/_AtomicsShims/include/module.modulemap -Xcc -fmodule-map-file\=/Users/admin/builder/spi-builder-workspace/.derivedData/Build/Intermediates.noindex/GeneratedModuleMaps-watchos/CNIOLLHTTP.modulemap -Xcc -fmodule-map-file\=/Users/admin/builder/spi-builder-workspace/.derivedData/Build/Intermediates.noindex/GeneratedModuleMaps-watchos/CNIOPosix.modulemap -Xcc -fmodule-map-file\=/Users/admin/builder/spi-builder-workspace/.derivedData/Build/Intermediates.noindex/GeneratedModuleMaps-watchos/CNIOWASI.modulemap -Xcc -fmodule-map-file\=/Users/admin/builder/spi-builder-workspace/.dependencies/checkouts/swift-nio/Sources/CNIOWindows/include/module.modulemap -Xcc -fmodule-map-file\=/Users/admin/builder/spi-builder-workspace/.derivedData/Build/Intermediates.noindex/GeneratedModuleMaps-watchos/CNIOLinux.modulemap -Xcc -fmodule-map-file\=/Users/admin/builder/spi-builder-workspace/.derivedData/Build/Intermediates.noindex/GeneratedModuleMaps-watchos/CNIODarwin.modulemap -Xcc -fmodule-map-file\=/Users/admin/builder/spi-builder-workspace/.derivedData/Build/Intermediates.noindex/GeneratedModuleMaps-watchos/CNIOFreeBSD.modulemap -Xcc -fmodule-map-file\=/Users/admin/builder/spi-builder-workspace/.derivedData/Build/Intermediates.noindex/GeneratedModuleMaps-watchos/CNIOOpenBSD.modulemap -Xcc -fmodule-map-file\=/Users/admin/builder/spi-builder-workspace/.derivedData/Build/Intermediates.noindex/GeneratedModuleMaps-watchos/CNIOAtomics.modulemap -Xcc -D_LIBCPP_HARDENING_MODE\=_LIBCPP_HARDENING_MODE_DEBUG -Xcc -ivfsstatcache -Xcc /Users/admin/builder/spi-builder-workspace/.derivedData/SDKStatCaches.noindex/watchos27.0-24R360-e829b21a6f8c9b70876ba0858053c044b9db9bc9c079ee3c7b5f3373b13d10bc.sdkstatcache -Xcc -fmodules-prune-interval\=86400 -Xcc -fmodules-prune-after\=345600 -Xcc -I/Users/admin/builder/spi-builder-workspace/.dependencies/checkouts/swift-nio-ssl/Sources/CNIOBoringSSLShims/include -Xcc -I/Users/admin/builder/spi-builder-workspace/.dependencies/checkouts/swift-nio-ssl/Sources/CNIOBoringSSL/include -Xcc -I/Users/admin/builder/spi-builder-workspace/.dependencies/checkouts/swift-nio-extras/Sources/CNIOExtrasZlib/include -Xcc -I/Users/admin/builder/spi-builder-workspace/.dependencies/checkouts/swift-numerics/Sources/_NumericsShims/include -Xcc -I/Users/admin/builder/spi-builder-workspace/.dependencies/checkouts/async-http-client/Sources/CAsyncHTTPClient/include -Xcc -I/Users/admin/builder/spi-builder-workspace/.dependencies/checkouts/swift-crypto/Sources/CCryptoBoringSSLShims/include -Xcc -I/Users/admin/builder/spi-builder-workspace/.dependencies/checkouts/swift-crypto/Sources/CCryptoBoringSSL/include -Xcc -I/Users/admin/builder/spi-builder-workspace/.dependencies/checkouts/swift-system/Sources/CSystem/include -Xcc -I/Users/admin/builder/spi-builder-workspace/.dependencies/checkouts/swift-atomics/Sources/_AtomicsShims/include -Xcc -I/Users/admin/builder/spi-builder-workspace/.dependencies/checkouts/swift-nio/Sources/CNIOLLHTTP/include -Xcc -I/Users/admin/builder/spi-builder-workspace/.dependencies/checkouts/swift-nio/Sources/CNIOPosix/include -Xcc -I/Users/admin/builder/spi-builder-workspace/.dependencies/checkouts/swift-nio/Sources/CNIOWASI/include -Xcc -I/Users/admin/builder/spi-builder-workspace/.dependencies/checkouts/swift-nio/Sources/CNIOWindows/include -Xcc -I/Users/admin/builder/spi-builder-workspace/.dependencies/checkouts/swift-nio/Sources/CNIOLinux/include -Xcc -I/Users/admin/builder/spi-builder-workspace/.dependencies/checkouts/swift-nio/Sources/CNIODarwin/include -Xcc -I/Users/admin/builder/spi-builder-workspace/.dependencies/checkouts/swift-nio/Sources/CNIOFreeBSD/include -Xcc -I/Users/admin/builder/spi-builder-workspace/.dependencies/checkouts/swift-nio/Sources/CNIOOpenBSD/include -Xcc -I/Users/admin/builder/spi-builder-workspace/.dependencies/checkouts/swift-nio/Sources/CNIOAtomics/include -Xcc -I/Users/admin/builder/spi-builder-workspace/.derivedData/Build/Products/Debug-watchos/include -Xcc -I/Users/admin/builder/spi-builder-workspace/.derivedData/Build/Intermediates.noindex/GoogleAuth.build/Debug-watchos/GoogleAuth-t.build/DerivedSources-normal/arm64 -Xcc -I/Users/admin/builder/spi-builder-workspace/.derivedData/Build/Intermediates.noindex/GoogleAuth.build/Debug-watchos/GoogleAuth-t.build/DerivedSources/arm64 -Xcc -I/Users/admin/builder/spi-builder-workspace/.derivedData/Build/Intermediates.noindex/GoogleAuth.build/Debug-watchos/GoogleAuth-t.build/DerivedSources -Xcc -DSWIFT_PACKAGE -Xcc -DDEBUG\=1 -no-auto-bridging-header-chaining -module-name GoogleAuth -package-name spi_builder_workspace -const-gather-protocols-file /Users/admin/builder/spi-builder-workspace/.derivedData/Build/Intermediates.noindex/GoogleAuth.build/Debug-watchos/GoogleAuth-t.build/Objects-normal/arm64/GoogleAuth_const_extract_protocols.json -disable-clang-spi -clang-target arm64-apple-watchos27.0 -target-sdk-version 27.0 -target-sdk-name watchos27.0 -in-process-plugin-server-path /Applications/Xcode-27.0.0.app/Contents/Developer/Toolchains/XcodeDefault.xctoolchain/usr/lib/swift/host/libSwiftInProcPluginServer.dylib -parse-as-library -o /Users/admin/builder/spi-builder-workspace/.derivedData/Build/Intermediates.noindex/GoogleAuth.build/Debug-watchos/GoogleAuth-t.build/Objects-normal/arm64/AuthHeaders.o -o /Users/admin/builder/spi-builder-workspace/.derivedData/Build/Intermediates.noindex/GoogleAuth.build/Debug-watchos/GoogleAuth-t.build/Objects-normal/arm64/CredentialParserRegistry.o -o /Users/admin/builder/spi-builder-workspace/.derivedData/Build/Intermediates.noindex/GoogleAuth.build/Debug-watchos/GoogleAuth-t.build/Objects-normal/arm64/Credentials.o -debug-module-path /Users/admin/builder/spi-builder-workspace/.derivedData/Build/Intermediates.noindex/GoogleAuth.build/Debug-watchos/GoogleAuth-t.build/Objects-normal/arm64/GoogleAuth.swiftmodule -index-unit-output-path /GoogleAuth.build/Debug-watchos/GoogleAuth-t.build/Objects-normal/arm64/AuthHeaders.o -index-unit-output-path /GoogleAuth.build/Debug-watchos/GoogleAuth-t.build/Objects-normal/arm64/CredentialParserRegistry.o -index-unit-output-path /GoogleAuth.build/Debug-watchos/GoogleAuth-t.build/Objects-normal/arm64/Credentials.o -index-store-path /Users/admin/builder/spi-builder-workspace/.derivedData/Index.noindex/DataStore -index-system-modules
SwiftCompile normal arm64 /Users/admin/builder/spi-builder-workspace/Sources/GoogleAuth/AuthHeaders.swift (in target 'GoogleAuth' from project 'GoogleAuth')
    cd /Users/admin/builder/spi-builder-workspace/.swiftpm/xcode
    builtin-SwiftPerFileCompile AuthHeaders.swift
SwiftCompile normal arm64 /Users/admin/builder/spi-builder-workspace/Sources/GoogleAuth/CredentialParserRegistry.swift (in target 'GoogleAuth' from project 'GoogleAuth')
    cd /Users/admin/builder/spi-builder-workspace/.swiftpm/xcode
    builtin-SwiftPerFileCompile CredentialParserRegistry.swift
SwiftCompile normal arm64 /Users/admin/builder/spi-builder-workspace/Sources/GoogleAuth/Credentials.swift (in target 'GoogleAuth' from project 'GoogleAuth')
    cd /Users/admin/builder/spi-builder-workspace/.swiftpm/xcode
    builtin-SwiftPerFileCompile Credentials.swift
SwiftCompile normal arm64 Compiling\ ADC.swift,\ ADCPath.swift,\ ADCResolver.swift /Users/admin/builder/spi-builder-workspace/Sources/GoogleAuth/ADC.swift /Users/admin/builder/spi-builder-workspace/Sources/GoogleAuth/ADCPath.swift /Users/admin/builder/spi-builder-workspace/Sources/GoogleAuth/ADCResolver.swift (in target 'GoogleAuth' from project 'GoogleAuth')
SwiftCompile normal arm64 /Users/admin/builder/spi-builder-workspace/Sources/GoogleAuth/ADC.swift (in target 'GoogleAuth' from project 'GoogleAuth')
    cd /Users/admin/builder/spi-builder-workspace/.swiftpm/xcode
    builtin-SwiftPerFileCompile ADC.swift
SwiftCompile normal arm64 /Users/admin/builder/spi-builder-workspace/Sources/GoogleAuth/ADCPath.swift (in target 'GoogleAuth' from project 'GoogleAuth')
    cd /Users/admin/builder/spi-builder-workspace/.swiftpm/xcode
    builtin-SwiftPerFileCompile ADCPath.swift
SwiftCompile normal arm64 /Users/admin/builder/spi-builder-workspace/Sources/GoogleAuth/ADCResolver.swift (in target 'GoogleAuth' from project 'GoogleAuth')
    cd /Users/admin/builder/spi-builder-workspace/.swiftpm/xcode
    builtin-SwiftPerFileCompile ADCResolver.swift
SwiftCompile normal arm64_32 Compiling\ RetryEngine.swift,\ AnonymousCredentials.swift,\ ApiKeyCredentials.swift /Users/admin/builder/spi-builder-workspace/Sources/GoogleAuth/Http/RetryEngine.swift /Users/admin/builder/spi-builder-workspace/Sources/GoogleAuth/Providers/AnonymousCredentials.swift /Users/admin/builder/spi-builder-workspace/Sources/GoogleAuth/Providers/ApiKeyCredentials.swift (in target 'GoogleAuth' from project 'GoogleAuth')
SwiftCompile normal arm64_32 /Users/admin/builder/spi-builder-workspace/Sources/GoogleAuth/Http/RetryEngine.swift (in target 'GoogleAuth' from project 'GoogleAuth')
    cd /Users/admin/builder/spi-builder-workspace/.swiftpm/xcode
    builtin-SwiftPerFileCompile RetryEngine.swift
SwiftCompile normal arm64_32 /Users/admin/builder/spi-builder-workspace/Sources/GoogleAuth/Providers/AnonymousCredentials.swift (in target 'GoogleAuth' from project 'GoogleAuth')
    cd /Users/admin/builder/spi-builder-workspace/.swiftpm/xcode
    builtin-SwiftPerFileCompile AnonymousCredentials.swift
SwiftCompile normal arm64_32 /Users/admin/builder/spi-builder-workspace/Sources/GoogleAuth/Providers/ApiKeyCredentials.swift (in target 'GoogleAuth' from project 'GoogleAuth')
    cd /Users/admin/builder/spi-builder-workspace/.swiftpm/xcode
    builtin-SwiftPerFileCompile ApiKeyCredentials.swift
SwiftDriverJobDiscovery normal arm64 Compiling NWWaitingHandler.swift, TLSConfiguration.swift, RedirectState.swift, RequestBag+StateMachine.swift, RequestBag+Tracing.swift, RequestBag.swift, RequestValidation.swift (in target 'AsyncHTTPClient' from project 'async-http-client')
SwiftCompile normal arm64 Compiling\ RetryEngine.swift,\ AnonymousCredentials.swift,\ ApiKeyCredentials.swift /Users/admin/builder/spi-builder-workspace/Sources/GoogleAuth/Http/RetryEngine.swift /Users/admin/builder/spi-builder-workspace/Sources/GoogleAuth/Providers/AnonymousCredentials.swift /Users/admin/builder/spi-builder-workspace/Sources/GoogleAuth/Providers/ApiKeyCredentials.swift (in target 'GoogleAuth' from project 'GoogleAuth')
SwiftCompile normal arm64 /Users/admin/builder/spi-builder-workspace/Sources/GoogleAuth/Http/RetryEngine.swift (in target 'GoogleAuth' from project 'GoogleAuth')
    cd /Users/admin/builder/spi-builder-workspace/.swiftpm/xcode
    builtin-SwiftPerFileCompile RetryEngine.swift
SwiftCompile normal arm64 /Users/admin/builder/spi-builder-workspace/Sources/GoogleAuth/Providers/AnonymousCredentials.swift (in target 'GoogleAuth' from project 'GoogleAuth')
    cd /Users/admin/builder/spi-builder-workspace/.swiftpm/xcode
    builtin-SwiftPerFileCompile AnonymousCredentials.swift
SwiftCompile normal arm64 /Users/admin/builder/spi-builder-workspace/Sources/GoogleAuth/Providers/ApiKeyCredentials.swift (in target 'GoogleAuth' from project 'GoogleAuth')
    cd /Users/admin/builder/spi-builder-workspace/.swiftpm/xcode
    builtin-SwiftPerFileCompile ApiKeyCredentials.swift
SwiftDriverJobDiscovery normal arm64 Compiling HTTPConnectionPool+Manager.swift, HTTPConnectionPool.swift, HTTPExecutableRequest.swift, HTTPRequestStateMachine+Demand.swift, HTTPRequestStateMachine.swift, RequestBodyLength.swift, RequestFramingMetadata.swift (in target 'AsyncHTTPClient' from project 'async-http-client')
PruneExplicitPrecompiledModules /Users/admin/builder/spi-builder-workspace/.derivedData/SDKExplicitPrecompiledModules
PruneExplicitPrecompiledModules /Users/admin/builder/spi-builder-workspace/.derivedData/Build/Intermediates.noindex/SwiftExplicitPrecompiledModules
PruneExplicitPrecompiledModules /Users/admin/builder/spi-builder-workspace/.derivedData/Build/Intermediates.noindex/ExplicitPrecompiledModules
2026-10-10 23:53:13.092 xcodebuild[1498:7652] [MT] IDERunDestination: Supported platforms for the buildables in the current scheme is empty.
** BUILD FAILED **
The following build commands failed:
	SwiftEmitModule normal arm64_32 Emitting\ module\ for\ GoogleAuth (in target 'GoogleAuth' from project 'GoogleAuth')
	SwiftCompile normal arm64_32 (in target 'GoogleAuth' from project 'GoogleAuth')
	SwiftCompile normal arm64 Compiling\ AuthHeaders.swift,\ CredentialParserRegistry.swift,\ Credentials.swift /Users/admin/builder/spi-builder-workspace/Sources/GoogleAuth/AuthHeaders.swift /Users/admin/builder/spi-builder-workspace/Sources/GoogleAuth/CredentialParserRegistry.swift /Users/admin/builder/spi-builder-workspace/Sources/GoogleAuth/Credentials.swift (in target 'GoogleAuth' from project 'GoogleAuth')
	SwiftCompile normal arm64 /Users/admin/builder/spi-builder-workspace/Sources/GoogleAuth/CredentialParserRegistry.swift (in target 'GoogleAuth' from project 'GoogleAuth')
	Building workspace GoogleAuth with scheme GoogleAuth
(5 failures)
Command line invocation:
    /Applications/Xcode-27.0.0.app/Contents/Developer/usr/bin/xcodebuild -IDEClonedSourcePackagesDirPathOverride=/Users/admin/builder/spi-builder-workspace/.dependencies -resolvePackageDependencies
Resolve Package Graph
Resolved source packages:
  swift-algorithms: https://github.com/apple/swift-algorithms.git @ 1.2.1
  swift-async-algorithms: https://github.com/apple/swift-async-algorithms.git @ 1.1.7
  swift-service-lifecycle: https://github.com/swift-server/swift-service-lifecycle @ 2.12.1
  swift-asn1: https://github.com/apple/swift-asn1.git @ 1.7.3
  swift-nio-extras: https://github.com/apple/swift-nio-extras.git @ 1.35.1
  swift-log: https://github.com/apple/swift-log @ 1.16.1
  swift-http-structured-headers: https://github.com/apple/swift-http-structured-headers.git @ 1.7.0
  swift-nio-transport-services: https://github.com/apple/swift-nio-transport-services.git @ 1.28.0
  swift-crypto: https://github.com/apple/swift-crypto.git @ 4.5.2
  swift-nio-ssl: https://github.com/apple/swift-nio-ssl.git @ 2.37.5
  swift-configuration: https://github.com/apple/swift-configuration.git @ 1.2.2
  GoogleAuth: /Users/admin/builder/spi-builder-workspace
  swift-nio-http2: https://github.com/apple/swift-nio-http2.git @ 1.46.0
  swift-atomics: https://github.com/apple/swift-atomics.git @ 1.3.1
  jwt-kit: https://github.com/vapor/jwt-kit.git @ 5.7.1
  swift-nio: https://github.com/apple/swift-nio @ 2.104.0
  swift-numerics: https://github.com/apple/swift-numerics.git @ 1.1.1
  swift-system: https://github.com/apple/swift-system.git @ 1.8.1
  swift-collections: https://github.com/apple/swift-collections @ 1.7.2
  swift-http-types: https://github.com/apple/swift-http-types.git @ 1.8.0
  swift-service-context: https://github.com/apple/swift-service-context.git @ 1.3.0
  swift-distributed-tracing: https://github.com/apple/swift-distributed-tracing.git @ 1.5.0
  swift-certificates: https://github.com/apple/swift-certificates.git @ 1.21.0
  async-http-client: https://github.com/swift-server/async-http-client.git @ 1.36.2
resolved source packages: swift-algorithms, swift-async-algorithms, swift-service-lifecycle, swift-asn1, swift-nio-extras, swift-log, swift-http-structured-headers, swift-nio-transport-services, swift-crypto, swift-nio-ssl, swift-configuration, GoogleAuth, swift-nio-http2, swift-atomics, jwt-kit, swift-nio, swift-numerics, swift-system, swift-collections, swift-http-types, swift-service-context, swift-distributed-tracing, swift-certificates, async-http-client
2026-10-10 23:54:52.888 xcodebuild[6539:20380] [MT] IDERunDestination: Supported platforms for the buildables in the current scheme is empty.
{
  "dependencies" : [
    {
      "identity" : "swift-system",
      "requirement" : {
        "range" : [
          {
            "lower_bound" : "1.0.0",
            "upper_bound" : "2.0.0"
          }
        ]
      },
      "type" : "sourceControl",
      "url" : "https://github.com/apple/swift-system.git"
    },
    {
      "identity" : "swift-log",
      "requirement" : {
        "range" : [
          {
            "lower_bound" : "1.14.0",
            "upper_bound" : "2.0.0"
          }
        ]
      },
      "type" : "sourceControl",
      "url" : "https://github.com/apple/swift-log"
    },
    {
      "identity" : "swift-collections",
      "requirement" : {
        "range" : [
          {
            "lower_bound" : "1.6.0",
            "upper_bound" : "2.0.0"
          }
        ]
      },
      "type" : "sourceControl",
      "url" : "https://github.com/apple/swift-collections"
    },
    {
      "identity" : "swift-nio",
      "requirement" : {
        "range" : [
          {
            "lower_bound" : "2.101.0",
            "upper_bound" : "3.0.0"
          }
        ]
      },
      "type" : "sourceControl",
      "url" : "https://github.com/apple/swift-nio"
    },
    {
      "identity" : "async-http-client",
      "requirement" : {
        "range" : [
          {
            "lower_bound" : "1.36.0",
            "upper_bound" : "2.0.0"
          }
        ]
      },
      "type" : "sourceControl",
      "url" : "https://github.com/swift-server/async-http-client.git"
    },
    {
      "identity" : "jwt-kit",
      "requirement" : {
        "range" : [
          {
            "lower_bound" : "5.0.0",
            "upper_bound" : "6.0.0"
          }
        ]
      },
      "type" : "sourceControl",
      "url" : "https://github.com/vapor/jwt-kit.git"
    }
  ],
  "manifest_display_name" : "GoogleAuth",
  "name" : "GoogleAuth",
  "path" : "/Users/admin/builder/spi-builder-workspace",
  "platforms" : [
    {
      "name" : "macos",
      "version" : "15.0"
    }
  ],
  "products" : [
    {
      "name" : "GoogleAuth",
      "targets" : [
        "GoogleAuth"
      ],
      "type" : {
        "library" : [
          "automatic"
        ]
      }
    }
  ],
  "targets" : [
    {
      "c99name" : "GoogleAuthTests",
      "module_type" : "SwiftTarget",
      "name" : "GoogleAuthTests",
      "path" : "Tests",
      "product_dependencies" : [
        "DequeModule",
        "JWTKit",
        "NIOCore",
        "NIOFoundationCompat",
        "NIOHTTP1"
      ],
      "sources" : [
        "ADCPathTests.swift",
        "ADCResolverTests.swift",
        "ADCTests.swift",
        "ApiKeyCredentialsTests.swift",
        "AuthHeadersTests.swift",
        "CallCounter.swift",
        "CredentialParserRegistryTests.swift",
        "CredentialsErrorTest.swift",
        "CredentialsTests.swift",
        "ExternalAccountTests.swift",
        "Http/AuthHTTPClientTests.swift",
        "Http/AuthHTTPErrorTests.swift",
        "Http/RetryEngineTests.swift",
        "MDSCredentialsTests.swift",
        "MockHTTPClient.swift",
        "MockTimeSource.swift",
        "STSHandlerTests.swift",
        "ServiceAccountTests.swift",
        "TestClock.swift",
        "TestClockTests.swift",
        "TokenCacheJitterTests.swift",
        "TokenCacheTests.swift",
        "URLRequest+Testing.swift",
        "UserCredentialsTests.swift"
      ],
      "target_dependencies" : [
        "GoogleAuth"
      ],
      "type" : "test"
    },
    {
      "c99name" : "GoogleAuth",
      "module_type" : "SwiftTarget",
      "name" : "GoogleAuth",
      "path" : "Sources/GoogleAuth",
      "product_dependencies" : [
        "AsyncHTTPClient",
        "JWTKit",
        "SystemPackage",
        "Logging",
        "NIOCore",
        "NIOFoundationCompat",
        "NIOHTTP1"
      ],
      "product_memberships" : [
        "GoogleAuth"
      ],
      "sources" : [
        "ADC.swift",
        "ADCPath.swift",
        "ADCResolver.swift",
        "AuthHeaders.swift",
        "CredentialParserRegistry.swift",
        "Credentials.swift",
        "CredentialsError.swift",
        "Http/AuthHTTPClient.swift",
        "Http/AuthHTTPError.swift",
        "Http/RetryEngine.swift",
        "Providers/AnonymousCredentials.swift",
        "Providers/ApiKeyCredentials.swift",
        "Providers/ExternalAccountCredentials.swift",
        "Providers/ExternalAccountSources/SubjectTokenProvider.swift",
        "Providers/MDSAccessTokenProvider.swift",
        "Providers/MDSCredentials.swift",
        "Providers/ServiceAccountCredentials.swift",
        "Providers/ServiceAccountData.swift",
        "Providers/ServiceAccountTokenProvider.swift",
        "Providers/UserAccount/UserAccountData.swift",
        "Providers/UserAccountTokenProvider.swift",
        "Providers/UserCredentials.swift",
        "STSHandler.swift",
        "TokenCache.swift",
        "generated/PackageVersion.swift"
      ],
      "type" : "library"
    }
  ],
  "tools_version" : "6.2"
}
{
  "workspace" : {
    "name" : "GoogleAuth",
    "schemes" : [
      "GoogleAuth"
    ]
  }
}
2026-10-10 23:54:55.616 xcodebuild[6547:20459] [MT] IDERunDestination: Supported platforms for the buildables in the current scheme is empty.
Running build ...
env DEVELOPER_DIR=/Applications/Xcode-27.0.0-Release.Candidate.app xcrun xcodebuild -IDEClonedSourcePackagesDirPathOverride=$PWD/.dependencies -skipMacroValidation -skipPackagePluginValidation -derivedDataPath $PWD/.derivedData build -scheme GoogleAuth -destination generic/platform=watchOS
Command line invocation:
    /Applications/Xcode-27.0.0.app/Contents/Developer/usr/bin/xcodebuild -IDEClonedSourcePackagesDirPathOverride=/Users/admin/builder/spi-builder-workspace/.dependencies -skipMacroValidation -skipPackagePluginValidation -derivedDataPath /Users/admin/builder/spi-builder-workspace/.derivedData build -scheme GoogleAuth -destination generic/platform=watchOS
Resolve Package Graph
Resolved source packages:
  swift-crypto: https://github.com/apple/swift-crypto.git @ 4.5.2
  swift-atomics: https://github.com/apple/swift-atomics.git @ 1.3.1
  swift-configuration: https://github.com/apple/swift-configuration.git @ 1.2.2
  async-http-client: https://github.com/swift-server/async-http-client.git @ 1.36.2
  swift-algorithms: https://github.com/apple/swift-algorithms.git @ 1.2.1
  swift-nio-extras: https://github.com/apple/swift-nio-extras.git @ 1.35.1
  swift-certificates: https://github.com/apple/swift-certificates.git @ 1.21.0
  swift-http-types: https://github.com/apple/swift-http-types.git @ 1.8.0
  swift-distributed-tracing: https://github.com/apple/swift-distributed-tracing.git @ 1.5.0
  swift-nio-ssl: https://github.com/apple/swift-nio-ssl.git @ 2.37.5
  swift-nio: https://github.com/apple/swift-nio @ 2.104.0
  swift-numerics: https://github.com/apple/swift-numerics.git @ 1.1.1
  swift-collections: https://github.com/apple/swift-collections @ 1.7.2
  jwt-kit: https://github.com/vapor/jwt-kit.git @ 5.7.1
  GoogleAuth: /Users/admin/builder/spi-builder-workspace
  swift-service-context: https://github.com/apple/swift-service-context.git @ 1.3.0
  swift-system: https://github.com/apple/swift-system.git @ 1.8.1
  swift-log: https://github.com/apple/swift-log @ 1.16.1
  swift-async-algorithms: https://github.com/apple/swift-async-algorithms.git @ 1.1.7
  swift-nio-http2: https://github.com/apple/swift-nio-http2.git @ 1.46.0
  swift-nio-transport-services: https://github.com/apple/swift-nio-transport-services.git @ 1.28.0
  swift-http-structured-headers: https://github.com/apple/swift-http-structured-headers.git @ 1.7.0
  swift-asn1: https://github.com/apple/swift-asn1.git @ 1.7.3
  swift-service-lifecycle: https://github.com/swift-server/swift-service-lifecycle @ 2.12.1
ComputePackagePrebuildTargetDependencyGraph
Prepare packages
CreateBuildRequest
SendProjectDescription
CreateBuildOperation
ComputeTargetDependencyGraph
note: Building targets in dependency order
note: Target dependency graph (93 targets)
    Target 'GoogleAuth-product' in project 'GoogleAuth'
        ➜ Explicit dependency on target 'GoogleAuth' in project 'GoogleAuth'
        ➜ Explicit dependency on target 'AsyncHTTPClient-product' in project 'async-http-client'
        ➜ Explicit dependency on target 'JWTKit-product' in project 'jwt-kit'
        ➜ Explicit dependency on target 'SystemPackage-product' in project 'swift-system'
        ➜ Explicit dependency on target 'Logging-product' in project 'swift-log'
        ➜ Explicit dependency on target 'NIOCore-product' in project 'swift-nio'
        ➜ Explicit dependency on target 'NIOFoundationCompat-product' in project 'swift-nio'
        ➜ Explicit dependency on target 'NIOHTTP1-product' in project 'swift-nio'
    Target 'GoogleAuth' in project 'GoogleAuth'
        ➜ Explicit dependency on target 'AsyncHTTPClient-product' in project 'async-http-client'
        ➜ Explicit dependency on target 'JWTKit-product' in project 'jwt-kit'
        ➜ Explicit dependency on target 'SystemPackage-product' in project 'swift-system'
        ➜ Explicit dependency on target 'Logging-product' in project 'swift-log'
        ➜ Explicit dependency on target 'NIOCore-product' in project 'swift-nio'
        ➜ Explicit dependency on target 'NIOFoundationCompat-product' in project 'swift-nio'
        ➜ Explicit dependency on target 'NIOHTTP1-product' in project 'swift-nio'
    Target 'JWTKit-product' in project 'jwt-kit'
        ➜ Explicit dependency on target 'JWTKit' in project 'jwt-kit'
        ➜ Explicit dependency on target 'Crypto-product' in project 'swift-crypto'
        ➜ Explicit dependency on target 'CryptoExtras-product' in project 'swift-crypto'
        ➜ Explicit dependency on target 'X509-product' in project 'swift-certificates'
        ➜ Explicit dependency on target 'Logging-product' in project 'swift-log'
    Target 'JWTKit' in project 'jwt-kit'
        ➜ Explicit dependency on target 'Crypto-product' in project 'swift-crypto'
        ➜ Explicit dependency on target 'CryptoExtras-product' in project 'swift-crypto'
        ➜ Explicit dependency on target 'X509-product' in project 'swift-certificates'
        ➜ Explicit dependency on target 'Logging-product' in project 'swift-log'
    Target 'X509-product' in project 'swift-certificates'
        ➜ Explicit dependency on target 'X509' in project 'swift-certificates'
        ➜ Explicit dependency on target '_CertificateInternals' in project 'swift-certificates'
        ➜ Explicit dependency on target 'SwiftASN1-product' in project 'swift-asn1'
        ➜ Explicit dependency on target 'Crypto-product' in project 'swift-crypto'
        ➜ Explicit dependency on target '_CryptoExtras-product' in project 'swift-crypto'
    Target 'X509' in project 'swift-certificates'
        ➜ Explicit dependency on target '_CertificateInternals' in project 'swift-certificates'
        ➜ Explicit dependency on target 'SwiftASN1-product' in project 'swift-asn1'
        ➜ Explicit dependency on target 'Crypto-product' in project 'swift-crypto'
        ➜ Explicit dependency on target '_CryptoExtras-product' in project 'swift-crypto'
    Target '_CryptoExtras-product' in project 'swift-crypto'
        ➜ Explicit dependency on target '_CryptoExtras' in project 'swift-crypto'
        ➜ Explicit dependency on target 'CCryptoBoringSSL' in project 'swift-crypto'
        ➜ Explicit dependency on target 'CCryptoBoringSSLShims' in project 'swift-crypto'
        ➜ Explicit dependency on target 'CryptoBoringWrapper' in project 'swift-crypto'
        ➜ Explicit dependency on target 'Crypto' in project 'swift-crypto'
        ➜ Explicit dependency on target 'CryptoExtras' in project 'swift-crypto'
        ➜ Explicit dependency on target 'SwiftASN1-product' in project 'swift-asn1'
    Target '_CryptoExtras' in project 'swift-crypto'
        ➜ Explicit dependency on target 'CCryptoBoringSSL' in project 'swift-crypto'
        ➜ Explicit dependency on target 'CCryptoBoringSSLShims' in project 'swift-crypto'
        ➜ Explicit dependency on target 'CryptoBoringWrapper' in project 'swift-crypto'
        ➜ Explicit dependency on target 'Crypto' in project 'swift-crypto'
        ➜ Explicit dependency on target 'CryptoExtras' in project 'swift-crypto'
        ➜ Explicit dependency on target 'SwiftASN1-product' in project 'swift-asn1'
    Target '_CertificateInternals' in project 'swift-certificates' (no dependencies)
    Target 'CryptoExtras-product' in project 'swift-crypto'
        ➜ Explicit dependency on target 'CryptoExtras' in project 'swift-crypto'
        ➜ Explicit dependency on target 'swift-crypto_CryptoExtras' in project 'swift-crypto'
        ➜ Explicit dependency on target 'CCryptoBoringSSL' in project 'swift-crypto'
        ➜ Explicit dependency on target 'CCryptoBoringSSLShims' in project 'swift-crypto'
        ➜ Explicit dependency on target 'CryptoBoringWrapper' in project 'swift-crypto'
        ➜ Explicit dependency on target 'Crypto' in project 'swift-crypto'
        ➜ Explicit dependency on target 'SwiftASN1-product' in project 'swift-asn1'
    Target 'CryptoExtras' in project 'swift-crypto'
        ➜ Explicit dependency on target 'swift-crypto_CryptoExtras' in project 'swift-crypto'
        ➜ Explicit dependency on target 'CCryptoBoringSSL' in project 'swift-crypto'
        ➜ Explicit dependency on target 'CCryptoBoringSSLShims' in project 'swift-crypto'
        ➜ Explicit dependency on target 'CryptoBoringWrapper' in project 'swift-crypto'
        ➜ Explicit dependency on target 'Crypto' in project 'swift-crypto'
        ➜ Explicit dependency on target 'SwiftASN1-product' in project 'swift-asn1'
    Target 'SwiftASN1-product' in project 'swift-asn1'
        ➜ Explicit dependency on target 'SwiftASN1' in project 'swift-asn1'
    Target 'SwiftASN1' in project 'swift-asn1' (no dependencies)
    Target 'CryptoBoringWrapper' in project 'swift-crypto'
        ➜ Explicit dependency on target 'swift-crypto_CryptoBoringWrapper' in project 'swift-crypto'
        ➜ Explicit dependency on target 'CCryptoBoringSSL' in project 'swift-crypto'
        ➜ Explicit dependency on target 'CCryptoBoringSSLShims' in project 'swift-crypto'
    Target 'swift-crypto_CryptoBoringWrapper' in project 'swift-crypto' (no dependencies)
    Target 'CCryptoBoringSSLShims' in project 'swift-crypto'
        ➜ Explicit dependency on target 'swift-crypto_CCryptoBoringSSLShims' in project 'swift-crypto'
        ➜ Explicit dependency on target 'CCryptoBoringSSL' in project 'swift-crypto'
    Target 'swift-crypto_CCryptoBoringSSLShims' in project 'swift-crypto' (no dependencies)
    Target 'CCryptoBoringSSL' in project 'swift-crypto'
        ➜ Explicit dependency on target 'swift-crypto_CCryptoBoringSSL' in project 'swift-crypto'
    Target 'swift-crypto_CCryptoBoringSSL' in project 'swift-crypto' (no dependencies)
    Target 'swift-crypto_CryptoExtras' in project 'swift-crypto' (no dependencies)
    Target 'Crypto-product' in project 'swift-crypto'
        ➜ Explicit dependency on target 'Crypto' in project 'swift-crypto'
        ➜ Explicit dependency on target 'swift-crypto_Crypto' in project 'swift-crypto'
    Target 'Crypto' in project 'swift-crypto'
        ➜ Explicit dependency on target 'swift-crypto_Crypto' in project 'swift-crypto'
    Target 'swift-crypto_Crypto' in project 'swift-crypto' (no dependencies)
    Target 'AsyncHTTPClient-product' in project 'async-http-client'
        ➜ Explicit dependency on target 'AsyncHTTPClient' in project 'async-http-client'
        ➜ Explicit dependency on target 'CAsyncHTTPClient' in project 'async-http-client'
        ➜ Explicit dependency on target 'NIO-product' in project 'swift-nio'
        ➜ Explicit dependency on target 'NIOTLS-product' in project 'swift-nio'
        ➜ Explicit dependency on target 'NIOCore-product' in project 'swift-nio'
        ➜ Explicit dependency on target 'NIOPosix-product' in project 'swift-nio'
        ➜ Explicit dependency on target 'NIOHTTP1-product' in project 'swift-nio'
        ➜ Explicit dependency on target 'NIOConcurrencyHelpers-product' in project 'swift-nio'
        ➜ Explicit dependency on target 'NIOHTTP2-product' in project 'swift-nio-http2'
        ➜ Explicit dependency on target 'NIOSSL-product' in project 'swift-nio-ssl'
        ➜ Explicit dependency on target 'NIOHTTPCompression-product' in project 'swift-nio-extras'
        ➜ Explicit dependency on target 'NIOSOCKS-product' in project 'swift-nio-extras'
        ➜ Explicit dependency on target 'NIOTransportServices-product' in project 'swift-nio-transport-services'
        ➜ Explicit dependency on target 'Atomics-product' in project 'swift-atomics'
        ➜ Explicit dependency on target 'Algorithms-product' in project 'swift-algorithms'
        ➜ Explicit dependency on target 'Configuration-product' in project 'swift-configuration'
        ➜ Explicit dependency on target 'Logging-product' in project 'swift-log'
        ➜ Explicit dependency on target 'Tracing-product' in project 'swift-distributed-tracing'
        ➜ Explicit dependency on target 'ServiceContextModule-product' in project 'swift-service-context'
    Target 'AsyncHTTPClient' in project 'async-http-client'
        ➜ Explicit dependency on target 'CAsyncHTTPClient' in project 'async-http-client'
        ➜ Explicit dependency on target 'NIO-product' in project 'swift-nio'
        ➜ Explicit dependency on target 'NIOTLS-product' in project 'swift-nio'
        ➜ Explicit dependency on target 'NIOCore-product' in project 'swift-nio'
        ➜ Explicit dependency on target 'NIOPosix-product' in project 'swift-nio'
        ➜ Explicit dependency on target 'NIOHTTP1-product' in project 'swift-nio'
        ➜ Explicit dependency on target 'NIOConcurrencyHelpers-product' in project 'swift-nio'
        ➜ Explicit dependency on target 'NIOHTTP2-product' in project 'swift-nio-http2'
        ➜ Explicit dependency on target 'NIOSSL-product' in project 'swift-nio-ssl'
        ➜ Explicit dependency on target 'NIOHTTPCompression-product' in project 'swift-nio-extras'
        ➜ Explicit dependency on target 'NIOSOCKS-product' in project 'swift-nio-extras'
        ➜ Explicit dependency on target 'NIOTransportServices-product' in project 'swift-nio-transport-services'
        ➜ Explicit dependency on target 'Atomics-product' in project 'swift-atomics'
        ➜ Explicit dependency on target 'Algorithms-product' in project 'swift-algorithms'
        ➜ Explicit dependency on target 'Configuration-product' in project 'swift-configuration'
        ➜ Explicit dependency on target 'Logging-product' in project 'swift-log'
        ➜ Explicit dependency on target 'Tracing-product' in project 'swift-distributed-tracing'
        ➜ Explicit dependency on target 'ServiceContextModule-product' in project 'swift-service-context'
    Target 'Tracing-product' in project 'swift-distributed-tracing'
        ➜ Explicit dependency on target 'Tracing' in project 'swift-distributed-tracing'
        ➜ Explicit dependency on target 'Instrumentation' in project 'swift-distributed-tracing'
        ➜ Explicit dependency on target 'ServiceContextModule-product' in project 'swift-service-context'
    Target 'Tracing' in project 'swift-distributed-tracing'
        ➜ Explicit dependency on target 'Instrumentation' in project 'swift-distributed-tracing'
        ➜ Explicit dependency on target 'ServiceContextModule-product' in project 'swift-service-context'
    Target 'Instrumentation' in project 'swift-distributed-tracing'
        ➜ Explicit dependency on target 'ServiceContextModule-product' in project 'swift-service-context'
    Target 'ServiceContextModule-product' in project 'swift-service-context'
        ➜ Explicit dependency on target 'ServiceContextModule' in project 'swift-service-context'
    Target 'ServiceContextModule' in project 'swift-service-context' (no dependencies)
    Target 'Logging-product' in project 'swift-log'
        ➜ Explicit dependency on target 'Logging' in project 'swift-log'
    Target 'Logging' in project 'swift-log' (no dependencies)
    Target 'Configuration-product' in project 'swift-configuration'
        ➜ Explicit dependency on target 'Configuration' in project 'swift-configuration'
        ➜ Explicit dependency on target 'SystemPackage-product' in project 'swift-system'
        ➜ Explicit dependency on target 'DequeModule-product' in project 'swift-collections'
    Target 'Configuration' in project 'swift-configuration'
        ➜ Explicit dependency on target 'SystemPackage-product' in project 'swift-system'
        ➜ Explicit dependency on target 'DequeModule-product' in project 'swift-collections'
    Target 'SystemPackage-product' in project 'swift-system'
        ➜ Explicit dependency on target 'SystemPackage' in project 'swift-system'
        ➜ Explicit dependency on target 'CSystem' in project 'swift-system'
    Target 'SystemPackage' in project 'swift-system'
        ➜ Explicit dependency on target 'CSystem' in project 'swift-system'
    Target 'CSystem' in project 'swift-system' (no dependencies)
    Target 'Algorithms-product' in project 'swift-algorithms'
        ➜ Explicit dependency on target 'Algorithms' in project 'swift-algorithms'
        ➜ Explicit dependency on target 'RealModule-product' in project 'swift-numerics'
    Target 'Algorithms' in project 'swift-algorithms'
        ➜ Explicit dependency on target 'RealModule-product' in project 'swift-numerics'
    Target 'RealModule-product' in project 'swift-numerics'
        ➜ Explicit dependency on target 'RealModule' in project 'swift-numerics'
        ➜ Explicit dependency on target '_NumericsShims' in project 'swift-numerics'
    Target 'RealModule' in project 'swift-numerics'
        ➜ Explicit dependency on target '_NumericsShims' in project 'swift-numerics'
    Target '_NumericsShims' in project 'swift-numerics' (no dependencies)
    Target 'NIOTransportServices-product' in project 'swift-nio-transport-services'
        ➜ Explicit dependency on target 'NIOTransportServices' in project 'swift-nio-transport-services'
        ➜ Explicit dependency on target 'NIO-product' in project 'swift-nio'
        ➜ Explicit dependency on target 'NIOCore-product' in project 'swift-nio'
        ➜ Explicit dependency on target 'NIOFoundationCompat-product' in project 'swift-nio'
        ➜ Explicit dependency on target 'NIOTLS-product' in project 'swift-nio'
        ➜ Explicit dependency on target 'Atomics-product' in project 'swift-atomics'
    Target 'NIOTransportServices' in project 'swift-nio-transport-services'
        ➜ Explicit dependency on target 'NIO-product' in project 'swift-nio'
        ➜ Explicit dependency on target 'NIOCore-product' in project 'swift-nio'
        ➜ Explicit dependency on target 'NIOFoundationCompat-product' in project 'swift-nio'
        ➜ Explicit dependency on target 'NIOTLS-product' in project 'swift-nio'
        ➜ Explicit dependency on target 'Atomics-product' in project 'swift-atomics'
    Target 'NIOFoundationCompat-product' in project 'swift-nio'
        ➜ Explicit dependency on target 'NIOFoundationCompat' in project 'swift-nio'
        ➜ Explicit dependency on target 'CNIOAtomics' in project 'swift-nio'
        ➜ Explicit dependency on target 'NIOConcurrencyHelpers' in project 'swift-nio'
        ➜ Explicit dependency on target '_NIOBase64' in project 'swift-nio'
        ➜ Explicit dependency on target 'CNIOOpenBSD' in project 'swift-nio'
        ➜ Explicit dependency on target 'CNIOFreeBSD' in project 'swift-nio'
        ➜ Explicit dependency on target 'CNIODarwin' in project 'swift-nio'
        ➜ Explicit dependency on target 'CNIOLinux' in project 'swift-nio'
        ➜ Explicit dependency on target 'CNIOWindows' in project 'swift-nio'
        ➜ Explicit dependency on target 'CNIOWASI' in project 'swift-nio'
        ➜ Explicit dependency on target '_NIODataStructures' in project 'swift-nio'
        ➜ Explicit dependency on target 'NIOCore' in project 'swift-nio'
        ➜ Explicit dependency on target 'NIOEmbedded' in project 'swift-nio'
        ➜ Explicit dependency on target 'CNIOPosix' in project 'swift-nio'
        ➜ Explicit dependency on target 'NIOPosix' in project 'swift-nio'
        ➜ Explicit dependency on target 'NIO' in project 'swift-nio'
        ➜ Explicit dependency on target 'NIOFoundationEssentialsCompat' in project 'swift-nio'
        ➜ Explicit dependency on target 'DequeModule-product' in project 'swift-collections'
        ➜ Explicit dependency on target 'Atomics-product' in project 'swift-atomics'
    Target 'NIOFoundationCompat' in project 'swift-nio'
        ➜ Explicit dependency on target 'CNIOAtomics' in project 'swift-nio'
        ➜ Explicit dependency on target 'NIOConcurrencyHelpers' in project 'swift-nio'
        ➜ Explicit dependency on target '_NIOBase64' in project 'swift-nio'
        ➜ Explicit dependency on target 'CNIOOpenBSD' in project 'swift-nio'
        ➜ Explicit dependency on target 'CNIOFreeBSD' in project 'swift-nio'
        ➜ Explicit dependency on target 'CNIODarwin' in project 'swift-nio'
        ➜ Explicit dependency on target 'CNIOLinux' in project 'swift-nio'
        ➜ Explicit dependency on target 'CNIOWindows' in project 'swift-nio'
        ➜ Explicit dependency on target 'CNIOWASI' in project 'swift-nio'
        ➜ Explicit dependency on target '_NIODataStructures' in project 'swift-nio'
        ➜ Explicit dependency on target 'NIOCore' in project 'swift-nio'
        ➜ Explicit dependency on target 'NIOEmbedded' in project 'swift-nio'
        ➜ Explicit dependency on target 'CNIOPosix' in project 'swift-nio'
        ➜ Explicit dependency on target 'NIOPosix' in project 'swift-nio'
        ➜ Explicit dependency on target 'NIO' in project 'swift-nio'
        ➜ Explicit dependency on target 'NIOFoundationEssentialsCompat' in project 'swift-nio'
        ➜ Explicit dependency on target 'DequeModule-product' in project 'swift-collections'
        ➜ Explicit dependency on target 'Atomics-product' in project 'swift-atomics'
    Target 'NIOFoundationEssentialsCompat' in project 'swift-nio'
        ➜ Explicit dependency on target 'CNIOAtomics' in project 'swift-nio'
        ➜ Explicit dependency on target 'NIOConcurrencyHelpers' in project 'swift-nio'
        ➜ Explicit dependency on target '_NIOBase64' in project 'swift-nio'
        ➜ Explicit dependency on target 'CNIOOpenBSD' in project 'swift-nio'
        ➜ Explicit dependency on target 'CNIOFreeBSD' in project 'swift-nio'
        ➜ Explicit dependency on target 'CNIODarwin' in project 'swift-nio'
        ➜ Explicit dependency on target 'CNIOLinux' in project 'swift-nio'
        ➜ Explicit dependency on target 'CNIOWindows' in project 'swift-nio'
        ➜ Explicit dependency on target 'CNIOWASI' in project 'swift-nio'
        ➜ Explicit dependency on target '_NIODataStructures' in project 'swift-nio'
        ➜ Explicit dependency on target 'NIOCore' in project 'swift-nio'
        ➜ Explicit dependency on target 'DequeModule-product' in project 'swift-collections'
        ➜ Explicit dependency on target 'Atomics-product' in project 'swift-atomics'
    Target 'NIOSOCKS-product' in project 'swift-nio-extras'
        ➜ Explicit dependency on target 'NIOSOCKS' in project 'swift-nio-extras'
        ➜ Explicit dependency on target 'NIO-product' in project 'swift-nio'
        ➜ Explicit dependency on target 'NIOCore-product' in project 'swift-nio'
    Target 'NIOSOCKS' in project 'swift-nio-extras'
        ➜ Explicit dependency on target 'NIO-product' in project 'swift-nio'
        ➜ Explicit dependency on target 'NIOCore-product' in project 'swift-nio'
    Target 'NIOHTTPCompression-product' in project 'swift-nio-extras'
        ➜ Explicit dependency on target 'NIOHTTPCompression' in project 'swift-nio-extras'
        ➜ Explicit dependency on target 'CNIOExtrasZlib' in project 'swift-nio-extras'
        ➜ Explicit dependency on target 'NIO-product' in project 'swift-nio'
        ➜ Explicit dependency on target 'NIOCore-product' in project 'swift-nio'
        ➜ Explicit dependency on target 'NIOHTTP1-product' in project 'swift-nio'
    Target 'NIOHTTPCompression' in project 'swift-nio-extras'
        ➜ Explicit dependency on target 'CNIOExtrasZlib' in project 'swift-nio-extras'
        ➜ Explicit dependency on target 'NIO-product' in project 'swift-nio'
        ➜ Explicit dependency on target 'NIOCore-product' in project 'swift-nio'
        ➜ Explicit dependency on target 'NIOHTTP1-product' in project 'swift-nio'
    Target 'CNIOExtrasZlib' in project 'swift-nio-extras' (no dependencies)
    Target 'NIOSSL-product' in project 'swift-nio-ssl'
        ➜ Explicit dependency on target 'NIOSSL' in project 'swift-nio-ssl'
        ➜ Explicit dependency on target 'swift-nio-ssl_NIOSSL' in project 'swift-nio-ssl'
        ➜ Explicit dependency on target 'CNIOBoringSSL' in project 'swift-nio-ssl'
        ➜ Explicit dependency on target 'CNIOBoringSSLShims' in project 'swift-nio-ssl'
        ➜ Explicit dependency on target 'NIO-product' in project 'swift-nio'
        ➜ Explicit dependency on target 'NIOCore-product' in project 'swift-nio'
        ➜ Explicit dependency on target 'NIOConcurrencyHelpers-product' in project 'swift-nio'
        ➜ Explicit dependency on target 'NIOTLS-product' in project 'swift-nio'
    Target 'NIOSSL' in project 'swift-nio-ssl'
        ➜ Explicit dependency on target 'swift-nio-ssl_NIOSSL' in project 'swift-nio-ssl'
        ➜ Explicit dependency on target 'CNIOBoringSSL' in project 'swift-nio-ssl'
        ➜ Explicit dependency on target 'CNIOBoringSSLShims' in project 'swift-nio-ssl'
        ➜ Explicit dependency on target 'NIO-product' in project 'swift-nio'
        ➜ Explicit dependency on target 'NIOCore-product' in project 'swift-nio'
        ➜ Explicit dependency on target 'NIOConcurrencyHelpers-product' in project 'swift-nio'
        ➜ Explicit dependency on target 'NIOTLS-product' in project 'swift-nio'
    Target 'CNIOBoringSSLShims' in project 'swift-nio-ssl'
        ➜ Explicit dependency on target 'CNIOBoringSSL' in project 'swift-nio-ssl'
    Target 'CNIOBoringSSL' in project 'swift-nio-ssl' (no dependencies)
    Target 'swift-nio-ssl_NIOSSL' in project 'swift-nio-ssl' (no dependencies)
    Target 'NIOHTTP2-product' in project 'swift-nio-http2'
        ➜ Explicit dependency on target 'NIOHTTP2' in project 'swift-nio-http2'
        ➜ Explicit dependency on target 'NIOHPACK' in project 'swift-nio-http2'
        ➜ Explicit dependency on target 'NIO-product' in project 'swift-nio'
        ➜ Explicit dependency on target 'NIOCore-product' in project 'swift-nio'
        ➜ Explicit dependency on target 'NIOConcurrencyHelpers-product' in project 'swift-nio'
        ➜ Explicit dependency on target 'NIOHTTP1-product' in project 'swift-nio'
        ➜ Explicit dependency on target 'NIOTLS-product' in project 'swift-nio'
        ➜ Explicit dependency on target 'Atomics-product' in project 'swift-atomics'
    Target 'NIOHTTP2' in project 'swift-nio-http2'
        ➜ Explicit dependency on target 'NIOHPACK' in project 'swift-nio-http2'
        ➜ Explicit dependency on target 'NIO-product' in project 'swift-nio'
        ➜ Explicit dependency on target 'NIOCore-product' in project 'swift-nio'
        ➜ Explicit dependency on target 'NIOConcurrencyHelpers-product' in project 'swift-nio'
        ➜ Explicit dependency on target 'NIOHTTP1-product' in project 'swift-nio'
        ➜ Explicit dependency on target 'NIOTLS-product' in project 'swift-nio'
        ➜ Explicit dependency on target 'Atomics-product' in project 'swift-atomics'
    Target 'NIOHPACK' in project 'swift-nio-http2'
        ➜ Explicit dependency on target 'NIO-product' in project 'swift-nio'
        ➜ Explicit dependency on target 'NIOCore-product' in project 'swift-nio'
        ➜ Explicit dependency on target 'NIOConcurrencyHelpers-product' in project 'swift-nio'
        ➜ Explicit dependency on target 'NIOHTTP1-product' in project 'swift-nio'
    Target 'NIOConcurrencyHelpers-product' in project 'swift-nio'
        ➜ Explicit dependency on target 'NIOConcurrencyHelpers' in project 'swift-nio'
        ➜ Explicit dependency on target 'CNIOAtomics' in project 'swift-nio'
    Target 'NIOHTTP1-product' in project 'swift-nio'
        ➜ Explicit dependency on target 'NIOHTTP1' in project 'swift-nio'
        ➜ Explicit dependency on target 'CNIOAtomics' in project 'swift-nio'
        ➜ Explicit dependency on target 'NIOConcurrencyHelpers' in project 'swift-nio'
        ➜ Explicit dependency on target '_NIOBase64' in project 'swift-nio'
        ➜ Explicit dependency on target 'CNIOOpenBSD' in project 'swift-nio'
        ➜ Explicit dependency on target 'CNIOFreeBSD' in project 'swift-nio'
        ➜ Explicit dependency on target 'CNIODarwin' in project 'swift-nio'
        ➜ Explicit dependency on target 'CNIOLinux' in project 'swift-nio'
        ➜ Explicit dependency on target 'CNIOWindows' in project 'swift-nio'
        ➜ Explicit dependency on target 'CNIOWASI' in project 'swift-nio'
        ➜ Explicit dependency on target '_NIODataStructures' in project 'swift-nio'
        ➜ Explicit dependency on target 'NIOCore' in project 'swift-nio'
        ➜ Explicit dependency on target 'NIOEmbedded' in project 'swift-nio'
        ➜ Explicit dependency on target 'CNIOPosix' in project 'swift-nio'
        ➜ Explicit dependency on target 'NIOPosix' in project 'swift-nio'
        ➜ Explicit dependency on target 'NIO' in project 'swift-nio'
        ➜ Explicit dependency on target 'CNIOLLHTTP' in project 'swift-nio'
        ➜ Explicit dependency on target 'DequeModule-product' in project 'swift-collections'
        ➜ Explicit dependency on target 'Atomics-product' in project 'swift-atomics'
    Target 'NIOHTTP1' in project 'swift-nio'
        ➜ Explicit dependency on target 'CNIOAtomics' in project 'swift-nio'
        ➜ Explicit dependency on target 'NIOConcurrencyHelpers' in project 'swift-nio'
        ➜ Explicit dependency on target '_NIOBase64' in project 'swift-nio'
        ➜ Explicit dependency on target 'CNIOOpenBSD' in project 'swift-nio'
        ➜ Explicit dependency on target 'CNIOFreeBSD' in project 'swift-nio'
        ➜ Explicit dependency on target 'CNIODarwin' in project 'swift-nio'
        ➜ Explicit dependency on target 'CNIOLinux' in project 'swift-nio'
        ➜ Explicit dependency on target 'CNIOWindows' in project 'swift-nio'
        ➜ Explicit dependency on target 'CNIOWASI' in project 'swift-nio'
        ➜ Explicit dependency on target '_NIODataStructures' in project 'swift-nio'
        ➜ Explicit dependency on target 'NIOCore' in project 'swift-nio'
        ➜ Explicit dependency on target 'NIOEmbedded' in project 'swift-nio'
        ➜ Explicit dependency on target 'CNIOPosix' in project 'swift-nio'
        ➜ Explicit dependency on target 'NIOPosix' in project 'swift-nio'
        ➜ Explicit dependency on target 'NIO' in project 'swift-nio'
        ➜ Explicit dependency on target 'CNIOLLHTTP' in project 'swift-nio'
        ➜ Explicit dependency on target 'DequeModule-product' in project 'swift-collections'
        ➜ Explicit dependency on target 'Atomics-product' in project 'swift-atomics'
    Target 'CNIOLLHTTP' in project 'swift-nio' (no dependencies)
    Target 'NIOPosix-product' in project 'swift-nio'
        ➜ Explicit dependency on target 'NIOPosix' in project 'swift-nio'
        ➜ Explicit dependency on target 'swift-nio_NIOPosix' in project 'swift-nio'
        ➜ Explicit dependency on target 'CNIOOpenBSD' in project 'swift-nio'
        ➜ Explicit dependency on target 'CNIOLinux' in project 'swift-nio'
        ➜ Explicit dependency on target 'CNIODarwin' in project 'swift-nio'
        ➜ Explicit dependency on target 'CNIOWindows' in project 'swift-nio'
        ➜ Explicit dependency on target 'CNIOAtomics' in project 'swift-nio'
        ➜ Explicit dependency on target 'NIOConcurrencyHelpers' in project 'swift-nio'
        ➜ Explicit dependency on target '_NIOBase64' in project 'swift-nio'
        ➜ Explicit dependency on target 'CNIOFreeBSD' in project 'swift-nio'
        ➜ Explicit dependency on target 'CNIOWASI' in project 'swift-nio'
        ➜ Explicit dependency on target '_NIODataStructures' in project 'swift-nio'
        ➜ Explicit dependency on target 'NIOCore' in project 'swift-nio'
        ➜ Explicit dependency on target 'CNIOPosix' in project 'swift-nio'
        ➜ Explicit dependency on target 'DequeModule-product' in project 'swift-collections'
        ➜ Explicit dependency on target 'Atomics-product' in project 'swift-atomics'
    Target 'NIOCore-product' in project 'swift-nio'
        ➜ Explicit dependency on target 'NIOCore' in project 'swift-nio'
        ➜ Explicit dependency on target 'CNIOAtomics' in project 'swift-nio'
        ➜ Explicit dependency on target 'NIOConcurrencyHelpers' in project 'swift-nio'
        ➜ Explicit dependency on target '_NIOBase64' in project 'swift-nio'
        ➜ Explicit dependency on target 'CNIOOpenBSD' in project 'swift-nio'
        ➜ Explicit dependency on target 'CNIOFreeBSD' in project 'swift-nio'
        ➜ Explicit dependency on target 'CNIODarwin' in project 'swift-nio'
        ➜ Explicit dependency on target 'CNIOLinux' in project 'swift-nio'
        ➜ Explicit dependency on target 'CNIOWindows' in project 'swift-nio'
        ➜ Explicit dependency on target 'CNIOWASI' in project 'swift-nio'
        ➜ Explicit dependency on target '_NIODataStructures' in project 'swift-nio'
        ➜ Explicit dependency on target 'DequeModule-product' in project 'swift-collections'
        ➜ Explicit dependency on target 'Atomics-product' in project 'swift-atomics'
    Target 'NIOTLS-product' in project 'swift-nio'
        ➜ Explicit dependency on target 'NIOTLS' in project 'swift-nio'
        ➜ Explicit dependency on target 'CNIOAtomics' in project 'swift-nio'
        ➜ Explicit dependency on target 'NIOConcurrencyHelpers' in project 'swift-nio'
        ➜ Explicit dependency on target '_NIOBase64' in project 'swift-nio'
        ➜ Explicit dependency on target 'CNIOOpenBSD' in project 'swift-nio'
        ➜ Explicit dependency on target 'CNIOFreeBSD' in project 'swift-nio'
        ➜ Explicit dependency on target 'CNIODarwin' in project 'swift-nio'
        ➜ Explicit dependency on target 'CNIOLinux' in project 'swift-nio'
        ➜ Explicit dependency on target 'CNIOWindows' in project 'swift-nio'
        ➜ Explicit dependency on target 'CNIOWASI' in project 'swift-nio'
        ➜ Explicit dependency on target '_NIODataStructures' in project 'swift-nio'
        ➜ Explicit dependency on target 'NIOCore' in project 'swift-nio'
        ➜ Explicit dependency on target 'NIOEmbedded' in project 'swift-nio'
        ➜ Explicit dependency on target 'CNIOPosix' in project 'swift-nio'
        ➜ Explicit dependency on target 'NIOPosix' in project 'swift-nio'
        ➜ Explicit dependency on target 'NIO' in project 'swift-nio'
        ➜ Explicit dependency on target 'DequeModule-product' in project 'swift-collections'
        ➜ Explicit dependency on target 'Atomics-product' in project 'swift-atomics'
    Target 'NIOTLS' in project 'swift-nio'
        ➜ Explicit dependency on target 'CNIOAtomics' in project 'swift-nio'
        ➜ Explicit dependency on target 'NIOConcurrencyHelpers' in project 'swift-nio'
        ➜ Explicit dependency on target '_NIOBase64' in project 'swift-nio'
        ➜ Explicit dependency on target 'CNIOOpenBSD' in project 'swift-nio'
        ➜ Explicit dependency on target 'CNIOFreeBSD' in project 'swift-nio'
        ➜ Explicit dependency on target 'CNIODarwin' in project 'swift-nio'
        ➜ Explicit dependency on target 'CNIOLinux' in project 'swift-nio'
        ➜ Explicit dependency on target 'CNIOWindows' in project 'swift-nio'
        ➜ Explicit dependency on target 'CNIOWASI' in project 'swift-nio'
        ➜ Explicit dependency on target '_NIODataStructures' in project 'swift-nio'
        ➜ Explicit dependency on target 'NIOCore' in project 'swift-nio'
        ➜ Explicit dependency on target 'NIOEmbedded' in project 'swift-nio'
        ➜ Explicit dependency on target 'CNIOPosix' in project 'swift-nio'
        ➜ Explicit dependency on target 'NIOPosix' in project 'swift-nio'
        ➜ Explicit dependency on target 'NIO' in project 'swift-nio'
        ➜ Explicit dependency on target 'DequeModule-product' in project 'swift-collections'
        ➜ Explicit dependency on target 'Atomics-product' in project 'swift-atomics'
    Target 'NIO-product' in project 'swift-nio'
        ➜ Explicit dependency on target 'NIO' in project 'swift-nio'
        ➜ Explicit dependency on target 'CNIOAtomics' in project 'swift-nio'
        ➜ Explicit dependency on target 'NIOConcurrencyHelpers' in project 'swift-nio'
        ➜ Explicit dependency on target '_NIOBase64' in project 'swift-nio'
        ➜ Explicit dependency on target 'CNIOOpenBSD' in project 'swift-nio'
        ➜ Explicit dependency on target 'CNIOFreeBSD' in project 'swift-nio'
        ➜ Explicit dependency on target 'CNIODarwin' in project 'swift-nio'
        ➜ Explicit dependency on target 'CNIOLinux' in project 'swift-nio'
        ➜ Explicit dependency on target 'CNIOWindows' in project 'swift-nio'
        ➜ Explicit dependency on target 'CNIOWASI' in project 'swift-nio'
        ➜ Explicit dependency on target '_NIODataStructures' in project 'swift-nio'
        ➜ Explicit dependency on target 'NIOCore' in project 'swift-nio'
        ➜ Explicit dependency on target 'NIOEmbedded' in project 'swift-nio'
        ➜ Explicit dependency on target 'CNIOPosix' in project 'swift-nio'
        ➜ Explicit dependency on target 'NIOPosix' in project 'swift-nio'
        ➜ Explicit dependency on target 'DequeModule-product' in project 'swift-collections'
        ➜ Explicit dependency on target 'Atomics-product' in project 'swift-atomics'
    Target 'NIO' in project 'swift-nio'
        ➜ Explicit dependency on target 'CNIOAtomics' in project 'swift-nio'
        ➜ Explicit dependency on target 'NIOConcurrencyHelpers' in project 'swift-nio'
        ➜ Explicit dependency on target '_NIOBase64' in project 'swift-nio'
        ➜ Explicit dependency on target 'CNIOOpenBSD' in project 'swift-nio'
        ➜ Explicit dependency on target 'CNIOFreeBSD' in project 'swift-nio'
        ➜ Explicit dependency on target 'CNIODarwin' in project 'swift-nio'
        ➜ Explicit dependency on target 'CNIOLinux' in project 'swift-nio'
        ➜ Explicit dependency on target 'CNIOWindows' in project 'swift-nio'
        ➜ Explicit dependency on target 'CNIOWASI' in project 'swift-nio'
        ➜ Explicit dependency on target '_NIODataStructures' in project 'swift-nio'
        ➜ Explicit dependency on target 'NIOCore' in project 'swift-nio'
        ➜ Explicit dependency on target 'NIOEmbedded' in project 'swift-nio'
        ➜ Explicit dependency on target 'CNIOPosix' in project 'swift-nio'
        ➜ Explicit dependency on target 'NIOPosix' in project 'swift-nio'
        ➜ Explicit dependency on target 'DequeModule-product' in project 'swift-collections'
        ➜ Explicit dependency on target 'Atomics-product' in project 'swift-atomics'
    Target 'NIOPosix' in project 'swift-nio'
        ➜ Explicit dependency on target 'swift-nio_NIOPosix' in project 'swift-nio'
        ➜ Explicit dependency on target 'CNIOOpenBSD' in project 'swift-nio'
        ➜ Explicit dependency on target 'CNIOLinux' in project 'swift-nio'
        ➜ Explicit dependency on target 'CNIODarwin' in project 'swift-nio'
        ➜ Explicit dependency on target 'CNIOWindows' in project 'swift-nio'
        ➜ Explicit dependency on target 'CNIOAtomics' in project 'swift-nio'
        ➜ Explicit dependency on target 'NIOConcurrencyHelpers' in project 'swift-nio'
        ➜ Explicit dependency on target '_NIOBase64' in project 'swift-nio'
        ➜ Explicit dependency on target 'CNIOFreeBSD' in project 'swift-nio'
        ➜ Explicit dependency on target 'CNIOWASI' in project 'swift-nio'
        ➜ Explicit dependency on target '_NIODataStructures' in project 'swift-nio'
        ➜ Explicit dependency on target 'NIOCore' in project 'swift-nio'
        ➜ Explicit dependency on target 'CNIOPosix' in project 'swift-nio'
        ➜ Explicit dependency on target 'DequeModule-product' in project 'swift-collections'
        ➜ Explicit dependency on target 'Atomics-product' in project 'swift-atomics'
    Target 'swift-nio_NIOPosix' in project 'swift-nio' (no dependencies)
    Target 'CNIOPosix' in project 'swift-nio' (no dependencies)
    Target 'NIOEmbedded' in project 'swift-nio'
        ➜ Explicit dependency on target 'CNIOAtomics' in project 'swift-nio'
        ➜ Explicit dependency on target 'NIOConcurrencyHelpers' in project 'swift-nio'
        ➜ Explicit dependency on target '_NIOBase64' in project 'swift-nio'
        ➜ Explicit dependency on target 'CNIOOpenBSD' in project 'swift-nio'
        ➜ Explicit dependency on target 'CNIOFreeBSD' in project 'swift-nio'
        ➜ Explicit dependency on target 'CNIODarwin' in project 'swift-nio'
        ➜ Explicit dependency on target 'CNIOLinux' in project 'swift-nio'
        ➜ Explicit dependency on target 'CNIOWindows' in project 'swift-nio'
        ➜ Explicit dependency on target 'CNIOWASI' in project 'swift-nio'
        ➜ Explicit dependency on target '_NIODataStructures' in project 'swift-nio'
        ➜ Explicit dependency on target 'NIOCore' in project 'swift-nio'
        ➜ Explicit dependency on target 'DequeModule-product' in project 'swift-collections'
        ➜ Explicit dependency on target 'Atomics-product' in project 'swift-atomics'
    Target 'NIOCore' in project 'swift-nio'
        ➜ Explicit dependency on target 'CNIOAtomics' in project 'swift-nio'
        ➜ Explicit dependency on target 'NIOConcurrencyHelpers' in project 'swift-nio'
        ➜ Explicit dependency on target '_NIOBase64' in project 'swift-nio'
        ➜ Explicit dependency on target 'CNIOOpenBSD' in project 'swift-nio'
        ➜ Explicit dependency on target 'CNIOFreeBSD' in project 'swift-nio'
        ➜ Explicit dependency on target 'CNIODarwin' in project 'swift-nio'
        ➜ Explicit dependency on target 'CNIOLinux' in project 'swift-nio'
        ➜ Explicit dependency on target 'CNIOWindows' in project 'swift-nio'
        ➜ Explicit dependency on target 'CNIOWASI' in project 'swift-nio'
        ➜ Explicit dependency on target '_NIODataStructures' in project 'swift-nio'
        ➜ Explicit dependency on target 'DequeModule-product' in project 'swift-collections'
        ➜ Explicit dependency on target 'Atomics-product' in project 'swift-atomics'
    Target 'Atomics-product' in project 'swift-atomics'
        ➜ Explicit dependency on target 'Atomics' in project 'swift-atomics'
        ➜ Explicit dependency on target '_AtomicsShims' in project 'swift-atomics'
    Target 'Atomics' in project 'swift-atomics'
        ➜ Explicit dependency on target '_AtomicsShims' in project 'swift-atomics'
    Target '_AtomicsShims' in project 'swift-atomics' (no dependencies)
    Target 'DequeModule-product' in project 'swift-collections'
        ➜ Explicit dependency on target 'DequeModule' in project 'swift-collections'
        ➜ Explicit dependency on target 'InternalCollectionsUtilities' in project 'swift-collections'
        ➜ Explicit dependency on target 'SpanPreview' in project 'swift-collections'
    Target 'DequeModule' in project 'swift-collections'
        ➜ Explicit dependency on target 'InternalCollectionsUtilities' in project 'swift-collections'
        ➜ Explicit dependency on target 'SpanPreview' in project 'swift-collections'
    Target 'SpanPreview' in project 'swift-collections'
        ➜ Explicit dependency on target 'InternalCollectionsUtilities' in project 'swift-collections'
    Target 'InternalCollectionsUtilities' in project 'swift-collections' (no dependencies)
    Target '_NIODataStructures' in project 'swift-nio' (no dependencies)
    Target 'CNIOWASI' in project 'swift-nio' (no dependencies)
    Target 'CNIOWindows' in project 'swift-nio' (no dependencies)
    Target 'CNIOLinux' in project 'swift-nio' (no dependencies)
    Target 'CNIODarwin' in project 'swift-nio' (no dependencies)
    Target 'CNIOFreeBSD' in project 'swift-nio' (no dependencies)
    Target 'CNIOOpenBSD' in project 'swift-nio' (no dependencies)
    Target '_NIOBase64' in project 'swift-nio' (no dependencies)
    Target 'NIOConcurrencyHelpers' in project 'swift-nio'
        ➜ Explicit dependency on target 'CNIOAtomics' in project 'swift-nio'
    Target 'CNIOAtomics' in project 'swift-nio' (no dependencies)
    Target 'CAsyncHTTPClient' in project 'async-http-client' (no dependencies)
GatherProvisioningInputs
CreateBuildDescription
ClangStatCache /Applications/Xcode-27.0.0.app/Contents/Developer/Toolchains/XcodeDefault.xctoolchain/usr/bin/clang-stat-cache /Applications/Xcode-27.0.0.app/Contents/Developer/Platforms/WatchOS.platform/Developer/SDKs/WatchOS27.0.sdk /Users/admin/builder/spi-builder-workspace/.derivedData/SDKStatCaches.noindex/watchos27.0-24R360-e829b21a6f8c9b70876ba0858053c044b9db9bc9c079ee3c7b5f3373b13d10bc.sdkstatcache
    cd /Users/admin/builder/spi-builder-workspace/.swiftpm/xcode
    /Applications/Xcode-27.0.0.app/Contents/Developer/Toolchains/XcodeDefault.xctoolchain/usr/bin/clang-stat-cache /Applications/Xcode-27.0.0.app/Contents/Developer/Platforms/WatchOS.platform/Developer/SDKs/WatchOS27.0.sdk -o /Users/admin/builder/spi-builder-workspace/.derivedData/SDKStatCaches.noindex/watchos27.0-24R360-e829b21a6f8c9b70876ba0858053c044b9db9bc9c079ee3c7b5f3373b13d10bc.sdkstatcache
SwiftDriver GoogleAuth normal arm64_32 com.apple.xcode.tools.swift.compiler (in target 'GoogleAuth' from project 'GoogleAuth')
    cd /Users/admin/builder/spi-builder-workspace/.swiftpm/xcode
    builtin-SwiftDriver -- /Applications/Xcode-27.0.0.app/Contents/Developer/Toolchains/XcodeDefault.xctoolchain/usr/bin/swiftc -parse-as-library -module-name GoogleAuth -Onone @/Users/admin/builder/spi-builder-workspace/.derivedData/Build/Intermediates.noindex/GoogleAuth.build/Debug-watchos/GoogleAuth-t.build/Objects-normal/arm64_32/GoogleAuth.SwiftFileList -DSWIFT_PACKAGE -DDEBUG -DSWIFT_MODULE_RESOURCE_BUNDLE_UNAVAILABLE -Xcc -fmodule-map-file\=/Users/admin/builder/spi-builder-workspace/.derivedData/Build/Intermediates.noindex/GeneratedModuleMaps-watchos/CNIOBoringSSLShims.modulemap -Xcc -fmodule-map-file\=/Users/admin/builder/spi-builder-workspace/.dependencies/checkouts/swift-nio-ssl/Sources/CNIOBoringSSL/include/module.modulemap -Xcc -fmodule-map-file\=/Users/admin/builder/spi-builder-workspace/.derivedData/Build/Intermediates.noindex/GeneratedModuleMaps-watchos/CNIOExtrasZlib.modulemap -Xcc -fmodule-map-file\=/Users/admin/builder/spi-builder-workspace/.dependencies/checkouts/swift-numerics/Sources/_NumericsShims/include/module.modulemap -Xcc -fmodule-map-file\=/Users/admin/builder/spi-builder-workspace/.derivedData/Build/Intermediates.noindex/GeneratedModuleMaps-watchos/CAsyncHTTPClient.modulemap -Xcc -fmodule-map-file\=/Users/admin/builder/spi-builder-workspace/.dependencies/checkouts/swift-crypto/Sources/CCryptoBoringSSLShims/include/module.modulemap -Xcc -fmodule-map-file\=/Users/admin/builder/spi-builder-workspace/.dependencies/checkouts/swift-crypto/Sources/CCryptoBoringSSL/include/module.modulemap -Xcc -fmodule-map-file\=/Users/admin/builder/spi-builder-workspace/.dependencies/checkouts/swift-system/Sources/CSystem/include/module.modulemap -Xcc -fmodule-map-file\=/Users/admin/builder/spi-builder-workspace/.dependencies/checkouts/swift-atomics/Sources/_AtomicsShims/include/module.modulemap -Xcc -fmodule-map-file\=/Users/admin/builder/spi-builder-workspace/.derivedData/Build/Intermediates.noindex/GeneratedModuleMaps-watchos/CNIOLLHTTP.modulemap -Xcc -fmodule-map-file\=/Users/admin/builder/spi-builder-workspace/.derivedData/Build/Intermediates.noindex/GeneratedModuleMaps-watchos/CNIOPosix.modulemap -Xcc -fmodule-map-file\=/Users/admin/builder/spi-builder-workspace/.derivedData/Build/Intermediates.noindex/GeneratedModuleMaps-watchos/CNIOWASI.modulemap -Xcc -fmodule-map-file\=/Users/admin/builder/spi-builder-workspace/.dependencies/checkouts/swift-nio/Sources/CNIOWindows/include/module.modulemap -Xcc -fmodule-map-file\=/Users/admin/builder/spi-builder-workspace/.derivedData/Build/Intermediates.noindex/GeneratedModuleMaps-watchos/CNIOLinux.modulemap -Xcc -fmodule-map-file\=/Users/admin/builder/spi-builder-workspace/.derivedData/Build/Intermediates.noindex/GeneratedModuleMaps-watchos/CNIODarwin.modulemap -Xcc -fmodule-map-file\=/Users/admin/builder/spi-builder-workspace/.derivedData/Build/Intermediates.noindex/GeneratedModuleMaps-watchos/CNIOFreeBSD.modulemap -Xcc -fmodule-map-file\=/Users/admin/builder/spi-builder-workspace/.derivedData/Build/Intermediates.noindex/GeneratedModuleMaps-watchos/CNIOOpenBSD.modulemap -Xcc -fmodule-map-file\=/Users/admin/builder/spi-builder-workspace/.derivedData/Build/Intermediates.noindex/GeneratedModuleMaps-watchos/CNIOAtomics.modulemap -DXcode -enable-upcoming-feature ExistentialAny -enable-upcoming-feature InternalImportsByDefault -enable-upcoming-feature MemberImportVisibility -enable-upcoming-feature NonisolatedNonsendingByDefault -strict-memory-safety -plugin-path /Applications/Xcode-27.0.0.app/Contents/Developer/Toolchains/XcodeDefault.xctoolchain/usr/lib/swift/host/plugins/testing -enable-experimental-feature DebugDescriptionMacro -sdk /Applications/Xcode-27.0.0.app/Contents/Developer/Platforms/WatchOS.platform/Developer/SDKs/WatchOS27.0.sdk -target arm64_32-apple-watchos9.0 -g -module-cache-path /Users/admin/builder/spi-builder-workspace/.derivedData/ModuleCache.noindex -Xfrontend -serialize-debugging-options -profile-coverage-mapping -profile-generate -enable-testing -index-store-path /Users/admin/builder/spi-builder-workspace/.derivedData/Index.noindex/DataStore -Xcc -D_LIBCPP_HARDENING_MODE\=_LIBCPP_HARDENING_MODE_DEBUG -swift-version 6 -I /Users/admin/builder/spi-builder-workspace/.derivedData/Build/Products/Debug-watchos -Isystem /Applications/Xcode-27.0.0.app/Contents/Developer/Platforms/WatchOS.platform/Developer/usr/lib -F /Users/admin/builder/spi-builder-workspace/.derivedData/Build/Products/Debug-watchos/PackageFrameworks -F /Users/admin/builder/spi-builder-workspace/.derivedData/Build/Products/Debug-watchos -F /Applications/Xcode-27.0.0.app/Contents/Developer/Platforms/WatchOS.platform/Developer/Library/Frameworks -F /Applications/Xcode-27.0.0.app/Contents/Developer/Platforms/WatchOS.platform/Developer/SDKs/WatchOS27.0.sdk/Developer/Library/Frameworks -c -j10 -enable-batch-mode -incremental -Xcc -ivfsstatcache -Xcc /Users/admin/builder/spi-builder-workspace/.derivedData/SDKStatCaches.noindex/watchos27.0-24R360-e829b21a6f8c9b70876ba0858053c044b9db9bc9c079ee3c7b5f3373b13d10bc.sdkstatcache -output-file-map /Users/admin/builder/spi-builder-workspace/.derivedData/Build/Intermediates.noindex/GoogleAuth.build/Debug-watchos/GoogleAuth-t.build/Objects-normal/arm64_32/GoogleAuth-OutputFileMap.json -save-temps -no-color-diagnostics -explicit-module-build -module-cache-path /Users/admin/builder/spi-builder-workspace/.derivedData/Build/Intermediates.noindex/SwiftExplicitPrecompiledModules -clang-scanner-module-cache-path /Users/admin/builder/spi-builder-workspace/.derivedData/ModuleCache.noindex -sdk-module-cache-path /Users/admin/builder/spi-builder-workspace/.derivedData/SDKExplicitPrecompiledModules -emit-dependencies -emit-module -emit-module-path /Users/admin/builder/spi-builder-workspace/.derivedData/Build/Intermediates.noindex/GoogleAuth.build/Debug-watchos/GoogleAuth-t.build/Objects-normal/arm64_32/GoogleAuth.swiftmodule -serialize-diagnostics -dependency-scan-serialize-diagnostics-path /Users/admin/builder/spi-builder-workspace/.derivedData/Build/Intermediates.noindex/GoogleAuth.build/Debug-watchos/GoogleAuth-t.build/Objects-normal/arm64_32/GoogleAuth-dependency-scan.dia -validate-clang-modules-once -clang-build-session-file /Users/admin/builder/spi-builder-workspace/.derivedData/ModuleCache.noindex/Session.modulevalidation -Xcc -fmodules-prune-interval\=86400 -Xcc -fmodules-prune-after\=345600 -package-name spi_builder_workspace -emit-const-values -const-gather-protocols-list /Users/admin/builder/spi-builder-workspace/.derivedData/Build/Intermediates.noindex/GoogleAuth.build/Debug-watchos/GoogleAuth-t.build/Objects-normal/arm64_32/GoogleAuth_const_extract_protocols.json -Xcc -I/Users/admin/builder/spi-builder-workspace/.dependencies/checkouts/swift-nio-ssl/Sources/CNIOBoringSSLShims/include -Xcc -I/Users/admin/builder/spi-builder-workspace/.dependencies/checkouts/swift-nio-ssl/Sources/CNIOBoringSSL/include -Xcc -I/Users/admin/builder/spi-builder-workspace/.dependencies/checkouts/swift-nio-extras/Sources/CNIOExtrasZlib/include -Xcc -I/Users/admin/builder/spi-builder-workspace/.dependencies/checkouts/swift-numerics/Sources/_NumericsShims/include -Xcc -I/Users/admin/builder/spi-builder-workspace/.dependencies/checkouts/async-http-client/Sources/CAsyncHTTPClient/include -Xcc -I/Users/admin/builder/spi-builder-workspace/.dependencies/checkouts/swift-crypto/Sources/CCryptoBoringSSLShims/include -Xcc -I/Users/admin/builder/spi-builder-workspace/.dependencies/checkouts/swift-crypto/Sources/CCryptoBoringSSL/include -Xcc -I/Users/admin/builder/spi-builder-workspace/.dependencies/checkouts/swift-system/Sources/CSystem/include -Xcc -I/Users/admin/builder/spi-builder-workspace/.dependencies/checkouts/swift-atomics/Sources/_AtomicsShims/include -Xcc -I/Users/admin/builder/spi-builder-workspace/.dependencies/checkouts/swift-nio/Sources/CNIOLLHTTP/include -Xcc -I/Users/admin/builder/spi-builder-workspace/.dependencies/checkouts/swift-nio/Sources/CNIOPosix/include -Xcc -I/Users/admin/builder/spi-builder-workspace/.dependencies/checkouts/swift-nio/Sources/CNIOWASI/include -Xcc -I/Users/admin/builder/spi-builder-workspace/.dependencies/checkouts/swift-nio/Sources/CNIOWindows/include -Xcc -I/Users/admin/builder/spi-builder-workspace/.dependencies/checkouts/swift-nio/Sources/CNIOLinux/include -Xcc -I/Users/admin/builder/spi-builder-workspace/.dependencies/checkouts/swift-nio/Sources/CNIODarwin/include -Xcc -I/Users/admin/builder/spi-builder-workspace/.dependencies/checkouts/swift-nio/Sources/CNIOFreeBSD/include -Xcc -I/Users/admin/builder/spi-builder-workspace/.dependencies/checkouts/swift-nio/Sources/CNIOOpenBSD/include -Xcc -I/Users/admin/builder/spi-builder-workspace/.dependencies/checkouts/swift-nio/Sources/CNIOAtomics/include -Xcc -I/Users/admin/builder/spi-builder-workspace/.derivedData/Build/Products/Debug-watchos/include -Xcc -I/Users/admin/builder/spi-builder-workspace/.derivedData/Build/Intermediates.noindex/GoogleAuth.build/Debug-watchos/GoogleAuth-t.build/DerivedSources-normal/arm64_32 -Xcc -I/Users/admin/builder/spi-builder-workspace/.derivedData/Build/Intermediates.noindex/GoogleAuth.build/Debug-watchos/GoogleAuth-t.build/DerivedSources/arm64_32 -Xcc -I/Users/admin/builder/spi-builder-workspace/.derivedData/Build/Intermediates.noindex/GoogleAuth.build/Debug-watchos/GoogleAuth-t.build/DerivedSources -Xcc -DSWIFT_PACKAGE -Xcc -DDEBUG\=1 -emit-objc-header -emit-objc-header-path /Users/admin/builder/spi-builder-workspace/.derivedData/Build/Intermediates.noindex/GoogleAuth.build/Debug-watchos/GoogleAuth-t.build/Objects-normal/arm64_32/GoogleAuth-Swift.h -working-directory /Users/admin/builder/spi-builder-workspace/.swiftpm/xcode -experimental-emit-module-separately -disable-cmo
SwiftDriver AsyncHTTPClient normal arm64_32 com.apple.xcode.tools.swift.compiler (in target 'AsyncHTTPClient' from project 'async-http-client')
    cd /Users/admin/builder/spi-builder-workspace/.swiftpm/xcode
    builtin-SwiftDriver -- /Applications/Xcode-27.0.0.app/Contents/Developer/Toolchains/XcodeDefault.xctoolchain/usr/bin/swiftc -parse-as-library -module-name AsyncHTTPClient -Onone @/Users/admin/builder/spi-builder-workspace/.derivedData/Build/Intermediates.noindex/async-http-client.build/Debug-watchos/AsyncHTTPClient-t.build/Objects-normal/arm64_32/AsyncHTTPClient.SwiftFileList -DSWIFT_PACKAGE -DDEBUG -DSWIFT_MODULE_RESOURCE_BUNDLE_UNAVAILABLE -Xcc -fmodule-map-file\=/Users/admin/builder/spi-builder-workspace/.derivedData/Build/Intermediates.noindex/GeneratedModuleMaps-watchos/CNIOLLHTTP.modulemap -Xcc -fmodule-map-file\=/Users/admin/builder/spi-builder-workspace/.derivedData/Build/Intermediates.noindex/GeneratedModuleMaps-watchos/CNIOBoringSSLShims.modulemap -Xcc -fmodule-map-file\=/Users/admin/builder/spi-builder-workspace/.dependencies/checkouts/swift-nio-ssl/Sources/CNIOBoringSSL/include/module.modulemap -Xcc -fmodule-map-file\=/Users/admin/builder/spi-builder-workspace/.derivedData/Build/Intermediates.noindex/GeneratedModuleMaps-watchos/CNIOExtrasZlib.modulemap -Xcc -fmodule-map-file\=/Users/admin/builder/spi-builder-workspace/.derivedData/Build/Intermediates.noindex/GeneratedModuleMaps-watchos/CNIOPosix.modulemap -Xcc -fmodule-map-file\=/Users/admin/builder/spi-builder-workspace/.derivedData/Build/Intermediates.noindex/GeneratedModuleMaps-watchos/CNIOWASI.modulemap -Xcc -fmodule-map-file\=/Users/admin/builder/spi-builder-workspace/.dependencies/checkouts/swift-nio/Sources/CNIOWindows/include/module.modulemap -Xcc -fmodule-map-file\=/Users/admin/builder/spi-builder-workspace/.derivedData/Build/Intermediates.noindex/GeneratedModuleMaps-watchos/CNIOLinux.modulemap -Xcc -fmodule-map-file\=/Users/admin/builder/spi-builder-workspace/.derivedData/Build/Intermediates.noindex/GeneratedModuleMaps-watchos/CNIODarwin.modulemap -Xcc -fmodule-map-file\=/Users/admin/builder/spi-builder-workspace/.derivedData/Build/Intermediates.noindex/GeneratedModuleMaps-watchos/CNIOFreeBSD.modulemap -Xcc -fmodule-map-file\=/Users/admin/builder/spi-builder-workspace/.derivedData/Build/Intermediates.noindex/GeneratedModuleMaps-watchos/CNIOOpenBSD.modulemap -Xcc -fmodule-map-file\=/Users/admin/builder/spi-builder-workspace/.derivedData/Build/Intermediates.noindex/GeneratedModuleMaps-watchos/CNIOAtomics.modulemap -Xcc -fmodule-map-file\=/Users/admin/builder/spi-builder-workspace/.dependencies/checkouts/swift-atomics/Sources/_AtomicsShims/include/module.modulemap -Xcc -fmodule-map-file\=/Users/admin/builder/spi-builder-workspace/.dependencies/checkouts/swift-numerics/Sources/_NumericsShims/include/module.modulemap -Xcc -fmodule-map-file\=/Users/admin/builder/spi-builder-workspace/.dependencies/checkouts/swift-system/Sources/CSystem/include/module.modulemap -Xcc -fmodule-map-file\=/Users/admin/builder/spi-builder-workspace/.derivedData/Build/Intermediates.noindex/GeneratedModuleMaps-watchos/CAsyncHTTPClient.modulemap -DXcode -enable-upcoming-feature MemberImportVisibility -plugin-path /Applications/Xcode-27.0.0.app/Contents/Developer/Toolchains/XcodeDefault.xctoolchain/usr/lib/swift/host/plugins/testing -enable-experimental-feature DebugDescriptionMacro -sdk /Applications/Xcode-27.0.0.app/Contents/Developer/Platforms/WatchOS.platform/Developer/SDKs/WatchOS27.0.sdk -target arm64_32-apple-watchos9.0 -g -module-cache-path /Users/admin/builder/spi-builder-workspace/.derivedData/ModuleCache.noindex -Xfrontend -serialize-debugging-options -profile-coverage-mapping -profile-generate -enable-testing -suppress-warnings -index-store-path /Users/admin/builder/spi-builder-workspace/.derivedData/Index.noindex/DataStore -Xcc -D_LIBCPP_HARDENING_MODE\=_LIBCPP_HARDENING_MODE_DEBUG -swift-version 6 -I /Users/admin/builder/spi-builder-workspace/.derivedData/Build/Products/Debug-watchos -Isystem /Applications/Xcode-27.0.0.app/Contents/Developer/Platforms/WatchOS.platform/Developer/usr/lib -F /Users/admin/builder/spi-builder-workspace/.derivedData/Build/Products/Debug-watchos/PackageFrameworks -F /Users/admin/builder/spi-builder-workspace/.derivedData/Build/Products/Debug-watchos -F /Applications/Xcode-27.0.0.app/Contents/Developer/Platforms/WatchOS.platform/Developer/Library/Frameworks -F /Applications/Xcode-27.0.0.app/Contents/Developer/Platforms/WatchOS.platform/Developer/SDKs/WatchOS27.0.sdk/Developer/Library/Frameworks -c -j10 -enable-batch-mode -incremental -Xcc -ivfsstatcache -Xcc /Users/admin/builder/spi-builder-workspace/.derivedData/SDKStatCaches.noindex/watchos27.0-24R360-e829b21a6f8c9b70876ba0858053c044b9db9bc9c079ee3c7b5f3373b13d10bc.sdkstatcache -output-file-map /Users/admin/builder/spi-builder-workspace/.derivedData/Build/Intermediates.noindex/async-http-client.build/Debug-watchos/AsyncHTTPClient-t.build/Objects-normal/arm64_32/AsyncHTTPClient-OutputFileMap.json -save-temps -no-color-diagnostics -explicit-module-build -module-cache-path /Users/admin/builder/spi-builder-workspace/.derivedData/Build/Intermediates.noindex/SwiftExplicitPrecompiledModules -clang-scanner-module-cache-path /Users/admin/builder/spi-builder-workspace/.derivedData/ModuleCache.noindex -sdk-module-cache-path /Users/admin/builder/spi-builder-workspace/.derivedData/SDKExplicitPrecompiledModules -emit-dependencies -emit-module -emit-module-path /Users/admin/builder/spi-builder-workspace/.derivedData/Build/Intermediates.noindex/async-http-client.build/Debug-watchos/AsyncHTTPClient-t.build/Objects-normal/arm64_32/AsyncHTTPClient.swiftmodule -serialize-diagnostics -dependency-scan-serialize-diagnostics-path /Users/admin/builder/spi-builder-workspace/.derivedData/Build/Intermediates.noindex/async-http-client.build/Debug-watchos/AsyncHTTPClient-t.build/Objects-normal/arm64_32/AsyncHTTPClient-dependency-scan.dia -user-module-version 1.36.2 -validate-clang-modules-once -clang-build-session-file /Users/admin/builder/spi-builder-workspace/.derivedData/ModuleCache.noindex/Session.modulevalidation -Xcc -fmodules-prune-interval\=86400 -Xcc -fmodules-prune-after\=345600 -package-name async_http_client -emit-const-values -const-gather-protocols-list /Users/admin/builder/spi-builder-workspace/.derivedData/Build/Intermediates.noindex/async-http-client.build/Debug-watchos/AsyncHTTPClient-t.build/Objects-normal/arm64_32/AsyncHTTPClient_const_extract_protocols.json -Xcc -I/Users/admin/builder/spi-builder-workspace/.dependencies/checkouts/swift-nio/Sources/CNIOLLHTTP/include -Xcc -I/Users/admin/builder/spi-builder-workspace/.dependencies/checkouts/swift-nio-ssl/Sources/CNIOBoringSSLShims/include -Xcc -I/Users/admin/builder/spi-builder-workspace/.dependencies/checkouts/swift-nio-ssl/Sources/CNIOBoringSSL/include -Xcc -I/Users/admin/builder/spi-builder-workspace/.dependencies/checkouts/swift-nio-extras/Sources/CNIOExtrasZlib/include -Xcc -I/Users/admin/builder/spi-builder-workspace/.dependencies/checkouts/swift-nio/Sources/CNIOPosix/include -Xcc -I/Users/admin/builder/spi-builder-workspace/.dependencies/checkouts/swift-nio/Sources/CNIOWASI/include -Xcc -I/Users/admin/builder/spi-builder-workspace/.dependencies/checkouts/swift-nio/Sources/CNIOWindows/include -Xcc -I/Users/admin/builder/spi-builder-workspace/.dependencies/checkouts/swift-nio/Sources/CNIOLinux/include -Xcc -I/Users/admin/builder/spi-builder-workspace/.dependencies/checkouts/swift-nio/Sources/CNIODarwin/include -Xcc -I/Users/admin/builder/spi-builder-workspace/.dependencies/checkouts/swift-nio/Sources/CNIOFreeBSD/include -Xcc -I/Users/admin/builder/spi-builder-workspace/.dependencies/checkouts/swift-nio/Sources/CNIOOpenBSD/include -Xcc -I/Users/admin/builder/spi-builder-workspace/.dependencies/checkouts/swift-nio/Sources/CNIOAtomics/include -Xcc -I/Users/admin/builder/spi-builder-workspace/.dependencies/checkouts/swift-atomics/Sources/_AtomicsShims/include -Xcc -I/Users/admin/builder/spi-builder-workspace/.dependencies/checkouts/swift-numerics/Sources/_NumericsShims/include -Xcc -I/Users/admin/builder/spi-builder-workspace/.dependencies/checkouts/swift-system/Sources/CSystem/include -Xcc -I/Users/admin/builder/spi-builder-workspace/.dependencies/checkouts/async-http-client/Sources/CAsyncHTTPClient/include -Xcc -I/Users/admin/builder/spi-builder-workspace/.derivedData/Build/Products/Debug-watchos/include -Xcc -I/Users/admin/builder/spi-builder-workspace/.derivedData/Build/Intermediates.noindex/async-http-client.build/Debug-watchos/AsyncHTTPClient-t.build/DerivedSources-normal/arm64_32 -Xcc -I/Users/admin/builder/spi-builder-workspace/.derivedData/Build/Intermediates.noindex/async-http-client.build/Debug-watchos/AsyncHTTPClient-t.build/DerivedSources/arm64_32 -Xcc -I/Users/admin/builder/spi-builder-workspace/.derivedData/Build/Intermediates.noindex/async-http-client.build/Debug-watchos/AsyncHTTPClient-t.build/DerivedSources -Xcc -DSWIFT_PACKAGE -Xcc -DDEBUG\=1 -emit-objc-header -emit-objc-header-path /Users/admin/builder/spi-builder-workspace/.derivedData/Build/Intermediates.noindex/async-http-client.build/Debug-watchos/AsyncHTTPClient-t.build/Objects-normal/arm64_32/AsyncHTTPClient-Swift.h -working-directory /Users/admin/builder/spi-builder-workspace/.swiftpm/xcode -experimental-emit-module-separately -disable-cmo
SwiftDriver AsyncHTTPClient normal arm64 com.apple.xcode.tools.swift.compiler (in target 'AsyncHTTPClient' from project 'async-http-client')
    cd /Users/admin/builder/spi-builder-workspace/.swiftpm/xcode
    builtin-SwiftDriver -- /Applications/Xcode-27.0.0.app/Contents/Developer/Toolchains/XcodeDefault.xctoolchain/usr/bin/swiftc -parse-as-library -module-name AsyncHTTPClient -Onone @/Users/admin/builder/spi-builder-workspace/.derivedData/Build/Intermediates.noindex/async-http-client.build/Debug-watchos/AsyncHTTPClient-t.build/Objects-normal/arm64/AsyncHTTPClient.SwiftFileList -DSWIFT_PACKAGE -DDEBUG -DSWIFT_MODULE_RESOURCE_BUNDLE_UNAVAILABLE -Xcc -fmodule-map-file\=/Users/admin/builder/spi-builder-workspace/.derivedData/Build/Intermediates.noindex/GeneratedModuleMaps-watchos/CNIOLLHTTP.modulemap -Xcc -fmodule-map-file\=/Users/admin/builder/spi-builder-workspace/.derivedData/Build/Intermediates.noindex/GeneratedModuleMaps-watchos/CNIOBoringSSLShims.modulemap -Xcc -fmodule-map-file\=/Users/admin/builder/spi-builder-workspace/.dependencies/checkouts/swift-nio-ssl/Sources/CNIOBoringSSL/include/module.modulemap -Xcc -fmodule-map-file\=/Users/admin/builder/spi-builder-workspace/.derivedData/Build/Intermediates.noindex/GeneratedModuleMaps-watchos/CNIOExtrasZlib.modulemap -Xcc -fmodule-map-file\=/Users/admin/builder/spi-builder-workspace/.derivedData/Build/Intermediates.noindex/GeneratedModuleMaps-watchos/CNIOPosix.modulemap -Xcc -fmodule-map-file\=/Users/admin/builder/spi-builder-workspace/.derivedData/Build/Intermediates.noindex/GeneratedModuleMaps-watchos/CNIOWASI.modulemap -Xcc -fmodule-map-file\=/Users/admin/builder/spi-builder-workspace/.dependencies/checkouts/swift-nio/Sources/CNIOWindows/include/module.modulemap -Xcc -fmodule-map-file\=/Users/admin/builder/spi-builder-workspace/.derivedData/Build/Intermediates.noindex/GeneratedModuleMaps-watchos/CNIOLinux.modulemap -Xcc -fmodule-map-file\=/Users/admin/builder/spi-builder-workspace/.derivedData/Build/Intermediates.noindex/GeneratedModuleMaps-watchos/CNIODarwin.modulemap -Xcc -fmodule-map-file\=/Users/admin/builder/spi-builder-workspace/.derivedData/Build/Intermediates.noindex/GeneratedModuleMaps-watchos/CNIOFreeBSD.modulemap -Xcc -fmodule-map-file\=/Users/admin/builder/spi-builder-workspace/.derivedData/Build/Intermediates.noindex/GeneratedModuleMaps-watchos/CNIOOpenBSD.modulemap -Xcc -fmodule-map-file\=/Users/admin/builder/spi-builder-workspace/.derivedData/Build/Intermediates.noindex/GeneratedModuleMaps-watchos/CNIOAtomics.modulemap -Xcc -fmodule-map-file\=/Users/admin/builder/spi-builder-workspace/.dependencies/checkouts/swift-atomics/Sources/_AtomicsShims/include/module.modulemap -Xcc -fmodule-map-file\=/Users/admin/builder/spi-builder-workspace/.dependencies/checkouts/swift-numerics/Sources/_NumericsShims/include/module.modulemap -Xcc -fmodule-map-file\=/Users/admin/builder/spi-builder-workspace/.dependencies/checkouts/swift-system/Sources/CSystem/include/module.modulemap -Xcc -fmodule-map-file\=/Users/admin/builder/spi-builder-workspace/.derivedData/Build/Intermediates.noindex/GeneratedModuleMaps-watchos/CAsyncHTTPClient.modulemap -DXcode -enable-upcoming-feature MemberImportVisibility -plugin-path /Applications/Xcode-27.0.0.app/Contents/Developer/Toolchains/XcodeDefault.xctoolchain/usr/lib/swift/host/plugins/testing -enable-experimental-feature DebugDescriptionMacro -sdk /Applications/Xcode-27.0.0.app/Contents/Developer/Platforms/WatchOS.platform/Developer/SDKs/WatchOS27.0.sdk -target arm64-apple-watchos9.0 -g -module-cache-path /Users/admin/builder/spi-builder-workspace/.derivedData/ModuleCache.noindex -Xfrontend -serialize-debugging-options -profile-coverage-mapping -profile-generate -enable-testing -suppress-warnings -index-store-path /Users/admin/builder/spi-builder-workspace/.derivedData/Index.noindex/DataStore -Xcc -D_LIBCPP_HARDENING_MODE\=_LIBCPP_HARDENING_MODE_DEBUG -swift-version 6 -I /Users/admin/builder/spi-builder-workspace/.derivedData/Build/Products/Debug-watchos -Isystem /Applications/Xcode-27.0.0.app/Contents/Developer/Platforms/WatchOS.platform/Developer/usr/lib -F /Users/admin/builder/spi-builder-workspace/.derivedData/Build/Products/Debug-watchos/PackageFrameworks -F /Users/admin/builder/spi-builder-workspace/.derivedData/Build/Products/Debug-watchos -F /Applications/Xcode-27.0.0.app/Contents/Developer/Platforms/WatchOS.platform/Developer/Library/Frameworks -F /Applications/Xcode-27.0.0.app/Contents/Developer/Platforms/WatchOS.platform/Developer/SDKs/WatchOS27.0.sdk/Developer/Library/Frameworks -c -j10 -enable-batch-mode -incremental -Xcc -ivfsstatcache -Xcc /Users/admin/builder/spi-builder-workspace/.derivedData/SDKStatCaches.noindex/watchos27.0-24R360-e829b21a6f8c9b70876ba0858053c044b9db9bc9c079ee3c7b5f3373b13d10bc.sdkstatcache -output-file-map /Users/admin/builder/spi-builder-workspace/.derivedData/Build/Intermediates.noindex/async-http-client.build/Debug-watchos/AsyncHTTPClient-t.build/Objects-normal/arm64/AsyncHTTPClient-OutputFileMap.json -save-temps -no-color-diagnostics -explicit-module-build -module-cache-path /Users/admin/builder/spi-builder-workspace/.derivedData/Build/Intermediates.noindex/SwiftExplicitPrecompiledModules -clang-scanner-module-cache-path /Users/admin/builder/spi-builder-workspace/.derivedData/ModuleCache.noindex -sdk-module-cache-path /Users/admin/builder/spi-builder-workspace/.derivedData/SDKExplicitPrecompiledModules -emit-dependencies -emit-module -emit-module-path /Users/admin/builder/spi-builder-workspace/.derivedData/Build/Intermediates.noindex/async-http-client.build/Debug-watchos/AsyncHTTPClient-t.build/Objects-normal/arm64/AsyncHTTPClient.swiftmodule -serialize-diagnostics -dependency-scan-serialize-diagnostics-path /Users/admin/builder/spi-builder-workspace/.derivedData/Build/Intermediates.noindex/async-http-client.build/Debug-watchos/AsyncHTTPClient-t.build/Objects-normal/arm64/AsyncHTTPClient-dependency-scan.dia -user-module-version 1.36.2 -validate-clang-modules-once -clang-build-session-file /Users/admin/builder/spi-builder-workspace/.derivedData/ModuleCache.noindex/Session.modulevalidation -Xcc -fmodules-prune-interval\=86400 -Xcc -fmodules-prune-after\=345600 -package-name async_http_client -emit-const-values -const-gather-protocols-list /Users/admin/builder/spi-builder-workspace/.derivedData/Build/Intermediates.noindex/async-http-client.build/Debug-watchos/AsyncHTTPClient-t.build/Objects-normal/arm64/AsyncHTTPClient_const_extract_protocols.json -Xcc -I/Users/admin/builder/spi-builder-workspace/.dependencies/checkouts/swift-nio/Sources/CNIOLLHTTP/include -Xcc -I/Users/admin/builder/spi-builder-workspace/.dependencies/checkouts/swift-nio-ssl/Sources/CNIOBoringSSLShims/include -Xcc -I/Users/admin/builder/spi-builder-workspace/.dependencies/checkouts/swift-nio-ssl/Sources/CNIOBoringSSL/include -Xcc -I/Users/admin/builder/spi-builder-workspace/.dependencies/checkouts/swift-nio-extras/Sources/CNIOExtrasZlib/include -Xcc -I/Users/admin/builder/spi-builder-workspace/.dependencies/checkouts/swift-nio/Sources/CNIOPosix/include -Xcc -I/Users/admin/builder/spi-builder-workspace/.dependencies/checkouts/swift-nio/Sources/CNIOWASI/include -Xcc -I/Users/admin/builder/spi-builder-workspace/.dependencies/checkouts/swift-nio/Sources/CNIOWindows/include -Xcc -I/Users/admin/builder/spi-builder-workspace/.dependencies/checkouts/swift-nio/Sources/CNIOLinux/include -Xcc -I/Users/admin/builder/spi-builder-workspace/.dependencies/checkouts/swift-nio/Sources/CNIODarwin/include -Xcc -I/Users/admin/builder/spi-builder-workspace/.dependencies/checkouts/swift-nio/Sources/CNIOFreeBSD/include -Xcc -I/Users/admin/builder/spi-builder-workspace/.dependencies/checkouts/swift-nio/Sources/CNIOOpenBSD/include -Xcc -I/Users/admin/builder/spi-builder-workspace/.dependencies/checkouts/swift-nio/Sources/CNIOAtomics/include -Xcc -I/Users/admin/builder/spi-builder-workspace/.dependencies/checkouts/swift-atomics/Sources/_AtomicsShims/include -Xcc -I/Users/admin/builder/spi-builder-workspace/.dependencies/checkouts/swift-numerics/Sources/_NumericsShims/include -Xcc -I/Users/admin/builder/spi-builder-workspace/.dependencies/checkouts/swift-system/Sources/CSystem/include -Xcc -I/Users/admin/builder/spi-builder-workspace/.dependencies/checkouts/async-http-client/Sources/CAsyncHTTPClient/include -Xcc -I/Users/admin/builder/spi-builder-workspace/.derivedData/Build/Products/Debug-watchos/include -Xcc -I/Users/admin/builder/spi-builder-workspace/.derivedData/Build/Intermediates.noindex/async-http-client.build/Debug-watchos/AsyncHTTPClient-t.build/DerivedSources-normal/arm64 -Xcc -I/Users/admin/builder/spi-builder-workspace/.derivedData/Build/Intermediates.noindex/async-http-client.build/Debug-watchos/AsyncHTTPClient-t.build/DerivedSources/arm64 -Xcc -I/Users/admin/builder/spi-builder-workspace/.derivedData/Build/Intermediates.noindex/async-http-client.build/Debug-watchos/AsyncHTTPClient-t.build/DerivedSources -Xcc -DSWIFT_PACKAGE -Xcc -DDEBUG\=1 -emit-objc-header -emit-objc-header-path /Users/admin/builder/spi-builder-workspace/.derivedData/Build/Intermediates.noindex/async-http-client.build/Debug-watchos/AsyncHTTPClient-t.build/Objects-normal/arm64/AsyncHTTPClient-Swift.h -working-directory /Users/admin/builder/spi-builder-workspace/.swiftpm/xcode -experimental-emit-module-separately -disable-cmo
SwiftDriver GoogleAuth normal arm64 com.apple.xcode.tools.swift.compiler (in target 'GoogleAuth' from project 'GoogleAuth')
    cd /Users/admin/builder/spi-builder-workspace/.swiftpm/xcode
    builtin-SwiftDriver -- /Applications/Xcode-27.0.0.app/Contents/Developer/Toolchains/XcodeDefault.xctoolchain/usr/bin/swiftc -parse-as-library -module-name GoogleAuth -Onone @/Users/admin/builder/spi-builder-workspace/.derivedData/Build/Intermediates.noindex/GoogleAuth.build/Debug-watchos/GoogleAuth-t.build/Objects-normal/arm64/GoogleAuth.SwiftFileList -DSWIFT_PACKAGE -DDEBUG -DSWIFT_MODULE_RESOURCE_BUNDLE_UNAVAILABLE -Xcc -fmodule-map-file\=/Users/admin/builder/spi-builder-workspace/.derivedData/Build/Intermediates.noindex/GeneratedModuleMaps-watchos/CNIOBoringSSLShims.modulemap -Xcc -fmodule-map-file\=/Users/admin/builder/spi-builder-workspace/.dependencies/checkouts/swift-nio-ssl/Sources/CNIOBoringSSL/include/module.modulemap -Xcc -fmodule-map-file\=/Users/admin/builder/spi-builder-workspace/.derivedData/Build/Intermediates.noindex/GeneratedModuleMaps-watchos/CNIOExtrasZlib.modulemap -Xcc -fmodule-map-file\=/Users/admin/builder/spi-builder-workspace/.dependencies/checkouts/swift-numerics/Sources/_NumericsShims/include/module.modulemap -Xcc -fmodule-map-file\=/Users/admin/builder/spi-builder-workspace/.derivedData/Build/Intermediates.noindex/GeneratedModuleMaps-watchos/CAsyncHTTPClient.modulemap -Xcc -fmodule-map-file\=/Users/admin/builder/spi-builder-workspace/.dependencies/checkouts/swift-crypto/Sources/CCryptoBoringSSLShims/include/module.modulemap -Xcc -fmodule-map-file\=/Users/admin/builder/spi-builder-workspace/.dependencies/checkouts/swift-crypto/Sources/CCryptoBoringSSL/include/module.modulemap -Xcc -fmodule-map-file\=/Users/admin/builder/spi-builder-workspace/.dependencies/checkouts/swift-system/Sources/CSystem/include/module.modulemap -Xcc -fmodule-map-file\=/Users/admin/builder/spi-builder-workspace/.dependencies/checkouts/swift-atomics/Sources/_AtomicsShims/include/module.modulemap -Xcc -fmodule-map-file\=/Users/admin/builder/spi-builder-workspace/.derivedData/Build/Intermediates.noindex/GeneratedModuleMaps-watchos/CNIOLLHTTP.modulemap -Xcc -fmodule-map-file\=/Users/admin/builder/spi-builder-workspace/.derivedData/Build/Intermediates.noindex/GeneratedModuleMaps-watchos/CNIOPosix.modulemap -Xcc -fmodule-map-file\=/Users/admin/builder/spi-builder-workspace/.derivedData/Build/Intermediates.noindex/GeneratedModuleMaps-watchos/CNIOWASI.modulemap -Xcc -fmodule-map-file\=/Users/admin/builder/spi-builder-workspace/.dependencies/checkouts/swift-nio/Sources/CNIOWindows/include/module.modulemap -Xcc -fmodule-map-file\=/Users/admin/builder/spi-builder-workspace/.derivedData/Build/Intermediates.noindex/GeneratedModuleMaps-watchos/CNIOLinux.modulemap -Xcc -fmodule-map-file\=/Users/admin/builder/spi-builder-workspace/.derivedData/Build/Intermediates.noindex/GeneratedModuleMaps-watchos/CNIODarwin.modulemap -Xcc -fmodule-map-file\=/Users/admin/builder/spi-builder-workspace/.derivedData/Build/Intermediates.noindex/GeneratedModuleMaps-watchos/CNIOFreeBSD.modulemap -Xcc -fmodule-map-file\=/Users/admin/builder/spi-builder-workspace/.derivedData/Build/Intermediates.noindex/GeneratedModuleMaps-watchos/CNIOOpenBSD.modulemap -Xcc -fmodule-map-file\=/Users/admin/builder/spi-builder-workspace/.derivedData/Build/Intermediates.noindex/GeneratedModuleMaps-watchos/CNIOAtomics.modulemap -DXcode -enable-upcoming-feature ExistentialAny -enable-upcoming-feature InternalImportsByDefault -enable-upcoming-feature MemberImportVisibility -enable-upcoming-feature NonisolatedNonsendingByDefault -strict-memory-safety -plugin-path /Applications/Xcode-27.0.0.app/Contents/Developer/Toolchains/XcodeDefault.xctoolchain/usr/lib/swift/host/plugins/testing -enable-experimental-feature DebugDescriptionMacro -sdk /Applications/Xcode-27.0.0.app/Contents/Developer/Platforms/WatchOS.platform/Developer/SDKs/WatchOS27.0.sdk -target arm64-apple-watchos9.0 -g -module-cache-path /Users/admin/builder/spi-builder-workspace/.derivedData/ModuleCache.noindex -Xfrontend -serialize-debugging-options -profile-coverage-mapping -profile-generate -enable-testing -index-store-path /Users/admin/builder/spi-builder-workspace/.derivedData/Index.noindex/DataStore -Xcc -D_LIBCPP_HARDENING_MODE\=_LIBCPP_HARDENING_MODE_DEBUG -swift-version 6 -I /Users/admin/builder/spi-builder-workspace/.derivedData/Build/Products/Debug-watchos -Isystem /Applications/Xcode-27.0.0.app/Contents/Developer/Platforms/WatchOS.platform/Developer/usr/lib -F /Users/admin/builder/spi-builder-workspace/.derivedData/Build/Products/Debug-watchos/PackageFrameworks -F /Users/admin/builder/spi-builder-workspace/.derivedData/Build/Products/Debug-watchos -F /Applications/Xcode-27.0.0.app/Contents/Developer/Platforms/WatchOS.platform/Developer/Library/Frameworks -F /Applications/Xcode-27.0.0.app/Contents/Developer/Platforms/WatchOS.platform/Developer/SDKs/WatchOS27.0.sdk/Developer/Library/Frameworks -c -j10 -enable-batch-mode -incremental -Xcc -ivfsstatcache -Xcc /Users/admin/builder/spi-builder-workspace/.derivedData/SDKStatCaches.noindex/watchos27.0-24R360-e829b21a6f8c9b70876ba0858053c044b9db9bc9c079ee3c7b5f3373b13d10bc.sdkstatcache -output-file-map /Users/admin/builder/spi-builder-workspace/.derivedData/Build/Intermediates.noindex/GoogleAuth.build/Debug-watchos/GoogleAuth-t.build/Objects-normal/arm64/GoogleAuth-OutputFileMap.json -save-temps -no-color-diagnostics -explicit-module-build -module-cache-path /Users/admin/builder/spi-builder-workspace/.derivedData/Build/Intermediates.noindex/SwiftExplicitPrecompiledModules -clang-scanner-module-cache-path /Users/admin/builder/spi-builder-workspace/.derivedData/ModuleCache.noindex -sdk-module-cache-path /Users/admin/builder/spi-builder-workspace/.derivedData/SDKExplicitPrecompiledModules -emit-dependencies -emit-module -emit-module-path /Users/admin/builder/spi-builder-workspace/.derivedData/Build/Intermediates.noindex/GoogleAuth.build/Debug-watchos/GoogleAuth-t.build/Objects-normal/arm64/GoogleAuth.swiftmodule -serialize-diagnostics -dependency-scan-serialize-diagnostics-path /Users/admin/builder/spi-builder-workspace/.derivedData/Build/Intermediates.noindex/GoogleAuth.build/Debug-watchos/GoogleAuth-t.build/Objects-normal/arm64/GoogleAuth-dependency-scan.dia -validate-clang-modules-once -clang-build-session-file /Users/admin/builder/spi-builder-workspace/.derivedData/ModuleCache.noindex/Session.modulevalidation -Xcc -fmodules-prune-interval\=86400 -Xcc -fmodules-prune-after\=345600 -package-name spi_builder_workspace -emit-const-values -const-gather-protocols-list /Users/admin/builder/spi-builder-workspace/.derivedData/Build/Intermediates.noindex/GoogleAuth.build/Debug-watchos/GoogleAuth-t.build/Objects-normal/arm64/GoogleAuth_const_extract_protocols.json -Xcc -I/Users/admin/builder/spi-builder-workspace/.dependencies/checkouts/swift-nio-ssl/Sources/CNIOBoringSSLShims/include -Xcc -I/Users/admin/builder/spi-builder-workspace/.dependencies/checkouts/swift-nio-ssl/Sources/CNIOBoringSSL/include -Xcc -I/Users/admin/builder/spi-builder-workspace/.dependencies/checkouts/swift-nio-extras/Sources/CNIOExtrasZlib/include -Xcc -I/Users/admin/builder/spi-builder-workspace/.dependencies/checkouts/swift-numerics/Sources/_NumericsShims/include -Xcc -I/Users/admin/builder/spi-builder-workspace/.dependencies/checkouts/async-http-client/Sources/CAsyncHTTPClient/include -Xcc -I/Users/admin/builder/spi-builder-workspace/.dependencies/checkouts/swift-crypto/Sources/CCryptoBoringSSLShims/include -Xcc -I/Users/admin/builder/spi-builder-workspace/.dependencies/checkouts/swift-crypto/Sources/CCryptoBoringSSL/include -Xcc -I/Users/admin/builder/spi-builder-workspace/.dependencies/checkouts/swift-system/Sources/CSystem/include -Xcc -I/Users/admin/builder/spi-builder-workspace/.dependencies/checkouts/swift-atomics/Sources/_AtomicsShims/include -Xcc -I/Users/admin/builder/spi-builder-workspace/.dependencies/checkouts/swift-nio/Sources/CNIOLLHTTP/include -Xcc -I/Users/admin/builder/spi-builder-workspace/.dependencies/checkouts/swift-nio/Sources/CNIOPosix/include -Xcc -I/Users/admin/builder/spi-builder-workspace/.dependencies/checkouts/swift-nio/Sources/CNIOWASI/include -Xcc -I/Users/admin/builder/spi-builder-workspace/.dependencies/checkouts/swift-nio/Sources/CNIOWindows/include -Xcc -I/Users/admin/builder/spi-builder-workspace/.dependencies/checkouts/swift-nio/Sources/CNIOLinux/include -Xcc -I/Users/admin/builder/spi-builder-workspace/.dependencies/checkouts/swift-nio/Sources/CNIODarwin/include -Xcc -I/Users/admin/builder/spi-builder-workspace/.dependencies/checkouts/swift-nio/Sources/CNIOFreeBSD/include -Xcc -I/Users/admin/builder/spi-builder-workspace/.dependencies/checkouts/swift-nio/Sources/CNIOOpenBSD/include -Xcc -I/Users/admin/builder/spi-builder-workspace/.dependencies/checkouts/swift-nio/Sources/CNIOAtomics/include -Xcc -I/Users/admin/builder/spi-builder-workspace/.derivedData/Build/Products/Debug-watchos/include -Xcc -I/Users/admin/builder/spi-builder-workspace/.derivedData/Build/Intermediates.noindex/GoogleAuth.build/Debug-watchos/GoogleAuth-t.build/DerivedSources-normal/arm64 -Xcc -I/Users/admin/builder/spi-builder-workspace/.derivedData/Build/Intermediates.noindex/GoogleAuth.build/Debug-watchos/GoogleAuth-t.build/DerivedSources/arm64 -Xcc -I/Users/admin/builder/spi-builder-workspace/.derivedData/Build/Intermediates.noindex/GoogleAuth.build/Debug-watchos/GoogleAuth-t.build/DerivedSources -Xcc -DSWIFT_PACKAGE -Xcc -DDEBUG\=1 -emit-objc-header -emit-objc-header-path /Users/admin/builder/spi-builder-workspace/.derivedData/Build/Intermediates.noindex/GoogleAuth.build/Debug-watchos/GoogleAuth-t.build/Objects-normal/arm64/GoogleAuth-Swift.h -working-directory /Users/admin/builder/spi-builder-workspace/.swiftpm/xcode -experimental-emit-module-separately -disable-cmo
Ld /Users/admin/builder/spi-builder-workspace/.derivedData/Build/Intermediates.noindex/swift-nio-http2.build/Debug-watchos/NIOHTTP2-t.build/Objects-normal/arm64/Binary/NIOHTTP2.o normal arm64 (in target 'NIOHTTP2' from project 'swift-nio-http2')
    cd /Users/admin/builder/spi-builder-workspace/.dependencies/checkouts/swift-nio-http2
    /Applications/Xcode-27.0.0.app/Contents/Developer/Toolchains/XcodeDefault.xctoolchain/usr/bin/clang -Xlinker -reproducible -target arm64-apple-watchos9.0 -r -isysroot /Applications/Xcode-27.0.0.app/Contents/Developer/Platforms/WatchOS.platform/Developer/SDKs/WatchOS27.0.sdk -O0 -w -Xlinker -no_warn_duplicate_libraries -F/Users/admin/builder/spi-builder-workspace/.derivedData/Build/Intermediates.noindex/EagerLinkingTBDs/Debug-watchos -F/Users/admin/builder/spi-builder-workspace/.derivedData/Build/Products/Debug-watchos/PackageFrameworks -F/Users/admin/builder/spi-builder-workspace/.derivedData/Build/Products/Debug-watchos -iframework /Applications/Xcode-27.0.0.app/Contents/Developer/Platforms/WatchOS.platform/Developer/Library/Frameworks -iframework /Applications/Xcode-27.0.0.app/Contents/Developer/Platforms/WatchOS.platform/Developer/SDKs/WatchOS27.0.sdk/Developer/Library/Frameworks -filelist /Users/admin/builder/spi-builder-workspace/.derivedData/Build/Intermediates.noindex/swift-nio-http2.build/Debug-watchos/NIOHTTP2-t.build/Objects-normal/arm64/NIOHTTP2.LinkFileList -nostdlib -Xlinker -object_path_lto -Xlinker /Users/admin/builder/spi-builder-workspace/.derivedData/Build/Intermediates.noindex/swift-nio-http2.build/Debug-watchos/NIOHTTP2-t.build/Objects-normal/arm64/NIOHTTP2_lto.o -Xlinker -no_deduplicate -Xlinker -debug_variant -Xlinker -dependency_info -Xlinker /Users/admin/builder/spi-builder-workspace/.derivedData/Build/Intermediates.noindex/swift-nio-http2.build/Debug-watchos/NIOHTTP2-t.build/Objects-normal/arm64/NIOHTTP2_dependency_info.dat -fobjc-link-runtime -L/Applications/Xcode-27.0.0.app/Contents/Developer/Toolchains/XcodeDefault.xctoolchain/usr/lib/swift/watchos -L/usr/lib/swift -Xlinker -add_ast_path -Xlinker /Users/admin/builder/spi-builder-workspace/.derivedData/Build/Intermediates.noindex/swift-nio-http2.build/Debug-watchos/NIOHTTP2-t.build/Objects-normal/arm64/NIOHTTP2.swiftmodule -o /Users/admin/builder/spi-builder-workspace/.derivedData/Build/Intermediates.noindex/swift-nio-http2.build/Debug-watchos/NIOHTTP2-t.build/Objects-normal/arm64/Binary/NIOHTTP2.o
Ld /Users/admin/builder/spi-builder-workspace/.derivedData/Build/Intermediates.noindex/swift-nio-http2.build/Debug-watchos/NIOHTTP2-t.build/Objects-normal/arm64_32/Binary/NIOHTTP2.o normal arm64_32 (in target 'NIOHTTP2' from project 'swift-nio-http2')
    cd /Users/admin/builder/spi-builder-workspace/.dependencies/checkouts/swift-nio-http2
    /Applications/Xcode-27.0.0.app/Contents/Developer/Toolchains/XcodeDefault.xctoolchain/usr/bin/clang -Xlinker -reproducible -target arm64_32-apple-watchos9.0 -r -isysroot /Applications/Xcode-27.0.0.app/Contents/Developer/Platforms/WatchOS.platform/Developer/SDKs/WatchOS27.0.sdk -O0 -w -Xlinker -no_warn_duplicate_libraries -F/Users/admin/builder/spi-builder-workspace/.derivedData/Build/Intermediates.noindex/EagerLinkingTBDs/Debug-watchos -F/Users/admin/builder/spi-builder-workspace/.derivedData/Build/Products/Debug-watchos/PackageFrameworks -F/Users/admin/builder/spi-builder-workspace/.derivedData/Build/Products/Debug-watchos -iframework /Applications/Xcode-27.0.0.app/Contents/Developer/Platforms/WatchOS.platform/Developer/Library/Frameworks -iframework /Applications/Xcode-27.0.0.app/Contents/Developer/Platforms/WatchOS.platform/Developer/SDKs/WatchOS27.0.sdk/Developer/Library/Frameworks -filelist /Users/admin/builder/spi-builder-workspace/.derivedData/Build/Intermediates.noindex/swift-nio-http2.build/Debug-watchos/NIOHTTP2-t.build/Objects-normal/arm64_32/NIOHTTP2.LinkFileList -nostdlib -Xlinker -object_path_lto -Xlinker /Users/admin/builder/spi-builder-workspace/.derivedData/Build/Intermediates.noindex/swift-nio-http2.build/Debug-watchos/NIOHTTP2-t.build/Objects-normal/arm64_32/NIOHTTP2_lto.o -Xlinker -no_deduplicate -Xlinker -debug_variant -Xlinker -dependency_info -Xlinker /Users/admin/builder/spi-builder-workspace/.derivedData/Build/Intermediates.noindex/swift-nio-http2.build/Debug-watchos/NIOHTTP2-t.build/Objects-normal/arm64_32/NIOHTTP2_dependency_info.dat -fobjc-link-runtime -L/Applications/Xcode-27.0.0.app/Contents/Developer/Toolchains/XcodeDefault.xctoolchain/usr/lib/swift/watchos -L/usr/lib/swift -Xlinker -add_ast_path -Xlinker /Users/admin/builder/spi-builder-workspace/.derivedData/Build/Intermediates.noindex/swift-nio-http2.build/Debug-watchos/NIOHTTP2-t.build/Objects-normal/arm64_32/NIOHTTP2.swiftmodule -o /Users/admin/builder/spi-builder-workspace/.derivedData/Build/Intermediates.noindex/swift-nio-http2.build/Debug-watchos/NIOHTTP2-t.build/Objects-normal/arm64_32/Binary/NIOHTTP2.o
CreateUniversalBinary /Users/admin/builder/spi-builder-workspace/.derivedData/Build/Products/Debug-watchos/NIOHTTP2.o normal arm64\ arm64_32 (in target 'NIOHTTP2' from project 'swift-nio-http2')
    cd /Users/admin/builder/spi-builder-workspace/.dependencies/checkouts/swift-nio-http2
    /Applications/Xcode-27.0.0.app/Contents/Developer/Toolchains/XcodeDefault.xctoolchain/usr/bin/lipo -create /Users/admin/builder/spi-builder-workspace/.derivedData/Build/Intermediates.noindex/swift-nio-http2.build/Debug-watchos/NIOHTTP2-t.build/Objects-normal/arm64/Binary/NIOHTTP2.o /Users/admin/builder/spi-builder-workspace/.derivedData/Build/Intermediates.noindex/swift-nio-http2.build/Debug-watchos/NIOHTTP2-t.build/Objects-normal/arm64_32/Binary/NIOHTTP2.o -output /Users/admin/builder/spi-builder-workspace/.derivedData/Build/Products/Debug-watchos/NIOHTTP2.o
ExtractAppIntentsMetadata (in target 'NIOHTTP2' from project 'swift-nio-http2')
    cd /Users/admin/builder/spi-builder-workspace/.dependencies/checkouts/swift-nio-http2
    /Applications/Xcode-27.0.0.app/Contents/Developer/Toolchains/XcodeDefault.xctoolchain/usr/bin/appintentsmetadataprocessor --toolchain-dir /var/run/com.apple.security.cryptexd/mnt/com.apple.MobileAsset.MetalToolchain-v27.1.266.1.zsJywq/Metal.xctoolchain --module-name NIOHTTP2 --sdk-root /Applications/Xcode-27.0.0.app/Contents/Developer/Platforms/WatchOS.platform/Developer/SDKs/WatchOS27.0.sdk --xcode-version 27A266a --platform-family watchOS --deployment-target 9.0 --bundle-identifier swift-nio-http2.NIOHTTP2 --output /Users/admin/builder/spi-builder-workspace/.derivedData/Build/Products/Debug-watchos/NIOHTTP2.appintents --target-triple arm64-apple-watchos9.0 --target-triple arm64_32-apple-watchos9.0 --binary-file /Users/admin/builder/spi-builder-workspace/.derivedData/Build/Products/Debug-watchos/NIOHTTP2.o --dependency-file /Users/admin/builder/spi-builder-workspace/.derivedData/Build/Intermediates.noindex/swift-nio-http2.build/Debug-watchos/NIOHTTP2-t.build/Objects-normal/arm64/NIOHTTP2_dependency_info.dat --dependency-file /Users/admin/builder/spi-builder-workspace/.derivedData/Build/Intermediates.noindex/swift-nio-http2.build/Debug-watchos/NIOHTTP2-t.build/Objects-normal/arm64_32/NIOHTTP2_dependency_info.dat --stringsdata-file /Users/admin/builder/spi-builder-workspace/.derivedData/Build/Intermediates.noindex/swift-nio-http2.build/Debug-watchos/NIOHTTP2-t.build/Objects-normal/arm64/ExtractedAppShortcutsMetadata.stringsdata --stringsdata-file /Users/admin/builder/spi-builder-workspace/.derivedData/Build/Intermediates.noindex/swift-nio-http2.build/Debug-watchos/NIOHTTP2-t.build/Objects-normal/arm64_32/ExtractedAppShortcutsMetadata.stringsdata --source-file-list /Users/admin/builder/spi-builder-workspace/.derivedData/Build/Intermediates.noindex/swift-nio-http2.build/Debug-watchos/NIOHTTP2-t.build/Objects-normal/arm64/NIOHTTP2.SwiftFileList --source-file-list /Users/admin/builder/spi-builder-workspace/.derivedData/Build/Intermediates.noindex/swift-nio-http2.build/Debug-watchos/NIOHTTP2-t.build/Objects-normal/arm64_32/NIOHTTP2.SwiftFileList --metadata-file-list /Users/admin/builder/spi-builder-workspace/.derivedData/Build/Intermediates.noindex/swift-nio-http2.build/Debug-watchos/NIOHTTP2-t.build/NIOHTTP2.DependencyMetadataFileList --static-metadata-file-list /Users/admin/builder/spi-builder-workspace/.derivedData/Build/Intermediates.noindex/swift-nio-http2.build/Debug-watchos/NIOHTTP2-t.build/NIOHTTP2.DependencyStaticMetadataFileList --swift-const-vals-list /Users/admin/builder/spi-builder-workspace/.derivedData/Build/Intermediates.noindex/swift-nio-http2.build/Debug-watchos/NIOHTTP2-t.build/Objects-normal/arm64/NIOHTTP2.SwiftConstValuesFileList --swift-const-vals-list /Users/admin/builder/spi-builder-workspace/.derivedData/Build/Intermediates.noindex/swift-nio-http2.build/Debug-watchos/NIOHTTP2-t.build/Objects-normal/arm64_32/NIOHTTP2.SwiftConstValuesFileList --force --compile-time-extraction --deployment-aware-processing --no-app-shortcuts-localization
2026-10-10 23:55:02.047 appintentsmetadataprocessor[6556:20566] Starting appintentsmetadataprocessor export
2026-10-10 23:55:02.115 appintentsmetadataprocessor[6556:20566] Extracted no relevant App Intents symbols, skipping writing output
SwiftEmitModule normal arm64_32 Emitting\ module\ for\ GoogleAuth (in target 'GoogleAuth' from project 'GoogleAuth')
/Users/admin/builder/spi-builder-workspace/Sources/GoogleAuth/CredentialParserRegistry.swift:32:25: error: 'Mutex' is only available in watchOS 11.0 or newer
27 | }
28 |
29 | internal final class CredentialParserRegistry: Sendable {
   |                      `- note: add '@available' attribute to enclosing class
30 |   internal static let shared = CredentialParserRegistry()
31 |
32 |   private let parsers = Mutex<[String: any CredentialSourceParser.Type]>([:])
   |                         `- error: 'Mutex' is only available in watchOS 11.0 or newer
33 |
34 |   private init() {}
SwiftCompile normal arm64_32 (in target 'GoogleAuth' from project 'GoogleAuth')
    cd /Users/admin/builder/spi-builder-workspace/.swiftpm/xcode

SwiftCompile normal arm64_32 Compiling\ CredentialsError.swift,\ AuthHTTPClient.swift,\ AuthHTTPError.swift /Users/admin/builder/spi-builder-workspace/Sources/GoogleAuth/CredentialsError.swift /Users/admin/builder/spi-builder-workspace/Sources/GoogleAuth/Http/AuthHTTPClient.swift /Users/admin/builder/spi-builder-workspace/Sources/GoogleAuth/Http/AuthHTTPError.swift (in target 'GoogleAuth' from project 'GoogleAuth')
/Users/admin/builder/spi-builder-workspace/Sources/GoogleAuth/Http/AuthHTTPClient.swift:157:42: error: 'readUTF8ValidatedString(length:)' is only available in watchOS 11 or newer
 85 | /// Enforces a maximum response size limit to guard against memory exhaustion and provides
 86 | /// standardized error handling and snake_case JSON decoding.
 87 | struct AuthHTTPClient: Sendable {
    |        `- note: add '@available' attribute to enclosing struct
 88 |   /// Maximum permitted HTTP response body size in bytes (1 MB) to guard against memory exhaustion.
 89 |   static let maxResponseSize: Int = 1024 * 1024
    :
142 |   /// - Throws: `AuthHTTPError.unsuccessfulResponse` on non-2xx status, or `AuthHTTPError.decodingError` if invalid UTF-8.
143 |   @concurrent
144 |   func getString(
    |        `- note: add '@available' attribute to enclosing instance method
145 |     url: URL,
146 |     headers: [String: String] = [:]
    :
155 |
156 |       do {
157 |         guard let plainText = try buffer.readUTF8ValidatedString(length: buffer.readableBytes)
    |                                          |- error: 'readUTF8ValidatedString(length:)' is only available in watchOS 11 or newer
    |                                          `- note: add 'if #available' version check
158 |         else {
159 |           throw AuthHTTPError.decodingError(error: AuthHTTPError.invalidUTF8Response)
Failed frontend command:
/Applications/Xcode-27.0.0.app/Contents/Developer/Toolchains/XcodeDefault.xctoolchain/usr/bin/swift-frontend -frontend -c /Users/admin/builder/spi-builder-workspace/Sources/GoogleAuth/ADC.swift /Users/admin/builder/spi-builder-workspace/Sources/GoogleAuth/ADCPath.swift /Users/admin/builder/spi-builder-workspace/Sources/GoogleAuth/ADCResolver.swift /Users/admin/builder/spi-builder-workspace/Sources/GoogleAuth/AuthHeaders.swift /Users/admin/builder/spi-builder-workspace/Sources/GoogleAuth/CredentialParserRegistry.swift /Users/admin/builder/spi-builder-workspace/Sources/GoogleAuth/Credentials.swift -primary-file /Users/admin/builder/spi-builder-workspace/Sources/GoogleAuth/CredentialsError.swift -primary-file /Users/admin/builder/spi-builder-workspace/Sources/GoogleAuth/Http/AuthHTTPClient.swift -primary-file /Users/admin/builder/spi-builder-workspace/Sources/GoogleAuth/Http/AuthHTTPError.swift /Users/admin/builder/spi-builder-workspace/Sources/GoogleAuth/Http/RetryEngine.swift /Users/admin/builder/spi-builder-workspace/Sources/GoogleAuth/Providers/AnonymousCredentials.swift /Users/admin/builder/spi-builder-workspace/Sources/GoogleAuth/Providers/ApiKeyCredentials.swift /Users/admin/builder/spi-builder-workspace/Sources/GoogleAuth/Providers/ExternalAccountCredentials.swift /Users/admin/builder/spi-builder-workspace/Sources/GoogleAuth/Providers/ExternalAccountSources/SubjectTokenProvider.swift /Users/admin/builder/spi-builder-workspace/Sources/GoogleAuth/Providers/MDSAccessTokenProvider.swift /Users/admin/builder/spi-builder-workspace/Sources/GoogleAuth/Providers/MDSCredentials.swift /Users/admin/builder/spi-builder-workspace/Sources/GoogleAuth/Providers/ServiceAccountCredentials.swift /Users/admin/builder/spi-builder-workspace/Sources/GoogleAuth/Providers/ServiceAccountData.swift /Users/admin/builder/spi-builder-workspace/Sources/GoogleAuth/Providers/ServiceAccountTokenProvider.swift /Users/admin/builder/spi-builder-workspace/Sources/GoogleAuth/Providers/UserAccount/UserAccountData.swift /Users/admin/builder/spi-builder-workspace/Sources/GoogleAuth/Providers/UserAccountTokenProvider.swift /Users/admin/builder/spi-builder-workspace/Sources/GoogleAuth/Providers/UserCredentials.swift /Users/admin/builder/spi-builder-workspace/Sources/GoogleAuth/STSHandler.swift /Users/admin/builder/spi-builder-workspace/Sources/GoogleAuth/TokenCache.swift /Users/admin/builder/spi-builder-workspace/Sources/GoogleAuth/generated/PackageVersion.swift -supplementary-output-file-map /Users/admin/builder/spi-builder-workspace/.derivedData/Build/Intermediates.noindex/GoogleAuth.build/Debug-watchos/GoogleAuth-t.build/Objects-normal/arm64_32/supplementaryOutputs-7 -target arm64_32-apple-watchos9.0 -disable-cross-import-overlay-search -load-resolved-plugin /Applications/Xcode-27.0.0.app/Contents/Developer/Platforms/WatchOS.platform/Developer/usr/lib/swift/host/plugins/libFoundationMacros.dylib\#/Applications/Xcode-27.0.0.app/Contents/Developer/Platforms/WatchOS.platform/Developer/usr/bin/swift-plugin-server\#FoundationMacros -load-resolved-plugin /Applications/Xcode-27.0.0.app/Contents/Developer/Platforms/WatchOS.platform/Developer/usr/lib/swift/host/plugins/libObservationMacros.dylib\#/Applications/Xcode-27.0.0.app/Contents/Developer/Platforms/WatchOS.platform/Developer/usr/bin/swift-plugin-server\#ObservationMacros -load-resolved-plugin /Applications/Xcode-27.0.0.app/Contents/Developer/Platforms/WatchOS.platform/Developer/usr/lib/swift/host/plugins/libSwiftMacros.dylib\#/Applications/Xcode-27.0.0.app/Contents/Developer/Platforms/WatchOS.platform/Developer/usr/bin/swift-plugin-server\#SwiftMacros -disable-implicit-swift-modules -Xcc -fno-implicit-modules -Xcc -fno-implicit-module-maps -explicit-swift-module-map-file /Users/admin/builder/spi-builder-workspace/.derivedData/Build/Intermediates.noindex/GoogleAuth.build/Debug-watchos/GoogleAuth-t.build/Objects-normal/arm64_32/GoogleAuth-dependencies-2.json -enable-objc-interop -sdk /Applications/Xcode-27.0.0.app/Contents/Developer/Platforms/WatchOS.platform/Developer/SDKs/WatchOS27.0.sdk -I /Users/admin/builder/spi-builder-workspace/.derivedData/Build/Products/Debug-watchos -Isystem /Applications/Xcode-27.0.0.app/Contents/Developer/Platforms/WatchOS.platform/Developer/usr/lib -F /Users/admin/builder/spi-builder-workspace/.derivedData/Build/Products/Debug-watchos/PackageFrameworks -F /Users/admin/builder/spi-builder-workspace/.derivedData/Build/Products/Debug-watchos -F /Applications/Xcode-27.0.0.app/Contents/Developer/Platforms/WatchOS.platform/Developer/Library/Frameworks -F /Applications/Xcode-27.0.0.app/Contents/Developer/Platforms/WatchOS.platform/Developer/SDKs/WatchOS27.0.sdk/Developer/Library/Frameworks -module-cache-path /Users/admin/builder/spi-builder-workspace/.derivedData/Build/Intermediates.noindex/SwiftExplicitPrecompiledModules -no-color-diagnostics -Xcc -fno-color-diagnostics -enable-testing -g -debug-info-format\=dwarf -dwarf-version\=4 -profile-generate -profile-coverage-mapping -swift-version 6 -Onone -D SWIFT_PACKAGE -D DEBUG -D SWIFT_MODULE_RESOURCE_BUNDLE_UNAVAILABLE -D Xcode -serialize-debugging-options -enable-upcoming-feature ExistentialAny -enable-upcoming-feature InternalImportsByDefault -enable-upcoming-feature MemberImportVisibility -enable-upcoming-feature NonisolatedNonsendingByDefault -enable-experimental-feature DebugDescriptionMacro -strict-memory-safety -empty-abi-descriptor -validate-clang-modules-once -clang-build-session-file /Users/admin/builder/spi-builder-workspace/.derivedData/ModuleCache.noindex/Session.modulevalidation -Xcc -working-directory -Xcc /Users/admin/builder/spi-builder-workspace/.swiftpm/xcode -enable-anonymous-context-mangled-names -file-compilation-dir /Users/admin/builder/spi-builder-workspace/.swiftpm/xcode -Xcc -fmodule-map-file\=/Users/admin/builder/spi-builder-workspace/.derivedData/Build/Intermediates.noindex/GeneratedModuleMaps-watchos/CNIOBoringSSLShims.modulemap -Xcc -fmodule-map-file\=/Users/admin/builder/spi-builder-workspace/.dependencies/checkouts/swift-nio-ssl/Sources/CNIOBoringSSL/include/module.modulemap -Xcc -fmodule-map-file\=/Users/admin/builder/spi-builder-workspace/.derivedData/Build/Intermediates.noindex/GeneratedModuleMaps-watchos/CNIOExtrasZlib.modulemap -Xcc -fmodule-map-file\=/Users/admin/builder/spi-builder-workspace/.dependencies/checkouts/swift-numerics/Sources/_NumericsShims/include/module.modulemap -Xcc -fmodule-map-file\=/Users/admin/builder/spi-builder-workspace/.derivedData/Build/Intermediates.noindex/GeneratedModuleMaps-watchos/CAsyncHTTPClient.modulemap -Xcc -fmodule-map-file\=/Users/admin/builder/spi-builder-workspace/.dependencies/checkouts/swift-crypto/Sources/CCryptoBoringSSLShims/include/module.modulemap -Xcc -fmodule-map-file\=/Users/admin/builder/spi-builder-workspace/.dependencies/checkouts/swift-crypto/Sources/CCryptoBoringSSL/include/module.modulemap -Xcc -fmodule-map-file\=/Users/admin/builder/spi-builder-workspace/.dependencies/checkouts/swift-system/Sources/CSystem/include/module.modulemap -Xcc -fmodule-map-file\=/Users/admin/builder/spi-builder-workspace/.dependencies/checkouts/swift-atomics/Sources/_AtomicsShims/include/module.modulemap -Xcc -fmodule-map-file\=/Users/admin/builder/spi-builder-workspace/.derivedData/Build/Intermediates.noindex/GeneratedModuleMaps-watchos/CNIOLLHTTP.modulemap -Xcc -fmodule-map-file\=/Users/admin/builder/spi-builder-workspace/.derivedData/Build/Intermediates.noindex/GeneratedModuleMaps-watchos/CNIOPosix.modulemap -Xcc -fmodule-map-file\=/Users/admin/builder/spi-builder-workspace/.derivedData/Build/Intermediates.noindex/GeneratedModuleMaps-watchos/CNIOWASI.modulemap -Xcc -fmodule-map-file\=/Users/admin/builder/spi-builder-workspace/.dependencies/checkouts/swift-nio/Sources/CNIOWindows/include/module.modulemap -Xcc -fmodule-map-file\=/Users/admin/builder/spi-builder-workspace/.derivedData/Build/Intermediates.noindex/GeneratedModuleMaps-watchos/CNIOLinux.modulemap -Xcc -fmodule-map-file\=/Users/admin/builder/spi-builder-workspace/.derivedData/Build/Intermediates.noindex/GeneratedModuleMaps-watchos/CNIODarwin.modulemap -Xcc -fmodule-map-file\=/Users/admin/builder/spi-builder-workspace/.derivedData/Build/Intermediates.noindex/GeneratedModuleMaps-watchos/CNIOFreeBSD.modulemap -Xcc -fmodule-map-file\=/Users/admin/builder/spi-builder-workspace/.derivedData/Build/Intermediates.noindex/GeneratedModuleMaps-watchos/CNIOOpenBSD.modulemap -Xcc -fmodule-map-file\=/Users/admin/builder/spi-builder-workspace/.derivedData/Build/Intermediates.noindex/GeneratedModuleMaps-watchos/CNIOAtomics.modulemap -Xcc -D_LIBCPP_HARDENING_MODE\=_LIBCPP_HARDENING_MODE_DEBUG -Xcc -ivfsstatcache -Xcc /Users/admin/builder/spi-builder-workspace/.derivedData/SDKStatCaches.noindex/watchos27.0-24R360-e829b21a6f8c9b70876ba0858053c044b9db9bc9c079ee3c7b5f3373b13d10bc.sdkstatcache -Xcc -fmodules-prune-interval\=86400 -Xcc -fmodules-prune-after\=345600 -Xcc -I/Users/admin/builder/spi-builder-workspace/.dependencies/checkouts/swift-nio-ssl/Sources/CNIOBoringSSLShims/include -Xcc -I/Users/admin/builder/spi-builder-workspace/.dependencies/checkouts/swift-nio-ssl/Sources/CNIOBoringSSL/include -Xcc -I/Users/admin/builder/spi-builder-workspace/.dependencies/checkouts/swift-nio-extras/Sources/CNIOExtrasZlib/include -Xcc -I/Users/admin/builder/spi-builder-workspace/.dependencies/checkouts/swift-numerics/Sources/_NumericsShims/include -Xcc -I/Users/admin/builder/spi-builder-workspace/.dependencies/checkouts/async-http-client/Sources/CAsyncHTTPClient/include -Xcc -I/Users/admin/builder/spi-builder-workspace/.dependencies/checkouts/swift-crypto/Sources/CCryptoBoringSSLShims/include -Xcc -I/Users/admin/builder/spi-builder-workspace/.dependencies/checkouts/swift-crypto/Sources/CCryptoBoringSSL/include -Xcc -I/Users/admin/builder/spi-builder-workspace/.dependencies/checkouts/swift-system/Sources/CSystem/include -Xcc -I/Users/admin/builder/spi-builder-workspace/.dependencies/checkouts/swift-atomics/Sources/_AtomicsShims/include -Xcc -I/Users/admin/builder/spi-builder-workspace/.dependencies/checkouts/swift-nio/Sources/CNIOLLHTTP/include -Xcc -I/Users/admin/builder/spi-builder-workspace/.dependencies/checkouts/swift-nio/Sources/CNIOPosix/include -Xcc -I/Users/admin/builder/spi-builder-workspace/.dependencies/checkouts/swift-nio/Sources/CNIOWASI/include -Xcc -I/Users/admin/builder/spi-builder-workspace/.dependencies/checkouts/swift-nio/Sources/CNIOWindows/include -Xcc -I/Users/admin/builder/spi-builder-workspace/.dependencies/checkouts/swift-nio/Sources/CNIOLinux/include -Xcc -I/Users/admin/builder/spi-builder-workspace/.dependencies/checkouts/swift-nio/Sources/CNIODarwin/include -Xcc -I/Users/admin/builder/spi-builder-workspace/.dependencies/checkouts/swift-nio/Sources/CNIOFreeBSD/include -Xcc -I/Users/admin/builder/spi-builder-workspace/.dependencies/checkouts/swift-nio/Sources/CNIOOpenBSD/include -Xcc -I/Users/admin/builder/spi-builder-workspace/.dependencies/checkouts/swift-nio/Sources/CNIOAtomics/include -Xcc -I/Users/admin/builder/spi-builder-workspace/.derivedData/Build/Products/Debug-watchos/include -Xcc -I/Users/admin/builder/spi-builder-workspace/.derivedData/Build/Intermediates.noindex/GoogleAuth.build/Debug-watchos/GoogleAuth-t.build/DerivedSources-normal/arm64_32 -Xcc -I/Users/admin/builder/spi-builder-workspace/.derivedData/Build/Intermediates.noindex/GoogleAuth.build/Debug-watchos/GoogleAuth-t.build/DerivedSources/arm64_32 -Xcc -I/Users/admin/builder/spi-builder-workspace/.derivedData/Build/Intermediates.noindex/GoogleAuth.build/Debug-watchos/GoogleAuth-t.build/DerivedSources -Xcc -DSWIFT_PACKAGE -Xcc -DDEBUG\=1 -no-auto-bridging-header-chaining -module-name GoogleAuth -package-name spi_builder_workspace -const-gather-protocols-file /Users/admin/builder/spi-builder-workspace/.derivedData/Build/Intermediates.noindex/GoogleAuth.build/Debug-watchos/GoogleAuth-t.build/Objects-normal/arm64_32/GoogleAuth_const_extract_protocols.json -disable-clang-spi -clang-target arm64_32-apple-watchos27.0 -target-sdk-version 27.0 -target-sdk-name watchos27.0 -in-process-plugin-server-path /Applications/Xcode-27.0.0.app/Contents/Developer/Toolchains/XcodeDefault.xctoolchain/usr/lib/swift/host/libSwiftInProcPluginServer.dylib -parse-as-library -o /Users/admin/builder/spi-builder-workspace/.derivedData/Build/Intermediates.noindex/GoogleAuth.build/Debug-watchos/GoogleAuth-t.build/Objects-normal/arm64_32/CredentialsError.o -o /Users/admin/builder/spi-builder-workspace/.derivedData/Build/Intermediates.noindex/GoogleAuth.build/Debug-watchos/GoogleAuth-t.build/Objects-normal/arm64_32/AuthHTTPClient.o -o /Users/admin/builder/spi-builder-workspace/.derivedData/Build/Intermediates.noindex/GoogleAuth.build/Debug-watchos/GoogleAuth-t.build/Objects-normal/arm64_32/AuthHTTPError.o -debug-module-path /Users/admin/builder/spi-builder-workspace/.derivedData/Build/Intermediates.noindex/GoogleAuth.build/Debug-watchos/GoogleAuth-t.build/Objects-normal/arm64_32/GoogleAuth.swiftmodule -index-unit-output-path /GoogleAuth.build/Debug-watchos/GoogleAuth-t.build/Objects-normal/arm64_32/CredentialsError.o -index-unit-output-path /GoogleAuth.build/Debug-watchos/GoogleAuth-t.build/Objects-normal/arm64_32/AuthHTTPClient.o -index-unit-output-path /GoogleAuth.build/Debug-watchos/GoogleAuth-t.build/Objects-normal/arm64_32/AuthHTTPError.o -index-store-path /Users/admin/builder/spi-builder-workspace/.derivedData/Index.noindex/DataStore -index-system-modules
SwiftCompile normal arm64_32 /Users/admin/builder/spi-builder-workspace/Sources/GoogleAuth/CredentialsError.swift (in target 'GoogleAuth' from project 'GoogleAuth')
    cd /Users/admin/builder/spi-builder-workspace/.swiftpm/xcode
    builtin-SwiftPerFileCompile CredentialsError.swift
SwiftCompile normal arm64_32 /Users/admin/builder/spi-builder-workspace/Sources/GoogleAuth/Http/AuthHTTPClient.swift (in target 'GoogleAuth' from project 'GoogleAuth')
    cd /Users/admin/builder/spi-builder-workspace/.swiftpm/xcode
    builtin-SwiftPerFileCompile AuthHTTPClient.swift
SwiftCompile normal arm64_32 /Users/admin/builder/spi-builder-workspace/Sources/GoogleAuth/Http/AuthHTTPError.swift (in target 'GoogleAuth' from project 'GoogleAuth')
    cd /Users/admin/builder/spi-builder-workspace/.swiftpm/xcode
    builtin-SwiftPerFileCompile AuthHTTPError.swift
SwiftCompile normal arm64_32 Compiling\ ServiceAccountData.swift,\ ServiceAccountTokenProvider.swift /Users/admin/builder/spi-builder-workspace/Sources/GoogleAuth/Providers/ServiceAccountData.swift /Users/admin/builder/spi-builder-workspace/Sources/GoogleAuth/Providers/ServiceAccountTokenProvider.swift (in target 'GoogleAuth' from project 'GoogleAuth')
SwiftCompile normal arm64_32 /Users/admin/builder/spi-builder-workspace/Sources/GoogleAuth/Providers/ServiceAccountData.swift (in target 'GoogleAuth' from project 'GoogleAuth')
    cd /Users/admin/builder/spi-builder-workspace/.swiftpm/xcode
    builtin-SwiftPerFileCompile ServiceAccountData.swift
SwiftCompile normal arm64_32 /Users/admin/builder/spi-builder-workspace/Sources/GoogleAuth/Providers/ServiceAccountTokenProvider.swift (in target 'GoogleAuth' from project 'GoogleAuth')
    cd /Users/admin/builder/spi-builder-workspace/.swiftpm/xcode
    builtin-SwiftPerFileCompile ServiceAccountTokenProvider.swift
SwiftCompile normal arm64_32 Compiling\ UserCredentials.swift,\ STSHandler.swift /Users/admin/builder/spi-builder-workspace/Sources/GoogleAuth/Providers/UserCredentials.swift /Users/admin/builder/spi-builder-workspace/Sources/GoogleAuth/STSHandler.swift (in target 'GoogleAuth' from project 'GoogleAuth')
SwiftCompile normal arm64_32 /Users/admin/builder/spi-builder-workspace/Sources/GoogleAuth/Providers/UserCredentials.swift (in target 'GoogleAuth' from project 'GoogleAuth')
    cd /Users/admin/builder/spi-builder-workspace/.swiftpm/xcode
    builtin-SwiftPerFileCompile UserCredentials.swift
SwiftCompile normal arm64_32 /Users/admin/builder/spi-builder-workspace/Sources/GoogleAuth/STSHandler.swift (in target 'GoogleAuth' from project 'GoogleAuth')
    cd /Users/admin/builder/spi-builder-workspace/.swiftpm/xcode
    builtin-SwiftPerFileCompile STSHandler.swift
SwiftCompile normal arm64_32 Compiling\ ExternalAccountCredentials.swift,\ SubjectTokenProvider.swift,\ MDSAccessTokenProvider.swift /Users/admin/builder/spi-builder-workspace/Sources/GoogleAuth/Providers/ExternalAccountCredentials.swift /Users/admin/builder/spi-builder-workspace/Sources/GoogleAuth/Providers/ExternalAccountSources/SubjectTokenProvider.swift /Users/admin/builder/spi-builder-workspace/Sources/GoogleAuth/Providers/MDSAccessTokenProvider.swift (in target 'GoogleAuth' from project 'GoogleAuth')
SwiftCompile normal arm64_32 /Users/admin/builder/spi-builder-workspace/Sources/GoogleAuth/Providers/ExternalAccountCredentials.swift (in target 'GoogleAuth' from project 'GoogleAuth')
    cd /Users/admin/builder/spi-builder-workspace/.swiftpm/xcode
    builtin-SwiftPerFileCompile ExternalAccountCredentials.swift
SwiftCompile normal arm64_32 /Users/admin/builder/spi-builder-workspace/Sources/GoogleAuth/Providers/ExternalAccountSources/SubjectTokenProvider.swift (in target 'GoogleAuth' from project 'GoogleAuth')
    cd /Users/admin/builder/spi-builder-workspace/.swiftpm/xcode
    builtin-SwiftPerFileCompile SubjectTokenProvider.swift
SwiftCompile normal arm64_32 /Users/admin/builder/spi-builder-workspace/Sources/GoogleAuth/Providers/MDSAccessTokenProvider.swift (in target 'GoogleAuth' from project 'GoogleAuth')
    cd /Users/admin/builder/spi-builder-workspace/.swiftpm/xcode
    builtin-SwiftPerFileCompile MDSAccessTokenProvider.swift
SwiftCompile normal arm64_32 Compiling\ ADC.swift,\ ADCPath.swift,\ ADCResolver.swift /Users/admin/builder/spi-builder-workspace/Sources/GoogleAuth/ADC.swift /Users/admin/builder/spi-builder-workspace/Sources/GoogleAuth/ADCPath.swift /Users/admin/builder/spi-builder-workspace/Sources/GoogleAuth/ADCResolver.swift (in target 'GoogleAuth' from project 'GoogleAuth')
SwiftCompile normal arm64_32 /Users/admin/builder/spi-builder-workspace/Sources/GoogleAuth/ADC.swift (in target 'GoogleAuth' from project 'GoogleAuth')
    cd /Users/admin/builder/spi-builder-workspace/.swiftpm/xcode
    builtin-SwiftPerFileCompile ADC.swift
SwiftCompile normal arm64_32 /Users/admin/builder/spi-builder-workspace/Sources/GoogleAuth/ADCPath.swift (in target 'GoogleAuth' from project 'GoogleAuth')
    cd /Users/admin/builder/spi-builder-workspace/.swiftpm/xcode
    builtin-SwiftPerFileCompile ADCPath.swift
SwiftCompile normal arm64_32 /Users/admin/builder/spi-builder-workspace/Sources/GoogleAuth/ADCResolver.swift (in target 'GoogleAuth' from project 'GoogleAuth')
    cd /Users/admin/builder/spi-builder-workspace/.swiftpm/xcode
    builtin-SwiftPerFileCompile ADCResolver.swift
SwiftCompile normal arm64_32 Compiling\ AuthHeaders.swift,\ CredentialParserRegistry.swift,\ Credentials.swift /Users/admin/builder/spi-builder-workspace/Sources/GoogleAuth/AuthHeaders.swift /Users/admin/builder/spi-builder-workspace/Sources/GoogleAuth/CredentialParserRegistry.swift /Users/admin/builder/spi-builder-workspace/Sources/GoogleAuth/Credentials.swift (in target 'GoogleAuth' from project 'GoogleAuth')
/Users/admin/builder/spi-builder-workspace/Sources/GoogleAuth/CredentialParserRegistry.swift:32:25: error: 'Mutex' is only available in watchOS 11.0 or newer
27 | }
28 |
29 | internal final class CredentialParserRegistry: Sendable {
   |                      `- note: add '@available' attribute to enclosing class
30 |   internal static let shared = CredentialParserRegistry()
31 |
32 |   private let parsers = Mutex<[String: any CredentialSourceParser.Type]>([:])
   |                         `- error: 'Mutex' is only available in watchOS 11.0 or newer
33 |
34 |   private init() {}
/Users/admin/builder/spi-builder-workspace/Sources/GoogleAuth/CredentialParserRegistry.swift:32:72: error: 'init(_:)' is only available in watchOS 11.0 or newer
27 | }
28 |
29 | internal final class CredentialParserRegistry: Sendable {
   |                      `- note: add '@available' attribute to enclosing class
30 |   internal static let shared = CredentialParserRegistry()
31 |
32 |   private let parsers = Mutex<[String: any CredentialSourceParser.Type]>([:])
   |                                                                        `- error: 'init(_:)' is only available in watchOS 11.0 or newer
33 |
34 |   private init() {}
/Users/admin/builder/spi-builder-workspace/Sources/GoogleAuth/CredentialParserRegistry.swift:37:13: error: 'withLock' is only available in watchOS 11.0 or newer
27 | }
28 |
29 | internal final class CredentialParserRegistry: Sendable {
   |                      `- note: add '@available' attribute to enclosing class
30 |   internal static let shared = CredentialParserRegistry()
31 |
   :
34 |   private init() {}
35 |
36 |   internal func register(parser: any CredentialSourceParser.Type) {
   |                 `- note: add '@available' attribute to enclosing instance method
37 |     parsers.withLock { $0[parser.type] = parser }
   |             |- error: 'withLock' is only available in watchOS 11.0 or newer
   |             `- note: add 'if #available' version check
38 |   }
39 |
/Users/admin/builder/spi-builder-workspace/Sources/GoogleAuth/CredentialParserRegistry.swift:48:24: error: 'withLock' is only available in watchOS 11.0 or newer
27 | }
28 |
29 | internal final class CredentialParserRegistry: Sendable {
   |                      `- note: add '@available' attribute to enclosing class
30 |   internal static let shared = CredentialParserRegistry()
31 |
   :
38 |   }
39 |
40 |   internal func parse(
   |                 `- note: add '@available' attribute to enclosing instance method
41 |     type: String,
42 |     config: [String: Any],
   :
46 |     environment: [String: String]
47 |   ) throws -> (any CredentialsProvider)? {
48 |     return try parsers.withLock { parsers in
   |                        |- error: 'withLock' is only available in watchOS 11.0 or newer
   |                        `- note: add 'if #available' version check
49 |       guard let parserType = parsers[type] else { return nil }
50 |       return try parserType.init().parse(
SwiftCompile normal arm64_32 /Users/admin/builder/spi-builder-workspace/Sources/GoogleAuth/AuthHeaders.swift (in target 'GoogleAuth' from project 'GoogleAuth')
    cd /Users/admin/builder/spi-builder-workspace/.swiftpm/xcode
    builtin-SwiftPerFileCompile AuthHeaders.swift
SwiftCompile normal arm64_32 /Users/admin/builder/spi-builder-workspace/Sources/GoogleAuth/CredentialParserRegistry.swift (in target 'GoogleAuth' from project 'GoogleAuth')
    cd /Users/admin/builder/spi-builder-workspace/.swiftpm/xcode
    builtin-SwiftPerFileCompile CredentialParserRegistry.swift
SwiftCompile normal arm64_32 /Users/admin/builder/spi-builder-workspace/Sources/GoogleAuth/Credentials.swift (in target 'GoogleAuth' from project 'GoogleAuth')
    cd /Users/admin/builder/spi-builder-workspace/.swiftpm/xcode
    builtin-SwiftPerFileCompile Credentials.swift
SwiftCompile normal arm64_32 Compiling\ MDSCredentials.swift,\ ServiceAccountCredentials.swift /Users/admin/builder/spi-builder-workspace/Sources/GoogleAuth/Providers/MDSCredentials.swift /Users/admin/builder/spi-builder-workspace/Sources/GoogleAuth/Providers/ServiceAccountCredentials.swift (in target 'GoogleAuth' from project 'GoogleAuth')
SwiftCompile normal arm64_32 /Users/admin/builder/spi-builder-workspace/Sources/GoogleAuth/Providers/MDSCredentials.swift (in target 'GoogleAuth' from project 'GoogleAuth')
    cd /Users/admin/builder/spi-builder-workspace/.swiftpm/xcode
    builtin-SwiftPerFileCompile MDSCredentials.swift
SwiftCompile normal arm64_32 /Users/admin/builder/spi-builder-workspace/Sources/GoogleAuth/Providers/ServiceAccountCredentials.swift (in target 'GoogleAuth' from project 'GoogleAuth')
    cd /Users/admin/builder/spi-builder-workspace/.swiftpm/xcode
    builtin-SwiftPerFileCompile ServiceAccountCredentials.swift
SwiftEmitModule normal arm64 Emitting\ module\ for\ GoogleAuth (in target 'GoogleAuth' from project 'GoogleAuth')
SwiftCompile normal arm64 (in target 'GoogleAuth' from project 'GoogleAuth')
    cd /Users/admin/builder/spi-builder-workspace/.swiftpm/xcode

PruneExplicitPrecompiledModules /Users/admin/builder/spi-builder-workspace/.derivedData/Build/Intermediates.noindex/SwiftExplicitPrecompiledModules
PruneExplicitPrecompiledModules /Users/admin/builder/spi-builder-workspace/.derivedData/Build/Intermediates.noindex/ExplicitPrecompiledModules
PruneExplicitPrecompiledModules /Users/admin/builder/spi-builder-workspace/.derivedData/SDKExplicitPrecompiledModules
2026-10-10 23:54:57.837 xcodebuild[6548:20487] [MT] IDERunDestination: Supported platforms for the buildables in the current scheme is empty.
** BUILD FAILED **
The following build commands failed:
	SwiftCompile normal arm64_32 Compiling\ CredentialsError.swift,\ AuthHTTPClient.swift,\ AuthHTTPError.swift /Users/admin/builder/spi-builder-workspace/Sources/GoogleAuth/CredentialsError.swift /Users/admin/builder/spi-builder-workspace/Sources/GoogleAuth/Http/AuthHTTPClient.swift /Users/admin/builder/spi-builder-workspace/Sources/GoogleAuth/Http/AuthHTTPError.swift (in target 'GoogleAuth' from project 'GoogleAuth')
	SwiftCompile normal arm64_32 /Users/admin/builder/spi-builder-workspace/Sources/GoogleAuth/Http/AuthHTTPClient.swift (in target 'GoogleAuth' from project 'GoogleAuth')
	Building workspace GoogleAuth with scheme GoogleAuth
(3 failures)
BUILD FAILURE 6.4 watchOS