The Swift Package Index logo.Swift Package Index

Build Information

Failed to build DLKit, reference 3.6.1 (b62413), with Swift 6.4 for Wasm on 13 Oct 2026 09:44:33 UTC.

Build Command

bash -c docker run --pull=always --rm -v "checkouts-54344847-0":/host -w "$PWD" -e JAVA_HOME="/root/.sdkman/candidates/java/current" -e SPI_BUILD="1" -e SPI_PROCESSING="1" registry.gitlab.com/saguaro1/spi-images:wasm-6.4-latest swift build --swift-sdk swift-6.4.0-RELEASE_wasm 2>&1

Build Log

========================================
RunAll
========================================
Builder version: 5.1.2
Interrupt handler set up.
========================================
Checkout
========================================
Clone URL: https://github.com/johnno1962/DLKit.git
Reference: 3.6.1
Initialized empty Git repository in /host/spi-builder-workspace/.git/
hint: Using 'master' as the name for the initial branch. This default branch name
hint: is subject to change. To configure the initial branch name to use in all
hint: of your new repositories, which will suppress this warning, call:
hint:
hint: 	git config --global init.defaultBranch <name>
hint:
hint: Names commonly chosen instead of 'master' are 'main', 'trunk' and
hint: 'development'. The just-created branch can be renamed via this command:
hint:
hint: 	git branch -m <name>
From https://github.com/johnno1962/DLKit
 * tag               3.6.1      -> FETCH_HEAD
HEAD is now at b62413f Sync fishhook post https://github.com/johnno1962/InjectionNext/issues/174
Cloned https://github.com/johnno1962/DLKit.git
Revision (git rev-parse @):
b62413f5676b2957fd8e8bf0d295ed2053b212c7
SUCCESS checkout https://github.com/johnno1962/DLKit.git at 3.6.1
========================================
Build
========================================
Selected platform:         wasm
Swift version:             6.4
Building package at path:  $PWD
https://github.com/johnno1962/DLKit.git
Running build ...
bash -c docker run --pull=always --rm -v "checkouts-54344847-0":/host -w "$PWD" -e JAVA_HOME="/root/.sdkman/candidates/java/current" -e SPI_BUILD="1" -e SPI_PROCESSING="1" registry.gitlab.com/saguaro1/spi-images:wasm-6.4-latest swift build --swift-sdk swift-6.4.0-RELEASE_wasm 2>&1
wasm-6.4-latest: Pulling from saguaro1/spi-images
Digest: sha256:d8610b27563fbed4643ddaec8e9397319e3b3e1372fc54686db2dacb952c1b8f
Status: Image is up to date for registry.gitlab.com/saguaro1/spi-images:wasm-6.4-latest
Fetching https://github.com/johnno1962/fishhook
[1/181] Fetching fishhook
Fetched https://github.com/johnno1962/fishhook (0.37s)
Computing version for https://github.com/johnno1962/fishhook
Computed https://github.com/johnno1962/fishhook at 1.2.3 (0.53s)
Creating working copy for https://github.com/johnno1962/fishhook
Working copy of https://github.com/johnno1962/fishhook resolved at 1.2.3
Building for debugging...
[Provisioning 3 / 13]
[Pre-planning 1 / 304]
In file included from /host/spi-builder-workspace/.build/checkouts/fishhook/Sources/fishhookD/fishhook.c:31:
/root/.swiftpm/swift-sdks/swift-6.4.0-RELEASE_wasm.artifactbundle/swift-6.4.0-RELEASE_wasm/wasm32-unknown-wasip1/WASI.sdk/include/wasm32-wasip1/sys/mman.h:2:2: error: "WASI lacks a true mmap; to enable minimal mmap emulation, compile with -D_WASI_EMULATED_MMAN and link with -lwasi-emulated-mman"
    2 | #error "WASI lacks a true mmap; to enable minimal mmap emulation, \
      |  ^
/host/spi-builder-workspace/.build/checkouts/fishhook/Sources/fishhookD/fishhook.c:34:10: fatal error: 'mach/mach.h' file not found
   34 | #include <mach/mach.h>
      |          ^~~~~~~~~~~~~
2 errors generated.
error: CompileC /host/spi-builder-workspace/.build/out/Intermediates.noindex/fishhook.build/Debug-webassembly-wasm32/fishhookD-t.build/Objects-normal/wasm32/fishhook.o /host/spi-builder-workspace/.build/checkouts/fishhook/Sources/fishhookD/fishhook.c normal wasm32 c com.apple.compilers.llvm.clang.1_0.compiler failed with a nonzero exit code. Command line:     cd /host

    Using response file: /host/spi-builder-workspace/.build/out/Intermediates.noindex/fishhook.build/Debug-webassembly-wasm32/fishhookD-t.build/Objects-normal/wasm32/9f65232cb83f8421e3a495a5062eba382369c975104ee97bafc405ab795bfc5e-common-args.resp

    /usr/bin/clang -x c -target wasm32-unknown-wasip1 -fmessage-length\=0 -fdiagnostics-show-note-include-stack -fmacro-backtrace-limit\=0 -fcolor-diagnostics -Wno-trigraphs -Wno-missing-field-initializers -Wno-missing-prototypes -Wno-return-type -Wno-missing-braces -Wparentheses -Wswitch -Wno-unused-function -Wno-unused-label -Wno-unused-parameter -Wno-unused-variable -Wunused-value -Wno-empty-body -Wno-uninitialized -Wno-unknown-pragmas -w -Wno-shadow -Wno-four-char-constants -Wno-conversion -Wno-constant-conversion -Wno-int-conversion -Wno-bool-conversion -Wno-enum-conversion -Wno-float-conversion -Wno-non-literal-null-conversion -Wno-objc-literal-conversion -Wno-shorten-64-to-32 -Wpointer-sign -Wno-newline-eof -Wno-implicit-fallthrough -fstrict-aliasing -Wdeprecated-declarations -Wno-sign-conversion -Wno-infinite-recursion -Wno-comma -Wno-block-capture-autoreleasing -Wno-strict-prototypes -Wno-semicolon-before-method-body --sysroot /root/.swiftpm/swift-sdks/swift-6.4.0-RELEASE_wasm.artifactbundle/swift-6.4.0-RELEASE_wasm/wasm32-unknown-wasip1/WASI.sdk @/host/spi-builder-workspace/.build/out/Intermediates.noindex/fishhook.build/Debug-webassembly-wasm32/fishhookD-t.build/Objects-normal/wasm32/9f65232cb83f8421e3a495a5062eba382369c975104ee97bafc405ab795bfc5e-common-args.resp -MMD -MT dependencies -MF /host/spi-builder-workspace/.build/out/Intermediates.noindex/fishhook.build/Debug-webassembly-wasm32/fishhookD-t.build/Objects-normal/wasm32/fishhook.d --serialize-diagnostics /host/spi-builder-workspace/.build/out/Intermediates.noindex/fishhook.build/Debug-webassembly-wasm32/fishhookD-t.build/Objects-normal/wasm32/fishhook.dia -c /host/spi-builder-workspace/.build/checkouts/fishhook/Sources/fishhookD/fishhook.c -o /host/spi-builder-workspace/.build/out/Intermediates.noindex/fishhook.build/Debug-webassembly-wasm32/fishhookD-t.build/Objects-normal/wasm32/fishhook.o
In file included from /host/spi-builder-workspace/.build/checkouts/fishhook/Sources/fishhook/fishhook.c:31:
/root/.swiftpm/swift-sdks/swift-6.4.0-RELEASE_wasm.artifactbundle/swift-6.4.0-RELEASE_wasm/wasm32-unknown-wasip1/WASI.sdk/include/wasm32-wasip1/sys/mman.h:2:2: error: "WASI lacks a true mmap; to enable minimal mmap emulation, compile with -D_WASI_EMULATED_MMAN and link with -lwasi-emulated-mman"
    2 | #error "WASI lacks a true mmap; to enable minimal mmap emulation, \
      |  ^
/host/spi-builder-workspace/.build/checkouts/fishhook/Sources/fishhook/fishhook.c:34:10: fatal error: 'mach/mach.h' file not found
   34 | #include <mach/mach.h>
      |          ^~~~~~~~~~~~~
2 errors generated.
error: CompileC /host/spi-builder-workspace/.build/out/Intermediates.noindex/fishhook.build/Debug-webassembly-wasm32/fishhook-t.build/Objects-normal/wasm32/fishhook.o /host/spi-builder-workspace/.build/checkouts/fishhook/Sources/fishhook/fishhook.c normal wasm32 c com.apple.compilers.llvm.clang.1_0.compiler failed with a nonzero exit code. Command line:     cd /host

    Using response file: /host/spi-builder-workspace/.build/out/Intermediates.noindex/fishhook.build/Debug-webassembly-wasm32/fishhook-t.build/Objects-normal/wasm32/9f65232cb83f8421e3a495a5062eba382369c975104ee97bafc405ab795bfc5e-common-args.resp

    /usr/bin/clang -x c -target wasm32-unknown-wasip1 -fmessage-length\=0 -fdiagnostics-show-note-include-stack -fmacro-backtrace-limit\=0 -fcolor-diagnostics -Wno-trigraphs -Wno-missing-field-initializers -Wno-missing-prototypes -Wno-return-type -Wno-missing-braces -Wparentheses -Wswitch -Wno-unused-function -Wno-unused-label -Wno-unused-parameter -Wno-unused-variable -Wunused-value -Wno-empty-body -Wno-uninitialized -Wno-unknown-pragmas -w -Wno-shadow -Wno-four-char-constants -Wno-conversion -Wno-constant-conversion -Wno-int-conversion -Wno-bool-conversion -Wno-enum-conversion -Wno-float-conversion -Wno-non-literal-null-conversion -Wno-objc-literal-conversion -Wno-shorten-64-to-32 -Wpointer-sign -Wno-newline-eof -Wno-implicit-fallthrough -fstrict-aliasing -Wdeprecated-declarations -Wno-sign-conversion -Wno-infinite-recursion -Wno-comma -Wno-block-capture-autoreleasing -Wno-strict-prototypes -Wno-semicolon-before-method-body --sysroot /root/.swiftpm/swift-sdks/swift-6.4.0-RELEASE_wasm.artifactbundle/swift-6.4.0-RELEASE_wasm/wasm32-unknown-wasip1/WASI.sdk @/host/spi-builder-workspace/.build/out/Intermediates.noindex/fishhook.build/Debug-webassembly-wasm32/fishhook-t.build/Objects-normal/wasm32/9f65232cb83f8421e3a495a5062eba382369c975104ee97bafc405ab795bfc5e-common-args.resp -MMD -MT dependencies -MF /host/spi-builder-workspace/.build/out/Intermediates.noindex/fishhook.build/Debug-webassembly-wasm32/fishhook-t.build/Objects-normal/wasm32/fishhook.d --serialize-diagnostics /host/spi-builder-workspace/.build/out/Intermediates.noindex/fishhook.build/Debug-webassembly-wasm32/fishhook-t.build/Objects-normal/wasm32/fishhook.dia -c /host/spi-builder-workspace/.build/checkouts/fishhook/Sources/fishhook/fishhook.c -o /host/spi-builder-workspace/.build/out/Intermediates.noindex/fishhook.build/Debug-webassembly-wasm32/fishhook-t.build/Objects-normal/wasm32/fishhook.o
error: Build failed
BUILD FAILURE 6.4 wasm