Build Information
Failed to build FabBar, reference main (4f05fc), with Swift 6.4 for tvOS using Xcode 27.0 on 24 Sep 2026 07:29:48 UTC.
Build Command
env DEVELOPER_DIR=/Applications/Xcode-27.0.0-Release.Candidate.app xcrun xcodebuild -IDEClonedSourcePackagesDirPathOverride=$PWD/.dependencies -skipMacroValidation -skipPackagePluginValidation -derivedDataPath $PWD/.derivedData build -scheme FabBar -destination generic/platform=tvOSBuild Log
========================================
RunAll
========================================
Builder version: 5.1.0
Interrupt handler set up.
========================================
Checkout
========================================
Clone URL: https://github.com/ryanashcraft/FabBar.git
Reference: main
Initialized empty Git repository in /Users/admin/builder/spi-builder-workspace/.git/
From https://github.com/ryanashcraft/FabBar
* branch main -> FETCH_HEAD
* [new branch] main -> origin/main
HEAD is now at 4f05fc7 Add real-time accent color clipping to glass indicator (#3)
Cloned https://github.com/ryanashcraft/FabBar.git
Revision (git rev-parse @):
4f05fc7815fc676683807574fec4a826f49588da
SUCCESS checkout https://github.com/ryanashcraft/FabBar.git at main
========================================
Build
========================================
Selected platform: tvOS
Swift version: 6.4
Building package at path: $PWD
https://github.com/ryanashcraft/FabBar.git
Command line invocation:
/Applications/Xcode-27.0.0-Release.Candidate.app/Contents/Developer/usr/bin/xcodebuild -IDEClonedSourcePackagesDirPathOverride=/Users/admin/builder/spi-builder-workspace/.dependencies -resolvePackageDependencies
Resolve Package Graph
Resolve Package Graph
Resolved source packages:
FabBar: /Users/admin/builder/spi-builder-workspace
resolved source packages: FabBar
2026-09-24 03:29:02.575 xcodebuild[525:3008] [MT] IDERunDestination: Supported platforms for the buildables in the current scheme is empty.
{
"dependencies" : [
],
"manifest_display_name" : "FabBar",
"name" : "FabBar",
"path" : "/Users/admin/builder/spi-builder-workspace",
"platforms" : [
{
"name" : "ios",
"version" : "17.0"
}
],
"products" : [
{
"name" : "FabBar",
"targets" : [
"FabBar"
],
"type" : {
"library" : [
"automatic"
]
}
}
],
"targets" : [
{
"c99name" : "FabBar",
"module_type" : "SwiftTarget",
"name" : "FabBar",
"path" : "Sources/FabBar",
"product_memberships" : [
"FabBar"
],
"sources" : [
"FabBar.swift",
"FabBarAction.swift",
"FabBarModifier.swift",
"FabBarSafeAreaPaddingModifier.swift",
"FabBarTab.swift",
"Internal/Constants.swift",
"Internal/FabBarRepresentable.swift",
"Internal/GlassTabBarView.swift",
"Internal/TabBarSegmentedControl.swift",
"Internal/TabItemContentView.swift"
],
"type" : "library"
}
],
"tools_version" : "6.0"
}
{
"workspace" : {
"name" : "FabBar",
"schemes" : [
"FabBar"
]
}
}
2026-09-24 03:29:34.880 xcodebuild[622:3817] [MT] IDERunDestination: Supported platforms for the buildables in the current scheme is empty.
Running build ...
env DEVELOPER_DIR=/Applications/Xcode-27.0.0-Release.Candidate.app xcrun xcodebuild -IDEClonedSourcePackagesDirPathOverride=$PWD/.dependencies -skipMacroValidation -skipPackagePluginValidation -derivedDataPath $PWD/.derivedData build -scheme FabBar -destination generic/platform=tvOS
Command line invocation:
/Applications/Xcode-27.0.0-Release.Candidate.app/Contents/Developer/usr/bin/xcodebuild -IDEClonedSourcePackagesDirPathOverride=/Users/admin/builder/spi-builder-workspace/.dependencies -skipMacroValidation -skipPackagePluginValidation -derivedDataPath /Users/admin/builder/spi-builder-workspace/.derivedData build -scheme FabBar -destination generic/platform=tvOS
Resolve Package Graph
Resolved source packages:
FabBar: /Users/admin/builder/spi-builder-workspace
ComputePackagePrebuildTargetDependencyGraph
Prepare packages
CreateBuildRequest
SendProjectDescription
CreateBuildOperation
ComputeTargetDependencyGraph
note: Building targets in dependency order
note: Target dependency graph (2 targets)
Target 'FabBar-product' in project 'FabBar'
➜ Explicit dependency on target 'FabBar' in project 'FabBar'
Target 'FabBar' in project 'FabBar' (no dependencies)
GatherProvisioningInputs
CreateBuildDescription
ExecuteExternalTool /Applications/Xcode-27.0.0-Release.Candidate.app/Contents/Developer/Toolchains/XcodeDefault.xctoolchain/usr/bin/clang -v -E -dM -isysroot /Applications/Xcode-27.0.0-Release.Candidate.app/Contents/Developer/Platforms/AppleTVOS.platform/Developer/SDKs/AppleTVOS27.0.sdk -x c -c /dev/null
ExecuteExternalTool /Applications/Xcode-27.0.0-Release.Candidate.app/Contents/Developer/Toolchains/XcodeDefault.xctoolchain/usr/bin/swiftc --version
ExecuteExternalTool /Applications/Xcode-27.0.0-Release.Candidate.app/Contents/Developer/Toolchains/XcodeDefault.xctoolchain/usr/bin/ld -version_details
Build description signature: d23d13763d7c6e193c976a2d5a456119
Build description path: /Users/admin/builder/spi-builder-workspace/.derivedData/Build/Intermediates.noindex/XCBuildData/d23d13763d7c6e193c976a2d5a456119.xcbuilddata
CreateBuildDirectory /Users/admin/builder/spi-builder-workspace/.derivedData/SDKExplicitPrecompiledModules
cd /Users/admin/builder/spi-builder-workspace/.swiftpm/xcode
builtin-create-build-directory /Users/admin/builder/spi-builder-workspace/.derivedData/SDKExplicitPrecompiledModules
CreateBuildDirectory /Users/admin/builder/spi-builder-workspace/.derivedData/ModuleCache.noindex
cd /Users/admin/builder/spi-builder-workspace/.swiftpm/xcode
builtin-create-build-directory /Users/admin/builder/spi-builder-workspace/.derivedData/ModuleCache.noindex
CreateBuildDirectory /Users/admin/builder/spi-builder-workspace/.derivedData/CompilationCache.noindex
cd /Users/admin/builder/spi-builder-workspace/.swiftpm/xcode
builtin-create-build-directory /Users/admin/builder/spi-builder-workspace/.derivedData/CompilationCache.noindex
CreateBuildDirectory /Users/admin/builder/spi-builder-workspace/.derivedData/Build/Products
cd /Users/admin/builder/spi-builder-workspace/.swiftpm/xcode
builtin-create-build-directory /Users/admin/builder/spi-builder-workspace/.derivedData/Build/Products
CreateBuildDirectory /Users/admin/builder/spi-builder-workspace/.derivedData/Build/Intermediates.noindex
cd /Users/admin/builder/spi-builder-workspace/.swiftpm/xcode
builtin-create-build-directory /Users/admin/builder/spi-builder-workspace/.derivedData/Build/Intermediates.noindex
ClangStatCache /Applications/Xcode-27.0.0-Release.Candidate.app/Contents/Developer/Toolchains/XcodeDefault.xctoolchain/usr/bin/clang-stat-cache /Applications/Xcode-27.0.0-Release.Candidate.app/Contents/Developer/Platforms/AppleTVOS.platform/Developer/SDKs/AppleTVOS27.0.sdk /Users/admin/builder/spi-builder-workspace/.derivedData/SDKStatCaches.noindex/appletvos27.0-24J360-e829b21a6f8c9b70876ba0858053c044b32bfd8d43560033f8d89884cdb90028.sdkstatcache
cd /Users/admin/builder/spi-builder-workspace/.swiftpm/xcode
/Applications/Xcode-27.0.0-Release.Candidate.app/Contents/Developer/Toolchains/XcodeDefault.xctoolchain/usr/bin/clang-stat-cache /Applications/Xcode-27.0.0-Release.Candidate.app/Contents/Developer/Platforms/AppleTVOS.platform/Developer/SDKs/AppleTVOS27.0.sdk -o /Users/admin/builder/spi-builder-workspace/.derivedData/SDKStatCaches.noindex/appletvos27.0-24J360-e829b21a6f8c9b70876ba0858053c044b32bfd8d43560033f8d89884cdb90028.sdkstatcache
CreateBuildDirectory /Users/admin/builder/spi-builder-workspace/.derivedData/Build/Intermediates.noindex/SwiftExplicitPrecompiledModules
cd /Users/admin/builder/spi-builder-workspace/.swiftpm/xcode
builtin-create-build-directory /Users/admin/builder/spi-builder-workspace/.derivedData/Build/Intermediates.noindex/SwiftExplicitPrecompiledModules
CreateBuildDirectory /Users/admin/builder/spi-builder-workspace/.derivedData/Build/Intermediates.noindex/PrecompiledHeaders
cd /Users/admin/builder/spi-builder-workspace/.swiftpm/xcode
builtin-create-build-directory /Users/admin/builder/spi-builder-workspace/.derivedData/Build/Intermediates.noindex/PrecompiledHeaders
CreateBuildDirectory /Users/admin/builder/spi-builder-workspace/.derivedData/Build/Intermediates.noindex/ExplicitPrecompiledModules
cd /Users/admin/builder/spi-builder-workspace/.swiftpm/xcode
builtin-create-build-directory /Users/admin/builder/spi-builder-workspace/.derivedData/Build/Intermediates.noindex/ExplicitPrecompiledModules
CreateBuildDirectory /Users/admin/builder/spi-builder-workspace/.derivedData/Build/Intermediates.noindex/EagerLinkingTBDs/Debug-appletvos
cd /Users/admin/builder/spi-builder-workspace/.swiftpm/xcode
builtin-create-build-directory /Users/admin/builder/spi-builder-workspace/.derivedData/Build/Intermediates.noindex/EagerLinkingTBDs/Debug-appletvos
CreateBuildDirectory /Users/admin/builder/spi-builder-workspace/.derivedData/Build/Products/Debug-appletvos
cd /Users/admin/builder/spi-builder-workspace/.swiftpm/xcode
builtin-create-build-directory /Users/admin/builder/spi-builder-workspace/.derivedData/Build/Products/Debug-appletvos
CreateBuildDirectory /Users/admin/builder/spi-builder-workspace/.derivedData/Build/Products/Debug-appletvos/PackageFrameworks
cd /Users/admin/builder/spi-builder-workspace/.swiftpm/xcode
builtin-create-build-directory /Users/admin/builder/spi-builder-workspace/.derivedData/Build/Products/Debug-appletvos/PackageFrameworks
WriteAuxiliaryFile /Users/admin/builder/spi-builder-workspace/.derivedData/Build/Intermediates.noindex/FabBar.build/Debug-appletvos/FabBar-t.build/FabBar.DependencyStaticMetadataFileList (in target 'FabBar' from project 'FabBar')
cd /Users/admin/builder/spi-builder-workspace
write-file /Users/admin/builder/spi-builder-workspace/.derivedData/Build/Intermediates.noindex/FabBar.build/Debug-appletvos/FabBar-t.build/FabBar.DependencyStaticMetadataFileList
WriteAuxiliaryFile /Users/admin/builder/spi-builder-workspace/.derivedData/Build/Intermediates.noindex/FabBar.build/Debug-appletvos/FabBar-t.build/FabBar.modulemap (in target 'FabBar' from project 'FabBar')
cd /Users/admin/builder/spi-builder-workspace
write-file /Users/admin/builder/spi-builder-workspace/.derivedData/Build/Intermediates.noindex/FabBar.build/Debug-appletvos/FabBar-t.build/FabBar.modulemap
WriteAuxiliaryFile /Users/admin/builder/spi-builder-workspace/.derivedData/Build/Intermediates.noindex/FabBar.build/Debug-appletvos/FabBar-t.build/FabBar.DependencyMetadataFileList (in target 'FabBar' from project 'FabBar')
cd /Users/admin/builder/spi-builder-workspace
write-file /Users/admin/builder/spi-builder-workspace/.derivedData/Build/Intermediates.noindex/FabBar.build/Debug-appletvos/FabBar-t.build/FabBar.DependencyMetadataFileList
WriteAuxiliaryFile /Users/admin/builder/spi-builder-workspace/.derivedData/Build/Intermediates.noindex/FabBar.build/Debug-appletvos/FabBar-t.build/Objects-normal/arm64/FabBar.LinkFileList (in target 'FabBar' from project 'FabBar')
cd /Users/admin/builder/spi-builder-workspace
write-file /Users/admin/builder/spi-builder-workspace/.derivedData/Build/Intermediates.noindex/FabBar.build/Debug-appletvos/FabBar-t.build/Objects-normal/arm64/FabBar.LinkFileList
WriteAuxiliaryFile /Users/admin/builder/spi-builder-workspace/.derivedData/Build/Intermediates.noindex/FabBar.build/Debug-appletvos/FabBar-t.build/Objects-normal/arm64/FabBar.SwiftFileList (in target 'FabBar' from project 'FabBar')
cd /Users/admin/builder/spi-builder-workspace
write-file /Users/admin/builder/spi-builder-workspace/.derivedData/Build/Intermediates.noindex/FabBar.build/Debug-appletvos/FabBar-t.build/Objects-normal/arm64/FabBar.SwiftFileList
WriteAuxiliaryFile /Users/admin/builder/spi-builder-workspace/.derivedData/Build/Intermediates.noindex/FabBar.build/Debug-appletvos/FabBar-t.build/Objects-normal/arm64/FabBar.SwiftConstValuesFileList (in target 'FabBar' from project 'FabBar')
cd /Users/admin/builder/spi-builder-workspace
write-file /Users/admin/builder/spi-builder-workspace/.derivedData/Build/Intermediates.noindex/FabBar.build/Debug-appletvos/FabBar-t.build/Objects-normal/arm64/FabBar.SwiftConstValuesFileList
WriteAuxiliaryFile /Users/admin/builder/spi-builder-workspace/.derivedData/Build/Intermediates.noindex/FabBar.build/Debug-appletvos/FabBar-t.build/Objects-normal/arm64/FabBar_const_extract_protocols.json (in target 'FabBar' from project 'FabBar')
cd /Users/admin/builder/spi-builder-workspace
write-file /Users/admin/builder/spi-builder-workspace/.derivedData/Build/Intermediates.noindex/FabBar.build/Debug-appletvos/FabBar-t.build/Objects-normal/arm64/FabBar_const_extract_protocols.json
WriteAuxiliaryFile /Users/admin/builder/spi-builder-workspace/.derivedData/Build/Intermediates.noindex/FabBar.build/Debug-appletvos/FabBar-t.build/Objects-normal/arm64/FabBar-OutputFileMap.json (in target 'FabBar' from project 'FabBar')
cd /Users/admin/builder/spi-builder-workspace
write-file /Users/admin/builder/spi-builder-workspace/.derivedData/Build/Intermediates.noindex/FabBar.build/Debug-appletvos/FabBar-t.build/Objects-normal/arm64/FabBar-OutputFileMap.json
Copy /Users/admin/builder/spi-builder-workspace/.derivedData/Build/Intermediates.noindex/GeneratedModuleMaps-appletvos/FabBar.modulemap /Users/admin/builder/spi-builder-workspace/.derivedData/Build/Intermediates.noindex/FabBar.build/Debug-appletvos/FabBar-t.build/FabBar.modulemap (in target 'FabBar' from project 'FabBar')
cd /Users/admin/builder/spi-builder-workspace
builtin-copy -exclude .DS_Store -exclude CVS -exclude .svn -exclude .git -exclude .hg -resolve-src-symlinks /Users/admin/builder/spi-builder-workspace/.derivedData/Build/Intermediates.noindex/FabBar.build/Debug-appletvos/FabBar-t.build/FabBar.modulemap /Users/admin/builder/spi-builder-workspace/.derivedData/Build/Intermediates.noindex/GeneratedModuleMaps-appletvos
SwiftDriver FabBar normal arm64 com.apple.xcode.tools.swift.compiler (in target 'FabBar' from project 'FabBar')
cd /Users/admin/builder/spi-builder-workspace/.swiftpm/xcode
builtin-SwiftDriver -- /Applications/Xcode-27.0.0-Release.Candidate.app/Contents/Developer/Toolchains/XcodeDefault.xctoolchain/usr/bin/swiftc -parse-as-library -module-name FabBar -Onone @/Users/admin/builder/spi-builder-workspace/.derivedData/Build/Intermediates.noindex/FabBar.build/Debug-appletvos/FabBar-t.build/Objects-normal/arm64/FabBar.SwiftFileList -DSWIFT_PACKAGE -DDEBUG -DSWIFT_MODULE_RESOURCE_BUNDLE_UNAVAILABLE -DXcode -plugin-path /Applications/Xcode-27.0.0-Release.Candidate.app/Contents/Developer/Toolchains/XcodeDefault.xctoolchain/usr/lib/swift/host/plugins/testing -enable-experimental-feature DebugDescriptionMacro -sdk /Applications/Xcode-27.0.0-Release.Candidate.app/Contents/Developer/Platforms/AppleTVOS.platform/Developer/SDKs/AppleTVOS27.0.sdk -target arm64-apple-tvos17.0 -g -module-cache-path /Users/admin/builder/spi-builder-workspace/.derivedData/ModuleCache.noindex -Xfrontend -serialize-debugging-options -enable-testing -index-store-path /Users/admin/builder/spi-builder-workspace/.derivedData/Index.noindex/DataStore -Xcc -D_LIBCPP_HARDENING_MODE\=_LIBCPP_HARDENING_MODE_DEBUG -swift-version 6 -I /Users/admin/builder/spi-builder-workspace/.derivedData/Build/Products/Debug-appletvos -Isystem /Applications/Xcode-27.0.0-Release.Candidate.app/Contents/Developer/Platforms/AppleTVOS.platform/Developer/usr/lib -F /Users/admin/builder/spi-builder-workspace/.derivedData/Build/Products/Debug-appletvos -F /Applications/Xcode-27.0.0-Release.Candidate.app/Contents/Developer/Platforms/AppleTVOS.platform/Developer/Library/Frameworks -F /Applications/Xcode-27.0.0-Release.Candidate.app/Contents/Developer/Platforms/AppleTVOS.platform/Developer/SDKs/AppleTVOS27.0.sdk/Developer/Library/Frameworks -c -j10 -enable-batch-mode -incremental -Xcc -ivfsstatcache -Xcc /Users/admin/builder/spi-builder-workspace/.derivedData/SDKStatCaches.noindex/appletvos27.0-24J360-e829b21a6f8c9b70876ba0858053c044b32bfd8d43560033f8d89884cdb90028.sdkstatcache -output-file-map /Users/admin/builder/spi-builder-workspace/.derivedData/Build/Intermediates.noindex/FabBar.build/Debug-appletvos/FabBar-t.build/Objects-normal/arm64/FabBar-OutputFileMap.json -save-temps -no-color-diagnostics -explicit-module-build -module-cache-path /Users/admin/builder/spi-builder-workspace/.derivedData/Build/Intermediates.noindex/SwiftExplicitPrecompiledModules -clang-scanner-module-cache-path /Users/admin/builder/spi-builder-workspace/.derivedData/ModuleCache.noindex -sdk-module-cache-path /Users/admin/builder/spi-builder-workspace/.derivedData/SDKExplicitPrecompiledModules -emit-dependencies -emit-module -emit-module-path /Users/admin/builder/spi-builder-workspace/.derivedData/Build/Intermediates.noindex/FabBar.build/Debug-appletvos/FabBar-t.build/Objects-normal/arm64/FabBar.swiftmodule -serialize-diagnostics -dependency-scan-serialize-diagnostics-path /Users/admin/builder/spi-builder-workspace/.derivedData/Build/Intermediates.noindex/FabBar.build/Debug-appletvos/FabBar-t.build/Objects-normal/arm64/FabBar-dependency-scan.dia -validate-clang-modules-once -clang-build-session-file /Users/admin/builder/spi-builder-workspace/.derivedData/ModuleCache.noindex/Session.modulevalidation -Xcc -fmodules-prune-interval\=86400 -Xcc -fmodules-prune-after\=345600 -package-name spi_builder_workspace -emit-const-values -const-gather-protocols-list /Users/admin/builder/spi-builder-workspace/.derivedData/Build/Intermediates.noindex/FabBar.build/Debug-appletvos/FabBar-t.build/Objects-normal/arm64/FabBar_const_extract_protocols.json -Xcc -I/Users/admin/builder/spi-builder-workspace/.derivedData/Build/Products/Debug-appletvos/include -Xcc -I/Users/admin/builder/spi-builder-workspace/.derivedData/Build/Intermediates.noindex/FabBar.build/Debug-appletvos/FabBar-t.build/DerivedSources-normal/arm64 -Xcc -I/Users/admin/builder/spi-builder-workspace/.derivedData/Build/Intermediates.noindex/FabBar.build/Debug-appletvos/FabBar-t.build/DerivedSources/arm64 -Xcc -I/Users/admin/builder/spi-builder-workspace/.derivedData/Build/Intermediates.noindex/FabBar.build/Debug-appletvos/FabBar-t.build/DerivedSources -Xcc -DSWIFT_PACKAGE -Xcc -DDEBUG\=1 -emit-objc-header -emit-objc-header-path /Users/admin/builder/spi-builder-workspace/.derivedData/Build/Intermediates.noindex/FabBar.build/Debug-appletvos/FabBar-t.build/Objects-normal/arm64/FabBar-Swift.h -working-directory /Users/admin/builder/spi-builder-workspace/.swiftpm/xcode -experimental-emit-module-separately -disable-cmo
SwiftExplicitDependencyGeneratePcm arm64 /Users/admin/builder/spi-builder-workspace/.derivedData/SDKExplicitPrecompiledModules/SwiftShims-73G9EXEO9PVWB6PL1BR4TAJ0B.pcm
SwiftExplicitDependencyGeneratePcm arm64 /Users/admin/builder/spi-builder-workspace/.derivedData/SDKExplicitPrecompiledModules/DeveloperToolsSupport-CJV8SY9BXJUTONPFWMLQEGTXA.pcm
SwiftExplicitDependencyGeneratePcm arm64 /Users/admin/builder/spi-builder-workspace/.derivedData/SDKExplicitPrecompiledModules/_Builtin_stdarg-719DH4G2R3NRP3HRX5HE8WX08.pcm
SwiftExplicitDependencyGeneratePcm arm64 /Users/admin/builder/spi-builder-workspace/.derivedData/SDKExplicitPrecompiledModules/_Builtin_float-3RF4B70MBHPP952AX3GNZ8W3H.pcm
SwiftExplicitDependencyGeneratePcm arm64 /Users/admin/builder/spi-builder-workspace/.derivedData/SDKExplicitPrecompiledModules/_Builtin_stddef-1MAO6P3OSQFGZFQEPM31XXNSS.pcm
SwiftExplicitDependencyGeneratePcm arm64 /Users/admin/builder/spi-builder-workspace/.derivedData/SDKExplicitPrecompiledModules/_SwiftConcurrencyShims-3HZGHPZQL3GY71QUHDRB0P39S.pcm
SwiftExplicitDependencyGeneratePcm arm64 /Users/admin/builder/spi-builder-workspace/.derivedData/SDKExplicitPrecompiledModules/_AvailabilityInternal-99L1JVU5TYE8S0FGGB7E09QQS.pcm
SwiftExplicitDependencyGeneratePcm arm64 /Users/admin/builder/spi-builder-workspace/.derivedData/SDKExplicitPrecompiledModules/ptrcheck-BA65H1NXYZJ0BLLWO9HZOAZ6Y.pcm
SwiftExplicitDependencyGeneratePcm arm64 /Users/admin/builder/spi-builder-workspace/.derivedData/SDKExplicitPrecompiledModules/_Builtin_stdbool-4UUPXTY52W6RPSB0N2WGGLTJT.pcm
SwiftExplicitDependencyGeneratePcm arm64 /Users/admin/builder/spi-builder-workspace/.derivedData/SDKExplicitPrecompiledModules/ptrauth-EMKXYE8GN9BK4M3ODSTVDUJU2.pcm
SwiftExplicitDependencyGeneratePcm arm64 /Users/admin/builder/spi-builder-workspace/.derivedData/SDKExplicitPrecompiledModules/_DarwinFoundation1-90NUFDXQ765U5FR62173FT21A.pcm
SwiftExplicitDependencyGeneratePcm arm64 /Users/admin/builder/spi-builder-workspace/.derivedData/SDKExplicitPrecompiledModules/_DarwinFoundation2-EPKSYG5WMVE7WSPFQB4C0UC59.pcm
SwiftExplicitDependencyGeneratePcm arm64 /Users/admin/builder/spi-builder-workspace/.derivedData/SDKExplicitPrecompiledModules/_Builtin_limits-3JICJWOCEYXXXNXAMEJBF6UQN.pcm
SwiftExplicitDependencyGeneratePcm arm64 /Users/admin/builder/spi-builder-workspace/.derivedData/SDKExplicitPrecompiledModules/string_h-B6D36UOVIZC2Y0YE3KEZLZAP6.pcm
SwiftExplicitDependencyGeneratePcm arm64 /Users/admin/builder/spi-builder-workspace/.derivedData/SDKExplicitPrecompiledModules/_Builtin_stdint-A8OKY0NXO26BZ4GWYKP79TKL9.pcm
SwiftExplicitDependencyGeneratePcm arm64 /Users/admin/builder/spi-builder-workspace/.derivedData/SDKExplicitPrecompiledModules/_Builtin_tgmath-320K271Z6IM134IWIB7S3LTD.pcm
SwiftExplicitDependencyGeneratePcm arm64 /Users/admin/builder/spi-builder-workspace/.derivedData/SDKExplicitPrecompiledModules/sys_types-CATSGLJDZ8UZUMKHO6M4I4PJT.pcm
SwiftExplicitDependencyGeneratePcm arm64 /Users/admin/builder/spi-builder-workspace/.derivedData/SDKExplicitPrecompiledModules/_DarwinFoundation3-63L5I5VCGX6CLI6HI7OWUXJN6.pcm
SwiftExplicitDependencyGeneratePcm arm64 /Users/admin/builder/spi-builder-workspace/.derivedData/SDKExplicitPrecompiledModules/_Builtin_stdatomic-71DQV8BR56LNANL900GGEC9KO.pcm
SwiftExplicitDependencyGeneratePcm arm64 /Users/admin/builder/spi-builder-workspace/.derivedData/SDKExplicitPrecompiledModules/_Builtin_intrinsics-AQDFY8KQQX9Z38C6EI15S53EQ.pcm
SwiftExplicitDependencyGeneratePcm arm64 /Users/admin/builder/spi-builder-workspace/.derivedData/SDKExplicitPrecompiledModules/_Builtin_inttypes-80RS02PM2X81SP8N0Q7X05540.pcm
SwiftExplicitDependencyGeneratePcm arm64 /Users/admin/builder/spi-builder-workspace/.derivedData/SDKExplicitPrecompiledModules/Darwin-1VTILT8KA42CNDAUB0H1FM7MC.pcm
SwiftExplicitDependencyGeneratePcm arm64 /Users/admin/builder/spi-builder-workspace/.derivedData/SDKExplicitPrecompiledModules/simd-D50CDGAQRFNF5E2BA2UWCCHLJ.pcm
SwiftExplicitDependencyGeneratePcm arm64 /Users/admin/builder/spi-builder-workspace/.derivedData/SDKExplicitPrecompiledModules/ObjectiveC-CC0BYHG21IQMMT48PGDNSK7G6.pcm
SwiftExplicitDependencyGeneratePcm arm64 /Users/admin/builder/spi-builder-workspace/.derivedData/SDKExplicitPrecompiledModules/MachO-A5KLTMTLJD1DPHEYPZHUSRJ4O.pcm
SwiftExplicitDependencyGeneratePcm arm64 /Users/admin/builder/spi-builder-workspace/.derivedData/SDKExplicitPrecompiledModules/os_object-1TJLDNS7X3UT7Y5TM4QQ2RN6G.pcm
SwiftExplicitDependencyGeneratePcm arm64 /Users/admin/builder/spi-builder-workspace/.derivedData/SDKExplicitPrecompiledModules/os_workgroup-E61GF9E8FAHZGKXVOV9QHUD27.pcm
SwiftExplicitDependencyGeneratePcm arm64 /Users/admin/builder/spi-builder-workspace/.derivedData/SDKExplicitPrecompiledModules/Dispatch-F564M6B2H1RRD83XZ8EBWFSHE.pcm
SwiftExplicitDependencyGeneratePcm arm64 /Users/admin/builder/spi-builder-workspace/.derivedData/SDKExplicitPrecompiledModules/Spatial-2KZFBWN278VTZL619Y96SAJC9.pcm
SwiftExplicitDependencyGeneratePcm arm64 /Users/admin/builder/spi-builder-workspace/.derivedData/SDKExplicitPrecompiledModules/XPC-2WVXL0UION0MYZOZAJZC6DUXD.pcm
SwiftExplicitDependencyGeneratePcm arm64 /Users/admin/builder/spi-builder-workspace/.derivedData/SDKExplicitPrecompiledModules/CoreFoundation-A4LOYEEJIFQKOPZRDOG9M3N2K.pcm
SwiftExplicitDependencyGeneratePcm arm64 /Users/admin/builder/spi-builder-workspace/.derivedData/SDKExplicitPrecompiledModules/os-4NLIUP5HHN7FW5ML70YLEU8QE.pcm
SwiftExplicitDependencyGeneratePcm arm64 /Users/admin/builder/spi-builder-workspace/.derivedData/SDKExplicitPrecompiledModules/CoreGraphics-D8Y0X4J52BHG7HHUQLTX6SXE1.pcm
SwiftExplicitDependencyGeneratePcm arm64 /Users/admin/builder/spi-builder-workspace/.derivedData/SDKExplicitPrecompiledModules/CFNetwork-8S7XZ5SI3TWM2JOZPDZPRY8W9.pcm
SwiftExplicitDependencyGeneratePcm arm64 /Users/admin/builder/spi-builder-workspace/.derivedData/SDKExplicitPrecompiledModules/CoreAudioTypes-3D575H9KXE9GWSK6ZWEWBV9TM.pcm
SwiftExplicitDependencyGeneratePcm arm64 /Users/admin/builder/spi-builder-workspace/.derivedData/SDKExplicitPrecompiledModules/Security-6KU6X9W8QDIJW83JUF0DRES83.pcm
SwiftExplicitDependencyGeneratePcm arm64 /Users/admin/builder/spi-builder-workspace/.derivedData/SDKExplicitPrecompiledModules/CoreAudio-46JNU59TK6U76A9ILN06CT9NS.pcm
SwiftExplicitDependencyGeneratePcm arm64 /Users/admin/builder/spi-builder-workspace/.derivedData/SDKExplicitPrecompiledModules/Foundation-1AS5K10MY6XENLLR2NDUCKYTM.pcm
SwiftExplicitDependencyGeneratePcm arm64 /Users/admin/builder/spi-builder-workspace/.derivedData/SDKExplicitPrecompiledModules/CoreText-E0GG8D3D527TJX7D2QEHFQLM2.pcm
SwiftExplicitDependencyGeneratePcm arm64 /Users/admin/builder/spi-builder-workspace/.derivedData/SDKExplicitPrecompiledModules/ImageIO-48DA7ET77Q34HPZP9CPHI9VS4.pcm
SwiftExplicitDependencyGeneratePcm arm64 /Users/admin/builder/spi-builder-workspace/.derivedData/SDKExplicitPrecompiledModules/DataDetection-9IX0C1MAX33MS6TCZDSNKXEO8.pcm
SwiftExplicitDependencyGeneratePcm arm64 /Users/admin/builder/spi-builder-workspace/.derivedData/SDKExplicitPrecompiledModules/UniformTypeIdentifiers-DQ77M7R0D7VCBK0YUO3VHCRB1.pcm
SwiftExplicitDependencyGeneratePcm arm64 /Users/admin/builder/spi-builder-workspace/.derivedData/SDKExplicitPrecompiledModules/UIUtilities-9NQVCWATNLLVY125LB74695HY.pcm
SwiftExplicitDependencyGeneratePcm arm64 /Users/admin/builder/spi-builder-workspace/.derivedData/SDKExplicitPrecompiledModules/IOSurface-DEQULTJ8SC21O986FDCNTM8FX.pcm
SwiftExplicitDependencyGeneratePcm arm64 /Users/admin/builder/spi-builder-workspace/.derivedData/SDKExplicitPrecompiledModules/_LocationEssentials-2OY9351FRBO717MIULOKMYA9E.pcm
SwiftExplicitDependencyGeneratePcm arm64 /Users/admin/builder/spi-builder-workspace/.derivedData/SDKExplicitPrecompiledModules/Accessibility-EAPB6A95K5V0S27QNKR6ATG7F.pcm
SwiftExplicitDependencyGeneratePcm arm64 /Users/admin/builder/spi-builder-workspace/.derivedData/SDKExplicitPrecompiledModules/CoreTransferable-84B3V3M9DHRIQERK179SSQO5U.pcm
SwiftExplicitDependencyGeneratePcm arm64 /Users/admin/builder/spi-builder-workspace/.derivedData/SDKExplicitPrecompiledModules/UserNotifications-AKH3GC0FQWUK55FNTW4WEMFQE.pcm
SwiftExplicitDependencyGeneratePcm arm64 /Users/admin/builder/spi-builder-workspace/.derivedData/SDKExplicitPrecompiledModules/Symbols-9TNA7JIKOEYVTYC7A16HCS4Z8.pcm
SwiftExplicitDependencyGeneratePcm arm64 /Users/admin/builder/spi-builder-workspace/.derivedData/SDKExplicitPrecompiledModules/OSLog-1UX1YGRJSIOEO9YC3MNFFD818.pcm
SwiftExplicitDependencyGeneratePcm arm64 /Users/admin/builder/spi-builder-workspace/.derivedData/SDKExplicitPrecompiledModules/CoreData-3R0N6HKKQMVS32U7KOKR14383.pcm
SwiftExplicitDependencyGeneratePcm arm64 /Users/admin/builder/spi-builder-workspace/.derivedData/SDKExplicitPrecompiledModules/CoreLocation-6939X9DMB2SA43P0TYB7Z14Z5.pcm
SwiftExplicitDependencyGeneratePcm arm64 /Users/admin/builder/spi-builder-workspace/.derivedData/SDKExplicitPrecompiledModules/Metal-52GB3RCZ6A2WEZ7RWCXV2WL0N.pcm
SwiftExplicitDependencyGeneratePcm arm64 /Users/admin/builder/spi-builder-workspace/.derivedData/SDKExplicitPrecompiledModules/OpenGLES-6Y33D4DDPO1R82EJXT1SIGNPS.pcm
SwiftExplicitDependencyGeneratePcm arm64 /Users/admin/builder/spi-builder-workspace/.derivedData/SDKExplicitPrecompiledModules/CoreVideo-5G4VAY32QMJB00PUALI6188LK.pcm
SwiftExplicitDependencyGeneratePcm arm64 /Users/admin/builder/spi-builder-workspace/.derivedData/SDKExplicitPrecompiledModules/QuartzCore-DSNZZA81DYNK4OK1ANRR6HM7G.pcm
SwiftExplicitDependencyGeneratePcm arm64 /Users/admin/builder/spi-builder-workspace/.derivedData/SDKExplicitPrecompiledModules/CoreImage-ATUQ374FIDJPA1DF5BLR644CG.pcm
SwiftExplicitDependencyGeneratePcm arm64 /Users/admin/builder/spi-builder-workspace/.derivedData/SDKExplicitPrecompiledModules/CoreMedia-43BPYBY7ZACBDCUTAJXJFLTBP.pcm
SwiftExplicitDependencyGeneratePcm arm64 /Users/admin/builder/spi-builder-workspace/.derivedData/SDKExplicitPrecompiledModules/SwiftUICore-7SJQ9GB90ACGZV5NB09LFJIRX.pcm
SwiftExplicitDependencyGeneratePcm arm64 /Users/admin/builder/spi-builder-workspace/.derivedData/SDKExplicitPrecompiledModules/UIKit-42T2ZGON9LDZUXRIAUKELQ554.pcm
SwiftExplicitDependencyGeneratePcm arm64 /Users/admin/builder/spi-builder-workspace/.derivedData/SDKExplicitPrecompiledModules/SwiftUI-B634212FU5XQXG1OEBY2WYYH3.pcm
SwiftCompile normal arm64 Compiling\ TabItemContentView.swift /Users/admin/builder/spi-builder-workspace/Sources/FabBar/Internal/TabItemContentView.swift (in target 'FabBar' from project 'FabBar')
SwiftCompile normal arm64 /Users/admin/builder/spi-builder-workspace/Sources/FabBar/Internal/TabItemContentView.swift (in target 'FabBar' from project 'FabBar')
cd /Users/admin/builder/spi-builder-workspace/.swiftpm/xcode
builtin-SwiftPerFileCompile TabItemContentView.swift
SwiftEmitModule normal arm64 Emitting\ module\ for\ FabBar (in target 'FabBar' from project 'FabBar')
SwiftCompile normal arm64 (in target 'FabBar' from project 'FabBar')
cd /Users/admin/builder/spi-builder-workspace/.swiftpm/xcode
SwiftCompile normal arm64 Compiling\ GlassTabBarView.swift /Users/admin/builder/spi-builder-workspace/Sources/FabBar/Internal/GlassTabBarView.swift (in target 'FabBar' from project 'FabBar')
/Users/admin/builder/spi-builder-workspace/Sources/FabBar/Internal/GlassTabBarView.swift:28:31: error: 'UIGlassContainerEffect' is only available in tvOS 26.0 or newer
4 | /// Uses UIGlassContainerEffect to enable morphing between the segmented control and FAB.
5 | @available(iOS 26.0, *)
6 | final class GlassTabBarView: UIView {
| `- note: add '@available' attribute to enclosing class
7 | let containerEffectView: UIVisualEffectView
8 | let segmentedGlassView: UIVisualEffectView
:
17 | private var segmentedTrailingConstraint: NSLayoutConstraint?
18 |
19 | init(
| `- note: add '@available' attribute to enclosing initializer
20 | segmentedControl: TabBarSegmentedControl,
21 | tabCount: Int,
:
26 |
27 | // Create glass container effect for morphing
28 | let containerEffect = UIGlassContainerEffect()
| |- error: 'UIGlassContainerEffect' is only available in tvOS 26.0 or newer
| `- note: add 'if #available' version check
29 | containerEffect.spacing = Constants.fabSpacing
30 | containerEffectView = UIVisualEffectView(effect: containerEffect)
/Users/admin/builder/spi-builder-workspace/Sources/FabBar/Internal/GlassTabBarView.swift:33:36: error: 'UIGlassEffect' is only available in tvOS 26.0 or newer
4 | /// Uses UIGlassContainerEffect to enable morphing between the segmented control and FAB.
5 | @available(iOS 26.0, *)
6 | final class GlassTabBarView: UIView {
| `- note: add '@available' attribute to enclosing class
7 | let containerEffectView: UIVisualEffectView
8 | let segmentedGlassView: UIVisualEffectView
:
17 | private var segmentedTrailingConstraint: NSLayoutConstraint?
18 |
19 | init(
| `- note: add '@available' attribute to enclosing initializer
20 | segmentedControl: TabBarSegmentedControl,
21 | tabCount: Int,
:
31 |
32 | // Create segmented control glass effect
33 | let segmentedGlassEffect = UIGlassEffect()
| |- error: 'UIGlassEffect' is only available in tvOS 26.0 or newer
| `- note: add 'if #available' version check
34 | segmentedGlassEffect.isInteractive = true
35 | segmentedGlassView = UIVisualEffectView(effect: segmentedGlassEffect)
/Users/admin/builder/spi-builder-workspace/Sources/FabBar/Internal/GlassTabBarView.swift:38:30: error: 'UIGlassEffect' is only available in tvOS 26.0 or newer
4 | /// Uses UIGlassContainerEffect to enable morphing between the segmented control and FAB.
5 | @available(iOS 26.0, *)
6 | final class GlassTabBarView: UIView {
| `- note: add '@available' attribute to enclosing class
7 | let containerEffectView: UIVisualEffectView
8 | let segmentedGlassView: UIVisualEffectView
:
17 | private var segmentedTrailingConstraint: NSLayoutConstraint?
18 |
19 | init(
| `- note: add '@available' attribute to enclosing initializer
20 | segmentedControl: TabBarSegmentedControl,
21 | tabCount: Int,
:
36 |
37 | // Create FAB button
38 | let fabGlassEffect = UIGlassEffect()
| |- error: 'UIGlassEffect' is only available in tvOS 26.0 or newer
| `- note: add 'if #available' version check
39 | fabGlassEffect.isInteractive = true
40 | fabGlassEffect.tintColor = .tintColor
/Users/admin/builder/spi-builder-workspace/Sources/FabBar/Internal/GlassTabBarView.swift:150:28: error: 'cornerConfiguration' is only available in tvOS 26.0 or newer
4 | /// Uses UIGlassContainerEffect to enable morphing between the segmented control and FAB.
5 | @available(iOS 26.0, *)
6 | final class GlassTabBarView: UIView {
| `- note: add '@available' attribute to enclosing class
7 | let containerEffectView: UIVisualEffectView
8 | let segmentedGlassView: UIVisualEffectView
:
144 | }
145 |
146 | override func layoutSubviews() {
| `- note: add '@available' attribute to enclosing instance method
147 | super.layoutSubviews()
148 |
149 | // Capsule shape for segmented control
150 | segmentedGlassView.cornerConfiguration = .capsule()
| |- error: 'cornerConfiguration' is only available in tvOS 26.0 or newer
| `- note: add 'if #available' version check
151 |
152 | // Circle shape for FAB button (capsule with equal width/height = circle)
/Users/admin/builder/spi-builder-workspace/Sources/FabBar/Internal/GlassTabBarView.swift:153:22: error: 'cornerConfiguration' is only available in tvOS 26.0 or newer
4 | /// Uses UIGlassContainerEffect to enable morphing between the segmented control and FAB.
5 | @available(iOS 26.0, *)
6 | final class GlassTabBarView: UIView {
| `- note: add '@available' attribute to enclosing class
7 | let containerEffectView: UIVisualEffectView
8 | let segmentedGlassView: UIVisualEffectView
:
144 | }
145 |
146 | override func layoutSubviews() {
| `- note: add '@available' attribute to enclosing instance method
147 | super.layoutSubviews()
148 |
:
151 |
152 | // Circle shape for FAB button (capsule with equal width/height = circle)
153 | fabGlassView.cornerConfiguration = .capsule()
| |- error: 'cornerConfiguration' is only available in tvOS 26.0 or newer
| `- note: add 'if #available' version check
154 | }
155 |
/Users/admin/builder/spi-builder-workspace/Sources/FabBar/Internal/GlassTabBarView.swift:160:25: error: 'UIGlassEffect' is only available in tvOS 26.0 or newer
4 | /// Uses UIGlassContainerEffect to enable morphing between the segmented control and FAB.
5 | @available(iOS 26.0, *)
6 | final class GlassTabBarView: UIView {
| `- note: add '@available' attribute to enclosing class
7 | let containerEffectView: UIVisualEffectView
8 | let segmentedGlassView: UIVisualEffectView
:
154 | }
155 |
156 | override func tintColorDidChange() {
| `- note: add '@available' attribute to enclosing instance method
157 | super.tintColorDidChange()
158 | // Update FAB glass effect tint when tintAdjustmentMode changes
159 | // Create a new effect since modifying existing effect's tintColor doesn't update visuals
160 | let newEffect = UIGlassEffect()
| |- error: 'UIGlassEffect' is only available in tvOS 26.0 or newer
| `- note: add 'if #available' version check
161 | newEffect.isInteractive = true
162 | newEffect.tintColor = tintColor
SwiftCompile normal arm64 /Users/admin/builder/spi-builder-workspace/Sources/FabBar/Internal/GlassTabBarView.swift (in target 'FabBar' from project 'FabBar')
cd /Users/admin/builder/spi-builder-workspace/.swiftpm/xcode
builtin-SwiftPerFileCompile GlassTabBarView.swift
SwiftCompile normal arm64 Compiling\ TabBarSegmentedControl.swift /Users/admin/builder/spi-builder-workspace/Sources/FabBar/Internal/TabBarSegmentedControl.swift (in target 'FabBar' from project 'FabBar')
SwiftCompile normal arm64 /Users/admin/builder/spi-builder-workspace/Sources/FabBar/Internal/TabBarSegmentedControl.swift (in target 'FabBar' from project 'FabBar')
cd /Users/admin/builder/spi-builder-workspace/.swiftpm/xcode
builtin-SwiftPerFileCompile TabBarSegmentedControl.swift
SwiftCompile normal arm64 Compiling\ FabBarRepresentable.swift /Users/admin/builder/spi-builder-workspace/Sources/FabBar/Internal/FabBarRepresentable.swift (in target 'FabBar' from project 'FabBar')
/Users/admin/builder/spi-builder-workspace/Sources/FabBar/Internal/FabBarRepresentable.swift:24:17: error: value of type 'TabBarSegmentedControl' has no member 'showsLargeContentViewer'
22 | }
23 | let control = TabBarSegmentedControl(items: images)
24 | control.showsLargeContentViewer = false
| `- error: value of type 'TabBarSegmentedControl' has no member 'showsLargeContentViewer'
25 | let selectedIndex = tabs.firstIndex { $0.value == activeTab } ?? 0
26 | control.selectedSegmentIndex = selectedIndex
Failed frontend command:
/Applications/Xcode-27.0.0-Release.Candidate.app/Contents/Developer/Toolchains/XcodeDefault.xctoolchain/usr/bin/swift-frontend -frontend -c /Users/admin/builder/spi-builder-workspace/Sources/FabBar/FabBar.swift /Users/admin/builder/spi-builder-workspace/Sources/FabBar/FabBarAction.swift /Users/admin/builder/spi-builder-workspace/Sources/FabBar/FabBarModifier.swift /Users/admin/builder/spi-builder-workspace/Sources/FabBar/FabBarSafeAreaPaddingModifier.swift /Users/admin/builder/spi-builder-workspace/Sources/FabBar/FabBarTab.swift /Users/admin/builder/spi-builder-workspace/Sources/FabBar/Internal/Constants.swift -primary-file /Users/admin/builder/spi-builder-workspace/Sources/FabBar/Internal/FabBarRepresentable.swift /Users/admin/builder/spi-builder-workspace/Sources/FabBar/Internal/GlassTabBarView.swift /Users/admin/builder/spi-builder-workspace/Sources/FabBar/Internal/TabBarSegmentedControl.swift /Users/admin/builder/spi-builder-workspace/Sources/FabBar/Internal/TabItemContentView.swift -emit-dependencies-path /Users/admin/builder/spi-builder-workspace/.derivedData/Build/Intermediates.noindex/FabBar.build/Debug-appletvos/FabBar-t.build/Objects-normal/arm64/FabBarRepresentable.d -emit-const-values-path /Users/admin/builder/spi-builder-workspace/.derivedData/Build/Intermediates.noindex/FabBar.build/Debug-appletvos/FabBar-t.build/Objects-normal/arm64/FabBarRepresentable.swiftconstvalues -emit-reference-dependencies-path /Users/admin/builder/spi-builder-workspace/.derivedData/Build/Intermediates.noindex/FabBar.build/Debug-appletvos/FabBar-t.build/Objects-normal/arm64/FabBarRepresentable.swiftdeps -serialize-diagnostics-path /Users/admin/builder/spi-builder-workspace/.derivedData/Build/Intermediates.noindex/FabBar.build/Debug-appletvos/FabBar-t.build/Objects-normal/arm64/FabBarRepresentable.dia -target arm64-apple-tvos17.0 -disable-cross-import-overlay-search -load-resolved-plugin /Applications/Xcode-27.0.0-Release.Candidate.app/Contents/Developer/Platforms/AppleTVOS.platform/Developer/usr/lib/swift/host/plugins/libFoundationMacros.dylib\#/Applications/Xcode-27.0.0-Release.Candidate.app/Contents/Developer/Platforms/AppleTVOS.platform/Developer/usr/bin/swift-plugin-server\#FoundationMacros -load-resolved-plugin /Applications/Xcode-27.0.0-Release.Candidate.app/Contents/Developer/Platforms/AppleTVOS.platform/Developer/usr/lib/swift/host/plugins/libObservationMacros.dylib\#/Applications/Xcode-27.0.0-Release.Candidate.app/Contents/Developer/Platforms/AppleTVOS.platform/Developer/usr/bin/swift-plugin-server\#ObservationMacros -load-resolved-plugin /Applications/Xcode-27.0.0-Release.Candidate.app/Contents/Developer/Platforms/AppleTVOS.platform/Developer/usr/lib/swift/host/plugins/libPreviewsMacros.dylib\#/Applications/Xcode-27.0.0-Release.Candidate.app/Contents/Developer/Platforms/AppleTVOS.platform/Developer/usr/bin/swift-plugin-server\#PreviewsMacros -load-resolved-plugin /Applications/Xcode-27.0.0-Release.Candidate.app/Contents/Developer/Platforms/AppleTVOS.platform/Developer/usr/lib/swift/host/plugins/libSwiftMacros.dylib\#/Applications/Xcode-27.0.0-Release.Candidate.app/Contents/Developer/Platforms/AppleTVOS.platform/Developer/usr/bin/swift-plugin-server\#SwiftMacros -load-resolved-plugin /Applications/Xcode-27.0.0-Release.Candidate.app/Contents/Developer/Platforms/AppleTVOS.platform/Developer/usr/lib/swift/host/plugins/libSwiftUIMacros.dylib\#/Applications/Xcode-27.0.0-Release.Candidate.app/Contents/Developer/Platforms/AppleTVOS.platform/Developer/usr/bin/swift-plugin-server\#SwiftUIMacros -disable-implicit-swift-modules -Xcc -fno-implicit-modules -Xcc -fno-implicit-module-maps -explicit-swift-module-map-file /Users/admin/builder/spi-builder-workspace/.derivedData/Build/Intermediates.noindex/FabBar.build/Debug-appletvos/FabBar-t.build/Objects-normal/arm64/FabBar-dependencies-1.json -Xllvm -aarch64-use-tbi -enable-objc-interop -stack-check -sdk /Applications/Xcode-27.0.0-Release.Candidate.app/Contents/Developer/Platforms/AppleTVOS.platform/Developer/SDKs/AppleTVOS27.0.sdk -I /Users/admin/builder/spi-builder-workspace/.derivedData/Build/Products/Debug-appletvos -Isystem /Applications/Xcode-27.0.0-Release.Candidate.app/Contents/Developer/Platforms/AppleTVOS.platform/Developer/usr/lib -F /Users/admin/builder/spi-builder-workspace/.derivedData/Build/Products/Debug-appletvos -F /Applications/Xcode-27.0.0-Release.Candidate.app/Contents/Developer/Platforms/AppleTVOS.platform/Developer/Library/Frameworks -F /Applications/Xcode-27.0.0-Release.Candidate.app/Contents/Developer/Platforms/AppleTVOS.platform/Developer/SDKs/AppleTVOS27.0.sdk/Developer/Library/Frameworks -module-cache-path /Users/admin/builder/spi-builder-workspace/.derivedData/Build/Intermediates.noindex/SwiftExplicitPrecompiledModules -no-color-diagnostics -Xcc -fno-color-diagnostics -enable-testing -g -debug-info-format\=dwarf -dwarf-version\=4 -swift-version 6 -Onone -D SWIFT_PACKAGE -D DEBUG -D SWIFT_MODULE_RESOURCE_BUNDLE_UNAVAILABLE -D Xcode -serialize-debugging-options -enable-experimental-feature DebugDescriptionMacro -empty-abi-descriptor -validate-clang-modules-once -clang-build-session-file /Users/admin/builder/spi-builder-workspace/.derivedData/ModuleCache.noindex/Session.modulevalidation -Xcc -working-directory -Xcc /Users/admin/builder/spi-builder-workspace/.swiftpm/xcode -enable-anonymous-context-mangled-names -file-compilation-dir /Users/admin/builder/spi-builder-workspace/.swiftpm/xcode -Xcc -D_LIBCPP_HARDENING_MODE\=_LIBCPP_HARDENING_MODE_DEBUG -Xcc -ivfsstatcache -Xcc /Users/admin/builder/spi-builder-workspace/.derivedData/SDKStatCaches.noindex/appletvos27.0-24J360-e829b21a6f8c9b70876ba0858053c044b32bfd8d43560033f8d89884cdb90028.sdkstatcache -Xcc -fmodules-prune-interval\=86400 -Xcc -fmodules-prune-after\=345600 -Xcc -I/Users/admin/builder/spi-builder-workspace/.derivedData/Build/Products/Debug-appletvos/include -Xcc -I/Users/admin/builder/spi-builder-workspace/.derivedData/Build/Intermediates.noindex/FabBar.build/Debug-appletvos/FabBar-t.build/DerivedSources-normal/arm64 -Xcc -I/Users/admin/builder/spi-builder-workspace/.derivedData/Build/Intermediates.noindex/FabBar.build/Debug-appletvos/FabBar-t.build/DerivedSources/arm64 -Xcc -I/Users/admin/builder/spi-builder-workspace/.derivedData/Build/Intermediates.noindex/FabBar.build/Debug-appletvos/FabBar-t.build/DerivedSources -Xcc -DSWIFT_PACKAGE -Xcc -DDEBUG\=1 -no-auto-bridging-header-chaining -module-name FabBar -package-name spi_builder_workspace -const-gather-protocols-file /Users/admin/builder/spi-builder-workspace/.derivedData/Build/Intermediates.noindex/FabBar.build/Debug-appletvos/FabBar-t.build/Objects-normal/arm64/FabBar_const_extract_protocols.json -disable-clang-spi -clang-target arm64-apple-tvos27.0 -target-sdk-version 27.0 -target-sdk-name appletvos27.0 -in-process-plugin-server-path /Applications/Xcode-27.0.0-Release.Candidate.app/Contents/Developer/Toolchains/XcodeDefault.xctoolchain/usr/lib/swift/host/libSwiftInProcPluginServer.dylib -parse-as-library -o /Users/admin/builder/spi-builder-workspace/.derivedData/Build/Intermediates.noindex/FabBar.build/Debug-appletvos/FabBar-t.build/Objects-normal/arm64/FabBarRepresentable.o -debug-module-path /Users/admin/builder/spi-builder-workspace/.derivedData/Build/Intermediates.noindex/FabBar.build/Debug-appletvos/FabBar-t.build/Objects-normal/arm64/FabBar.swiftmodule -index-unit-output-path /FabBar.build/Debug-appletvos/FabBar-t.build/Objects-normal/arm64/FabBarRepresentable.o -index-store-path /Users/admin/builder/spi-builder-workspace/.derivedData/Index.noindex/DataStore -index-system-modules
SwiftCompile normal arm64 /Users/admin/builder/spi-builder-workspace/Sources/FabBar/Internal/FabBarRepresentable.swift (in target 'FabBar' from project 'FabBar')
cd /Users/admin/builder/spi-builder-workspace/.swiftpm/xcode
builtin-SwiftPerFileCompile FabBarRepresentable.swift
SwiftCompile normal arm64 Compiling\ FabBarTab.swift /Users/admin/builder/spi-builder-workspace/Sources/FabBar/FabBarTab.swift (in target 'FabBar' from project 'FabBar')
SwiftCompile normal arm64 /Users/admin/builder/spi-builder-workspace/Sources/FabBar/FabBarTab.swift (in target 'FabBar' from project 'FabBar')
cd /Users/admin/builder/spi-builder-workspace/.swiftpm/xcode
builtin-SwiftPerFileCompile FabBarTab.swift
SwiftCompile normal arm64 Compiling\ Constants.swift /Users/admin/builder/spi-builder-workspace/Sources/FabBar/Internal/Constants.swift (in target 'FabBar' from project 'FabBar')
SwiftCompile normal arm64 /Users/admin/builder/spi-builder-workspace/Sources/FabBar/Internal/Constants.swift (in target 'FabBar' from project 'FabBar')
cd /Users/admin/builder/spi-builder-workspace/.swiftpm/xcode
builtin-SwiftPerFileCompile Constants.swift
SwiftCompile normal arm64 Compiling\ FabBarModifier.swift /Users/admin/builder/spi-builder-workspace/Sources/FabBar/FabBarModifier.swift (in target 'FabBar' from project 'FabBar')
/Users/admin/builder/spi-builder-workspace/Sources/FabBar/FabBarModifier.swift:42:14: error: 'safeAreaBar(edge:alignment:spacing:content:)' is only available in tvOS 26.0 or newer
10 | /// - Injects calculated safe area padding into the environment
11 | @available(iOS 26.0, *)
12 | struct FabBarModifier<Value: Hashable>: ViewModifier {
| `- note: add '@available' attribute to enclosing generic struct
13 | @Binding var selection: Value
14 | let tabs: [FabBarTab<Value>]
:
38 | }
39 |
40 | func body(content: Content) -> some View {
| `- note: add '@available' attribute to enclosing instance method
41 | content
42 | .safeAreaBar(edge: .bottom) {
| |- error: 'safeAreaBar(edge:alignment:spacing:content:)' is only available in tvOS 26.0 or newer
| `- note: add 'if #available' version check
43 | if showsFabBar {
44 | FabBar(selection: $selection, tabs: tabs, action: action)
Failed frontend command:
/Applications/Xcode-27.0.0-Release.Candidate.app/Contents/Developer/Toolchains/XcodeDefault.xctoolchain/usr/bin/swift-frontend -frontend -c /Users/admin/builder/spi-builder-workspace/Sources/FabBar/FabBar.swift /Users/admin/builder/spi-builder-workspace/Sources/FabBar/FabBarAction.swift -primary-file /Users/admin/builder/spi-builder-workspace/Sources/FabBar/FabBarModifier.swift /Users/admin/builder/spi-builder-workspace/Sources/FabBar/FabBarSafeAreaPaddingModifier.swift /Users/admin/builder/spi-builder-workspace/Sources/FabBar/FabBarTab.swift /Users/admin/builder/spi-builder-workspace/Sources/FabBar/Internal/Constants.swift /Users/admin/builder/spi-builder-workspace/Sources/FabBar/Internal/FabBarRepresentable.swift /Users/admin/builder/spi-builder-workspace/Sources/FabBar/Internal/GlassTabBarView.swift /Users/admin/builder/spi-builder-workspace/Sources/FabBar/Internal/TabBarSegmentedControl.swift /Users/admin/builder/spi-builder-workspace/Sources/FabBar/Internal/TabItemContentView.swift -emit-dependencies-path /Users/admin/builder/spi-builder-workspace/.derivedData/Build/Intermediates.noindex/FabBar.build/Debug-appletvos/FabBar-t.build/Objects-normal/arm64/FabBarModifier.d -emit-const-values-path /Users/admin/builder/spi-builder-workspace/.derivedData/Build/Intermediates.noindex/FabBar.build/Debug-appletvos/FabBar-t.build/Objects-normal/arm64/FabBarModifier.swiftconstvalues -emit-reference-dependencies-path /Users/admin/builder/spi-builder-workspace/.derivedData/Build/Intermediates.noindex/FabBar.build/Debug-appletvos/FabBar-t.build/Objects-normal/arm64/FabBarModifier.swiftdeps -serialize-diagnostics-path /Users/admin/builder/spi-builder-workspace/.derivedData/Build/Intermediates.noindex/FabBar.build/Debug-appletvos/FabBar-t.build/Objects-normal/arm64/FabBarModifier.dia -target arm64-apple-tvos17.0 -disable-cross-import-overlay-search -load-resolved-plugin /Applications/Xcode-27.0.0-Release.Candidate.app/Contents/Developer/Platforms/AppleTVOS.platform/Developer/usr/lib/swift/host/plugins/libFoundationMacros.dylib\#/Applications/Xcode-27.0.0-Release.Candidate.app/Contents/Developer/Platforms/AppleTVOS.platform/Developer/usr/bin/swift-plugin-server\#FoundationMacros -load-resolved-plugin /Applications/Xcode-27.0.0-Release.Candidate.app/Contents/Developer/Platforms/AppleTVOS.platform/Developer/usr/lib/swift/host/plugins/libObservationMacros.dylib\#/Applications/Xcode-27.0.0-Release.Candidate.app/Contents/Developer/Platforms/AppleTVOS.platform/Developer/usr/bin/swift-plugin-server\#ObservationMacros -load-resolved-plugin /Applications/Xcode-27.0.0-Release.Candidate.app/Contents/Developer/Platforms/AppleTVOS.platform/Developer/usr/lib/swift/host/plugins/libPreviewsMacros.dylib\#/Applications/Xcode-27.0.0-Release.Candidate.app/Contents/Developer/Platforms/AppleTVOS.platform/Developer/usr/bin/swift-plugin-server\#PreviewsMacros -load-resolved-plugin /Applications/Xcode-27.0.0-Release.Candidate.app/Contents/Developer/Platforms/AppleTVOS.platform/Developer/usr/lib/swift/host/plugins/libSwiftMacros.dylib\#/Applications/Xcode-27.0.0-Release.Candidate.app/Contents/Developer/Platforms/AppleTVOS.platform/Developer/usr/bin/swift-plugin-server\#SwiftMacros -load-resolved-plugin /Applications/Xcode-27.0.0-Release.Candidate.app/Contents/Developer/Platforms/AppleTVOS.platform/Developer/usr/lib/swift/host/plugins/libSwiftUIMacros.dylib\#/Applications/Xcode-27.0.0-Release.Candidate.app/Contents/Developer/Platforms/AppleTVOS.platform/Developer/usr/bin/swift-plugin-server\#SwiftUIMacros -disable-implicit-swift-modules -Xcc -fno-implicit-modules -Xcc -fno-implicit-module-maps -explicit-swift-module-map-file /Users/admin/builder/spi-builder-workspace/.derivedData/Build/Intermediates.noindex/FabBar.build/Debug-appletvos/FabBar-t.build/Objects-normal/arm64/FabBar-dependencies-1.json -Xllvm -aarch64-use-tbi -enable-objc-interop -stack-check -sdk /Applications/Xcode-27.0.0-Release.Candidate.app/Contents/Developer/Platforms/AppleTVOS.platform/Developer/SDKs/AppleTVOS27.0.sdk -I /Users/admin/builder/spi-builder-workspace/.derivedData/Build/Products/Debug-appletvos -Isystem /Applications/Xcode-27.0.0-Release.Candidate.app/Contents/Developer/Platforms/AppleTVOS.platform/Developer/usr/lib -F /Users/admin/builder/spi-builder-workspace/.derivedData/Build/Products/Debug-appletvos -F /Applications/Xcode-27.0.0-Release.Candidate.app/Contents/Developer/Platforms/AppleTVOS.platform/Developer/Library/Frameworks -F /Applications/Xcode-27.0.0-Release.Candidate.app/Contents/Developer/Platforms/AppleTVOS.platform/Developer/SDKs/AppleTVOS27.0.sdk/Developer/Library/Frameworks -module-cache-path /Users/admin/builder/spi-builder-workspace/.derivedData/Build/Intermediates.noindex/SwiftExplicitPrecompiledModules -no-color-diagnostics -Xcc -fno-color-diagnostics -enable-testing -g -debug-info-format\=dwarf -dwarf-version\=4 -swift-version 6 -Onone -D SWIFT_PACKAGE -D DEBUG -D SWIFT_MODULE_RESOURCE_BUNDLE_UNAVAILABLE -D Xcode -serialize-debugging-options -enable-experimental-feature DebugDescriptionMacro -empty-abi-descriptor -validate-clang-modules-once -clang-build-session-file /Users/admin/builder/spi-builder-workspace/.derivedData/ModuleCache.noindex/Session.modulevalidation -Xcc -working-directory -Xcc /Users/admin/builder/spi-builder-workspace/.swiftpm/xcode -enable-anonymous-context-mangled-names -file-compilation-dir /Users/admin/builder/spi-builder-workspace/.swiftpm/xcode -Xcc -D_LIBCPP_HARDENING_MODE\=_LIBCPP_HARDENING_MODE_DEBUG -Xcc -ivfsstatcache -Xcc /Users/admin/builder/spi-builder-workspace/.derivedData/SDKStatCaches.noindex/appletvos27.0-24J360-e829b21a6f8c9b70876ba0858053c044b32bfd8d43560033f8d89884cdb90028.sdkstatcache -Xcc -fmodules-prune-interval\=86400 -Xcc -fmodules-prune-after\=345600 -Xcc -I/Users/admin/builder/spi-builder-workspace/.derivedData/Build/Products/Debug-appletvos/include -Xcc -I/Users/admin/builder/spi-builder-workspace/.derivedData/Build/Intermediates.noindex/FabBar.build/Debug-appletvos/FabBar-t.build/DerivedSources-normal/arm64 -Xcc -I/Users/admin/builder/spi-builder-workspace/.derivedData/Build/Intermediates.noindex/FabBar.build/Debug-appletvos/FabBar-t.build/DerivedSources/arm64 -Xcc -I/Users/admin/builder/spi-builder-workspace/.derivedData/Build/Intermediates.noindex/FabBar.build/Debug-appletvos/FabBar-t.build/DerivedSources -Xcc -DSWIFT_PACKAGE -Xcc -DDEBUG\=1 -no-auto-bridging-header-chaining -module-name FabBar -package-name spi_builder_workspace -const-gather-protocols-file /Users/admin/builder/spi-builder-workspace/.derivedData/Build/Intermediates.noindex/FabBar.build/Debug-appletvos/FabBar-t.build/Objects-normal/arm64/FabBar_const_extract_protocols.json -disable-clang-spi -clang-target arm64-apple-tvos27.0 -target-sdk-version 27.0 -target-sdk-name appletvos27.0 -in-process-plugin-server-path /Applications/Xcode-27.0.0-Release.Candidate.app/Contents/Developer/Toolchains/XcodeDefault.xctoolchain/usr/lib/swift/host/libSwiftInProcPluginServer.dylib -parse-as-library -o /Users/admin/builder/spi-builder-workspace/.derivedData/Build/Intermediates.noindex/FabBar.build/Debug-appletvos/FabBar-t.build/Objects-normal/arm64/FabBarModifier.o -debug-module-path /Users/admin/builder/spi-builder-workspace/.derivedData/Build/Intermediates.noindex/FabBar.build/Debug-appletvos/FabBar-t.build/Objects-normal/arm64/FabBar.swiftmodule -index-unit-output-path /FabBar.build/Debug-appletvos/FabBar-t.build/Objects-normal/arm64/FabBarModifier.o -index-store-path /Users/admin/builder/spi-builder-workspace/.derivedData/Index.noindex/DataStore -index-system-modules
SwiftCompile normal arm64 /Users/admin/builder/spi-builder-workspace/Sources/FabBar/FabBarModifier.swift (in target 'FabBar' from project 'FabBar')
cd /Users/admin/builder/spi-builder-workspace/.swiftpm/xcode
builtin-SwiftPerFileCompile FabBarModifier.swift
SwiftCompile normal arm64 Compiling\ FabBarSafeAreaPaddingModifier.swift /Users/admin/builder/spi-builder-workspace/Sources/FabBar/FabBarSafeAreaPaddingModifier.swift (in target 'FabBar' from project 'FabBar')
SwiftCompile normal arm64 /Users/admin/builder/spi-builder-workspace/Sources/FabBar/FabBarSafeAreaPaddingModifier.swift (in target 'FabBar' from project 'FabBar')
cd /Users/admin/builder/spi-builder-workspace/.swiftpm/xcode
builtin-SwiftPerFileCompile FabBarSafeAreaPaddingModifier.swift
SwiftCompile normal arm64 Compiling\ FabBar.swift /Users/admin/builder/spi-builder-workspace/Sources/FabBar/FabBar.swift (in target 'FabBar' from project 'FabBar')
SwiftCompile normal arm64 /Users/admin/builder/spi-builder-workspace/Sources/FabBar/FabBar.swift (in target 'FabBar' from project 'FabBar')
cd /Users/admin/builder/spi-builder-workspace/.swiftpm/xcode
builtin-SwiftPerFileCompile FabBar.swift
SwiftCompile normal arm64 Compiling\ FabBarAction.swift /Users/admin/builder/spi-builder-workspace/Sources/FabBar/FabBarAction.swift (in target 'FabBar' from project 'FabBar')
SwiftCompile normal arm64 /Users/admin/builder/spi-builder-workspace/Sources/FabBar/FabBarAction.swift (in target 'FabBar' from project 'FabBar')
cd /Users/admin/builder/spi-builder-workspace/.swiftpm/xcode
builtin-SwiftPerFileCompile FabBarAction.swift
SwiftDriverJobDiscovery normal arm64 Emitting module for FabBar (in target 'FabBar' from project 'FabBar')
SwiftDriver\ Compilation\ Requirements FabBar normal arm64 com.apple.xcode.tools.swift.compiler (in target 'FabBar' from project 'FabBar')
cd /Users/admin/builder/spi-builder-workspace/.swiftpm/xcode
builtin-Swift-Compilation-Requirements -- /Applications/Xcode-27.0.0-Release.Candidate.app/Contents/Developer/Toolchains/XcodeDefault.xctoolchain/usr/bin/swiftc -parse-as-library -module-name FabBar -Onone @/Users/admin/builder/spi-builder-workspace/.derivedData/Build/Intermediates.noindex/FabBar.build/Debug-appletvos/FabBar-t.build/Objects-normal/arm64/FabBar.SwiftFileList -DSWIFT_PACKAGE -DDEBUG -DSWIFT_MODULE_RESOURCE_BUNDLE_UNAVAILABLE -DXcode -plugin-path /Applications/Xcode-27.0.0-Release.Candidate.app/Contents/Developer/Toolchains/XcodeDefault.xctoolchain/usr/lib/swift/host/plugins/testing -enable-experimental-feature DebugDescriptionMacro -sdk /Applications/Xcode-27.0.0-Release.Candidate.app/Contents/Developer/Platforms/AppleTVOS.platform/Developer/SDKs/AppleTVOS27.0.sdk -target arm64-apple-tvos17.0 -g -module-cache-path /Users/admin/builder/spi-builder-workspace/.derivedData/ModuleCache.noindex -Xfrontend -serialize-debugging-options -enable-testing -index-store-path /Users/admin/builder/spi-builder-workspace/.derivedData/Index.noindex/DataStore -Xcc -D_LIBCPP_HARDENING_MODE\=_LIBCPP_HARDENING_MODE_DEBUG -swift-version 6 -I /Users/admin/builder/spi-builder-workspace/.derivedData/Build/Products/Debug-appletvos -Isystem /Applications/Xcode-27.0.0-Release.Candidate.app/Contents/Developer/Platforms/AppleTVOS.platform/Developer/usr/lib -F /Users/admin/builder/spi-builder-workspace/.derivedData/Build/Products/Debug-appletvos -F /Applications/Xcode-27.0.0-Release.Candidate.app/Contents/Developer/Platforms/AppleTVOS.platform/Developer/Library/Frameworks -F /Applications/Xcode-27.0.0-Release.Candidate.app/Contents/Developer/Platforms/AppleTVOS.platform/Developer/SDKs/AppleTVOS27.0.sdk/Developer/Library/Frameworks -c -j10 -enable-batch-mode -incremental -Xcc -ivfsstatcache -Xcc /Users/admin/builder/spi-builder-workspace/.derivedData/SDKStatCaches.noindex/appletvos27.0-24J360-e829b21a6f8c9b70876ba0858053c044b32bfd8d43560033f8d89884cdb90028.sdkstatcache -output-file-map /Users/admin/builder/spi-builder-workspace/.derivedData/Build/Intermediates.noindex/FabBar.build/Debug-appletvos/FabBar-t.build/Objects-normal/arm64/FabBar-OutputFileMap.json -save-temps -no-color-diagnostics -explicit-module-build -module-cache-path /Users/admin/builder/spi-builder-workspace/.derivedData/Build/Intermediates.noindex/SwiftExplicitPrecompiledModules -clang-scanner-module-cache-path /Users/admin/builder/spi-builder-workspace/.derivedData/ModuleCache.noindex -sdk-module-cache-path /Users/admin/builder/spi-builder-workspace/.derivedData/SDKExplicitPrecompiledModules -emit-dependencies -emit-module -emit-module-path /Users/admin/builder/spi-builder-workspace/.derivedData/Build/Intermediates.noindex/FabBar.build/Debug-appletvos/FabBar-t.build/Objects-normal/arm64/FabBar.swiftmodule -serialize-diagnostics -dependency-scan-serialize-diagnostics-path /Users/admin/builder/spi-builder-workspace/.derivedData/Build/Intermediates.noindex/FabBar.build/Debug-appletvos/FabBar-t.build/Objects-normal/arm64/FabBar-dependency-scan.dia -validate-clang-modules-once -clang-build-session-file /Users/admin/builder/spi-builder-workspace/.derivedData/ModuleCache.noindex/Session.modulevalidation -Xcc -fmodules-prune-interval\=86400 -Xcc -fmodules-prune-after\=345600 -package-name spi_builder_workspace -emit-const-values -const-gather-protocols-list /Users/admin/builder/spi-builder-workspace/.derivedData/Build/Intermediates.noindex/FabBar.build/Debug-appletvos/FabBar-t.build/Objects-normal/arm64/FabBar_const_extract_protocols.json -Xcc -I/Users/admin/builder/spi-builder-workspace/.derivedData/Build/Products/Debug-appletvos/include -Xcc -I/Users/admin/builder/spi-builder-workspace/.derivedData/Build/Intermediates.noindex/FabBar.build/Debug-appletvos/FabBar-t.build/DerivedSources-normal/arm64 -Xcc -I/Users/admin/builder/spi-builder-workspace/.derivedData/Build/Intermediates.noindex/FabBar.build/Debug-appletvos/FabBar-t.build/DerivedSources/arm64 -Xcc -I/Users/admin/builder/spi-builder-workspace/.derivedData/Build/Intermediates.noindex/FabBar.build/Debug-appletvos/FabBar-t.build/DerivedSources -Xcc -DSWIFT_PACKAGE -Xcc -DDEBUG\=1 -emit-objc-header -emit-objc-header-path /Users/admin/builder/spi-builder-workspace/.derivedData/Build/Intermediates.noindex/FabBar.build/Debug-appletvos/FabBar-t.build/Objects-normal/arm64/FabBar-Swift.h -working-directory /Users/admin/builder/spi-builder-workspace/.swiftpm/xcode -experimental-emit-module-separately -disable-cmo
SwiftDriverJobDiscovery normal arm64 Compiling FabBarTab.swift (in target 'FabBar' from project 'FabBar')
SwiftDriverJobDiscovery normal arm64 Compiling FabBarAction.swift (in target 'FabBar' from project 'FabBar')
SwiftMergeGeneratedHeaders /Users/admin/builder/spi-builder-workspace/.derivedData/Build/Intermediates.noindex/GeneratedModuleMaps-appletvos/FabBar-Swift.h /Users/admin/builder/spi-builder-workspace/.derivedData/Build/Intermediates.noindex/FabBar.build/Debug-appletvos/FabBar-t.build/Objects-normal/arm64/FabBar-Swift.h (in target 'FabBar' from project 'FabBar')
cd /Users/admin/builder/spi-builder-workspace
builtin-swiftHeaderTool -arch arm64 /Users/admin/builder/spi-builder-workspace/.derivedData/Build/Intermediates.noindex/FabBar.build/Debug-appletvos/FabBar-t.build/Objects-normal/arm64/FabBar-Swift.h -o /Users/admin/builder/spi-builder-workspace/.derivedData/Build/Intermediates.noindex/GeneratedModuleMaps-appletvos/FabBar-Swift.h
Copy /Users/admin/builder/spi-builder-workspace/.derivedData/Build/Products/Debug-appletvos/FabBar.swiftmodule/arm64-apple-tvos.swiftmodule /Users/admin/builder/spi-builder-workspace/.derivedData/Build/Intermediates.noindex/FabBar.build/Debug-appletvos/FabBar-t.build/Objects-normal/arm64/FabBar.swiftmodule (in target 'FabBar' from project 'FabBar')
cd /Users/admin/builder/spi-builder-workspace
builtin-copy -exclude .DS_Store -exclude CVS -exclude .svn -exclude .git -exclude .hg -resolve-src-symlinks -rename /Users/admin/builder/spi-builder-workspace/.derivedData/Build/Intermediates.noindex/FabBar.build/Debug-appletvos/FabBar-t.build/Objects-normal/arm64/FabBar.swiftmodule /Users/admin/builder/spi-builder-workspace/.derivedData/Build/Products/Debug-appletvos/FabBar.swiftmodule/arm64-apple-tvos.swiftmodule
Copy /Users/admin/builder/spi-builder-workspace/.derivedData/Build/Products/Debug-appletvos/FabBar.swiftmodule/arm64-apple-tvos.swiftdoc /Users/admin/builder/spi-builder-workspace/.derivedData/Build/Intermediates.noindex/FabBar.build/Debug-appletvos/FabBar-t.build/Objects-normal/arm64/FabBar.swiftdoc (in target 'FabBar' from project 'FabBar')
cd /Users/admin/builder/spi-builder-workspace
builtin-copy -exclude .DS_Store -exclude CVS -exclude .svn -exclude .git -exclude .hg -resolve-src-symlinks -rename /Users/admin/builder/spi-builder-workspace/.derivedData/Build/Intermediates.noindex/FabBar.build/Debug-appletvos/FabBar-t.build/Objects-normal/arm64/FabBar.swiftdoc /Users/admin/builder/spi-builder-workspace/.derivedData/Build/Products/Debug-appletvos/FabBar.swiftmodule/arm64-apple-tvos.swiftdoc
Copy /Users/admin/builder/spi-builder-workspace/.derivedData/Build/Products/Debug-appletvos/FabBar.swiftmodule/arm64-apple-tvos.abi.json /Users/admin/builder/spi-builder-workspace/.derivedData/Build/Intermediates.noindex/FabBar.build/Debug-appletvos/FabBar-t.build/Objects-normal/arm64/FabBar.abi.json (in target 'FabBar' from project 'FabBar')
cd /Users/admin/builder/spi-builder-workspace
builtin-copy -exclude .DS_Store -exclude CVS -exclude .svn -exclude .git -exclude .hg -resolve-src-symlinks -rename /Users/admin/builder/spi-builder-workspace/.derivedData/Build/Intermediates.noindex/FabBar.build/Debug-appletvos/FabBar-t.build/Objects-normal/arm64/FabBar.abi.json /Users/admin/builder/spi-builder-workspace/.derivedData/Build/Products/Debug-appletvos/FabBar.swiftmodule/arm64-apple-tvos.abi.json
Copy /Users/admin/builder/spi-builder-workspace/.derivedData/Build/Products/Debug-appletvos/FabBar.swiftmodule/Project/arm64-apple-tvos.swiftsourceinfo /Users/admin/builder/spi-builder-workspace/.derivedData/Build/Intermediates.noindex/FabBar.build/Debug-appletvos/FabBar-t.build/Objects-normal/arm64/FabBar.swiftsourceinfo (in target 'FabBar' from project 'FabBar')
cd /Users/admin/builder/spi-builder-workspace
builtin-copy -exclude .DS_Store -exclude CVS -exclude .svn -exclude .git -exclude .hg -resolve-src-symlinks -rename /Users/admin/builder/spi-builder-workspace/.derivedData/Build/Intermediates.noindex/FabBar.build/Debug-appletvos/FabBar-t.build/Objects-normal/arm64/FabBar.swiftsourceinfo /Users/admin/builder/spi-builder-workspace/.derivedData/Build/Products/Debug-appletvos/FabBar.swiftmodule/Project/arm64-apple-tvos.swiftsourceinfo
PruneExplicitPrecompiledModules /Users/admin/builder/spi-builder-workspace/.derivedData/Build/Intermediates.noindex/ExplicitPrecompiledModules
PruneExplicitPrecompiledModules /Users/admin/builder/spi-builder-workspace/.derivedData/Build/Intermediates.noindex/SwiftExplicitPrecompiledModules
PruneExplicitPrecompiledModules /Users/admin/builder/spi-builder-workspace/.derivedData/SDKExplicitPrecompiledModules
2026-09-24 03:29:36.396 xcodebuild[623:3864] [MT] IDERunDestination: Supported platforms for the buildables in the current scheme is empty.
** BUILD FAILED **
The following build commands failed:
SwiftCompile normal arm64 Compiling\ FabBarRepresentable.swift /Users/admin/builder/spi-builder-workspace/Sources/FabBar/Internal/FabBarRepresentable.swift (in target 'FabBar' from project 'FabBar')
SwiftCompile normal arm64 /Users/admin/builder/spi-builder-workspace/Sources/FabBar/Internal/FabBarRepresentable.swift (in target 'FabBar' from project 'FabBar')
SwiftCompile normal arm64 Compiling\ FabBarModifier.swift /Users/admin/builder/spi-builder-workspace/Sources/FabBar/FabBarModifier.swift (in target 'FabBar' from project 'FabBar')
SwiftCompile normal arm64 /Users/admin/builder/spi-builder-workspace/Sources/FabBar/FabBarModifier.swift (in target 'FabBar' from project 'FabBar')
Building workspace FabBar with scheme FabBar
(5 failures)
Command line invocation:
/Applications/Xcode-27.0.0-Release.Candidate.app/Contents/Developer/usr/bin/xcodebuild -IDEClonedSourcePackagesDirPathOverride=/Users/admin/builder/spi-builder-workspace/.dependencies -resolvePackageDependencies
Resolve Package Graph
Resolved source packages:
FabBar: /Users/admin/builder/spi-builder-workspace
resolved source packages: FabBar
2026-09-24 03:29:44.644 xcodebuild[733:4389] [MT] IDERunDestination: Supported platforms for the buildables in the current scheme is empty.
{
"dependencies" : [
],
"manifest_display_name" : "FabBar",
"name" : "FabBar",
"path" : "/Users/admin/builder/spi-builder-workspace",
"platforms" : [
{
"name" : "ios",
"version" : "17.0"
}
],
"products" : [
{
"name" : "FabBar",
"targets" : [
"FabBar"
],
"type" : {
"library" : [
"automatic"
]
}
}
],
"targets" : [
{
"c99name" : "FabBar",
"module_type" : "SwiftTarget",
"name" : "FabBar",
"path" : "Sources/FabBar",
"product_memberships" : [
"FabBar"
],
"sources" : [
"FabBar.swift",
"FabBarAction.swift",
"FabBarModifier.swift",
"FabBarSafeAreaPaddingModifier.swift",
"FabBarTab.swift",
"Internal/Constants.swift",
"Internal/FabBarRepresentable.swift",
"Internal/GlassTabBarView.swift",
"Internal/TabBarSegmentedControl.swift",
"Internal/TabItemContentView.swift"
],
"type" : "library"
}
],
"tools_version" : "6.0"
}
{
"workspace" : {
"name" : "FabBar",
"schemes" : [
"FabBar"
]
}
}
2026-09-24 03:29:46.017 xcodebuild[747:4501] [MT] IDERunDestination: Supported platforms for the buildables in the current scheme is empty.
Running build ...
env DEVELOPER_DIR=/Applications/Xcode-27.0.0-Release.Candidate.app xcrun xcodebuild -IDEClonedSourcePackagesDirPathOverride=$PWD/.dependencies -skipMacroValidation -skipPackagePluginValidation -derivedDataPath $PWD/.derivedData build -scheme FabBar -destination generic/platform=tvOS
Command line invocation:
/Applications/Xcode-27.0.0-Release.Candidate.app/Contents/Developer/usr/bin/xcodebuild -IDEClonedSourcePackagesDirPathOverride=/Users/admin/builder/spi-builder-workspace/.dependencies -skipMacroValidation -skipPackagePluginValidation -derivedDataPath /Users/admin/builder/spi-builder-workspace/.derivedData build -scheme FabBar -destination generic/platform=tvOS
Resolve Package Graph
Resolved source packages:
FabBar: /Users/admin/builder/spi-builder-workspace
ComputePackagePrebuildTargetDependencyGraph
Prepare packages
CreateBuildRequest
SendProjectDescription
CreateBuildOperation
ComputeTargetDependencyGraph
note: Building targets in dependency order
note: Target dependency graph (2 targets)
Target 'FabBar-product' in project 'FabBar'
➜ Explicit dependency on target 'FabBar' in project 'FabBar'
Target 'FabBar' in project 'FabBar' (no dependencies)
GatherProvisioningInputs
CreateBuildDescription
ClangStatCache /Applications/Xcode-27.0.0-Release.Candidate.app/Contents/Developer/Toolchains/XcodeDefault.xctoolchain/usr/bin/clang-stat-cache /Applications/Xcode-27.0.0-Release.Candidate.app/Contents/Developer/Platforms/AppleTVOS.platform/Developer/SDKs/AppleTVOS27.0.sdk /Users/admin/builder/spi-builder-workspace/.derivedData/SDKStatCaches.noindex/appletvos27.0-24J360-e829b21a6f8c9b70876ba0858053c044b32bfd8d43560033f8d89884cdb90028.sdkstatcache
cd /Users/admin/builder/spi-builder-workspace/.swiftpm/xcode
/Applications/Xcode-27.0.0-Release.Candidate.app/Contents/Developer/Toolchains/XcodeDefault.xctoolchain/usr/bin/clang-stat-cache /Applications/Xcode-27.0.0-Release.Candidate.app/Contents/Developer/Platforms/AppleTVOS.platform/Developer/SDKs/AppleTVOS27.0.sdk -o /Users/admin/builder/spi-builder-workspace/.derivedData/SDKStatCaches.noindex/appletvos27.0-24J360-e829b21a6f8c9b70876ba0858053c044b32bfd8d43560033f8d89884cdb90028.sdkstatcache
SwiftDriver FabBar normal arm64 com.apple.xcode.tools.swift.compiler (in target 'FabBar' from project 'FabBar')
cd /Users/admin/builder/spi-builder-workspace/.swiftpm/xcode
builtin-SwiftDriver -- /Applications/Xcode-27.0.0-Release.Candidate.app/Contents/Developer/Toolchains/XcodeDefault.xctoolchain/usr/bin/swiftc -parse-as-library -module-name FabBar -Onone @/Users/admin/builder/spi-builder-workspace/.derivedData/Build/Intermediates.noindex/FabBar.build/Debug-appletvos/FabBar-t.build/Objects-normal/arm64/FabBar.SwiftFileList -DSWIFT_PACKAGE -DDEBUG -DSWIFT_MODULE_RESOURCE_BUNDLE_UNAVAILABLE -DXcode -plugin-path /Applications/Xcode-27.0.0-Release.Candidate.app/Contents/Developer/Toolchains/XcodeDefault.xctoolchain/usr/lib/swift/host/plugins/testing -enable-experimental-feature DebugDescriptionMacro -sdk /Applications/Xcode-27.0.0-Release.Candidate.app/Contents/Developer/Platforms/AppleTVOS.platform/Developer/SDKs/AppleTVOS27.0.sdk -target arm64-apple-tvos17.0 -g -module-cache-path /Users/admin/builder/spi-builder-workspace/.derivedData/ModuleCache.noindex -Xfrontend -serialize-debugging-options -enable-testing -index-store-path /Users/admin/builder/spi-builder-workspace/.derivedData/Index.noindex/DataStore -Xcc -D_LIBCPP_HARDENING_MODE\=_LIBCPP_HARDENING_MODE_DEBUG -swift-version 6 -I /Users/admin/builder/spi-builder-workspace/.derivedData/Build/Products/Debug-appletvos -Isystem /Applications/Xcode-27.0.0-Release.Candidate.app/Contents/Developer/Platforms/AppleTVOS.platform/Developer/usr/lib -F /Users/admin/builder/spi-builder-workspace/.derivedData/Build/Products/Debug-appletvos -F /Applications/Xcode-27.0.0-Release.Candidate.app/Contents/Developer/Platforms/AppleTVOS.platform/Developer/Library/Frameworks -F /Applications/Xcode-27.0.0-Release.Candidate.app/Contents/Developer/Platforms/AppleTVOS.platform/Developer/SDKs/AppleTVOS27.0.sdk/Developer/Library/Frameworks -c -j10 -enable-batch-mode -incremental -Xcc -ivfsstatcache -Xcc /Users/admin/builder/spi-builder-workspace/.derivedData/SDKStatCaches.noindex/appletvos27.0-24J360-e829b21a6f8c9b70876ba0858053c044b32bfd8d43560033f8d89884cdb90028.sdkstatcache -output-file-map /Users/admin/builder/spi-builder-workspace/.derivedData/Build/Intermediates.noindex/FabBar.build/Debug-appletvos/FabBar-t.build/Objects-normal/arm64/FabBar-OutputFileMap.json -save-temps -no-color-diagnostics -explicit-module-build -module-cache-path /Users/admin/builder/spi-builder-workspace/.derivedData/Build/Intermediates.noindex/SwiftExplicitPrecompiledModules -clang-scanner-module-cache-path /Users/admin/builder/spi-builder-workspace/.derivedData/ModuleCache.noindex -sdk-module-cache-path /Users/admin/builder/spi-builder-workspace/.derivedData/SDKExplicitPrecompiledModules -emit-dependencies -emit-module -emit-module-path /Users/admin/builder/spi-builder-workspace/.derivedData/Build/Intermediates.noindex/FabBar.build/Debug-appletvos/FabBar-t.build/Objects-normal/arm64/FabBar.swiftmodule -serialize-diagnostics -dependency-scan-serialize-diagnostics-path /Users/admin/builder/spi-builder-workspace/.derivedData/Build/Intermediates.noindex/FabBar.build/Debug-appletvos/FabBar-t.build/Objects-normal/arm64/FabBar-dependency-scan.dia -validate-clang-modules-once -clang-build-session-file /Users/admin/builder/spi-builder-workspace/.derivedData/ModuleCache.noindex/Session.modulevalidation -Xcc -fmodules-prune-interval\=86400 -Xcc -fmodules-prune-after\=345600 -package-name spi_builder_workspace -emit-const-values -const-gather-protocols-list /Users/admin/builder/spi-builder-workspace/.derivedData/Build/Intermediates.noindex/FabBar.build/Debug-appletvos/FabBar-t.build/Objects-normal/arm64/FabBar_const_extract_protocols.json -Xcc -I/Users/admin/builder/spi-builder-workspace/.derivedData/Build/Products/Debug-appletvos/include -Xcc -I/Users/admin/builder/spi-builder-workspace/.derivedData/Build/Intermediates.noindex/FabBar.build/Debug-appletvos/FabBar-t.build/DerivedSources-normal/arm64 -Xcc -I/Users/admin/builder/spi-builder-workspace/.derivedData/Build/Intermediates.noindex/FabBar.build/Debug-appletvos/FabBar-t.build/DerivedSources/arm64 -Xcc -I/Users/admin/builder/spi-builder-workspace/.derivedData/Build/Intermediates.noindex/FabBar.build/Debug-appletvos/FabBar-t.build/DerivedSources -Xcc -DSWIFT_PACKAGE -Xcc -DDEBUG\=1 -emit-objc-header -emit-objc-header-path /Users/admin/builder/spi-builder-workspace/.derivedData/Build/Intermediates.noindex/FabBar.build/Debug-appletvos/FabBar-t.build/Objects-normal/arm64/FabBar-Swift.h -working-directory /Users/admin/builder/spi-builder-workspace/.swiftpm/xcode -experimental-emit-module-separately -disable-cmo
SwiftCompile normal arm64 Compiling\ FabBarSafeAreaPaddingModifier.swift /Users/admin/builder/spi-builder-workspace/Sources/FabBar/FabBarSafeAreaPaddingModifier.swift (in target 'FabBar' from project 'FabBar')
SwiftCompile normal arm64 /Users/admin/builder/spi-builder-workspace/Sources/FabBar/FabBarSafeAreaPaddingModifier.swift (in target 'FabBar' from project 'FabBar')
cd /Users/admin/builder/spi-builder-workspace/.swiftpm/xcode
builtin-SwiftPerFileCompile FabBarSafeAreaPaddingModifier.swift
SwiftCompile normal arm64 Compiling\ Constants.swift /Users/admin/builder/spi-builder-workspace/Sources/FabBar/Internal/Constants.swift (in target 'FabBar' from project 'FabBar')
SwiftCompile normal arm64 /Users/admin/builder/spi-builder-workspace/Sources/FabBar/Internal/Constants.swift (in target 'FabBar' from project 'FabBar')
cd /Users/admin/builder/spi-builder-workspace/.swiftpm/xcode
builtin-SwiftPerFileCompile Constants.swift
SwiftCompile normal arm64 Compiling\ FabBarRepresentable.swift /Users/admin/builder/spi-builder-workspace/Sources/FabBar/Internal/FabBarRepresentable.swift (in target 'FabBar' from project 'FabBar')
SwiftCompile normal arm64 /Users/admin/builder/spi-builder-workspace/Sources/FabBar/Internal/FabBarRepresentable.swift (in target 'FabBar' from project 'FabBar')
cd /Users/admin/builder/spi-builder-workspace/.swiftpm/xcode
builtin-SwiftPerFileCompile FabBarRepresentable.swift
SwiftCompile normal arm64 Compiling\ GlassTabBarView.swift /Users/admin/builder/spi-builder-workspace/Sources/FabBar/Internal/GlassTabBarView.swift (in target 'FabBar' from project 'FabBar')
/Users/admin/builder/spi-builder-workspace/Sources/FabBar/Internal/GlassTabBarView.swift:28:31: error: 'UIGlassContainerEffect' is only available in tvOS 26.0 or newer
4 | /// Uses UIGlassContainerEffect to enable morphing between the segmented control and FAB.
5 | @available(iOS 26.0, *)
6 | final class GlassTabBarView: UIView {
| `- note: add '@available' attribute to enclosing class
7 | let containerEffectView: UIVisualEffectView
8 | let segmentedGlassView: UIVisualEffectView
:
17 | private var segmentedTrailingConstraint: NSLayoutConstraint?
18 |
19 | init(
| `- note: add '@available' attribute to enclosing initializer
20 | segmentedControl: TabBarSegmentedControl,
21 | tabCount: Int,
:
26 |
27 | // Create glass container effect for morphing
28 | let containerEffect = UIGlassContainerEffect()
| |- error: 'UIGlassContainerEffect' is only available in tvOS 26.0 or newer
| `- note: add 'if #available' version check
29 | containerEffect.spacing = Constants.fabSpacing
30 | containerEffectView = UIVisualEffectView(effect: containerEffect)
/Users/admin/builder/spi-builder-workspace/Sources/FabBar/Internal/GlassTabBarView.swift:33:36: error: 'UIGlassEffect' is only available in tvOS 26.0 or newer
4 | /// Uses UIGlassContainerEffect to enable morphing between the segmented control and FAB.
5 | @available(iOS 26.0, *)
6 | final class GlassTabBarView: UIView {
| `- note: add '@available' attribute to enclosing class
7 | let containerEffectView: UIVisualEffectView
8 | let segmentedGlassView: UIVisualEffectView
:
17 | private var segmentedTrailingConstraint: NSLayoutConstraint?
18 |
19 | init(
| `- note: add '@available' attribute to enclosing initializer
20 | segmentedControl: TabBarSegmentedControl,
21 | tabCount: Int,
:
31 |
32 | // Create segmented control glass effect
33 | let segmentedGlassEffect = UIGlassEffect()
| |- error: 'UIGlassEffect' is only available in tvOS 26.0 or newer
| `- note: add 'if #available' version check
34 | segmentedGlassEffect.isInteractive = true
35 | segmentedGlassView = UIVisualEffectView(effect: segmentedGlassEffect)
/Users/admin/builder/spi-builder-workspace/Sources/FabBar/Internal/GlassTabBarView.swift:38:30: error: 'UIGlassEffect' is only available in tvOS 26.0 or newer
4 | /// Uses UIGlassContainerEffect to enable morphing between the segmented control and FAB.
5 | @available(iOS 26.0, *)
6 | final class GlassTabBarView: UIView {
| `- note: add '@available' attribute to enclosing class
7 | let containerEffectView: UIVisualEffectView
8 | let segmentedGlassView: UIVisualEffectView
:
17 | private var segmentedTrailingConstraint: NSLayoutConstraint?
18 |
19 | init(
| `- note: add '@available' attribute to enclosing initializer
20 | segmentedControl: TabBarSegmentedControl,
21 | tabCount: Int,
:
36 |
37 | // Create FAB button
38 | let fabGlassEffect = UIGlassEffect()
| |- error: 'UIGlassEffect' is only available in tvOS 26.0 or newer
| `- note: add 'if #available' version check
39 | fabGlassEffect.isInteractive = true
40 | fabGlassEffect.tintColor = .tintColor
/Users/admin/builder/spi-builder-workspace/Sources/FabBar/Internal/GlassTabBarView.swift:150:28: error: 'cornerConfiguration' is only available in tvOS 26.0 or newer
4 | /// Uses UIGlassContainerEffect to enable morphing between the segmented control and FAB.
5 | @available(iOS 26.0, *)
6 | final class GlassTabBarView: UIView {
| `- note: add '@available' attribute to enclosing class
7 | let containerEffectView: UIVisualEffectView
8 | let segmentedGlassView: UIVisualEffectView
:
144 | }
145 |
146 | override func layoutSubviews() {
| `- note: add '@available' attribute to enclosing instance method
147 | super.layoutSubviews()
148 |
149 | // Capsule shape for segmented control
150 | segmentedGlassView.cornerConfiguration = .capsule()
| |- error: 'cornerConfiguration' is only available in tvOS 26.0 or newer
| `- note: add 'if #available' version check
151 |
152 | // Circle shape for FAB button (capsule with equal width/height = circle)
/Users/admin/builder/spi-builder-workspace/Sources/FabBar/Internal/GlassTabBarView.swift:153:22: error: 'cornerConfiguration' is only available in tvOS 26.0 or newer
4 | /// Uses UIGlassContainerEffect to enable morphing between the segmented control and FAB.
5 | @available(iOS 26.0, *)
6 | final class GlassTabBarView: UIView {
| `- note: add '@available' attribute to enclosing class
7 | let containerEffectView: UIVisualEffectView
8 | let segmentedGlassView: UIVisualEffectView
:
144 | }
145 |
146 | override func layoutSubviews() {
| `- note: add '@available' attribute to enclosing instance method
147 | super.layoutSubviews()
148 |
:
151 |
152 | // Circle shape for FAB button (capsule with equal width/height = circle)
153 | fabGlassView.cornerConfiguration = .capsule()
| |- error: 'cornerConfiguration' is only available in tvOS 26.0 or newer
| `- note: add 'if #available' version check
154 | }
155 |
/Users/admin/builder/spi-builder-workspace/Sources/FabBar/Internal/GlassTabBarView.swift:160:25: error: 'UIGlassEffect' is only available in tvOS 26.0 or newer
4 | /// Uses UIGlassContainerEffect to enable morphing between the segmented control and FAB.
5 | @available(iOS 26.0, *)
6 | final class GlassTabBarView: UIView {
| `- note: add '@available' attribute to enclosing class
7 | let containerEffectView: UIVisualEffectView
8 | let segmentedGlassView: UIVisualEffectView
:
154 | }
155 |
156 | override func tintColorDidChange() {
| `- note: add '@available' attribute to enclosing instance method
157 | super.tintColorDidChange()
158 | // Update FAB glass effect tint when tintAdjustmentMode changes
159 | // Create a new effect since modifying existing effect's tintColor doesn't update visuals
160 | let newEffect = UIGlassEffect()
| |- error: 'UIGlassEffect' is only available in tvOS 26.0 or newer
| `- note: add 'if #available' version check
161 | newEffect.isInteractive = true
162 | newEffect.tintColor = tintColor
Failed frontend command:
/Applications/Xcode-27.0.0-Release.Candidate.app/Contents/Developer/Toolchains/XcodeDefault.xctoolchain/usr/bin/swift-frontend -frontend -c /Users/admin/builder/spi-builder-workspace/Sources/FabBar/FabBar.swift /Users/admin/builder/spi-builder-workspace/Sources/FabBar/FabBarAction.swift /Users/admin/builder/spi-builder-workspace/Sources/FabBar/FabBarModifier.swift /Users/admin/builder/spi-builder-workspace/Sources/FabBar/FabBarSafeAreaPaddingModifier.swift /Users/admin/builder/spi-builder-workspace/Sources/FabBar/FabBarTab.swift /Users/admin/builder/spi-builder-workspace/Sources/FabBar/Internal/Constants.swift /Users/admin/builder/spi-builder-workspace/Sources/FabBar/Internal/FabBarRepresentable.swift -primary-file /Users/admin/builder/spi-builder-workspace/Sources/FabBar/Internal/GlassTabBarView.swift /Users/admin/builder/spi-builder-workspace/Sources/FabBar/Internal/TabBarSegmentedControl.swift /Users/admin/builder/spi-builder-workspace/Sources/FabBar/Internal/TabItemContentView.swift -emit-dependencies-path /Users/admin/builder/spi-builder-workspace/.derivedData/Build/Intermediates.noindex/FabBar.build/Debug-appletvos/FabBar-t.build/Objects-normal/arm64/GlassTabBarView.d -emit-const-values-path /Users/admin/builder/spi-builder-workspace/.derivedData/Build/Intermediates.noindex/FabBar.build/Debug-appletvos/FabBar-t.build/Objects-normal/arm64/GlassTabBarView.swiftconstvalues -emit-reference-dependencies-path /Users/admin/builder/spi-builder-workspace/.derivedData/Build/Intermediates.noindex/FabBar.build/Debug-appletvos/FabBar-t.build/Objects-normal/arm64/GlassTabBarView.swiftdeps -serialize-diagnostics-path /Users/admin/builder/spi-builder-workspace/.derivedData/Build/Intermediates.noindex/FabBar.build/Debug-appletvos/FabBar-t.build/Objects-normal/arm64/GlassTabBarView.dia -target arm64-apple-tvos17.0 -disable-cross-import-overlay-search -load-resolved-plugin /Applications/Xcode-27.0.0-Release.Candidate.app/Contents/Developer/Platforms/AppleTVOS.platform/Developer/usr/lib/swift/host/plugins/libFoundationMacros.dylib\#/Applications/Xcode-27.0.0-Release.Candidate.app/Contents/Developer/Platforms/AppleTVOS.platform/Developer/usr/bin/swift-plugin-server\#FoundationMacros -load-resolved-plugin /Applications/Xcode-27.0.0-Release.Candidate.app/Contents/Developer/Platforms/AppleTVOS.platform/Developer/usr/lib/swift/host/plugins/libObservationMacros.dylib\#/Applications/Xcode-27.0.0-Release.Candidate.app/Contents/Developer/Platforms/AppleTVOS.platform/Developer/usr/bin/swift-plugin-server\#ObservationMacros -load-resolved-plugin /Applications/Xcode-27.0.0-Release.Candidate.app/Contents/Developer/Platforms/AppleTVOS.platform/Developer/usr/lib/swift/host/plugins/libPreviewsMacros.dylib\#/Applications/Xcode-27.0.0-Release.Candidate.app/Contents/Developer/Platforms/AppleTVOS.platform/Developer/usr/bin/swift-plugin-server\#PreviewsMacros -load-resolved-plugin /Applications/Xcode-27.0.0-Release.Candidate.app/Contents/Developer/Platforms/AppleTVOS.platform/Developer/usr/lib/swift/host/plugins/libSwiftMacros.dylib\#/Applications/Xcode-27.0.0-Release.Candidate.app/Contents/Developer/Platforms/AppleTVOS.platform/Developer/usr/bin/swift-plugin-server\#SwiftMacros -load-resolved-plugin /Applications/Xcode-27.0.0-Release.Candidate.app/Contents/Developer/Platforms/AppleTVOS.platform/Developer/usr/lib/swift/host/plugins/libSwiftUIMacros.dylib\#/Applications/Xcode-27.0.0-Release.Candidate.app/Contents/Developer/Platforms/AppleTVOS.platform/Developer/usr/bin/swift-plugin-server\#SwiftUIMacros -disable-implicit-swift-modules -Xcc -fno-implicit-modules -Xcc -fno-implicit-module-maps -explicit-swift-module-map-file /Users/admin/builder/spi-builder-workspace/.derivedData/Build/Intermediates.noindex/FabBar.build/Debug-appletvos/FabBar-t.build/Objects-normal/arm64/FabBar-dependencies-1.json -Xllvm -aarch64-use-tbi -enable-objc-interop -stack-check -sdk /Applications/Xcode-27.0.0-Release.Candidate.app/Contents/Developer/Platforms/AppleTVOS.platform/Developer/SDKs/AppleTVOS27.0.sdk -I /Users/admin/builder/spi-builder-workspace/.derivedData/Build/Products/Debug-appletvos -Isystem /Applications/Xcode-27.0.0-Release.Candidate.app/Contents/Developer/Platforms/AppleTVOS.platform/Developer/usr/lib -F /Users/admin/builder/spi-builder-workspace/.derivedData/Build/Products/Debug-appletvos -F /Applications/Xcode-27.0.0-Release.Candidate.app/Contents/Developer/Platforms/AppleTVOS.platform/Developer/Library/Frameworks -F /Applications/Xcode-27.0.0-Release.Candidate.app/Contents/Developer/Platforms/AppleTVOS.platform/Developer/SDKs/AppleTVOS27.0.sdk/Developer/Library/Frameworks -module-cache-path /Users/admin/builder/spi-builder-workspace/.derivedData/Build/Intermediates.noindex/SwiftExplicitPrecompiledModules -no-color-diagnostics -Xcc -fno-color-diagnostics -enable-testing -g -debug-info-format\=dwarf -dwarf-version\=4 -swift-version 6 -Onone -D SWIFT_PACKAGE -D DEBUG -D SWIFT_MODULE_RESOURCE_BUNDLE_UNAVAILABLE -D Xcode -serialize-debugging-options -enable-experimental-feature DebugDescriptionMacro -empty-abi-descriptor -validate-clang-modules-once -clang-build-session-file /Users/admin/builder/spi-builder-workspace/.derivedData/ModuleCache.noindex/Session.modulevalidation -Xcc -working-directory -Xcc /Users/admin/builder/spi-builder-workspace/.swiftpm/xcode -enable-anonymous-context-mangled-names -file-compilation-dir /Users/admin/builder/spi-builder-workspace/.swiftpm/xcode -Xcc -D_LIBCPP_HARDENING_MODE\=_LIBCPP_HARDENING_MODE_DEBUG -Xcc -ivfsstatcache -Xcc /Users/admin/builder/spi-builder-workspace/.derivedData/SDKStatCaches.noindex/appletvos27.0-24J360-e829b21a6f8c9b70876ba0858053c044b32bfd8d43560033f8d89884cdb90028.sdkstatcache -Xcc -fmodules-prune-interval\=86400 -Xcc -fmodules-prune-after\=345600 -Xcc -I/Users/admin/builder/spi-builder-workspace/.derivedData/Build/Products/Debug-appletvos/include -Xcc -I/Users/admin/builder/spi-builder-workspace/.derivedData/Build/Intermediates.noindex/FabBar.build/Debug-appletvos/FabBar-t.build/DerivedSources-normal/arm64 -Xcc -I/Users/admin/builder/spi-builder-workspace/.derivedData/Build/Intermediates.noindex/FabBar.build/Debug-appletvos/FabBar-t.build/DerivedSources/arm64 -Xcc -I/Users/admin/builder/spi-builder-workspace/.derivedData/Build/Intermediates.noindex/FabBar.build/Debug-appletvos/FabBar-t.build/DerivedSources -Xcc -DSWIFT_PACKAGE -Xcc -DDEBUG\=1 -no-auto-bridging-header-chaining -module-name FabBar -package-name spi_builder_workspace -const-gather-protocols-file /Users/admin/builder/spi-builder-workspace/.derivedData/Build/Intermediates.noindex/FabBar.build/Debug-appletvos/FabBar-t.build/Objects-normal/arm64/FabBar_const_extract_protocols.json -disable-clang-spi -clang-target arm64-apple-tvos27.0 -target-sdk-version 27.0 -target-sdk-name appletvos27.0 -in-process-plugin-server-path /Applications/Xcode-27.0.0-Release.Candidate.app/Contents/Developer/Toolchains/XcodeDefault.xctoolchain/usr/lib/swift/host/libSwiftInProcPluginServer.dylib -parse-as-library -o /Users/admin/builder/spi-builder-workspace/.derivedData/Build/Intermediates.noindex/FabBar.build/Debug-appletvos/FabBar-t.build/Objects-normal/arm64/GlassTabBarView.o -debug-module-path /Users/admin/builder/spi-builder-workspace/.derivedData/Build/Intermediates.noindex/FabBar.build/Debug-appletvos/FabBar-t.build/Objects-normal/arm64/FabBar.swiftmodule -index-unit-output-path /FabBar.build/Debug-appletvos/FabBar-t.build/Objects-normal/arm64/GlassTabBarView.o -index-store-path /Users/admin/builder/spi-builder-workspace/.derivedData/Index.noindex/DataStore -index-system-modules
SwiftCompile normal arm64 /Users/admin/builder/spi-builder-workspace/Sources/FabBar/Internal/GlassTabBarView.swift (in target 'FabBar' from project 'FabBar')
cd /Users/admin/builder/spi-builder-workspace/.swiftpm/xcode
builtin-SwiftPerFileCompile GlassTabBarView.swift
SwiftCompile normal arm64 Compiling\ FabBar.swift /Users/admin/builder/spi-builder-workspace/Sources/FabBar/FabBar.swift (in target 'FabBar' from project 'FabBar')
SwiftCompile normal arm64 /Users/admin/builder/spi-builder-workspace/Sources/FabBar/FabBar.swift (in target 'FabBar' from project 'FabBar')
cd /Users/admin/builder/spi-builder-workspace/.swiftpm/xcode
builtin-SwiftPerFileCompile FabBar.swift
SwiftCompile normal arm64 Compiling\ FabBarModifier.swift /Users/admin/builder/spi-builder-workspace/Sources/FabBar/FabBarModifier.swift (in target 'FabBar' from project 'FabBar')
SwiftCompile normal arm64 /Users/admin/builder/spi-builder-workspace/Sources/FabBar/FabBarModifier.swift (in target 'FabBar' from project 'FabBar')
cd /Users/admin/builder/spi-builder-workspace/.swiftpm/xcode
builtin-SwiftPerFileCompile FabBarModifier.swift
SwiftCompile normal arm64 Compiling\ TabBarSegmentedControl.swift /Users/admin/builder/spi-builder-workspace/Sources/FabBar/Internal/TabBarSegmentedControl.swift (in target 'FabBar' from project 'FabBar')
SwiftCompile normal arm64 /Users/admin/builder/spi-builder-workspace/Sources/FabBar/Internal/TabBarSegmentedControl.swift (in target 'FabBar' from project 'FabBar')
cd /Users/admin/builder/spi-builder-workspace/.swiftpm/xcode
builtin-SwiftPerFileCompile TabBarSegmentedControl.swift
SwiftEmitModule normal arm64 Emitting\ module\ for\ FabBar (in target 'FabBar' from project 'FabBar')
SwiftCompile normal arm64 (in target 'FabBar' from project 'FabBar')
cd /Users/admin/builder/spi-builder-workspace/.swiftpm/xcode
SwiftCompile normal arm64 Compiling\ TabItemContentView.swift /Users/admin/builder/spi-builder-workspace/Sources/FabBar/Internal/TabItemContentView.swift (in target 'FabBar' from project 'FabBar')
SwiftCompile normal arm64 /Users/admin/builder/spi-builder-workspace/Sources/FabBar/Internal/TabItemContentView.swift (in target 'FabBar' from project 'FabBar')
cd /Users/admin/builder/spi-builder-workspace/.swiftpm/xcode
builtin-SwiftPerFileCompile TabItemContentView.swift
SwiftDriverJobDiscovery normal arm64 Compiling Constants.swift (in target 'FabBar' from project 'FabBar')
SwiftDriverJobDiscovery normal arm64 Compiling FabBar.swift (in target 'FabBar' from project 'FabBar')
PruneExplicitPrecompiledModules /Users/admin/builder/spi-builder-workspace/.derivedData/Build/Intermediates.noindex/ExplicitPrecompiledModules
PruneExplicitPrecompiledModules /Users/admin/builder/spi-builder-workspace/.derivedData/Build/Intermediates.noindex/SwiftExplicitPrecompiledModules
PruneExplicitPrecompiledModules /Users/admin/builder/spi-builder-workspace/.derivedData/SDKExplicitPrecompiledModules
2026-09-24 03:29:47.036 xcodebuild[748:4527] [MT] IDERunDestination: Supported platforms for the buildables in the current scheme is empty.
** BUILD FAILED **
The following build commands failed:
SwiftCompile normal arm64 Compiling\ GlassTabBarView.swift /Users/admin/builder/spi-builder-workspace/Sources/FabBar/Internal/GlassTabBarView.swift (in target 'FabBar' from project 'FabBar')
SwiftCompile normal arm64 /Users/admin/builder/spi-builder-workspace/Sources/FabBar/Internal/GlassTabBarView.swift (in target 'FabBar' from project 'FabBar')
Building workspace FabBar with scheme FabBar
(3 failures)
BUILD FAILURE 6.4 tvOS