The Swift Package Index logo.Swift Package Index

Build Information

Failed to build SwiftUIExtensions, reference main (272c6b), with Swift 6.4 for tvOS using Xcode 27.0 on 18 Sep 2026 09:14:05 UTC.

Build Command

env DEVELOPER_DIR=/Applications/Xcode-27.0.0-Release.Candidate.app xcrun xcodebuild -IDEClonedSourcePackagesDirPathOverride=$PWD/.dependencies -skipMacroValidation -skipPackagePluginValidation -derivedDataPath $PWD/.derivedData build -scheme SwiftUIExtensions -destination generic/platform=tvOS

Build Log

========================================
RunAll
========================================
Builder version: 5.1.0
Interrupt handler set up.
========================================
Checkout
========================================
Clone URL: https://github.com/xiiagency/SwiftUIExtensions.git
Reference: main
Initialized empty Git repository in /Users/admin/builder/spi-builder-workspace/.git/
From https://github.com/xiiagency/SwiftUIExtensions
 * branch            main       -> FETCH_HEAD
 * [new branch]      main       -> origin/main
HEAD is now at 272c6b3 Fix clearBackground availability for watchOS (#9)
Cloned https://github.com/xiiagency/SwiftUIExtensions.git
Revision (git rev-parse @):
272c6b37a4ec26debdb184a835109d01ce1e314a
SUCCESS checkout https://github.com/xiiagency/SwiftUIExtensions.git at main
========================================
Build
========================================
Selected platform:         tvOS
Swift version:             6.4
Building package at path:  $PWD
https://github.com/xiiagency/SwiftUIExtensions.git
Command line invocation:
    /Applications/Xcode-27.0.0-Release.Candidate.app/Contents/Developer/usr/bin/xcodebuild -IDEClonedSourcePackagesDirPathOverride=/Users/admin/builder/spi-builder-workspace/.dependencies -resolvePackageDependencies
Resolve Package Graph
Fetching from https://github.com/xiiagency/SwiftFoundationExtensions
Creating working copy of package ‘SwiftFoundationExtensions’
Checking out 1.0.0 of package ‘SwiftFoundationExtensions’
Resolve Package Graph
Resolved source packages:
  SwiftFoundationExtensions: https://github.com/xiiagency/SwiftFoundationExtensions @ 1.0.0
  SwiftUIExtensions: /Users/admin/builder/spi-builder-workspace
resolved source packages: SwiftFoundationExtensions, SwiftUIExtensions
2026-09-18 05:13:09.387 xcodebuild[529:3027] [MT] IDERunDestination: Supported platforms for the buildables in the current scheme is empty.
{
  "dependencies" : [
    {
      "identity" : "swiftfoundationextensions",
      "requirement" : {
        "range" : [
          {
            "lower_bound" : "1.0.0",
            "upper_bound" : "1.1.0"
          }
        ]
      },
      "type" : "sourceControl",
      "url" : "https://github.com/xiiagency/SwiftFoundationExtensions"
    }
  ],
  "manifest_display_name" : "SwiftUIExtensions",
  "name" : "SwiftUIExtensions",
  "path" : "/Users/admin/builder/spi-builder-workspace",
  "platforms" : [
    {
      "name" : "ios",
      "version" : "15.0"
    },
    {
      "name" : "watchos",
      "version" : "8.0"
    },
    {
      "name" : "macos",
      "version" : "12.0"
    }
  ],
  "products" : [
    {
      "name" : "SwiftUIExtensions",
      "targets" : [
        "SwiftUIExtensions"
      ],
      "type" : {
        "library" : [
          "automatic"
        ]
      }
    }
  ],
  "targets" : [
    {
      "c99name" : "SwiftUIExtensions",
      "module_type" : "SwiftTarget",
      "name" : "SwiftUIExtensions",
      "path" : "Sources/SwiftUIExtensions",
      "product_dependencies" : [
        "SwiftFoundationExtensions"
      ],
      "product_memberships" : [
        "SwiftUIExtensions"
      ],
      "sources" : [
        "DoWithoutAnimation.swift",
        "HiddenView.swift",
        "MomentarySwitch.swift",
        "OnScenePhaseChangedModifier.swift",
        "UrlOpenHelpers+iOS.swift",
        "UrlOpenHelpers+macOS.swift",
        "View+Extensions.swift",
        "iOSHelpers.swift"
      ],
      "type" : "library"
    }
  ],
  "tools_version" : "5.5"
}
{
  "workspace" : {
    "name" : "SwiftUIExtensions",
    "schemes" : [
      "SwiftUIExtensions"
    ]
  }
}
2026-09-18 05:13:50.826 xcodebuild[684:4302] [MT] IDERunDestination: Supported platforms for the buildables in the current scheme is empty.
Running build ...
env DEVELOPER_DIR=/Applications/Xcode-27.0.0-Release.Candidate.app xcrun xcodebuild -IDEClonedSourcePackagesDirPathOverride=$PWD/.dependencies -skipMacroValidation -skipPackagePluginValidation -derivedDataPath $PWD/.derivedData build -scheme SwiftUIExtensions -destination generic/platform=tvOS
Command line invocation:
    /Applications/Xcode-27.0.0-Release.Candidate.app/Contents/Developer/usr/bin/xcodebuild -IDEClonedSourcePackagesDirPathOverride=/Users/admin/builder/spi-builder-workspace/.dependencies -skipMacroValidation -skipPackagePluginValidation -derivedDataPath /Users/admin/builder/spi-builder-workspace/.derivedData build -scheme SwiftUIExtensions -destination generic/platform=tvOS
Resolve Package Graph
Resolve Package Graph
Resolved source packages:
  SwiftFoundationExtensions: https://github.com/xiiagency/SwiftFoundationExtensions @ 1.0.0
  SwiftUIExtensions: /Users/admin/builder/spi-builder-workspace
ComputePackagePrebuildTargetDependencyGraph
Prepare packages
CreateBuildRequest
SendProjectDescription
CreateBuildOperation
ComputeTargetDependencyGraph
note: Building targets in dependency order
note: Target dependency graph (4 targets)
    Target 'SwiftUIExtensions-product' in project 'SwiftUIExtensions'
        ➜ Explicit dependency on target 'SwiftUIExtensions' in project 'SwiftUIExtensions'
        ➜ Explicit dependency on target 'SwiftFoundationExtensions-product' in project 'SwiftFoundationExtensions'
    Target 'SwiftUIExtensions' in project 'SwiftUIExtensions'
        ➜ Explicit dependency on target 'SwiftFoundationExtensions-product' in project 'SwiftFoundationExtensions'
    Target 'SwiftFoundationExtensions-product' in project 'SwiftFoundationExtensions'
        ➜ Explicit dependency on target 'SwiftFoundationExtensions' in project 'SwiftFoundationExtensions'
    Target 'SwiftFoundationExtensions' in project 'SwiftFoundationExtensions' (no dependencies)
GatherProvisioningInputs
CreateBuildDescription
ExecuteExternalTool /Applications/Xcode-27.0.0-Release.Candidate.app/Contents/Developer/Toolchains/XcodeDefault.xctoolchain/usr/bin/clang -v -E -dM -isysroot /Applications/Xcode-27.0.0-Release.Candidate.app/Contents/Developer/Platforms/AppleTVOS.platform/Developer/SDKs/AppleTVOS27.0.sdk -x c -c /dev/null
ExecuteExternalTool /Applications/Xcode-27.0.0-Release.Candidate.app/Contents/Developer/Toolchains/XcodeDefault.xctoolchain/usr/bin/swiftc --version
ExecuteExternalTool /Applications/Xcode-27.0.0-Release.Candidate.app/Contents/Developer/Toolchains/XcodeDefault.xctoolchain/usr/bin/ld -version_details
Build description signature: a79bf9f2d55cd3f1c32ab44d82fbc2c8
Build description path: /Users/admin/builder/spi-builder-workspace/.derivedData/Build/Intermediates.noindex/XCBuildData/a79bf9f2d55cd3f1c32ab44d82fbc2c8.xcbuilddata
CreateBuildDirectory /Users/admin/builder/spi-builder-workspace/.derivedData/SDKExplicitPrecompiledModules
    cd /Users/admin/builder/spi-builder-workspace/.swiftpm/xcode
    builtin-create-build-directory /Users/admin/builder/spi-builder-workspace/.derivedData/SDKExplicitPrecompiledModules
CreateBuildDirectory /Users/admin/builder/spi-builder-workspace/.derivedData/ModuleCache.noindex
    cd /Users/admin/builder/spi-builder-workspace/.swiftpm/xcode
    builtin-create-build-directory /Users/admin/builder/spi-builder-workspace/.derivedData/ModuleCache.noindex
CreateBuildDirectory /Users/admin/builder/spi-builder-workspace/.derivedData/CompilationCache.noindex
    cd /Users/admin/builder/spi-builder-workspace/.swiftpm/xcode
    builtin-create-build-directory /Users/admin/builder/spi-builder-workspace/.derivedData/CompilationCache.noindex
ClangStatCache /Applications/Xcode-27.0.0-Release.Candidate.app/Contents/Developer/Toolchains/XcodeDefault.xctoolchain/usr/bin/clang-stat-cache /Applications/Xcode-27.0.0-Release.Candidate.app/Contents/Developer/Platforms/AppleTVOS.platform/Developer/SDKs/AppleTVOS27.0.sdk /Users/admin/builder/spi-builder-workspace/.derivedData/SDKStatCaches.noindex/appletvos27.0-24J360-e829b21a6f8c9b70876ba0858053c044b32bfd8d43560033f8d89884cdb90028.sdkstatcache
    cd /Users/admin/builder/spi-builder-workspace/.swiftpm/xcode
    /Applications/Xcode-27.0.0-Release.Candidate.app/Contents/Developer/Toolchains/XcodeDefault.xctoolchain/usr/bin/clang-stat-cache /Applications/Xcode-27.0.0-Release.Candidate.app/Contents/Developer/Platforms/AppleTVOS.platform/Developer/SDKs/AppleTVOS27.0.sdk -o /Users/admin/builder/spi-builder-workspace/.derivedData/SDKStatCaches.noindex/appletvos27.0-24J360-e829b21a6f8c9b70876ba0858053c044b32bfd8d43560033f8d89884cdb90028.sdkstatcache
CreateBuildDirectory /Users/admin/builder/spi-builder-workspace/.derivedData/Build/Intermediates.noindex
    cd /Users/admin/builder/spi-builder-workspace/.swiftpm/xcode
    builtin-create-build-directory /Users/admin/builder/spi-builder-workspace/.derivedData/Build/Intermediates.noindex
CreateBuildDirectory /Users/admin/builder/spi-builder-workspace/.derivedData/Build/Products
    cd /Users/admin/builder/spi-builder-workspace/.swiftpm/xcode
    builtin-create-build-directory /Users/admin/builder/spi-builder-workspace/.derivedData/Build/Products
CreateBuildDirectory /Users/admin/builder/spi-builder-workspace/.derivedData/Build/Intermediates.noindex/SwiftExplicitPrecompiledModules
    cd /Users/admin/builder/spi-builder-workspace/.swiftpm/xcode
    builtin-create-build-directory /Users/admin/builder/spi-builder-workspace/.derivedData/Build/Intermediates.noindex/SwiftExplicitPrecompiledModules
CreateBuildDirectory /Users/admin/builder/spi-builder-workspace/.derivedData/Build/Intermediates.noindex/ExplicitPrecompiledModules
    cd /Users/admin/builder/spi-builder-workspace/.swiftpm/xcode
    builtin-create-build-directory /Users/admin/builder/spi-builder-workspace/.derivedData/Build/Intermediates.noindex/ExplicitPrecompiledModules
CreateBuildDirectory /Users/admin/builder/spi-builder-workspace/.derivedData/Build/Intermediates.noindex/PrecompiledHeaders
    cd /Users/admin/builder/spi-builder-workspace/.swiftpm/xcode
    builtin-create-build-directory /Users/admin/builder/spi-builder-workspace/.derivedData/Build/Intermediates.noindex/PrecompiledHeaders
CreateBuildDirectory /Users/admin/builder/spi-builder-workspace/.derivedData/Build/Intermediates.noindex/EagerLinkingTBDs/Debug-appletvos
    cd /Users/admin/builder/spi-builder-workspace/.swiftpm/xcode
    builtin-create-build-directory /Users/admin/builder/spi-builder-workspace/.derivedData/Build/Intermediates.noindex/EagerLinkingTBDs/Debug-appletvos
CreateBuildDirectory /Users/admin/builder/spi-builder-workspace/.derivedData/Build/Products/Debug-appletvos
    cd /Users/admin/builder/spi-builder-workspace/.swiftpm/xcode
    builtin-create-build-directory /Users/admin/builder/spi-builder-workspace/.derivedData/Build/Products/Debug-appletvos
CreateBuildDirectory /Users/admin/builder/spi-builder-workspace/.derivedData/Build/Products/Debug-appletvos/PackageFrameworks
    cd /Users/admin/builder/spi-builder-workspace/.swiftpm/xcode
    builtin-create-build-directory /Users/admin/builder/spi-builder-workspace/.derivedData/Build/Products/Debug-appletvos/PackageFrameworks
WriteAuxiliaryFile /Users/admin/builder/spi-builder-workspace/.derivedData/Build/Intermediates.noindex/SwiftUIExtensions.build/Debug-appletvos/SwiftUIExtensions-t.build/SwiftUIExtensions.DependencyStaticMetadataFileList (in target 'SwiftUIExtensions' from project 'SwiftUIExtensions')
    cd /Users/admin/builder/spi-builder-workspace
    write-file /Users/admin/builder/spi-builder-workspace/.derivedData/Build/Intermediates.noindex/SwiftUIExtensions.build/Debug-appletvos/SwiftUIExtensions-t.build/SwiftUIExtensions.DependencyStaticMetadataFileList
WriteAuxiliaryFile /Users/admin/builder/spi-builder-workspace/.derivedData/Build/Intermediates.noindex/SwiftUIExtensions.build/Debug-appletvos/SwiftUIExtensions-t.build/SwiftUIExtensions.DependencyMetadataFileList (in target 'SwiftUIExtensions' from project 'SwiftUIExtensions')
    cd /Users/admin/builder/spi-builder-workspace
    write-file /Users/admin/builder/spi-builder-workspace/.derivedData/Build/Intermediates.noindex/SwiftUIExtensions.build/Debug-appletvos/SwiftUIExtensions-t.build/SwiftUIExtensions.DependencyMetadataFileList
WriteAuxiliaryFile /Users/admin/builder/spi-builder-workspace/.derivedData/Build/Intermediates.noindex/SwiftUIExtensions.build/Debug-appletvos/SwiftUIExtensions-t.build/SwiftUIExtensions.modulemap (in target 'SwiftUIExtensions' from project 'SwiftUIExtensions')
    cd /Users/admin/builder/spi-builder-workspace
    write-file /Users/admin/builder/spi-builder-workspace/.derivedData/Build/Intermediates.noindex/SwiftUIExtensions.build/Debug-appletvos/SwiftUIExtensions-t.build/SwiftUIExtensions.modulemap
WriteAuxiliaryFile /Users/admin/builder/spi-builder-workspace/.derivedData/Build/Intermediates.noindex/SwiftUIExtensions.build/Debug-appletvos/SwiftUIExtensions-t.build/Objects-normal/arm64/SwiftUIExtensions-OutputFileMap.json (in target 'SwiftUIExtensions' from project 'SwiftUIExtensions')
    cd /Users/admin/builder/spi-builder-workspace
    write-file /Users/admin/builder/spi-builder-workspace/.derivedData/Build/Intermediates.noindex/SwiftUIExtensions.build/Debug-appletvos/SwiftUIExtensions-t.build/Objects-normal/arm64/SwiftUIExtensions-OutputFileMap.json
WriteAuxiliaryFile /Users/admin/builder/spi-builder-workspace/.derivedData/Build/Intermediates.noindex/SwiftUIExtensions.build/Debug-appletvos/SwiftUIExtensions-t.build/Objects-normal/arm64/SwiftUIExtensions.LinkFileList (in target 'SwiftUIExtensions' from project 'SwiftUIExtensions')
    cd /Users/admin/builder/spi-builder-workspace
    write-file /Users/admin/builder/spi-builder-workspace/.derivedData/Build/Intermediates.noindex/SwiftUIExtensions.build/Debug-appletvos/SwiftUIExtensions-t.build/Objects-normal/arm64/SwiftUIExtensions.LinkFileList
WriteAuxiliaryFile /Users/admin/builder/spi-builder-workspace/.derivedData/Build/Intermediates.noindex/SwiftUIExtensions.build/Debug-appletvos/SwiftUIExtensions-t.build/Objects-normal/arm64/SwiftUIExtensions_const_extract_protocols.json (in target 'SwiftUIExtensions' from project 'SwiftUIExtensions')
    cd /Users/admin/builder/spi-builder-workspace
    write-file /Users/admin/builder/spi-builder-workspace/.derivedData/Build/Intermediates.noindex/SwiftUIExtensions.build/Debug-appletvos/SwiftUIExtensions-t.build/Objects-normal/arm64/SwiftUIExtensions_const_extract_protocols.json
WriteAuxiliaryFile /Users/admin/builder/spi-builder-workspace/.derivedData/Build/Intermediates.noindex/SwiftUIExtensions.build/Debug-appletvos/SwiftUIExtensions-t.build/Objects-normal/arm64/SwiftUIExtensions.SwiftConstValuesFileList (in target 'SwiftUIExtensions' from project 'SwiftUIExtensions')
    cd /Users/admin/builder/spi-builder-workspace
    write-file /Users/admin/builder/spi-builder-workspace/.derivedData/Build/Intermediates.noindex/SwiftUIExtensions.build/Debug-appletvos/SwiftUIExtensions-t.build/Objects-normal/arm64/SwiftUIExtensions.SwiftConstValuesFileList
WriteAuxiliaryFile /Users/admin/builder/spi-builder-workspace/.derivedData/Build/Intermediates.noindex/SwiftUIExtensions.build/Debug-appletvos/SwiftUIExtensions-t.build/Objects-normal/arm64/SwiftUIExtensions.SwiftFileList (in target 'SwiftUIExtensions' from project 'SwiftUIExtensions')
    cd /Users/admin/builder/spi-builder-workspace
    write-file /Users/admin/builder/spi-builder-workspace/.derivedData/Build/Intermediates.noindex/SwiftUIExtensions.build/Debug-appletvos/SwiftUIExtensions-t.build/Objects-normal/arm64/SwiftUIExtensions.SwiftFileList
WriteAuxiliaryFile /Users/admin/builder/spi-builder-workspace/.derivedData/Build/Intermediates.noindex/SwiftFoundationExtensions.build/Debug-appletvos/SwiftFoundationExtensions-t.build/SwiftFoundationExtensions.modulemap (in target 'SwiftFoundationExtensions' from project 'SwiftFoundationExtensions')
    cd /Users/admin/builder/spi-builder-workspace/.dependencies/checkouts/SwiftFoundationExtensions
    write-file /Users/admin/builder/spi-builder-workspace/.derivedData/Build/Intermediates.noindex/SwiftFoundationExtensions.build/Debug-appletvos/SwiftFoundationExtensions-t.build/SwiftFoundationExtensions.modulemap
WriteAuxiliaryFile /Users/admin/builder/spi-builder-workspace/.derivedData/Build/Intermediates.noindex/SwiftFoundationExtensions.build/Debug-appletvos/SwiftFoundationExtensions-t.build/SwiftFoundationExtensions.DependencyStaticMetadataFileList (in target 'SwiftFoundationExtensions' from project 'SwiftFoundationExtensions')
    cd /Users/admin/builder/spi-builder-workspace/.dependencies/checkouts/SwiftFoundationExtensions
    write-file /Users/admin/builder/spi-builder-workspace/.derivedData/Build/Intermediates.noindex/SwiftFoundationExtensions.build/Debug-appletvos/SwiftFoundationExtensions-t.build/SwiftFoundationExtensions.DependencyStaticMetadataFileList
WriteAuxiliaryFile /Users/admin/builder/spi-builder-workspace/.derivedData/Build/Intermediates.noindex/SwiftFoundationExtensions.build/Debug-appletvos/SwiftFoundationExtensions-t.build/SwiftFoundationExtensions.DependencyMetadataFileList (in target 'SwiftFoundationExtensions' from project 'SwiftFoundationExtensions')
    cd /Users/admin/builder/spi-builder-workspace/.dependencies/checkouts/SwiftFoundationExtensions
    write-file /Users/admin/builder/spi-builder-workspace/.derivedData/Build/Intermediates.noindex/SwiftFoundationExtensions.build/Debug-appletvos/SwiftFoundationExtensions-t.build/SwiftFoundationExtensions.DependencyMetadataFileList
Copy /Users/admin/builder/spi-builder-workspace/.derivedData/Build/Intermediates.noindex/GeneratedModuleMaps-appletvos/SwiftUIExtensions.modulemap /Users/admin/builder/spi-builder-workspace/.derivedData/Build/Intermediates.noindex/SwiftUIExtensions.build/Debug-appletvos/SwiftUIExtensions-t.build/SwiftUIExtensions.modulemap (in target 'SwiftUIExtensions' from project 'SwiftUIExtensions')
    cd /Users/admin/builder/spi-builder-workspace
    builtin-copy -exclude .DS_Store -exclude CVS -exclude .svn -exclude .git -exclude .hg -resolve-src-symlinks /Users/admin/builder/spi-builder-workspace/.derivedData/Build/Intermediates.noindex/SwiftUIExtensions.build/Debug-appletvos/SwiftUIExtensions-t.build/SwiftUIExtensions.modulemap /Users/admin/builder/spi-builder-workspace/.derivedData/Build/Intermediates.noindex/GeneratedModuleMaps-appletvos
Copy /Users/admin/builder/spi-builder-workspace/.derivedData/Build/Intermediates.noindex/GeneratedModuleMaps-appletvos/SwiftFoundationExtensions.modulemap /Users/admin/builder/spi-builder-workspace/.derivedData/Build/Intermediates.noindex/SwiftFoundationExtensions.build/Debug-appletvos/SwiftFoundationExtensions-t.build/SwiftFoundationExtensions.modulemap (in target 'SwiftFoundationExtensions' from project 'SwiftFoundationExtensions')
    cd /Users/admin/builder/spi-builder-workspace/.dependencies/checkouts/SwiftFoundationExtensions
    builtin-copy -exclude .DS_Store -exclude CVS -exclude .svn -exclude .git -exclude .hg -resolve-src-symlinks /Users/admin/builder/spi-builder-workspace/.derivedData/Build/Intermediates.noindex/SwiftFoundationExtensions.build/Debug-appletvos/SwiftFoundationExtensions-t.build/SwiftFoundationExtensions.modulemap /Users/admin/builder/spi-builder-workspace/.derivedData/Build/Intermediates.noindex/GeneratedModuleMaps-appletvos
WriteAuxiliaryFile /Users/admin/builder/spi-builder-workspace/.derivedData/Build/Intermediates.noindex/SwiftFoundationExtensions.build/Debug-appletvos/SwiftFoundationExtensions-t.build/Objects-normal/arm64/SwiftFoundationExtensions_const_extract_protocols.json (in target 'SwiftFoundationExtensions' from project 'SwiftFoundationExtensions')
    cd /Users/admin/builder/spi-builder-workspace/.dependencies/checkouts/SwiftFoundationExtensions
    write-file /Users/admin/builder/spi-builder-workspace/.derivedData/Build/Intermediates.noindex/SwiftFoundationExtensions.build/Debug-appletvos/SwiftFoundationExtensions-t.build/Objects-normal/arm64/SwiftFoundationExtensions_const_extract_protocols.json
WriteAuxiliaryFile /Users/admin/builder/spi-builder-workspace/.derivedData/Build/Intermediates.noindex/SwiftFoundationExtensions.build/Debug-appletvos/SwiftFoundationExtensions-t.build/Objects-normal/arm64/SwiftFoundationExtensions.SwiftFileList (in target 'SwiftFoundationExtensions' from project 'SwiftFoundationExtensions')
    cd /Users/admin/builder/spi-builder-workspace/.dependencies/checkouts/SwiftFoundationExtensions
    write-file /Users/admin/builder/spi-builder-workspace/.derivedData/Build/Intermediates.noindex/SwiftFoundationExtensions.build/Debug-appletvos/SwiftFoundationExtensions-t.build/Objects-normal/arm64/SwiftFoundationExtensions.SwiftFileList
WriteAuxiliaryFile /Users/admin/builder/spi-builder-workspace/.derivedData/Build/Intermediates.noindex/SwiftFoundationExtensions.build/Debug-appletvos/SwiftFoundationExtensions-t.build/Objects-normal/arm64/SwiftFoundationExtensions-OutputFileMap.json (in target 'SwiftFoundationExtensions' from project 'SwiftFoundationExtensions')
    cd /Users/admin/builder/spi-builder-workspace/.dependencies/checkouts/SwiftFoundationExtensions
    write-file /Users/admin/builder/spi-builder-workspace/.derivedData/Build/Intermediates.noindex/SwiftFoundationExtensions.build/Debug-appletvos/SwiftFoundationExtensions-t.build/Objects-normal/arm64/SwiftFoundationExtensions-OutputFileMap.json
WriteAuxiliaryFile /Users/admin/builder/spi-builder-workspace/.derivedData/Build/Intermediates.noindex/SwiftFoundationExtensions.build/Debug-appletvos/SwiftFoundationExtensions-t.build/Objects-normal/arm64/SwiftFoundationExtensions.SwiftConstValuesFileList (in target 'SwiftFoundationExtensions' from project 'SwiftFoundationExtensions')
    cd /Users/admin/builder/spi-builder-workspace/.dependencies/checkouts/SwiftFoundationExtensions
    write-file /Users/admin/builder/spi-builder-workspace/.derivedData/Build/Intermediates.noindex/SwiftFoundationExtensions.build/Debug-appletvos/SwiftFoundationExtensions-t.build/Objects-normal/arm64/SwiftFoundationExtensions.SwiftConstValuesFileList
WriteAuxiliaryFile /Users/admin/builder/spi-builder-workspace/.derivedData/Build/Intermediates.noindex/SwiftFoundationExtensions.build/Debug-appletvos/SwiftFoundationExtensions-t.build/Objects-normal/arm64/SwiftFoundationExtensions.LinkFileList (in target 'SwiftFoundationExtensions' from project 'SwiftFoundationExtensions')
    cd /Users/admin/builder/spi-builder-workspace/.dependencies/checkouts/SwiftFoundationExtensions
    write-file /Users/admin/builder/spi-builder-workspace/.derivedData/Build/Intermediates.noindex/SwiftFoundationExtensions.build/Debug-appletvos/SwiftFoundationExtensions-t.build/Objects-normal/arm64/SwiftFoundationExtensions.LinkFileList
SwiftDriver SwiftFoundationExtensions normal arm64 com.apple.xcode.tools.swift.compiler (in target 'SwiftFoundationExtensions' from project 'SwiftFoundationExtensions')
    cd /Users/admin/builder/spi-builder-workspace/.swiftpm/xcode
    builtin-SwiftDriver -- /Applications/Xcode-27.0.0-Release.Candidate.app/Contents/Developer/Toolchains/XcodeDefault.xctoolchain/usr/bin/swiftc -parse-as-library -module-name SwiftFoundationExtensions -Onone @/Users/admin/builder/spi-builder-workspace/.derivedData/Build/Intermediates.noindex/SwiftFoundationExtensions.build/Debug-appletvos/SwiftFoundationExtensions-t.build/Objects-normal/arm64/SwiftFoundationExtensions.SwiftFileList -DSWIFT_PACKAGE -DDEBUG -DSWIFT_MODULE_RESOURCE_BUNDLE_UNAVAILABLE -DXcode -plugin-path /Applications/Xcode-27.0.0-Release.Candidate.app/Contents/Developer/Toolchains/XcodeDefault.xctoolchain/usr/lib/swift/host/plugins/testing -enable-experimental-feature DebugDescriptionMacro -sdk /Applications/Xcode-27.0.0-Release.Candidate.app/Contents/Developer/Platforms/AppleTVOS.platform/Developer/SDKs/AppleTVOS27.0.sdk -target arm64-apple-tvos15.0 -g -module-cache-path /Users/admin/builder/spi-builder-workspace/.derivedData/ModuleCache.noindex -Xfrontend -serialize-debugging-options -enable-testing -suppress-warnings -index-store-path /Users/admin/builder/spi-builder-workspace/.derivedData/Index.noindex/DataStore -Xcc -D_LIBCPP_HARDENING_MODE\=_LIBCPP_HARDENING_MODE_DEBUG -swift-version 5 -I /Users/admin/builder/spi-builder-workspace/.derivedData/Build/Products/Debug-appletvos -Isystem /Applications/Xcode-27.0.0-Release.Candidate.app/Contents/Developer/Platforms/AppleTVOS.platform/Developer/usr/lib -F /Users/admin/builder/spi-builder-workspace/.derivedData/Build/Products/Debug-appletvos -F /Applications/Xcode-27.0.0-Release.Candidate.app/Contents/Developer/Platforms/AppleTVOS.platform/Developer/Library/Frameworks -F /Applications/Xcode-27.0.0-Release.Candidate.app/Contents/Developer/Platforms/AppleTVOS.platform/Developer/SDKs/AppleTVOS27.0.sdk/Developer/Library/Frameworks -c -j10 -enable-batch-mode -incremental -Xcc -ivfsstatcache -Xcc /Users/admin/builder/spi-builder-workspace/.derivedData/SDKStatCaches.noindex/appletvos27.0-24J360-e829b21a6f8c9b70876ba0858053c044b32bfd8d43560033f8d89884cdb90028.sdkstatcache -output-file-map /Users/admin/builder/spi-builder-workspace/.derivedData/Build/Intermediates.noindex/SwiftFoundationExtensions.build/Debug-appletvos/SwiftFoundationExtensions-t.build/Objects-normal/arm64/SwiftFoundationExtensions-OutputFileMap.json -save-temps -no-color-diagnostics -explicit-module-build -module-cache-path /Users/admin/builder/spi-builder-workspace/.derivedData/Build/Intermediates.noindex/SwiftExplicitPrecompiledModules -clang-scanner-module-cache-path /Users/admin/builder/spi-builder-workspace/.derivedData/ModuleCache.noindex -sdk-module-cache-path /Users/admin/builder/spi-builder-workspace/.derivedData/SDKExplicitPrecompiledModules -emit-dependencies -emit-module -emit-module-path /Users/admin/builder/spi-builder-workspace/.derivedData/Build/Intermediates.noindex/SwiftFoundationExtensions.build/Debug-appletvos/SwiftFoundationExtensions-t.build/Objects-normal/arm64/SwiftFoundationExtensions.swiftmodule -serialize-diagnostics -dependency-scan-serialize-diagnostics-path /Users/admin/builder/spi-builder-workspace/.derivedData/Build/Intermediates.noindex/SwiftFoundationExtensions.build/Debug-appletvos/SwiftFoundationExtensions-t.build/Objects-normal/arm64/SwiftFoundationExtensions-dependency-scan.dia -validate-clang-modules-once -clang-build-session-file /Users/admin/builder/spi-builder-workspace/.derivedData/ModuleCache.noindex/Session.modulevalidation -Xcc -fmodules-prune-interval\=86400 -Xcc -fmodules-prune-after\=345600 -emit-const-values -const-gather-protocols-list /Users/admin/builder/spi-builder-workspace/.derivedData/Build/Intermediates.noindex/SwiftFoundationExtensions.build/Debug-appletvos/SwiftFoundationExtensions-t.build/Objects-normal/arm64/SwiftFoundationExtensions_const_extract_protocols.json -Xcc -I/Users/admin/builder/spi-builder-workspace/.derivedData/Build/Products/Debug-appletvos/include -Xcc -I/Users/admin/builder/spi-builder-workspace/.derivedData/Build/Intermediates.noindex/SwiftFoundationExtensions.build/Debug-appletvos/SwiftFoundationExtensions-t.build/DerivedSources-normal/arm64 -Xcc -I/Users/admin/builder/spi-builder-workspace/.derivedData/Build/Intermediates.noindex/SwiftFoundationExtensions.build/Debug-appletvos/SwiftFoundationExtensions-t.build/DerivedSources/arm64 -Xcc -I/Users/admin/builder/spi-builder-workspace/.derivedData/Build/Intermediates.noindex/SwiftFoundationExtensions.build/Debug-appletvos/SwiftFoundationExtensions-t.build/DerivedSources -Xcc -DSWIFT_PACKAGE -Xcc -DDEBUG\=1 -emit-objc-header -emit-objc-header-path /Users/admin/builder/spi-builder-workspace/.derivedData/Build/Intermediates.noindex/SwiftFoundationExtensions.build/Debug-appletvos/SwiftFoundationExtensions-t.build/Objects-normal/arm64/SwiftFoundationExtensions-Swift.h -working-directory /Users/admin/builder/spi-builder-workspace/.swiftpm/xcode -experimental-emit-module-separately -disable-cmo
SwiftExplicitDependencyGeneratePcm arm64 /Users/admin/builder/spi-builder-workspace/.derivedData/SDKExplicitPrecompiledModules/_Builtin_stddef-9ZJZ6FDEZNKTZU8YLPMFT9RAQ.pcm
SwiftExplicitDependencyGeneratePcm arm64 /Users/admin/builder/spi-builder-workspace/.derivedData/SDKExplicitPrecompiledModules/ptrcheck-2AZ6B5IBYD3RRRTFWN2ONASY3.pcm
SwiftExplicitDependencyGeneratePcm arm64 /Users/admin/builder/spi-builder-workspace/.derivedData/SDKExplicitPrecompiledModules/SwiftShims-8N4EXJ4RUJTR8K9OO3CMOH1EP.pcm
SwiftExplicitDependencyGeneratePcm arm64 /Users/admin/builder/spi-builder-workspace/.derivedData/SDKExplicitPrecompiledModules/_Builtin_stdbool-AHRDH5EKLY6D04C5E42F3VCQI.pcm
SwiftExplicitDependencyGeneratePcm arm64 /Users/admin/builder/spi-builder-workspace/.derivedData/SDKExplicitPrecompiledModules/ptrauth-8X2KEPL7CTRPS40TUB9APHPK6.pcm
SwiftExplicitDependencyGeneratePcm arm64 /Users/admin/builder/spi-builder-workspace/.derivedData/SDKExplicitPrecompiledModules/_AvailabilityInternal-BV2EDDP0MI5QJDDPEEV4D9D3V.pcm
SwiftExplicitDependencyGeneratePcm arm64 /Users/admin/builder/spi-builder-workspace/.derivedData/SDKExplicitPrecompiledModules/_SwiftConcurrencyShims-BY5PD8KF1L5KF6F4Q69HE3TJ4.pcm
SwiftExplicitDependencyGeneratePcm arm64 /Users/admin/builder/spi-builder-workspace/.derivedData/SDKExplicitPrecompiledModules/_Builtin_float-8ZJAYZ85YBOAOP52Y9H6IUNP3.pcm
SwiftExplicitDependencyGeneratePcm arm64 /Users/admin/builder/spi-builder-workspace/.derivedData/SDKExplicitPrecompiledModules/_Builtin_stdarg-BO2OCAUYVAXDRVQWQ8ISKGNUQ.pcm
SwiftExplicitDependencyGeneratePcm arm64 /Users/admin/builder/spi-builder-workspace/.derivedData/SDKExplicitPrecompiledModules/_DarwinFoundation1-JOTYMOA1YZCIJ2NON6FQ848O.pcm
SwiftExplicitDependencyGeneratePcm arm64 /Users/admin/builder/spi-builder-workspace/.derivedData/SDKExplicitPrecompiledModules/_Builtin_limits-7JU2HP127LIT1X9E2V3D8WZ1.pcm
SwiftExplicitDependencyGeneratePcm arm64 /Users/admin/builder/spi-builder-workspace/.derivedData/SDKExplicitPrecompiledModules/_DarwinFoundation2-AOGAN1O02NKXRJN5V73AV3V3M.pcm
SwiftExplicitDependencyGeneratePcm arm64 /Users/admin/builder/spi-builder-workspace/.derivedData/SDKExplicitPrecompiledModules/sys_types-8GCAV1YMG5UUGHUID3CA20TCH.pcm
SwiftExplicitDependencyGeneratePcm arm64 /Users/admin/builder/spi-builder-workspace/.derivedData/SDKExplicitPrecompiledModules/string_h-6EVHP7A717OUS5DMC78F79HWO.pcm
SwiftExplicitDependencyGeneratePcm arm64 /Users/admin/builder/spi-builder-workspace/.derivedData/SDKExplicitPrecompiledModules/_Builtin_stdint-6NFTB6IBKS143IVPGT1EKB7HO.pcm
SwiftExplicitDependencyGeneratePcm arm64 /Users/admin/builder/spi-builder-workspace/.derivedData/SDKExplicitPrecompiledModules/_DarwinFoundation3-8SR3855WDFHQPR6G9GHOI2C07.pcm
SwiftExplicitDependencyGeneratePcm arm64 /Users/admin/builder/spi-builder-workspace/.derivedData/SDKExplicitPrecompiledModules/_Builtin_stdatomic-3YXHN678NGYM3NL9POJ2HVEIF.pcm
SwiftExplicitDependencyGeneratePcm arm64 /Users/admin/builder/spi-builder-workspace/.derivedData/SDKExplicitPrecompiledModules/_Builtin_inttypes-6X1IQ3QK9KEVKXOK9Y79EW7J3.pcm
SwiftExplicitDependencyGeneratePcm arm64 /Users/admin/builder/spi-builder-workspace/.derivedData/SDKExplicitPrecompiledModules/Darwin-DBSQAVBBPC3D2OMU5ZI2RXMST.pcm
SwiftExplicitDependencyGeneratePcm arm64 /Users/admin/builder/spi-builder-workspace/.derivedData/SDKExplicitPrecompiledModules/ObjectiveC-5250FDCE56N8508OR6XUYDKZM.pcm
SwiftExplicitDependencyGeneratePcm arm64 /Users/admin/builder/spi-builder-workspace/.derivedData/SDKExplicitPrecompiledModules/MachO-EH3F5PJCIZG05NO51CEFSZYPW.pcm
SwiftExplicitDependencyGeneratePcm arm64 /Users/admin/builder/spi-builder-workspace/.derivedData/SDKExplicitPrecompiledModules/os_object-E2DGZ0SX0TULQHULZRPO6OKNW.pcm
SwiftExplicitDependencyGeneratePcm arm64 /Users/admin/builder/spi-builder-workspace/.derivedData/SDKExplicitPrecompiledModules/os_workgroup-DBUFF7811DKMX7VPBOJPGGF1U.pcm
SwiftExplicitDependencyGeneratePcm arm64 /Users/admin/builder/spi-builder-workspace/.derivedData/SDKExplicitPrecompiledModules/Dispatch-1QL58A0V50C39KVAIC6C38SHL.pcm
SwiftExplicitDependencyGeneratePcm arm64 /Users/admin/builder/spi-builder-workspace/.derivedData/SDKExplicitPrecompiledModules/XPC-6O2DJFT3QUJ7QKTD3SNUB6PCR.pcm
SwiftExplicitDependencyGeneratePcm arm64 /Users/admin/builder/spi-builder-workspace/.derivedData/SDKExplicitPrecompiledModules/CoreFoundation-7TPJ7ENDC4L1A1ESHYI9TXS0D.pcm
SwiftExplicitDependencyGeneratePcm arm64 /Users/admin/builder/spi-builder-workspace/.derivedData/SDKExplicitPrecompiledModules/os-3GJI8H0BNAEZPQPQ1V0VVY3FY.pcm
SwiftExplicitDependencyGeneratePcm arm64 /Users/admin/builder/spi-builder-workspace/.derivedData/SDKExplicitPrecompiledModules/Security-8VMXEKVDA3MHUH9AOTP905DID.pcm
SwiftExplicitDependencyGeneratePcm arm64 /Users/admin/builder/spi-builder-workspace/.derivedData/SDKExplicitPrecompiledModules/CFNetwork-2CUR2VK9S3S3WPFXPNXNUWYGN.pcm
SwiftExplicitDependencyGeneratePcm arm64 /Users/admin/builder/spi-builder-workspace/.derivedData/SDKExplicitPrecompiledModules/Foundation-BSSIP64DIGUKMAYJOG1WPQ78X.pcm
SwiftEmitModule normal arm64 Emitting\ module\ for\ SwiftFoundationExtensions (in target 'SwiftFoundationExtensions' from project 'SwiftFoundationExtensions')
SwiftCompile normal arm64 (in target 'SwiftFoundationExtensions' from project 'SwiftFoundationExtensions')
    cd /Users/admin/builder/spi-builder-workspace/.swiftpm/xcode

SwiftCompile normal arm64 Compiling\ BundleInformation.swift /Users/admin/builder/spi-builder-workspace/.dependencies/checkouts/SwiftFoundationExtensions/Sources/SwiftFoundationExtensions/Information/BundleInformation.swift (in target 'SwiftFoundationExtensions' from project 'SwiftFoundationExtensions')
SwiftCompile normal arm64 /Users/admin/builder/spi-builder-workspace/.dependencies/checkouts/SwiftFoundationExtensions/Sources/SwiftFoundationExtensions/Information/BundleInformation.swift (in target 'SwiftFoundationExtensions' from project 'SwiftFoundationExtensions')
    cd /Users/admin/builder/spi-builder-workspace/.swiftpm/xcode
    builtin-SwiftPerFileCompile BundleInformation.swift
SwiftCompile normal arm64 Compiling\ Comparable+Extensions.swift /Users/admin/builder/spi-builder-workspace/.dependencies/checkouts/SwiftFoundationExtensions/Sources/SwiftFoundationExtensions/Numeric/Comparable+Extensions.swift (in target 'SwiftFoundationExtensions' from project 'SwiftFoundationExtensions')
SwiftCompile normal arm64 /Users/admin/builder/spi-builder-workspace/.dependencies/checkouts/SwiftFoundationExtensions/Sources/SwiftFoundationExtensions/Numeric/Comparable+Extensions.swift (in target 'SwiftFoundationExtensions' from project 'SwiftFoundationExtensions')
    cd /Users/admin/builder/spi-builder-workspace/.swiftpm/xcode
    builtin-SwiftPerFileCompile Comparable+Extensions.swift
SwiftCompile normal arm64 Compiling\ ErrorWithTrace.swift /Users/admin/builder/spi-builder-workspace/.dependencies/checkouts/SwiftFoundationExtensions/Sources/SwiftFoundationExtensions/Logging/ErrorWithTrace.swift (in target 'SwiftFoundationExtensions' from project 'SwiftFoundationExtensions')
SwiftCompile normal arm64 /Users/admin/builder/spi-builder-workspace/.dependencies/checkouts/SwiftFoundationExtensions/Sources/SwiftFoundationExtensions/Logging/ErrorWithTrace.swift (in target 'SwiftFoundationExtensions' from project 'SwiftFoundationExtensions')
    cd /Users/admin/builder/spi-builder-workspace/.swiftpm/xcode
    builtin-SwiftPerFileCompile ErrorWithTrace.swift
SwiftCompile normal arm64 Compiling\ ElapsedTimer.swift /Users/admin/builder/spi-builder-workspace/.dependencies/checkouts/SwiftFoundationExtensions/Sources/SwiftFoundationExtensions/Information/ElapsedTimer.swift (in target 'SwiftFoundationExtensions' from project 'SwiftFoundationExtensions')
SwiftCompile normal arm64 /Users/admin/builder/spi-builder-workspace/.dependencies/checkouts/SwiftFoundationExtensions/Sources/SwiftFoundationExtensions/Information/ElapsedTimer.swift (in target 'SwiftFoundationExtensions' from project 'SwiftFoundationExtensions')
    cd /Users/admin/builder/spi-builder-workspace/.swiftpm/xcode
    builtin-SwiftPerFileCompile ElapsedTimer.swift
SwiftCompile normal arm64 Compiling\ Logger+Extensions.swift /Users/admin/builder/spi-builder-workspace/.dependencies/checkouts/SwiftFoundationExtensions/Sources/SwiftFoundationExtensions/Logging/Logger+Extensions.swift (in target 'SwiftFoundationExtensions' from project 'SwiftFoundationExtensions')
SwiftCompile normal arm64 /Users/admin/builder/spi-builder-workspace/.dependencies/checkouts/SwiftFoundationExtensions/Sources/SwiftFoundationExtensions/Logging/Logger+Extensions.swift (in target 'SwiftFoundationExtensions' from project 'SwiftFoundationExtensions')
    cd /Users/admin/builder/spi-builder-workspace/.swiftpm/xcode
    builtin-SwiftPerFileCompile Logger+Extensions.swift
SwiftCompile normal arm64 Compiling\ Sequence+Extensions.swift,\ Date+Extensions.swift /Users/admin/builder/spi-builder-workspace/.dependencies/checkouts/SwiftFoundationExtensions/Sources/SwiftFoundationExtensions/Collections/Sequence+Extensions.swift /Users/admin/builder/spi-builder-workspace/.dependencies/checkouts/SwiftFoundationExtensions/Sources/SwiftFoundationExtensions/Dates/Date+Extensions.swift (in target 'SwiftFoundationExtensions' from project 'SwiftFoundationExtensions')
SwiftCompile normal arm64 /Users/admin/builder/spi-builder-workspace/.dependencies/checkouts/SwiftFoundationExtensions/Sources/SwiftFoundationExtensions/Collections/Sequence+Extensions.swift (in target 'SwiftFoundationExtensions' from project 'SwiftFoundationExtensions')
    cd /Users/admin/builder/spi-builder-workspace/.swiftpm/xcode
    builtin-SwiftPerFileCompile Sequence+Extensions.swift
SwiftCompile normal arm64 /Users/admin/builder/spi-builder-workspace/.dependencies/checkouts/SwiftFoundationExtensions/Sources/SwiftFoundationExtensions/Dates/Date+Extensions.swift (in target 'SwiftFoundationExtensions' from project 'SwiftFoundationExtensions')
    cd /Users/admin/builder/spi-builder-workspace/.swiftpm/xcode
    builtin-SwiftPerFileCompile Date+Extensions.swift
SwiftCompile normal arm64 Compiling\ AsyncSequence+Extensions.swift,\ Collection+Extensions.swift /Users/admin/builder/spi-builder-workspace/.dependencies/checkouts/SwiftFoundationExtensions/Sources/SwiftFoundationExtensions/Collections/AsyncSequence+Extensions.swift /Users/admin/builder/spi-builder-workspace/.dependencies/checkouts/SwiftFoundationExtensions/Sources/SwiftFoundationExtensions/Collections/Collection+Extensions.swift (in target 'SwiftFoundationExtensions' from project 'SwiftFoundationExtensions')
SwiftCompile normal arm64 /Users/admin/builder/spi-builder-workspace/.dependencies/checkouts/SwiftFoundationExtensions/Sources/SwiftFoundationExtensions/Collections/AsyncSequence+Extensions.swift (in target 'SwiftFoundationExtensions' from project 'SwiftFoundationExtensions')
    cd /Users/admin/builder/spi-builder-workspace/.swiftpm/xcode
    builtin-SwiftPerFileCompile AsyncSequence+Extensions.swift
SwiftCompile normal arm64 /Users/admin/builder/spi-builder-workspace/.dependencies/checkouts/SwiftFoundationExtensions/Sources/SwiftFoundationExtensions/Collections/Collection+Extensions.swift (in target 'SwiftFoundationExtensions' from project 'SwiftFoundationExtensions')
    cd /Users/admin/builder/spi-builder-workspace/.swiftpm/xcode
    builtin-SwiftPerFileCompile Collection+Extensions.swift
SwiftCompile normal arm64 Compiling\ Error+Extensions.swift /Users/admin/builder/spi-builder-workspace/.dependencies/checkouts/SwiftFoundationExtensions/Sources/SwiftFoundationExtensions/Logging/Error+Extensions.swift (in target 'SwiftFoundationExtensions' from project 'SwiftFoundationExtensions')
SwiftCompile normal arm64 /Users/admin/builder/spi-builder-workspace/.dependencies/checkouts/SwiftFoundationExtensions/Sources/SwiftFoundationExtensions/Logging/Error+Extensions.swift (in target 'SwiftFoundationExtensions' from project 'SwiftFoundationExtensions')
    cd /Users/admin/builder/spi-builder-workspace/.swiftpm/xcode
    builtin-SwiftPerFileCompile Error+Extensions.swift
SwiftCompile normal arm64 Compiling\ Dictionary+Extensions.swift,\ EnumeratedSequence+Extensions.swift /Users/admin/builder/spi-builder-workspace/.dependencies/checkouts/SwiftFoundationExtensions/Sources/SwiftFoundationExtensions/Collections/Dictionary+Extensions.swift /Users/admin/builder/spi-builder-workspace/.dependencies/checkouts/SwiftFoundationExtensions/Sources/SwiftFoundationExtensions/Collections/EnumeratedSequence+Extensions.swift (in target 'SwiftFoundationExtensions' from project 'SwiftFoundationExtensions')
SwiftCompile normal arm64 /Users/admin/builder/spi-builder-workspace/.dependencies/checkouts/SwiftFoundationExtensions/Sources/SwiftFoundationExtensions/Collections/Dictionary+Extensions.swift (in target 'SwiftFoundationExtensions' from project 'SwiftFoundationExtensions')
    cd /Users/admin/builder/spi-builder-workspace/.swiftpm/xcode
    builtin-SwiftPerFileCompile Dictionary+Extensions.swift
SwiftCompile normal arm64 /Users/admin/builder/spi-builder-workspace/.dependencies/checkouts/SwiftFoundationExtensions/Sources/SwiftFoundationExtensions/Collections/EnumeratedSequence+Extensions.swift (in target 'SwiftFoundationExtensions' from project 'SwiftFoundationExtensions')
    cd /Users/admin/builder/spi-builder-workspace/.swiftpm/xcode
    builtin-SwiftPerFileCompile EnumeratedSequence+Extensions.swift
SwiftCompile normal arm64 Compiling\ Double+Extensions.swift /Users/admin/builder/spi-builder-workspace/.dependencies/checkouts/SwiftFoundationExtensions/Sources/SwiftFoundationExtensions/Numeric/Double+Extensions.swift (in target 'SwiftFoundationExtensions' from project 'SwiftFoundationExtensions')
SwiftCompile normal arm64 /Users/admin/builder/spi-builder-workspace/.dependencies/checkouts/SwiftFoundationExtensions/Sources/SwiftFoundationExtensions/Numeric/Double+Extensions.swift (in target 'SwiftFoundationExtensions' from project 'SwiftFoundationExtensions')
    cd /Users/admin/builder/spi-builder-workspace/.swiftpm/xcode
    builtin-SwiftPerFileCompile Double+Extensions.swift
SwiftDriverJobDiscovery normal arm64 Emitting module for SwiftFoundationExtensions (in target 'SwiftFoundationExtensions' from project 'SwiftFoundationExtensions')
SwiftDriver\ Compilation\ Requirements SwiftFoundationExtensions normal arm64 com.apple.xcode.tools.swift.compiler (in target 'SwiftFoundationExtensions' from project 'SwiftFoundationExtensions')
    cd /Users/admin/builder/spi-builder-workspace/.swiftpm/xcode
    builtin-Swift-Compilation-Requirements -- /Applications/Xcode-27.0.0-Release.Candidate.app/Contents/Developer/Toolchains/XcodeDefault.xctoolchain/usr/bin/swiftc -parse-as-library -module-name SwiftFoundationExtensions -Onone @/Users/admin/builder/spi-builder-workspace/.derivedData/Build/Intermediates.noindex/SwiftFoundationExtensions.build/Debug-appletvos/SwiftFoundationExtensions-t.build/Objects-normal/arm64/SwiftFoundationExtensions.SwiftFileList -DSWIFT_PACKAGE -DDEBUG -DSWIFT_MODULE_RESOURCE_BUNDLE_UNAVAILABLE -DXcode -plugin-path /Applications/Xcode-27.0.0-Release.Candidate.app/Contents/Developer/Toolchains/XcodeDefault.xctoolchain/usr/lib/swift/host/plugins/testing -enable-experimental-feature DebugDescriptionMacro -sdk /Applications/Xcode-27.0.0-Release.Candidate.app/Contents/Developer/Platforms/AppleTVOS.platform/Developer/SDKs/AppleTVOS27.0.sdk -target arm64-apple-tvos15.0 -g -module-cache-path /Users/admin/builder/spi-builder-workspace/.derivedData/ModuleCache.noindex -Xfrontend -serialize-debugging-options -enable-testing -suppress-warnings -index-store-path /Users/admin/builder/spi-builder-workspace/.derivedData/Index.noindex/DataStore -Xcc -D_LIBCPP_HARDENING_MODE\=_LIBCPP_HARDENING_MODE_DEBUG -swift-version 5 -I /Users/admin/builder/spi-builder-workspace/.derivedData/Build/Products/Debug-appletvos -Isystem /Applications/Xcode-27.0.0-Release.Candidate.app/Contents/Developer/Platforms/AppleTVOS.platform/Developer/usr/lib -F /Users/admin/builder/spi-builder-workspace/.derivedData/Build/Products/Debug-appletvos -F /Applications/Xcode-27.0.0-Release.Candidate.app/Contents/Developer/Platforms/AppleTVOS.platform/Developer/Library/Frameworks -F /Applications/Xcode-27.0.0-Release.Candidate.app/Contents/Developer/Platforms/AppleTVOS.platform/Developer/SDKs/AppleTVOS27.0.sdk/Developer/Library/Frameworks -c -j10 -enable-batch-mode -incremental -Xcc -ivfsstatcache -Xcc /Users/admin/builder/spi-builder-workspace/.derivedData/SDKStatCaches.noindex/appletvos27.0-24J360-e829b21a6f8c9b70876ba0858053c044b32bfd8d43560033f8d89884cdb90028.sdkstatcache -output-file-map /Users/admin/builder/spi-builder-workspace/.derivedData/Build/Intermediates.noindex/SwiftFoundationExtensions.build/Debug-appletvos/SwiftFoundationExtensions-t.build/Objects-normal/arm64/SwiftFoundationExtensions-OutputFileMap.json -save-temps -no-color-diagnostics -explicit-module-build -module-cache-path /Users/admin/builder/spi-builder-workspace/.derivedData/Build/Intermediates.noindex/SwiftExplicitPrecompiledModules -clang-scanner-module-cache-path /Users/admin/builder/spi-builder-workspace/.derivedData/ModuleCache.noindex -sdk-module-cache-path /Users/admin/builder/spi-builder-workspace/.derivedData/SDKExplicitPrecompiledModules -emit-dependencies -emit-module -emit-module-path /Users/admin/builder/spi-builder-workspace/.derivedData/Build/Intermediates.noindex/SwiftFoundationExtensions.build/Debug-appletvos/SwiftFoundationExtensions-t.build/Objects-normal/arm64/SwiftFoundationExtensions.swiftmodule -serialize-diagnostics -dependency-scan-serialize-diagnostics-path /Users/admin/builder/spi-builder-workspace/.derivedData/Build/Intermediates.noindex/SwiftFoundationExtensions.build/Debug-appletvos/SwiftFoundationExtensions-t.build/Objects-normal/arm64/SwiftFoundationExtensions-dependency-scan.dia -validate-clang-modules-once -clang-build-session-file /Users/admin/builder/spi-builder-workspace/.derivedData/ModuleCache.noindex/Session.modulevalidation -Xcc -fmodules-prune-interval\=86400 -Xcc -fmodules-prune-after\=345600 -emit-const-values -const-gather-protocols-list /Users/admin/builder/spi-builder-workspace/.derivedData/Build/Intermediates.noindex/SwiftFoundationExtensions.build/Debug-appletvos/SwiftFoundationExtensions-t.build/Objects-normal/arm64/SwiftFoundationExtensions_const_extract_protocols.json -Xcc -I/Users/admin/builder/spi-builder-workspace/.derivedData/Build/Products/Debug-appletvos/include -Xcc -I/Users/admin/builder/spi-builder-workspace/.derivedData/Build/Intermediates.noindex/SwiftFoundationExtensions.build/Debug-appletvos/SwiftFoundationExtensions-t.build/DerivedSources-normal/arm64 -Xcc -I/Users/admin/builder/spi-builder-workspace/.derivedData/Build/Intermediates.noindex/SwiftFoundationExtensions.build/Debug-appletvos/SwiftFoundationExtensions-t.build/DerivedSources/arm64 -Xcc -I/Users/admin/builder/spi-builder-workspace/.derivedData/Build/Intermediates.noindex/SwiftFoundationExtensions.build/Debug-appletvos/SwiftFoundationExtensions-t.build/DerivedSources -Xcc -DSWIFT_PACKAGE -Xcc -DDEBUG\=1 -emit-objc-header -emit-objc-header-path /Users/admin/builder/spi-builder-workspace/.derivedData/Build/Intermediates.noindex/SwiftFoundationExtensions.build/Debug-appletvos/SwiftFoundationExtensions-t.build/Objects-normal/arm64/SwiftFoundationExtensions-Swift.h -working-directory /Users/admin/builder/spi-builder-workspace/.swiftpm/xcode -experimental-emit-module-separately -disable-cmo
SwiftDriverJobDiscovery normal arm64 Compiling AsyncSequence+Extensions.swift, Collection+Extensions.swift (in target 'SwiftFoundationExtensions' from project 'SwiftFoundationExtensions')
SwiftMergeGeneratedHeaders /Users/admin/builder/spi-builder-workspace/.derivedData/Build/Intermediates.noindex/GeneratedModuleMaps-appletvos/SwiftFoundationExtensions-Swift.h /Users/admin/builder/spi-builder-workspace/.derivedData/Build/Intermediates.noindex/SwiftFoundationExtensions.build/Debug-appletvos/SwiftFoundationExtensions-t.build/Objects-normal/arm64/SwiftFoundationExtensions-Swift.h (in target 'SwiftFoundationExtensions' from project 'SwiftFoundationExtensions')
    cd /Users/admin/builder/spi-builder-workspace/.dependencies/checkouts/SwiftFoundationExtensions
    builtin-swiftHeaderTool -arch arm64 /Users/admin/builder/spi-builder-workspace/.derivedData/Build/Intermediates.noindex/SwiftFoundationExtensions.build/Debug-appletvos/SwiftFoundationExtensions-t.build/Objects-normal/arm64/SwiftFoundationExtensions-Swift.h -o /Users/admin/builder/spi-builder-workspace/.derivedData/Build/Intermediates.noindex/GeneratedModuleMaps-appletvos/SwiftFoundationExtensions-Swift.h
Copy /Users/admin/builder/spi-builder-workspace/.derivedData/Build/Products/Debug-appletvos/SwiftFoundationExtensions.swiftmodule/arm64-apple-tvos.swiftmodule /Users/admin/builder/spi-builder-workspace/.derivedData/Build/Intermediates.noindex/SwiftFoundationExtensions.build/Debug-appletvos/SwiftFoundationExtensions-t.build/Objects-normal/arm64/SwiftFoundationExtensions.swiftmodule (in target 'SwiftFoundationExtensions' from project 'SwiftFoundationExtensions')
    cd /Users/admin/builder/spi-builder-workspace/.dependencies/checkouts/SwiftFoundationExtensions
    builtin-copy -exclude .DS_Store -exclude CVS -exclude .svn -exclude .git -exclude .hg -resolve-src-symlinks -rename /Users/admin/builder/spi-builder-workspace/.derivedData/Build/Intermediates.noindex/SwiftFoundationExtensions.build/Debug-appletvos/SwiftFoundationExtensions-t.build/Objects-normal/arm64/SwiftFoundationExtensions.swiftmodule /Users/admin/builder/spi-builder-workspace/.derivedData/Build/Products/Debug-appletvos/SwiftFoundationExtensions.swiftmodule/arm64-apple-tvos.swiftmodule
Copy /Users/admin/builder/spi-builder-workspace/.derivedData/Build/Products/Debug-appletvos/SwiftFoundationExtensions.swiftmodule/arm64-apple-tvos.swiftdoc /Users/admin/builder/spi-builder-workspace/.derivedData/Build/Intermediates.noindex/SwiftFoundationExtensions.build/Debug-appletvos/SwiftFoundationExtensions-t.build/Objects-normal/arm64/SwiftFoundationExtensions.swiftdoc (in target 'SwiftFoundationExtensions' from project 'SwiftFoundationExtensions')
    cd /Users/admin/builder/spi-builder-workspace/.dependencies/checkouts/SwiftFoundationExtensions
    builtin-copy -exclude .DS_Store -exclude CVS -exclude .svn -exclude .git -exclude .hg -resolve-src-symlinks -rename /Users/admin/builder/spi-builder-workspace/.derivedData/Build/Intermediates.noindex/SwiftFoundationExtensions.build/Debug-appletvos/SwiftFoundationExtensions-t.build/Objects-normal/arm64/SwiftFoundationExtensions.swiftdoc /Users/admin/builder/spi-builder-workspace/.derivedData/Build/Products/Debug-appletvos/SwiftFoundationExtensions.swiftmodule/arm64-apple-tvos.swiftdoc
Copy /Users/admin/builder/spi-builder-workspace/.derivedData/Build/Products/Debug-appletvos/SwiftFoundationExtensions.swiftmodule/arm64-apple-tvos.abi.json /Users/admin/builder/spi-builder-workspace/.derivedData/Build/Intermediates.noindex/SwiftFoundationExtensions.build/Debug-appletvos/SwiftFoundationExtensions-t.build/Objects-normal/arm64/SwiftFoundationExtensions.abi.json (in target 'SwiftFoundationExtensions' from project 'SwiftFoundationExtensions')
    cd /Users/admin/builder/spi-builder-workspace/.dependencies/checkouts/SwiftFoundationExtensions
    builtin-copy -exclude .DS_Store -exclude CVS -exclude .svn -exclude .git -exclude .hg -resolve-src-symlinks -rename /Users/admin/builder/spi-builder-workspace/.derivedData/Build/Intermediates.noindex/SwiftFoundationExtensions.build/Debug-appletvos/SwiftFoundationExtensions-t.build/Objects-normal/arm64/SwiftFoundationExtensions.abi.json /Users/admin/builder/spi-builder-workspace/.derivedData/Build/Products/Debug-appletvos/SwiftFoundationExtensions.swiftmodule/arm64-apple-tvos.abi.json
Copy /Users/admin/builder/spi-builder-workspace/.derivedData/Build/Products/Debug-appletvos/SwiftFoundationExtensions.swiftmodule/Project/arm64-apple-tvos.swiftsourceinfo /Users/admin/builder/spi-builder-workspace/.derivedData/Build/Intermediates.noindex/SwiftFoundationExtensions.build/Debug-appletvos/SwiftFoundationExtensions-t.build/Objects-normal/arm64/SwiftFoundationExtensions.swiftsourceinfo (in target 'SwiftFoundationExtensions' from project 'SwiftFoundationExtensions')
    cd /Users/admin/builder/spi-builder-workspace/.dependencies/checkouts/SwiftFoundationExtensions
    builtin-copy -exclude .DS_Store -exclude CVS -exclude .svn -exclude .git -exclude .hg -resolve-src-symlinks -rename /Users/admin/builder/spi-builder-workspace/.derivedData/Build/Intermediates.noindex/SwiftFoundationExtensions.build/Debug-appletvos/SwiftFoundationExtensions-t.build/Objects-normal/arm64/SwiftFoundationExtensions.swiftsourceinfo /Users/admin/builder/spi-builder-workspace/.derivedData/Build/Products/Debug-appletvos/SwiftFoundationExtensions.swiftmodule/Project/arm64-apple-tvos.swiftsourceinfo
SwiftDriver SwiftUIExtensions normal arm64 com.apple.xcode.tools.swift.compiler (in target 'SwiftUIExtensions' from project 'SwiftUIExtensions')
    cd /Users/admin/builder/spi-builder-workspace/.swiftpm/xcode
    builtin-SwiftDriver -- /Applications/Xcode-27.0.0-Release.Candidate.app/Contents/Developer/Toolchains/XcodeDefault.xctoolchain/usr/bin/swiftc -parse-as-library -module-name SwiftUIExtensions -Onone @/Users/admin/builder/spi-builder-workspace/.derivedData/Build/Intermediates.noindex/SwiftUIExtensions.build/Debug-appletvos/SwiftUIExtensions-t.build/Objects-normal/arm64/SwiftUIExtensions.SwiftFileList -DSWIFT_PACKAGE -DDEBUG -DSWIFT_MODULE_RESOURCE_BUNDLE_UNAVAILABLE -DXcode -plugin-path /Applications/Xcode-27.0.0-Release.Candidate.app/Contents/Developer/Toolchains/XcodeDefault.xctoolchain/usr/lib/swift/host/plugins/testing -enable-experimental-feature DebugDescriptionMacro -sdk /Applications/Xcode-27.0.0-Release.Candidate.app/Contents/Developer/Platforms/AppleTVOS.platform/Developer/SDKs/AppleTVOS27.0.sdk -target arm64-apple-tvos15.0 -g -module-cache-path /Users/admin/builder/spi-builder-workspace/.derivedData/ModuleCache.noindex -Xfrontend -serialize-debugging-options -enable-testing -index-store-path /Users/admin/builder/spi-builder-workspace/.derivedData/Index.noindex/DataStore -Xcc -D_LIBCPP_HARDENING_MODE\=_LIBCPP_HARDENING_MODE_DEBUG -swift-version 5 -I /Users/admin/builder/spi-builder-workspace/.derivedData/Build/Products/Debug-appletvos -Isystem /Applications/Xcode-27.0.0-Release.Candidate.app/Contents/Developer/Platforms/AppleTVOS.platform/Developer/usr/lib -F /Users/admin/builder/spi-builder-workspace/.derivedData/Build/Products/Debug-appletvos/PackageFrameworks -F /Users/admin/builder/spi-builder-workspace/.derivedData/Build/Products/Debug-appletvos -F /Applications/Xcode-27.0.0-Release.Candidate.app/Contents/Developer/Platforms/AppleTVOS.platform/Developer/Library/Frameworks -F /Applications/Xcode-27.0.0-Release.Candidate.app/Contents/Developer/Platforms/AppleTVOS.platform/Developer/SDKs/AppleTVOS27.0.sdk/Developer/Library/Frameworks -c -j10 -enable-batch-mode -incremental -Xcc -ivfsstatcache -Xcc /Users/admin/builder/spi-builder-workspace/.derivedData/SDKStatCaches.noindex/appletvos27.0-24J360-e829b21a6f8c9b70876ba0858053c044b32bfd8d43560033f8d89884cdb90028.sdkstatcache -output-file-map /Users/admin/builder/spi-builder-workspace/.derivedData/Build/Intermediates.noindex/SwiftUIExtensions.build/Debug-appletvos/SwiftUIExtensions-t.build/Objects-normal/arm64/SwiftUIExtensions-OutputFileMap.json -save-temps -no-color-diagnostics -explicit-module-build -module-cache-path /Users/admin/builder/spi-builder-workspace/.derivedData/Build/Intermediates.noindex/SwiftExplicitPrecompiledModules -clang-scanner-module-cache-path /Users/admin/builder/spi-builder-workspace/.derivedData/ModuleCache.noindex -sdk-module-cache-path /Users/admin/builder/spi-builder-workspace/.derivedData/SDKExplicitPrecompiledModules -emit-dependencies -emit-module -emit-module-path /Users/admin/builder/spi-builder-workspace/.derivedData/Build/Intermediates.noindex/SwiftUIExtensions.build/Debug-appletvos/SwiftUIExtensions-t.build/Objects-normal/arm64/SwiftUIExtensions.swiftmodule -serialize-diagnostics -dependency-scan-serialize-diagnostics-path /Users/admin/builder/spi-builder-workspace/.derivedData/Build/Intermediates.noindex/SwiftUIExtensions.build/Debug-appletvos/SwiftUIExtensions-t.build/Objects-normal/arm64/SwiftUIExtensions-dependency-scan.dia -validate-clang-modules-once -clang-build-session-file /Users/admin/builder/spi-builder-workspace/.derivedData/ModuleCache.noindex/Session.modulevalidation -Xcc -fmodules-prune-interval\=86400 -Xcc -fmodules-prune-after\=345600 -emit-const-values -const-gather-protocols-list /Users/admin/builder/spi-builder-workspace/.derivedData/Build/Intermediates.noindex/SwiftUIExtensions.build/Debug-appletvos/SwiftUIExtensions-t.build/Objects-normal/arm64/SwiftUIExtensions_const_extract_protocols.json -Xcc -I/Users/admin/builder/spi-builder-workspace/.derivedData/Build/Products/Debug-appletvos/include -Xcc -I/Users/admin/builder/spi-builder-workspace/.derivedData/Build/Intermediates.noindex/SwiftUIExtensions.build/Debug-appletvos/SwiftUIExtensions-t.build/DerivedSources-normal/arm64 -Xcc -I/Users/admin/builder/spi-builder-workspace/.derivedData/Build/Intermediates.noindex/SwiftUIExtensions.build/Debug-appletvos/SwiftUIExtensions-t.build/DerivedSources/arm64 -Xcc -I/Users/admin/builder/spi-builder-workspace/.derivedData/Build/Intermediates.noindex/SwiftUIExtensions.build/Debug-appletvos/SwiftUIExtensions-t.build/DerivedSources -Xcc -DSWIFT_PACKAGE -Xcc -DDEBUG\=1 -emit-objc-header -emit-objc-header-path /Users/admin/builder/spi-builder-workspace/.derivedData/Build/Intermediates.noindex/SwiftUIExtensions.build/Debug-appletvos/SwiftUIExtensions-t.build/Objects-normal/arm64/SwiftUIExtensions-Swift.h -working-directory /Users/admin/builder/spi-builder-workspace/.swiftpm/xcode -experimental-emit-module-separately -disable-cmo
SwiftExplicitDependencyGeneratePcm arm64 /Users/admin/builder/spi-builder-workspace/.derivedData/SDKExplicitPrecompiledModules/OSLog-7OT6HHTMY0ZFEQJ095LJZ6NLC.pcm
SwiftExplicitDependencyGeneratePcm arm64 /Users/admin/builder/spi-builder-workspace/.derivedData/SDKExplicitPrecompiledModules/CoreAudioTypes-E7EH96HAL3G83QSWLT7VWYIP4.pcm
SwiftExplicitDependencyGeneratePcm arm64 /Users/admin/builder/spi-builder-workspace/.derivedData/SDKExplicitPrecompiledModules/DataDetection-37JIYZ2GWDA1L166PP1D9JKAF.pcm
SwiftExplicitDependencyGeneratePcm arm64 /Users/admin/builder/spi-builder-workspace/.derivedData/SDKExplicitPrecompiledModules/DeveloperToolsSupport-B1X8RI63V48AJRTH2RK6JAARV.pcm
SwiftExplicitDependencyGeneratePcm arm64 /Users/admin/builder/spi-builder-workspace/.derivedData/SDKExplicitPrecompiledModules/UIUtilities-6ZFJ1AK4H8IBGEBMYQBWGBYLK.pcm
SwiftExplicitDependencyGeneratePcm arm64 /Users/admin/builder/spi-builder-workspace/.derivedData/SDKExplicitPrecompiledModules/UserNotifications-E9ZW5TH066WIJWH9080RC5NG4.pcm
SwiftExplicitDependencyGeneratePcm arm64 /Users/admin/builder/spi-builder-workspace/.derivedData/SDKExplicitPrecompiledModules/CoreData-DYMPHH3PH8AX9I1FHA4VFJ675.pcm
SwiftExplicitDependencyGeneratePcm arm64 /Users/admin/builder/spi-builder-workspace/.derivedData/SDKExplicitPrecompiledModules/IOSurface-38FJ1CKX9FV2RD97O64Z7QB17.pcm
SwiftExplicitDependencyGeneratePcm arm64 /Users/admin/builder/spi-builder-workspace/.derivedData/SDKExplicitPrecompiledModules/Symbols-B5AU9VM9Y7NU79RLMH13Z4IFM.pcm
SwiftExplicitDependencyGeneratePcm arm64 /Users/admin/builder/spi-builder-workspace/.derivedData/SDKExplicitPrecompiledModules/OpenGLES-4NY99CNDU9WUNUYEIXSS1QFGE.pcm
SwiftExplicitDependencyGeneratePcm arm64 /Users/admin/builder/spi-builder-workspace/.derivedData/SDKExplicitPrecompiledModules/Metal-2KYBS7IML1SD788M91YV7Q0CC.pcm
SwiftDriverJobDiscovery normal arm64 Compiling Sequence+Extensions.swift, Date+Extensions.swift (in target 'SwiftFoundationExtensions' from project 'SwiftFoundationExtensions')
SwiftExplicitDependencyGeneratePcm arm64 /Users/admin/builder/spi-builder-workspace/.derivedData/SDKExplicitPrecompiledModules/UniformTypeIdentifiers-95CC8U42ZA9STP5K6GP9ZVJS5.pcm
SwiftExplicitDependencyGeneratePcm arm64 /Users/admin/builder/spi-builder-workspace/.derivedData/SDKExplicitPrecompiledModules/_Builtin_intrinsics-437O2R2NID4WAQVENR63GR82C.pcm
SwiftExplicitDependencyGeneratePcm arm64 /Users/admin/builder/spi-builder-workspace/.derivedData/SDKExplicitPrecompiledModules/_Builtin_tgmath-7ULT1EUHDHW4OZPSTT33H6QGE.pcm
SwiftDriverJobDiscovery normal arm64 Compiling Comparable+Extensions.swift (in target 'SwiftFoundationExtensions' from project 'SwiftFoundationExtensions')
SwiftDriverJobDiscovery normal arm64 Compiling Dictionary+Extensions.swift, EnumeratedSequence+Extensions.swift (in target 'SwiftFoundationExtensions' from project 'SwiftFoundationExtensions')
SwiftDriverJobDiscovery normal arm64 Compiling Error+Extensions.swift (in target 'SwiftFoundationExtensions' from project 'SwiftFoundationExtensions')
SwiftExplicitDependencyGeneratePcm arm64 /Users/admin/builder/spi-builder-workspace/.derivedData/SDKExplicitPrecompiledModules/CoreGraphics-CWSP3J98S2658BYCVL6RP99T3.pcm
SwiftExplicitDependencyGeneratePcm arm64 /Users/admin/builder/spi-builder-workspace/.derivedData/SDKExplicitPrecompiledModules/CoreAudio-6IR1XRM0Q9YQZMFW89F3H4V3X.pcm
SwiftExplicitDependencyGeneratePcm arm64 /Users/admin/builder/spi-builder-workspace/.derivedData/SDKExplicitPrecompiledModules/_LocationEssentials-ETSJ65FELPWR8WH8G49R1DF2E.pcm
SwiftDriverJobDiscovery normal arm64 Compiling ErrorWithTrace.swift (in target 'SwiftFoundationExtensions' from project 'SwiftFoundationExtensions')
SwiftExplicitDependencyGeneratePcm arm64 /Users/admin/builder/spi-builder-workspace/.derivedData/SDKExplicitPrecompiledModules/CoreTransferable-7V4O8DATEQ9F7SDNTCW8YWLG3.pcm
SwiftDriverJobDiscovery normal arm64 Compiling Double+Extensions.swift (in target 'SwiftFoundationExtensions' from project 'SwiftFoundationExtensions')
SwiftDriverJobDiscovery normal arm64 Compiling ElapsedTimer.swift (in target 'SwiftFoundationExtensions' from project 'SwiftFoundationExtensions')
SwiftDriverJobDiscovery normal arm64 Compiling BundleInformation.swift (in target 'SwiftFoundationExtensions' from project 'SwiftFoundationExtensions')
SwiftDriverJobDiscovery normal arm64 Compiling Logger+Extensions.swift (in target 'SwiftFoundationExtensions' from project 'SwiftFoundationExtensions')
SwiftDriver\ Compilation SwiftFoundationExtensions normal arm64 com.apple.xcode.tools.swift.compiler (in target 'SwiftFoundationExtensions' from project 'SwiftFoundationExtensions')
    cd /Users/admin/builder/spi-builder-workspace/.swiftpm/xcode
    builtin-Swift-Compilation -- /Applications/Xcode-27.0.0-Release.Candidate.app/Contents/Developer/Toolchains/XcodeDefault.xctoolchain/usr/bin/swiftc -parse-as-library -module-name SwiftFoundationExtensions -Onone @/Users/admin/builder/spi-builder-workspace/.derivedData/Build/Intermediates.noindex/SwiftFoundationExtensions.build/Debug-appletvos/SwiftFoundationExtensions-t.build/Objects-normal/arm64/SwiftFoundationExtensions.SwiftFileList -DSWIFT_PACKAGE -DDEBUG -DSWIFT_MODULE_RESOURCE_BUNDLE_UNAVAILABLE -DXcode -plugin-path /Applications/Xcode-27.0.0-Release.Candidate.app/Contents/Developer/Toolchains/XcodeDefault.xctoolchain/usr/lib/swift/host/plugins/testing -enable-experimental-feature DebugDescriptionMacro -sdk /Applications/Xcode-27.0.0-Release.Candidate.app/Contents/Developer/Platforms/AppleTVOS.platform/Developer/SDKs/AppleTVOS27.0.sdk -target arm64-apple-tvos15.0 -g -module-cache-path /Users/admin/builder/spi-builder-workspace/.derivedData/ModuleCache.noindex -Xfrontend -serialize-debugging-options -enable-testing -suppress-warnings -index-store-path /Users/admin/builder/spi-builder-workspace/.derivedData/Index.noindex/DataStore -Xcc -D_LIBCPP_HARDENING_MODE\=_LIBCPP_HARDENING_MODE_DEBUG -swift-version 5 -I /Users/admin/builder/spi-builder-workspace/.derivedData/Build/Products/Debug-appletvos -Isystem /Applications/Xcode-27.0.0-Release.Candidate.app/Contents/Developer/Platforms/AppleTVOS.platform/Developer/usr/lib -F /Users/admin/builder/spi-builder-workspace/.derivedData/Build/Products/Debug-appletvos -F /Applications/Xcode-27.0.0-Release.Candidate.app/Contents/Developer/Platforms/AppleTVOS.platform/Developer/Library/Frameworks -F /Applications/Xcode-27.0.0-Release.Candidate.app/Contents/Developer/Platforms/AppleTVOS.platform/Developer/SDKs/AppleTVOS27.0.sdk/Developer/Library/Frameworks -c -j10 -enable-batch-mode -incremental -Xcc -ivfsstatcache -Xcc /Users/admin/builder/spi-builder-workspace/.derivedData/SDKStatCaches.noindex/appletvos27.0-24J360-e829b21a6f8c9b70876ba0858053c044b32bfd8d43560033f8d89884cdb90028.sdkstatcache -output-file-map /Users/admin/builder/spi-builder-workspace/.derivedData/Build/Intermediates.noindex/SwiftFoundationExtensions.build/Debug-appletvos/SwiftFoundationExtensions-t.build/Objects-normal/arm64/SwiftFoundationExtensions-OutputFileMap.json -save-temps -no-color-diagnostics -explicit-module-build -module-cache-path /Users/admin/builder/spi-builder-workspace/.derivedData/Build/Intermediates.noindex/SwiftExplicitPrecompiledModules -clang-scanner-module-cache-path /Users/admin/builder/spi-builder-workspace/.derivedData/ModuleCache.noindex -sdk-module-cache-path /Users/admin/builder/spi-builder-workspace/.derivedData/SDKExplicitPrecompiledModules -emit-dependencies -emit-module -emit-module-path /Users/admin/builder/spi-builder-workspace/.derivedData/Build/Intermediates.noindex/SwiftFoundationExtensions.build/Debug-appletvos/SwiftFoundationExtensions-t.build/Objects-normal/arm64/SwiftFoundationExtensions.swiftmodule -serialize-diagnostics -dependency-scan-serialize-diagnostics-path /Users/admin/builder/spi-builder-workspace/.derivedData/Build/Intermediates.noindex/SwiftFoundationExtensions.build/Debug-appletvos/SwiftFoundationExtensions-t.build/Objects-normal/arm64/SwiftFoundationExtensions-dependency-scan.dia -validate-clang-modules-once -clang-build-session-file /Users/admin/builder/spi-builder-workspace/.derivedData/ModuleCache.noindex/Session.modulevalidation -Xcc -fmodules-prune-interval\=86400 -Xcc -fmodules-prune-after\=345600 -emit-const-values -const-gather-protocols-list /Users/admin/builder/spi-builder-workspace/.derivedData/Build/Intermediates.noindex/SwiftFoundationExtensions.build/Debug-appletvos/SwiftFoundationExtensions-t.build/Objects-normal/arm64/SwiftFoundationExtensions_const_extract_protocols.json -Xcc -I/Users/admin/builder/spi-builder-workspace/.derivedData/Build/Products/Debug-appletvos/include -Xcc -I/Users/admin/builder/spi-builder-workspace/.derivedData/Build/Intermediates.noindex/SwiftFoundationExtensions.build/Debug-appletvos/SwiftFoundationExtensions-t.build/DerivedSources-normal/arm64 -Xcc -I/Users/admin/builder/spi-builder-workspace/.derivedData/Build/Intermediates.noindex/SwiftFoundationExtensions.build/Debug-appletvos/SwiftFoundationExtensions-t.build/DerivedSources/arm64 -Xcc -I/Users/admin/builder/spi-builder-workspace/.derivedData/Build/Intermediates.noindex/SwiftFoundationExtensions.build/Debug-appletvos/SwiftFoundationExtensions-t.build/DerivedSources -Xcc -DSWIFT_PACKAGE -Xcc -DDEBUG\=1 -emit-objc-header -emit-objc-header-path /Users/admin/builder/spi-builder-workspace/.derivedData/Build/Intermediates.noindex/SwiftFoundationExtensions.build/Debug-appletvos/SwiftFoundationExtensions-t.build/Objects-normal/arm64/SwiftFoundationExtensions-Swift.h -working-directory /Users/admin/builder/spi-builder-workspace/.swiftpm/xcode -experimental-emit-module-separately -disable-cmo
Ld /Users/admin/builder/spi-builder-workspace/.derivedData/Build/Products/Debug-appletvos/SwiftFoundationExtensions.o normal (in target 'SwiftFoundationExtensions' from project 'SwiftFoundationExtensions')
    cd /Users/admin/builder/spi-builder-workspace/.dependencies/checkouts/SwiftFoundationExtensions
    /Applications/Xcode-27.0.0-Release.Candidate.app/Contents/Developer/Toolchains/XcodeDefault.xctoolchain/usr/bin/clang -Xlinker -reproducible -target arm64-apple-tvos15.0 -r -isysroot /Applications/Xcode-27.0.0-Release.Candidate.app/Contents/Developer/Platforms/AppleTVOS.platform/Developer/SDKs/AppleTVOS27.0.sdk -O0 -w -Xlinker -no_warn_duplicate_libraries -F/Users/admin/builder/spi-builder-workspace/.derivedData/Build/Intermediates.noindex/EagerLinkingTBDs/Debug-appletvos -F/Users/admin/builder/spi-builder-workspace/.derivedData/Build/Products/Debug-appletvos -iframework /Applications/Xcode-27.0.0-Release.Candidate.app/Contents/Developer/Platforms/AppleTVOS.platform/Developer/Library/Frameworks -iframework /Applications/Xcode-27.0.0-Release.Candidate.app/Contents/Developer/Platforms/AppleTVOS.platform/Developer/SDKs/AppleTVOS27.0.sdk/Developer/Library/Frameworks -filelist /Users/admin/builder/spi-builder-workspace/.derivedData/Build/Intermediates.noindex/SwiftFoundationExtensions.build/Debug-appletvos/SwiftFoundationExtensions-t.build/Objects-normal/arm64/SwiftFoundationExtensions.LinkFileList -nostdlib -Xlinker -object_path_lto -Xlinker /Users/admin/builder/spi-builder-workspace/.derivedData/Build/Intermediates.noindex/SwiftFoundationExtensions.build/Debug-appletvos/SwiftFoundationExtensions-t.build/Objects-normal/arm64/SwiftFoundationExtensions_lto.o -Xlinker -no_deduplicate -Xlinker -dependency_info -Xlinker /Users/admin/builder/spi-builder-workspace/.derivedData/Build/Intermediates.noindex/SwiftFoundationExtensions.build/Debug-appletvos/SwiftFoundationExtensions-t.build/Objects-normal/arm64/SwiftFoundationExtensions_dependency_info.dat -fobjc-link-runtime -L/Applications/Xcode-27.0.0-Release.Candidate.app/Contents/Developer/Toolchains/XcodeDefault.xctoolchain/usr/lib/swift/appletvos -L/usr/lib/swift -Xlinker -add_ast_path -Xlinker /Users/admin/builder/spi-builder-workspace/.derivedData/Build/Intermediates.noindex/SwiftFoundationExtensions.build/Debug-appletvos/SwiftFoundationExtensions-t.build/Objects-normal/arm64/SwiftFoundationExtensions.swiftmodule -o /Users/admin/builder/spi-builder-workspace/.derivedData/Build/Products/Debug-appletvos/SwiftFoundationExtensions.o
ExtractAppIntentsMetadata (in target 'SwiftFoundationExtensions' from project 'SwiftFoundationExtensions')
    cd /Users/admin/builder/spi-builder-workspace/.dependencies/checkouts/SwiftFoundationExtensions
    /Applications/Xcode-27.0.0-Release.Candidate.app/Contents/Developer/Toolchains/XcodeDefault.xctoolchain/usr/bin/appintentsmetadataprocessor --toolchain-dir /var/run/com.apple.security.cryptexd/mnt/com.apple.MobileAsset.MetalToolchain-v27.1.266.1.33rkE2/Metal.xctoolchain --module-name SwiftFoundationExtensions --sdk-root /Applications/Xcode-27.0.0-Release.Candidate.app/Contents/Developer/Platforms/AppleTVOS.platform/Developer/SDKs/AppleTVOS27.0.sdk --xcode-version 27A266a --platform-family tvOS --deployment-target 15.0 --bundle-identifier swiftfoundationextensions.SwiftFoundationExtensions --output /Users/admin/builder/spi-builder-workspace/.derivedData/Build/Products/Debug-appletvos/SwiftFoundationExtensions.appintents --target-triple arm64-apple-tvos15.0 --binary-file /Users/admin/builder/spi-builder-workspace/.derivedData/Build/Products/Debug-appletvos/SwiftFoundationExtensions.o --dependency-file /Users/admin/builder/spi-builder-workspace/.derivedData/Build/Intermediates.noindex/SwiftFoundationExtensions.build/Debug-appletvos/SwiftFoundationExtensions-t.build/Objects-normal/arm64/SwiftFoundationExtensions_dependency_info.dat --stringsdata-file /Users/admin/builder/spi-builder-workspace/.derivedData/Build/Intermediates.noindex/SwiftFoundationExtensions.build/Debug-appletvos/SwiftFoundationExtensions-t.build/Objects-normal/arm64/ExtractedAppShortcutsMetadata.stringsdata --source-file-list /Users/admin/builder/spi-builder-workspace/.derivedData/Build/Intermediates.noindex/SwiftFoundationExtensions.build/Debug-appletvos/SwiftFoundationExtensions-t.build/Objects-normal/arm64/SwiftFoundationExtensions.SwiftFileList --metadata-file-list /Users/admin/builder/spi-builder-workspace/.derivedData/Build/Intermediates.noindex/SwiftFoundationExtensions.build/Debug-appletvos/SwiftFoundationExtensions-t.build/SwiftFoundationExtensions.DependencyMetadataFileList --static-metadata-file-list /Users/admin/builder/spi-builder-workspace/.derivedData/Build/Intermediates.noindex/SwiftFoundationExtensions.build/Debug-appletvos/SwiftFoundationExtensions-t.build/SwiftFoundationExtensions.DependencyStaticMetadataFileList --swift-const-vals-list /Users/admin/builder/spi-builder-workspace/.derivedData/Build/Intermediates.noindex/SwiftFoundationExtensions.build/Debug-appletvos/SwiftFoundationExtensions-t.build/Objects-normal/arm64/SwiftFoundationExtensions.SwiftConstValuesFileList --force --compile-time-extraction --deployment-aware-processing --no-app-shortcuts-localization
2026-09-18 05:13:58.887 appintentsmetadataprocessor[769:4763] Starting appintentsmetadataprocessor export
2026-09-18 05:13:58.989 appintentsmetadataprocessor[769:4763] Extracted no relevant App Intents symbols, skipping writing output
SwiftExplicitDependencyGeneratePcm arm64 /Users/admin/builder/spi-builder-workspace/.derivedData/SDKExplicitPrecompiledModules/CoreLocation-YVXXAOMVX0JH2KO1XTTKTY51.pcm
SwiftExplicitDependencyGeneratePcm arm64 /Users/admin/builder/spi-builder-workspace/.derivedData/SDKExplicitPrecompiledModules/Accessibility-B6BODGZ4MQQTY0PBC4SHRP009.pcm
SwiftExplicitDependencyGeneratePcm arm64 /Users/admin/builder/spi-builder-workspace/.derivedData/SDKExplicitPrecompiledModules/CoreText-59NY7PABM0I4V978161FOC04A.pcm
SwiftExplicitDependencyGeneratePcm arm64 /Users/admin/builder/spi-builder-workspace/.derivedData/SDKExplicitPrecompiledModules/ImageIO-88D4CLEBD4CLWQKT78PZ6H1O8.pcm
SwiftExplicitDependencyGeneratePcm arm64 /Users/admin/builder/spi-builder-workspace/.derivedData/SDKExplicitPrecompiledModules/CoreVideo-DPU0PB5X0XLSVA2ETRGI6FJBM.pcm
SwiftExplicitDependencyGeneratePcm arm64 /Users/admin/builder/spi-builder-workspace/.derivedData/SDKExplicitPrecompiledModules/simd-117QUXEUT3Z7UQCUYWV2UA228.pcm
SwiftExplicitDependencyGeneratePcm arm64 /Users/admin/builder/spi-builder-workspace/.derivedData/SDKExplicitPrecompiledModules/CoreImage-7S2AFJ8EIY3DUFYLEAX1JR1QV.pcm
SwiftExplicitDependencyGeneratePcm arm64 /Users/admin/builder/spi-builder-workspace/.derivedData/SDKExplicitPrecompiledModules/QuartzCore-DJSYAWKXFGVSAK5CQMOB3JSR.pcm
SwiftExplicitDependencyGeneratePcm arm64 /Users/admin/builder/spi-builder-workspace/.derivedData/SDKExplicitPrecompiledModules/CoreMedia-4OUKVT03LV547KZJDPPJRJ4F8.pcm
SwiftExplicitDependencyGeneratePcm arm64 /Users/admin/builder/spi-builder-workspace/.derivedData/SDKExplicitPrecompiledModules/SwiftUICore-543QU5V2NHKUFCYFJDKUJ7NYG.pcm
SwiftExplicitDependencyGeneratePcm arm64 /Users/admin/builder/spi-builder-workspace/.derivedData/SDKExplicitPrecompiledModules/UIKit-1TKWN7VC2X6N3ITMRVA2G0EB2.pcm
SwiftExplicitDependencyGeneratePcm arm64 /Users/admin/builder/spi-builder-workspace/.derivedData/SDKExplicitPrecompiledModules/Spatial-7U8NLEFXSB8BR7PJQGVMF5A4Q.pcm
SwiftExplicitDependencyGeneratePcm arm64 /Users/admin/builder/spi-builder-workspace/.derivedData/SDKExplicitPrecompiledModules/SwiftUI-7BV1YDT6IZWW6B8OC6ENV0Y0F.pcm
SwiftEmitModule normal arm64 Emitting\ module\ for\ SwiftUIExtensions (in target 'SwiftUIExtensions' from project 'SwiftUIExtensions')
SwiftCompile normal arm64 (in target 'SwiftUIExtensions' from project 'SwiftUIExtensions')
    cd /Users/admin/builder/spi-builder-workspace/.swiftpm/xcode

SwiftCompile normal arm64 Compiling\ UrlOpenHelpers+macOS.swift /Users/admin/builder/spi-builder-workspace/Sources/SwiftUIExtensions/UrlOpenHelpers+macOS.swift (in target 'SwiftUIExtensions' from project 'SwiftUIExtensions')
SwiftCompile normal arm64 /Users/admin/builder/spi-builder-workspace/Sources/SwiftUIExtensions/UrlOpenHelpers+macOS.swift (in target 'SwiftUIExtensions' from project 'SwiftUIExtensions')
    cd /Users/admin/builder/spi-builder-workspace/.swiftpm/xcode
    builtin-SwiftPerFileCompile UrlOpenHelpers+macOS.swift
SwiftCompile normal arm64 Compiling\ iOSHelpers.swift /Users/admin/builder/spi-builder-workspace/Sources/SwiftUIExtensions/iOSHelpers.swift (in target 'SwiftUIExtensions' from project 'SwiftUIExtensions')
SwiftCompile normal arm64 /Users/admin/builder/spi-builder-workspace/Sources/SwiftUIExtensions/iOSHelpers.swift (in target 'SwiftUIExtensions' from project 'SwiftUIExtensions')
    cd /Users/admin/builder/spi-builder-workspace/.swiftpm/xcode
    builtin-SwiftPerFileCompile iOSHelpers.swift
SwiftCompile normal arm64 Compiling\ DoWithoutAnimation.swift /Users/admin/builder/spi-builder-workspace/Sources/SwiftUIExtensions/DoWithoutAnimation.swift (in target 'SwiftUIExtensions' from project 'SwiftUIExtensions')
SwiftCompile normal arm64 /Users/admin/builder/spi-builder-workspace/Sources/SwiftUIExtensions/DoWithoutAnimation.swift (in target 'SwiftUIExtensions' from project 'SwiftUIExtensions')
    cd /Users/admin/builder/spi-builder-workspace/.swiftpm/xcode
    builtin-SwiftPerFileCompile DoWithoutAnimation.swift
SwiftCompile normal arm64 Compiling\ OnScenePhaseChangedModifier.swift /Users/admin/builder/spi-builder-workspace/Sources/SwiftUIExtensions/OnScenePhaseChangedModifier.swift (in target 'SwiftUIExtensions' from project 'SwiftUIExtensions')
SwiftCompile normal arm64 /Users/admin/builder/spi-builder-workspace/Sources/SwiftUIExtensions/OnScenePhaseChangedModifier.swift (in target 'SwiftUIExtensions' from project 'SwiftUIExtensions')
    cd /Users/admin/builder/spi-builder-workspace/.swiftpm/xcode
    builtin-SwiftPerFileCompile OnScenePhaseChangedModifier.swift
SwiftCompile normal arm64 Compiling\ MomentarySwitch.swift /Users/admin/builder/spi-builder-workspace/Sources/SwiftUIExtensions/MomentarySwitch.swift (in target 'SwiftUIExtensions' from project 'SwiftUIExtensions')
SwiftCompile normal arm64 /Users/admin/builder/spi-builder-workspace/Sources/SwiftUIExtensions/MomentarySwitch.swift (in target 'SwiftUIExtensions' from project 'SwiftUIExtensions')
    cd /Users/admin/builder/spi-builder-workspace/.swiftpm/xcode
    builtin-SwiftPerFileCompile MomentarySwitch.swift
SwiftCompile normal arm64 Compiling\ HiddenView.swift /Users/admin/builder/spi-builder-workspace/Sources/SwiftUIExtensions/HiddenView.swift (in target 'SwiftUIExtensions' from project 'SwiftUIExtensions')
SwiftCompile normal arm64 /Users/admin/builder/spi-builder-workspace/Sources/SwiftUIExtensions/HiddenView.swift (in target 'SwiftUIExtensions' from project 'SwiftUIExtensions')
    cd /Users/admin/builder/spi-builder-workspace/.swiftpm/xcode
    builtin-SwiftPerFileCompile HiddenView.swift
SwiftCompile normal arm64 Compiling\ View+Extensions.swift /Users/admin/builder/spi-builder-workspace/Sources/SwiftUIExtensions/View+Extensions.swift (in target 'SwiftUIExtensions' from project 'SwiftUIExtensions')
/Users/admin/builder/spi-builder-workspace/Sources/SwiftUIExtensions/View+Extensions.swift:46:12: error: 'scrollContentBackground' is unavailable in tvOS
44 |   @ViewBuilder public func clearBackground() -> some View {
45 |     if #available(iOS 16.0, watchOS 9.0, *) {
46 |       self.scrollContentBackground(.hidden)
   |            `- error: 'scrollContentBackground' is unavailable in tvOS
47 |     } else {
48 |       self.background(Color.clear)
SwiftUI.View.scrollContentBackground:2:25: note: 'scrollContentBackground' has been explicitly marked unavailable here
1 | protocol View {
2 | nonisolated public func scrollContentBackground(_ visibility: Visibility) -> some View
  |                         `- note: 'scrollContentBackground' has been explicitly marked unavailable here
3 |   }
4 |
Failed frontend command:
/Applications/Xcode-27.0.0-Release.Candidate.app/Contents/Developer/Toolchains/XcodeDefault.xctoolchain/usr/bin/swift-frontend -frontend -c /Users/admin/builder/spi-builder-workspace/Sources/SwiftUIExtensions/DoWithoutAnimation.swift /Users/admin/builder/spi-builder-workspace/Sources/SwiftUIExtensions/HiddenView.swift /Users/admin/builder/spi-builder-workspace/Sources/SwiftUIExtensions/MomentarySwitch.swift /Users/admin/builder/spi-builder-workspace/Sources/SwiftUIExtensions/OnScenePhaseChangedModifier.swift /Users/admin/builder/spi-builder-workspace/Sources/SwiftUIExtensions/UrlOpenHelpers+iOS.swift /Users/admin/builder/spi-builder-workspace/Sources/SwiftUIExtensions/UrlOpenHelpers+macOS.swift -primary-file /Users/admin/builder/spi-builder-workspace/Sources/SwiftUIExtensions/View+Extensions.swift /Users/admin/builder/spi-builder-workspace/Sources/SwiftUIExtensions/iOSHelpers.swift -emit-dependencies-path /Users/admin/builder/spi-builder-workspace/.derivedData/Build/Intermediates.noindex/SwiftUIExtensions.build/Debug-appletvos/SwiftUIExtensions-t.build/Objects-normal/arm64/View+Extensions.d -emit-const-values-path /Users/admin/builder/spi-builder-workspace/.derivedData/Build/Intermediates.noindex/SwiftUIExtensions.build/Debug-appletvos/SwiftUIExtensions-t.build/Objects-normal/arm64/View+Extensions.swiftconstvalues -emit-reference-dependencies-path /Users/admin/builder/spi-builder-workspace/.derivedData/Build/Intermediates.noindex/SwiftUIExtensions.build/Debug-appletvos/SwiftUIExtensions-t.build/Objects-normal/arm64/View+Extensions.swiftdeps -serialize-diagnostics-path /Users/admin/builder/spi-builder-workspace/.derivedData/Build/Intermediates.noindex/SwiftUIExtensions.build/Debug-appletvos/SwiftUIExtensions-t.build/Objects-normal/arm64/View+Extensions.dia -target arm64-apple-tvos15.0 -disable-cross-import-overlay-search -load-resolved-plugin /Applications/Xcode-27.0.0-Release.Candidate.app/Contents/Developer/Platforms/AppleTVOS.platform/Developer/usr/lib/swift/host/plugins/libFoundationMacros.dylib\#/Applications/Xcode-27.0.0-Release.Candidate.app/Contents/Developer/Platforms/AppleTVOS.platform/Developer/usr/bin/swift-plugin-server\#FoundationMacros -load-resolved-plugin /Applications/Xcode-27.0.0-Release.Candidate.app/Contents/Developer/Platforms/AppleTVOS.platform/Developer/usr/lib/swift/host/plugins/libObservationMacros.dylib\#/Applications/Xcode-27.0.0-Release.Candidate.app/Contents/Developer/Platforms/AppleTVOS.platform/Developer/usr/bin/swift-plugin-server\#ObservationMacros -load-resolved-plugin /Applications/Xcode-27.0.0-Release.Candidate.app/Contents/Developer/Platforms/AppleTVOS.platform/Developer/usr/lib/swift/host/plugins/libPreviewsMacros.dylib\#/Applications/Xcode-27.0.0-Release.Candidate.app/Contents/Developer/Platforms/AppleTVOS.platform/Developer/usr/bin/swift-plugin-server\#PreviewsMacros -load-resolved-plugin /Applications/Xcode-27.0.0-Release.Candidate.app/Contents/Developer/Platforms/AppleTVOS.platform/Developer/usr/lib/swift/host/plugins/libSwiftMacros.dylib\#/Applications/Xcode-27.0.0-Release.Candidate.app/Contents/Developer/Platforms/AppleTVOS.platform/Developer/usr/bin/swift-plugin-server\#SwiftMacros -load-resolved-plugin /Applications/Xcode-27.0.0-Release.Candidate.app/Contents/Developer/Platforms/AppleTVOS.platform/Developer/usr/lib/swift/host/plugins/libSwiftUIMacros.dylib\#/Applications/Xcode-27.0.0-Release.Candidate.app/Contents/Developer/Platforms/AppleTVOS.platform/Developer/usr/bin/swift-plugin-server\#SwiftUIMacros -disable-implicit-swift-modules -Xcc -fno-implicit-modules -Xcc -fno-implicit-module-maps -explicit-swift-module-map-file /Users/admin/builder/spi-builder-workspace/.derivedData/Build/Intermediates.noindex/SwiftUIExtensions.build/Debug-appletvos/SwiftUIExtensions-t.build/Objects-normal/arm64/SwiftUIExtensions-dependencies-1.json -Xllvm -aarch64-use-tbi -enable-objc-interop -stack-check -sdk /Applications/Xcode-27.0.0-Release.Candidate.app/Contents/Developer/Platforms/AppleTVOS.platform/Developer/SDKs/AppleTVOS27.0.sdk -I /Users/admin/builder/spi-builder-workspace/.derivedData/Build/Products/Debug-appletvos -Isystem /Applications/Xcode-27.0.0-Release.Candidate.app/Contents/Developer/Platforms/AppleTVOS.platform/Developer/usr/lib -F /Users/admin/builder/spi-builder-workspace/.derivedData/Build/Products/Debug-appletvos/PackageFrameworks -F /Users/admin/builder/spi-builder-workspace/.derivedData/Build/Products/Debug-appletvos -F /Applications/Xcode-27.0.0-Release.Candidate.app/Contents/Developer/Platforms/AppleTVOS.platform/Developer/Library/Frameworks -F /Applications/Xcode-27.0.0-Release.Candidate.app/Contents/Developer/Platforms/AppleTVOS.platform/Developer/SDKs/AppleTVOS27.0.sdk/Developer/Library/Frameworks -module-cache-path /Users/admin/builder/spi-builder-workspace/.derivedData/Build/Intermediates.noindex/SwiftExplicitPrecompiledModules -no-color-diagnostics -Xcc -fno-color-diagnostics -enable-testing -g -debug-info-format\=dwarf -dwarf-version\=4 -swift-version 5 -Onone -D SWIFT_PACKAGE -D DEBUG -D SWIFT_MODULE_RESOURCE_BUNDLE_UNAVAILABLE -D Xcode -serialize-debugging-options -enable-experimental-feature DebugDescriptionMacro -empty-abi-descriptor -validate-clang-modules-once -clang-build-session-file /Users/admin/builder/spi-builder-workspace/.derivedData/ModuleCache.noindex/Session.modulevalidation -Xcc -working-directory -Xcc /Users/admin/builder/spi-builder-workspace/.swiftpm/xcode -enable-anonymous-context-mangled-names -file-compilation-dir /Users/admin/builder/spi-builder-workspace/.swiftpm/xcode -Xcc -D_LIBCPP_HARDENING_MODE\=_LIBCPP_HARDENING_MODE_DEBUG -Xcc -ivfsstatcache -Xcc /Users/admin/builder/spi-builder-workspace/.derivedData/SDKStatCaches.noindex/appletvos27.0-24J360-e829b21a6f8c9b70876ba0858053c044b32bfd8d43560033f8d89884cdb90028.sdkstatcache -Xcc -fmodules-prune-interval\=86400 -Xcc -fmodules-prune-after\=345600 -Xcc -I/Users/admin/builder/spi-builder-workspace/.derivedData/Build/Products/Debug-appletvos/include -Xcc -I/Users/admin/builder/spi-builder-workspace/.derivedData/Build/Intermediates.noindex/SwiftUIExtensions.build/Debug-appletvos/SwiftUIExtensions-t.build/DerivedSources-normal/arm64 -Xcc -I/Users/admin/builder/spi-builder-workspace/.derivedData/Build/Intermediates.noindex/SwiftUIExtensions.build/Debug-appletvos/SwiftUIExtensions-t.build/DerivedSources/arm64 -Xcc -I/Users/admin/builder/spi-builder-workspace/.derivedData/Build/Intermediates.noindex/SwiftUIExtensions.build/Debug-appletvos/SwiftUIExtensions-t.build/DerivedSources -Xcc -DSWIFT_PACKAGE -Xcc -DDEBUG\=1 -no-auto-bridging-header-chaining -module-name SwiftUIExtensions -const-gather-protocols-file /Users/admin/builder/spi-builder-workspace/.derivedData/Build/Intermediates.noindex/SwiftUIExtensions.build/Debug-appletvos/SwiftUIExtensions-t.build/Objects-normal/arm64/SwiftUIExtensions_const_extract_protocols.json -disable-clang-spi -clang-target arm64-apple-tvos27.0 -target-sdk-version 27.0 -target-sdk-name appletvos27.0 -in-process-plugin-server-path /Applications/Xcode-27.0.0-Release.Candidate.app/Contents/Developer/Toolchains/XcodeDefault.xctoolchain/usr/lib/swift/host/libSwiftInProcPluginServer.dylib -parse-as-library -o /Users/admin/builder/spi-builder-workspace/.derivedData/Build/Intermediates.noindex/SwiftUIExtensions.build/Debug-appletvos/SwiftUIExtensions-t.build/Objects-normal/arm64/View+Extensions.o -debug-module-path /Users/admin/builder/spi-builder-workspace/.derivedData/Build/Intermediates.noindex/SwiftUIExtensions.build/Debug-appletvos/SwiftUIExtensions-t.build/Objects-normal/arm64/SwiftUIExtensions.swiftmodule -index-unit-output-path /SwiftUIExtensions.build/Debug-appletvos/SwiftUIExtensions-t.build/Objects-normal/arm64/View+Extensions.o -index-store-path /Users/admin/builder/spi-builder-workspace/.derivedData/Index.noindex/DataStore -index-system-modules
SwiftCompile normal arm64 /Users/admin/builder/spi-builder-workspace/Sources/SwiftUIExtensions/View+Extensions.swift (in target 'SwiftUIExtensions' from project 'SwiftUIExtensions')
    cd /Users/admin/builder/spi-builder-workspace/.swiftpm/xcode
    builtin-SwiftPerFileCompile View+Extensions.swift
SwiftCompile normal arm64 Compiling\ UrlOpenHelpers+iOS.swift /Users/admin/builder/spi-builder-workspace/Sources/SwiftUIExtensions/UrlOpenHelpers+iOS.swift (in target 'SwiftUIExtensions' from project 'SwiftUIExtensions')
SwiftCompile normal arm64 /Users/admin/builder/spi-builder-workspace/Sources/SwiftUIExtensions/UrlOpenHelpers+iOS.swift (in target 'SwiftUIExtensions' from project 'SwiftUIExtensions')
    cd /Users/admin/builder/spi-builder-workspace/.swiftpm/xcode
    builtin-SwiftPerFileCompile UrlOpenHelpers+iOS.swift
SwiftDriverJobDiscovery normal arm64 Compiling UrlOpenHelpers+macOS.swift (in target 'SwiftUIExtensions' from project 'SwiftUIExtensions')
SwiftDriverJobDiscovery normal arm64 Compiling iOSHelpers.swift (in target 'SwiftUIExtensions' from project 'SwiftUIExtensions')
SwiftDriverJobDiscovery normal arm64 Compiling UrlOpenHelpers+iOS.swift (in target 'SwiftUIExtensions' from project 'SwiftUIExtensions')
SwiftDriverJobDiscovery normal arm64 Emitting module for SwiftUIExtensions (in target 'SwiftUIExtensions' from project 'SwiftUIExtensions')
SwiftDriver\ Compilation\ Requirements SwiftUIExtensions normal arm64 com.apple.xcode.tools.swift.compiler (in target 'SwiftUIExtensions' from project 'SwiftUIExtensions')
    cd /Users/admin/builder/spi-builder-workspace/.swiftpm/xcode
    builtin-Swift-Compilation-Requirements -- /Applications/Xcode-27.0.0-Release.Candidate.app/Contents/Developer/Toolchains/XcodeDefault.xctoolchain/usr/bin/swiftc -parse-as-library -module-name SwiftUIExtensions -Onone @/Users/admin/builder/spi-builder-workspace/.derivedData/Build/Intermediates.noindex/SwiftUIExtensions.build/Debug-appletvos/SwiftUIExtensions-t.build/Objects-normal/arm64/SwiftUIExtensions.SwiftFileList -DSWIFT_PACKAGE -DDEBUG -DSWIFT_MODULE_RESOURCE_BUNDLE_UNAVAILABLE -DXcode -plugin-path /Applications/Xcode-27.0.0-Release.Candidate.app/Contents/Developer/Toolchains/XcodeDefault.xctoolchain/usr/lib/swift/host/plugins/testing -enable-experimental-feature DebugDescriptionMacro -sdk /Applications/Xcode-27.0.0-Release.Candidate.app/Contents/Developer/Platforms/AppleTVOS.platform/Developer/SDKs/AppleTVOS27.0.sdk -target arm64-apple-tvos15.0 -g -module-cache-path /Users/admin/builder/spi-builder-workspace/.derivedData/ModuleCache.noindex -Xfrontend -serialize-debugging-options -enable-testing -index-store-path /Users/admin/builder/spi-builder-workspace/.derivedData/Index.noindex/DataStore -Xcc -D_LIBCPP_HARDENING_MODE\=_LIBCPP_HARDENING_MODE_DEBUG -swift-version 5 -I /Users/admin/builder/spi-builder-workspace/.derivedData/Build/Products/Debug-appletvos -Isystem /Applications/Xcode-27.0.0-Release.Candidate.app/Contents/Developer/Platforms/AppleTVOS.platform/Developer/usr/lib -F /Users/admin/builder/spi-builder-workspace/.derivedData/Build/Products/Debug-appletvos/PackageFrameworks -F /Users/admin/builder/spi-builder-workspace/.derivedData/Build/Products/Debug-appletvos -F /Applications/Xcode-27.0.0-Release.Candidate.app/Contents/Developer/Platforms/AppleTVOS.platform/Developer/Library/Frameworks -F /Applications/Xcode-27.0.0-Release.Candidate.app/Contents/Developer/Platforms/AppleTVOS.platform/Developer/SDKs/AppleTVOS27.0.sdk/Developer/Library/Frameworks -c -j10 -enable-batch-mode -incremental -Xcc -ivfsstatcache -Xcc /Users/admin/builder/spi-builder-workspace/.derivedData/SDKStatCaches.noindex/appletvos27.0-24J360-e829b21a6f8c9b70876ba0858053c044b32bfd8d43560033f8d89884cdb90028.sdkstatcache -output-file-map /Users/admin/builder/spi-builder-workspace/.derivedData/Build/Intermediates.noindex/SwiftUIExtensions.build/Debug-appletvos/SwiftUIExtensions-t.build/Objects-normal/arm64/SwiftUIExtensions-OutputFileMap.json -save-temps -no-color-diagnostics -explicit-module-build -module-cache-path /Users/admin/builder/spi-builder-workspace/.derivedData/Build/Intermediates.noindex/SwiftExplicitPrecompiledModules -clang-scanner-module-cache-path /Users/admin/builder/spi-builder-workspace/.derivedData/ModuleCache.noindex -sdk-module-cache-path /Users/admin/builder/spi-builder-workspace/.derivedData/SDKExplicitPrecompiledModules -emit-dependencies -emit-module -emit-module-path /Users/admin/builder/spi-builder-workspace/.derivedData/Build/Intermediates.noindex/SwiftUIExtensions.build/Debug-appletvos/SwiftUIExtensions-t.build/Objects-normal/arm64/SwiftUIExtensions.swiftmodule -serialize-diagnostics -dependency-scan-serialize-diagnostics-path /Users/admin/builder/spi-builder-workspace/.derivedData/Build/Intermediates.noindex/SwiftUIExtensions.build/Debug-appletvos/SwiftUIExtensions-t.build/Objects-normal/arm64/SwiftUIExtensions-dependency-scan.dia -validate-clang-modules-once -clang-build-session-file /Users/admin/builder/spi-builder-workspace/.derivedData/ModuleCache.noindex/Session.modulevalidation -Xcc -fmodules-prune-interval\=86400 -Xcc -fmodules-prune-after\=345600 -emit-const-values -const-gather-protocols-list /Users/admin/builder/spi-builder-workspace/.derivedData/Build/Intermediates.noindex/SwiftUIExtensions.build/Debug-appletvos/SwiftUIExtensions-t.build/Objects-normal/arm64/SwiftUIExtensions_const_extract_protocols.json -Xcc -I/Users/admin/builder/spi-builder-workspace/.derivedData/Build/Products/Debug-appletvos/include -Xcc -I/Users/admin/builder/spi-builder-workspace/.derivedData/Build/Intermediates.noindex/SwiftUIExtensions.build/Debug-appletvos/SwiftUIExtensions-t.build/DerivedSources-normal/arm64 -Xcc -I/Users/admin/builder/spi-builder-workspace/.derivedData/Build/Intermediates.noindex/SwiftUIExtensions.build/Debug-appletvos/SwiftUIExtensions-t.build/DerivedSources/arm64 -Xcc -I/Users/admin/builder/spi-builder-workspace/.derivedData/Build/Intermediates.noindex/SwiftUIExtensions.build/Debug-appletvos/SwiftUIExtensions-t.build/DerivedSources -Xcc -DSWIFT_PACKAGE -Xcc -DDEBUG\=1 -emit-objc-header -emit-objc-header-path /Users/admin/builder/spi-builder-workspace/.derivedData/Build/Intermediates.noindex/SwiftUIExtensions.build/Debug-appletvos/SwiftUIExtensions-t.build/Objects-normal/arm64/SwiftUIExtensions-Swift.h -working-directory /Users/admin/builder/spi-builder-workspace/.swiftpm/xcode -experimental-emit-module-separately -disable-cmo
SwiftMergeGeneratedHeaders /Users/admin/builder/spi-builder-workspace/.derivedData/Build/Intermediates.noindex/GeneratedModuleMaps-appletvos/SwiftUIExtensions-Swift.h /Users/admin/builder/spi-builder-workspace/.derivedData/Build/Intermediates.noindex/SwiftUIExtensions.build/Debug-appletvos/SwiftUIExtensions-t.build/Objects-normal/arm64/SwiftUIExtensions-Swift.h (in target 'SwiftUIExtensions' from project 'SwiftUIExtensions')
    cd /Users/admin/builder/spi-builder-workspace
    builtin-swiftHeaderTool -arch arm64 /Users/admin/builder/spi-builder-workspace/.derivedData/Build/Intermediates.noindex/SwiftUIExtensions.build/Debug-appletvos/SwiftUIExtensions-t.build/Objects-normal/arm64/SwiftUIExtensions-Swift.h -o /Users/admin/builder/spi-builder-workspace/.derivedData/Build/Intermediates.noindex/GeneratedModuleMaps-appletvos/SwiftUIExtensions-Swift.h
Copy /Users/admin/builder/spi-builder-workspace/.derivedData/Build/Products/Debug-appletvos/SwiftUIExtensions.swiftmodule/arm64-apple-tvos.swiftdoc /Users/admin/builder/spi-builder-workspace/.derivedData/Build/Intermediates.noindex/SwiftUIExtensions.build/Debug-appletvos/SwiftUIExtensions-t.build/Objects-normal/arm64/SwiftUIExtensions.swiftdoc (in target 'SwiftUIExtensions' from project 'SwiftUIExtensions')
    cd /Users/admin/builder/spi-builder-workspace
    builtin-copy -exclude .DS_Store -exclude CVS -exclude .svn -exclude .git -exclude .hg -resolve-src-symlinks -rename /Users/admin/builder/spi-builder-workspace/.derivedData/Build/Intermediates.noindex/SwiftUIExtensions.build/Debug-appletvos/SwiftUIExtensions-t.build/Objects-normal/arm64/SwiftUIExtensions.swiftdoc /Users/admin/builder/spi-builder-workspace/.derivedData/Build/Products/Debug-appletvos/SwiftUIExtensions.swiftmodule/arm64-apple-tvos.swiftdoc
Copy /Users/admin/builder/spi-builder-workspace/.derivedData/Build/Products/Debug-appletvos/SwiftUIExtensions.swiftmodule/arm64-apple-tvos.abi.json /Users/admin/builder/spi-builder-workspace/.derivedData/Build/Intermediates.noindex/SwiftUIExtensions.build/Debug-appletvos/SwiftUIExtensions-t.build/Objects-normal/arm64/SwiftUIExtensions.abi.json (in target 'SwiftUIExtensions' from project 'SwiftUIExtensions')
    cd /Users/admin/builder/spi-builder-workspace
    builtin-copy -exclude .DS_Store -exclude CVS -exclude .svn -exclude .git -exclude .hg -resolve-src-symlinks -rename /Users/admin/builder/spi-builder-workspace/.derivedData/Build/Intermediates.noindex/SwiftUIExtensions.build/Debug-appletvos/SwiftUIExtensions-t.build/Objects-normal/arm64/SwiftUIExtensions.abi.json /Users/admin/builder/spi-builder-workspace/.derivedData/Build/Products/Debug-appletvos/SwiftUIExtensions.swiftmodule/arm64-apple-tvos.abi.json
Copy /Users/admin/builder/spi-builder-workspace/.derivedData/Build/Products/Debug-appletvos/SwiftUIExtensions.swiftmodule/arm64-apple-tvos.swiftmodule /Users/admin/builder/spi-builder-workspace/.derivedData/Build/Intermediates.noindex/SwiftUIExtensions.build/Debug-appletvos/SwiftUIExtensions-t.build/Objects-normal/arm64/SwiftUIExtensions.swiftmodule (in target 'SwiftUIExtensions' from project 'SwiftUIExtensions')
    cd /Users/admin/builder/spi-builder-workspace
    builtin-copy -exclude .DS_Store -exclude CVS -exclude .svn -exclude .git -exclude .hg -resolve-src-symlinks -rename /Users/admin/builder/spi-builder-workspace/.derivedData/Build/Intermediates.noindex/SwiftUIExtensions.build/Debug-appletvos/SwiftUIExtensions-t.build/Objects-normal/arm64/SwiftUIExtensions.swiftmodule /Users/admin/builder/spi-builder-workspace/.derivedData/Build/Products/Debug-appletvos/SwiftUIExtensions.swiftmodule/arm64-apple-tvos.swiftmodule
Copy /Users/admin/builder/spi-builder-workspace/.derivedData/Build/Products/Debug-appletvos/SwiftUIExtensions.swiftmodule/Project/arm64-apple-tvos.swiftsourceinfo /Users/admin/builder/spi-builder-workspace/.derivedData/Build/Intermediates.noindex/SwiftUIExtensions.build/Debug-appletvos/SwiftUIExtensions-t.build/Objects-normal/arm64/SwiftUIExtensions.swiftsourceinfo (in target 'SwiftUIExtensions' from project 'SwiftUIExtensions')
    cd /Users/admin/builder/spi-builder-workspace
    builtin-copy -exclude .DS_Store -exclude CVS -exclude .svn -exclude .git -exclude .hg -resolve-src-symlinks -rename /Users/admin/builder/spi-builder-workspace/.derivedData/Build/Intermediates.noindex/SwiftUIExtensions.build/Debug-appletvos/SwiftUIExtensions-t.build/Objects-normal/arm64/SwiftUIExtensions.swiftsourceinfo /Users/admin/builder/spi-builder-workspace/.derivedData/Build/Products/Debug-appletvos/SwiftUIExtensions.swiftmodule/Project/arm64-apple-tvos.swiftsourceinfo
SwiftDriverJobDiscovery normal arm64 Compiling MomentarySwitch.swift (in target 'SwiftUIExtensions' from project 'SwiftUIExtensions')
PruneExplicitPrecompiledModules /Users/admin/builder/spi-builder-workspace/.derivedData/Build/Intermediates.noindex/ExplicitPrecompiledModules
PruneExplicitPrecompiledModules /Users/admin/builder/spi-builder-workspace/.derivedData/Build/Intermediates.noindex/SwiftExplicitPrecompiledModules
PruneExplicitPrecompiledModules /Users/admin/builder/spi-builder-workspace/.derivedData/SDKExplicitPrecompiledModules
2026-09-18 05:13:53.006 xcodebuild[685:4352] [MT] IDERunDestination: Supported platforms for the buildables in the current scheme is empty.
** BUILD FAILED **
The following build commands failed:
	SwiftCompile normal arm64 Compiling\ View+Extensions.swift /Users/admin/builder/spi-builder-workspace/Sources/SwiftUIExtensions/View+Extensions.swift (in target 'SwiftUIExtensions' from project 'SwiftUIExtensions')
	SwiftCompile normal arm64 /Users/admin/builder/spi-builder-workspace/Sources/SwiftUIExtensions/View+Extensions.swift (in target 'SwiftUIExtensions' from project 'SwiftUIExtensions')
	Building workspace SwiftUIExtensions with scheme SwiftUIExtensions
(3 failures)
Command line invocation:
    /Applications/Xcode-27.0.0-Release.Candidate.app/Contents/Developer/usr/bin/xcodebuild -IDEClonedSourcePackagesDirPathOverride=/Users/admin/builder/spi-builder-workspace/.dependencies -resolvePackageDependencies
Resolve Package Graph
Resolved source packages:
  SwiftUIExtensions: /Users/admin/builder/spi-builder-workspace
  SwiftFoundationExtensions: https://github.com/xiiagency/SwiftFoundationExtensions @ 1.0.0
resolved source packages: SwiftUIExtensions, SwiftFoundationExtensions
2026-09-18 05:14:02.734 xcodebuild[792:4854] [MT] IDERunDestination: Supported platforms for the buildables in the current scheme is empty.
{
  "dependencies" : [
    {
      "identity" : "swiftfoundationextensions",
      "requirement" : {
        "range" : [
          {
            "lower_bound" : "1.0.0",
            "upper_bound" : "1.1.0"
          }
        ]
      },
      "type" : "sourceControl",
      "url" : "https://github.com/xiiagency/SwiftFoundationExtensions"
    }
  ],
  "manifest_display_name" : "SwiftUIExtensions",
  "name" : "SwiftUIExtensions",
  "path" : "/Users/admin/builder/spi-builder-workspace",
  "platforms" : [
    {
      "name" : "ios",
      "version" : "15.0"
    },
    {
      "name" : "watchos",
      "version" : "8.0"
    },
    {
      "name" : "macos",
      "version" : "12.0"
    }
  ],
  "products" : [
    {
      "name" : "SwiftUIExtensions",
      "targets" : [
        "SwiftUIExtensions"
      ],
      "type" : {
        "library" : [
          "automatic"
        ]
      }
    }
  ],
  "targets" : [
    {
      "c99name" : "SwiftUIExtensions",
      "module_type" : "SwiftTarget",
      "name" : "SwiftUIExtensions",
      "path" : "Sources/SwiftUIExtensions",
      "product_dependencies" : [
        "SwiftFoundationExtensions"
      ],
      "product_memberships" : [
        "SwiftUIExtensions"
      ],
      "sources" : [
        "DoWithoutAnimation.swift",
        "HiddenView.swift",
        "MomentarySwitch.swift",
        "OnScenePhaseChangedModifier.swift",
        "UrlOpenHelpers+iOS.swift",
        "UrlOpenHelpers+macOS.swift",
        "View+Extensions.swift",
        "iOSHelpers.swift"
      ],
      "type" : "library"
    }
  ],
  "tools_version" : "5.5"
}
{
  "workspace" : {
    "name" : "SwiftUIExtensions",
    "schemes" : [
      "SwiftUIExtensions"
    ]
  }
}
2026-09-18 05:14:03.950 xcodebuild[800:4919] [MT] IDERunDestination: Supported platforms for the buildables in the current scheme is empty.
Running build ...
env DEVELOPER_DIR=/Applications/Xcode-27.0.0-Release.Candidate.app xcrun xcodebuild -IDEClonedSourcePackagesDirPathOverride=$PWD/.dependencies -skipMacroValidation -skipPackagePluginValidation -derivedDataPath $PWD/.derivedData build -scheme SwiftUIExtensions -destination generic/platform=tvOS
Command line invocation:
    /Applications/Xcode-27.0.0-Release.Candidate.app/Contents/Developer/usr/bin/xcodebuild -IDEClonedSourcePackagesDirPathOverride=/Users/admin/builder/spi-builder-workspace/.dependencies -skipMacroValidation -skipPackagePluginValidation -derivedDataPath /Users/admin/builder/spi-builder-workspace/.derivedData build -scheme SwiftUIExtensions -destination generic/platform=tvOS
Resolve Package Graph
Resolved source packages:
  SwiftUIExtensions: /Users/admin/builder/spi-builder-workspace
  SwiftFoundationExtensions: https://github.com/xiiagency/SwiftFoundationExtensions @ 1.0.0
ComputePackagePrebuildTargetDependencyGraph
Prepare packages
CreateBuildRequest
SendProjectDescription
CreateBuildOperation
ComputeTargetDependencyGraph
note: Building targets in dependency order
note: Target dependency graph (4 targets)
    Target 'SwiftUIExtensions-product' in project 'SwiftUIExtensions'
        ➜ Explicit dependency on target 'SwiftUIExtensions' in project 'SwiftUIExtensions'
        ➜ Explicit dependency on target 'SwiftFoundationExtensions-product' in project 'SwiftFoundationExtensions'
    Target 'SwiftUIExtensions' in project 'SwiftUIExtensions'
        ➜ Explicit dependency on target 'SwiftFoundationExtensions-product' in project 'SwiftFoundationExtensions'
    Target 'SwiftFoundationExtensions-product' in project 'SwiftFoundationExtensions'
        ➜ Explicit dependency on target 'SwiftFoundationExtensions' in project 'SwiftFoundationExtensions'
    Target 'SwiftFoundationExtensions' in project 'SwiftFoundationExtensions' (no dependencies)
GatherProvisioningInputs
CreateBuildDescription
ClangStatCache /Applications/Xcode-27.0.0-Release.Candidate.app/Contents/Developer/Toolchains/XcodeDefault.xctoolchain/usr/bin/clang-stat-cache /Applications/Xcode-27.0.0-Release.Candidate.app/Contents/Developer/Platforms/AppleTVOS.platform/Developer/SDKs/AppleTVOS27.0.sdk /Users/admin/builder/spi-builder-workspace/.derivedData/SDKStatCaches.noindex/appletvos27.0-24J360-e829b21a6f8c9b70876ba0858053c044b32bfd8d43560033f8d89884cdb90028.sdkstatcache
    cd /Users/admin/builder/spi-builder-workspace/.swiftpm/xcode
    /Applications/Xcode-27.0.0-Release.Candidate.app/Contents/Developer/Toolchains/XcodeDefault.xctoolchain/usr/bin/clang-stat-cache /Applications/Xcode-27.0.0-Release.Candidate.app/Contents/Developer/Platforms/AppleTVOS.platform/Developer/SDKs/AppleTVOS27.0.sdk -o /Users/admin/builder/spi-builder-workspace/.derivedData/SDKStatCaches.noindex/appletvos27.0-24J360-e829b21a6f8c9b70876ba0858053c044b32bfd8d43560033f8d89884cdb90028.sdkstatcache
SwiftDriver SwiftUIExtensions normal arm64 com.apple.xcode.tools.swift.compiler (in target 'SwiftUIExtensions' from project 'SwiftUIExtensions')
    cd /Users/admin/builder/spi-builder-workspace/.swiftpm/xcode
    builtin-SwiftDriver -- /Applications/Xcode-27.0.0-Release.Candidate.app/Contents/Developer/Toolchains/XcodeDefault.xctoolchain/usr/bin/swiftc -parse-as-library -module-name SwiftUIExtensions -Onone @/Users/admin/builder/spi-builder-workspace/.derivedData/Build/Intermediates.noindex/SwiftUIExtensions.build/Debug-appletvos/SwiftUIExtensions-t.build/Objects-normal/arm64/SwiftUIExtensions.SwiftFileList -DSWIFT_PACKAGE -DDEBUG -DSWIFT_MODULE_RESOURCE_BUNDLE_UNAVAILABLE -DXcode -plugin-path /Applications/Xcode-27.0.0-Release.Candidate.app/Contents/Developer/Toolchains/XcodeDefault.xctoolchain/usr/lib/swift/host/plugins/testing -enable-experimental-feature DebugDescriptionMacro -sdk /Applications/Xcode-27.0.0-Release.Candidate.app/Contents/Developer/Platforms/AppleTVOS.platform/Developer/SDKs/AppleTVOS27.0.sdk -target arm64-apple-tvos15.0 -g -module-cache-path /Users/admin/builder/spi-builder-workspace/.derivedData/ModuleCache.noindex -Xfrontend -serialize-debugging-options -enable-testing -index-store-path /Users/admin/builder/spi-builder-workspace/.derivedData/Index.noindex/DataStore -Xcc -D_LIBCPP_HARDENING_MODE\=_LIBCPP_HARDENING_MODE_DEBUG -swift-version 5 -I /Users/admin/builder/spi-builder-workspace/.derivedData/Build/Products/Debug-appletvos -Isystem /Applications/Xcode-27.0.0-Release.Candidate.app/Contents/Developer/Platforms/AppleTVOS.platform/Developer/usr/lib -F /Users/admin/builder/spi-builder-workspace/.derivedData/Build/Products/Debug-appletvos/PackageFrameworks -F /Users/admin/builder/spi-builder-workspace/.derivedData/Build/Products/Debug-appletvos -F /Applications/Xcode-27.0.0-Release.Candidate.app/Contents/Developer/Platforms/AppleTVOS.platform/Developer/Library/Frameworks -F /Applications/Xcode-27.0.0-Release.Candidate.app/Contents/Developer/Platforms/AppleTVOS.platform/Developer/SDKs/AppleTVOS27.0.sdk/Developer/Library/Frameworks -c -j10 -enable-batch-mode -incremental -Xcc -ivfsstatcache -Xcc /Users/admin/builder/spi-builder-workspace/.derivedData/SDKStatCaches.noindex/appletvos27.0-24J360-e829b21a6f8c9b70876ba0858053c044b32bfd8d43560033f8d89884cdb90028.sdkstatcache -output-file-map /Users/admin/builder/spi-builder-workspace/.derivedData/Build/Intermediates.noindex/SwiftUIExtensions.build/Debug-appletvos/SwiftUIExtensions-t.build/Objects-normal/arm64/SwiftUIExtensions-OutputFileMap.json -save-temps -no-color-diagnostics -explicit-module-build -module-cache-path /Users/admin/builder/spi-builder-workspace/.derivedData/Build/Intermediates.noindex/SwiftExplicitPrecompiledModules -clang-scanner-module-cache-path /Users/admin/builder/spi-builder-workspace/.derivedData/ModuleCache.noindex -sdk-module-cache-path /Users/admin/builder/spi-builder-workspace/.derivedData/SDKExplicitPrecompiledModules -emit-dependencies -emit-module -emit-module-path /Users/admin/builder/spi-builder-workspace/.derivedData/Build/Intermediates.noindex/SwiftUIExtensions.build/Debug-appletvos/SwiftUIExtensions-t.build/Objects-normal/arm64/SwiftUIExtensions.swiftmodule -serialize-diagnostics -dependency-scan-serialize-diagnostics-path /Users/admin/builder/spi-builder-workspace/.derivedData/Build/Intermediates.noindex/SwiftUIExtensions.build/Debug-appletvos/SwiftUIExtensions-t.build/Objects-normal/arm64/SwiftUIExtensions-dependency-scan.dia -validate-clang-modules-once -clang-build-session-file /Users/admin/builder/spi-builder-workspace/.derivedData/ModuleCache.noindex/Session.modulevalidation -Xcc -fmodules-prune-interval\=86400 -Xcc -fmodules-prune-after\=345600 -emit-const-values -const-gather-protocols-list /Users/admin/builder/spi-builder-workspace/.derivedData/Build/Intermediates.noindex/SwiftUIExtensions.build/Debug-appletvos/SwiftUIExtensions-t.build/Objects-normal/arm64/SwiftUIExtensions_const_extract_protocols.json -Xcc -I/Users/admin/builder/spi-builder-workspace/.derivedData/Build/Products/Debug-appletvos/include -Xcc -I/Users/admin/builder/spi-builder-workspace/.derivedData/Build/Intermediates.noindex/SwiftUIExtensions.build/Debug-appletvos/SwiftUIExtensions-t.build/DerivedSources-normal/arm64 -Xcc -I/Users/admin/builder/spi-builder-workspace/.derivedData/Build/Intermediates.noindex/SwiftUIExtensions.build/Debug-appletvos/SwiftUIExtensions-t.build/DerivedSources/arm64 -Xcc -I/Users/admin/builder/spi-builder-workspace/.derivedData/Build/Intermediates.noindex/SwiftUIExtensions.build/Debug-appletvos/SwiftUIExtensions-t.build/DerivedSources -Xcc -DSWIFT_PACKAGE -Xcc -DDEBUG\=1 -emit-objc-header -emit-objc-header-path /Users/admin/builder/spi-builder-workspace/.derivedData/Build/Intermediates.noindex/SwiftUIExtensions.build/Debug-appletvos/SwiftUIExtensions-t.build/Objects-normal/arm64/SwiftUIExtensions-Swift.h -working-directory /Users/admin/builder/spi-builder-workspace/.swiftpm/xcode -experimental-emit-module-separately -disable-cmo
SwiftCompile normal arm64 Compiling\ DoWithoutAnimation.swift /Users/admin/builder/spi-builder-workspace/Sources/SwiftUIExtensions/DoWithoutAnimation.swift (in target 'SwiftUIExtensions' from project 'SwiftUIExtensions')
SwiftCompile normal arm64 /Users/admin/builder/spi-builder-workspace/Sources/SwiftUIExtensions/DoWithoutAnimation.swift (in target 'SwiftUIExtensions' from project 'SwiftUIExtensions')
    cd /Users/admin/builder/spi-builder-workspace/.swiftpm/xcode
    builtin-SwiftPerFileCompile DoWithoutAnimation.swift
SwiftEmitModule normal arm64 Emitting\ module\ for\ SwiftUIExtensions (in target 'SwiftUIExtensions' from project 'SwiftUIExtensions')
SwiftCompile normal arm64 (in target 'SwiftUIExtensions' from project 'SwiftUIExtensions')
    cd /Users/admin/builder/spi-builder-workspace/.swiftpm/xcode

SwiftCompile normal arm64 Compiling\ OnScenePhaseChangedModifier.swift /Users/admin/builder/spi-builder-workspace/Sources/SwiftUIExtensions/OnScenePhaseChangedModifier.swift (in target 'SwiftUIExtensions' from project 'SwiftUIExtensions')
SwiftCompile normal arm64 /Users/admin/builder/spi-builder-workspace/Sources/SwiftUIExtensions/OnScenePhaseChangedModifier.swift (in target 'SwiftUIExtensions' from project 'SwiftUIExtensions')
    cd /Users/admin/builder/spi-builder-workspace/.swiftpm/xcode
    builtin-SwiftPerFileCompile OnScenePhaseChangedModifier.swift
SwiftCompile normal arm64 Compiling\ View+Extensions.swift /Users/admin/builder/spi-builder-workspace/Sources/SwiftUIExtensions/View+Extensions.swift (in target 'SwiftUIExtensions' from project 'SwiftUIExtensions')
/Users/admin/builder/spi-builder-workspace/Sources/SwiftUIExtensions/View+Extensions.swift:46:12: error: 'scrollContentBackground' is unavailable in tvOS
44 |   @ViewBuilder public func clearBackground() -> some View {
45 |     if #available(iOS 16.0, watchOS 9.0, *) {
46 |       self.scrollContentBackground(.hidden)
   |            `- error: 'scrollContentBackground' is unavailable in tvOS
47 |     } else {
48 |       self.background(Color.clear)
SwiftUI.View.scrollContentBackground:2:25: note: 'scrollContentBackground' has been explicitly marked unavailable here
1 | protocol View {
2 | nonisolated public func scrollContentBackground(_ visibility: Visibility) -> some View
  |                         `- note: 'scrollContentBackground' has been explicitly marked unavailable here
3 |   }
4 |
Failed frontend command:
/Applications/Xcode-27.0.0-Release.Candidate.app/Contents/Developer/Toolchains/XcodeDefault.xctoolchain/usr/bin/swift-frontend -frontend -c /Users/admin/builder/spi-builder-workspace/Sources/SwiftUIExtensions/DoWithoutAnimation.swift /Users/admin/builder/spi-builder-workspace/Sources/SwiftUIExtensions/HiddenView.swift /Users/admin/builder/spi-builder-workspace/Sources/SwiftUIExtensions/MomentarySwitch.swift /Users/admin/builder/spi-builder-workspace/Sources/SwiftUIExtensions/OnScenePhaseChangedModifier.swift /Users/admin/builder/spi-builder-workspace/Sources/SwiftUIExtensions/UrlOpenHelpers+iOS.swift /Users/admin/builder/spi-builder-workspace/Sources/SwiftUIExtensions/UrlOpenHelpers+macOS.swift -primary-file /Users/admin/builder/spi-builder-workspace/Sources/SwiftUIExtensions/View+Extensions.swift /Users/admin/builder/spi-builder-workspace/Sources/SwiftUIExtensions/iOSHelpers.swift -emit-dependencies-path /Users/admin/builder/spi-builder-workspace/.derivedData/Build/Intermediates.noindex/SwiftUIExtensions.build/Debug-appletvos/SwiftUIExtensions-t.build/Objects-normal/arm64/View+Extensions.d -emit-const-values-path /Users/admin/builder/spi-builder-workspace/.derivedData/Build/Intermediates.noindex/SwiftUIExtensions.build/Debug-appletvos/SwiftUIExtensions-t.build/Objects-normal/arm64/View+Extensions.swiftconstvalues -emit-reference-dependencies-path /Users/admin/builder/spi-builder-workspace/.derivedData/Build/Intermediates.noindex/SwiftUIExtensions.build/Debug-appletvos/SwiftUIExtensions-t.build/Objects-normal/arm64/View+Extensions.swiftdeps -serialize-diagnostics-path /Users/admin/builder/spi-builder-workspace/.derivedData/Build/Intermediates.noindex/SwiftUIExtensions.build/Debug-appletvos/SwiftUIExtensions-t.build/Objects-normal/arm64/View+Extensions.dia -target arm64-apple-tvos15.0 -disable-cross-import-overlay-search -load-resolved-plugin /Applications/Xcode-27.0.0-Release.Candidate.app/Contents/Developer/Platforms/AppleTVOS.platform/Developer/usr/lib/swift/host/plugins/libFoundationMacros.dylib\#/Applications/Xcode-27.0.0-Release.Candidate.app/Contents/Developer/Platforms/AppleTVOS.platform/Developer/usr/bin/swift-plugin-server\#FoundationMacros -load-resolved-plugin /Applications/Xcode-27.0.0-Release.Candidate.app/Contents/Developer/Platforms/AppleTVOS.platform/Developer/usr/lib/swift/host/plugins/libObservationMacros.dylib\#/Applications/Xcode-27.0.0-Release.Candidate.app/Contents/Developer/Platforms/AppleTVOS.platform/Developer/usr/bin/swift-plugin-server\#ObservationMacros -load-resolved-plugin /Applications/Xcode-27.0.0-Release.Candidate.app/Contents/Developer/Platforms/AppleTVOS.platform/Developer/usr/lib/swift/host/plugins/libPreviewsMacros.dylib\#/Applications/Xcode-27.0.0-Release.Candidate.app/Contents/Developer/Platforms/AppleTVOS.platform/Developer/usr/bin/swift-plugin-server\#PreviewsMacros -load-resolved-plugin /Applications/Xcode-27.0.0-Release.Candidate.app/Contents/Developer/Platforms/AppleTVOS.platform/Developer/usr/lib/swift/host/plugins/libSwiftMacros.dylib\#/Applications/Xcode-27.0.0-Release.Candidate.app/Contents/Developer/Platforms/AppleTVOS.platform/Developer/usr/bin/swift-plugin-server\#SwiftMacros -load-resolved-plugin /Applications/Xcode-27.0.0-Release.Candidate.app/Contents/Developer/Platforms/AppleTVOS.platform/Developer/usr/lib/swift/host/plugins/libSwiftUIMacros.dylib\#/Applications/Xcode-27.0.0-Release.Candidate.app/Contents/Developer/Platforms/AppleTVOS.platform/Developer/usr/bin/swift-plugin-server\#SwiftUIMacros -disable-implicit-swift-modules -Xcc -fno-implicit-modules -Xcc -fno-implicit-module-maps -explicit-swift-module-map-file /Users/admin/builder/spi-builder-workspace/.derivedData/Build/Intermediates.noindex/SwiftUIExtensions.build/Debug-appletvos/SwiftUIExtensions-t.build/Objects-normal/arm64/SwiftUIExtensions-dependencies-1.json -Xllvm -aarch64-use-tbi -enable-objc-interop -stack-check -sdk /Applications/Xcode-27.0.0-Release.Candidate.app/Contents/Developer/Platforms/AppleTVOS.platform/Developer/SDKs/AppleTVOS27.0.sdk -I /Users/admin/builder/spi-builder-workspace/.derivedData/Build/Products/Debug-appletvos -Isystem /Applications/Xcode-27.0.0-Release.Candidate.app/Contents/Developer/Platforms/AppleTVOS.platform/Developer/usr/lib -F /Users/admin/builder/spi-builder-workspace/.derivedData/Build/Products/Debug-appletvos/PackageFrameworks -F /Users/admin/builder/spi-builder-workspace/.derivedData/Build/Products/Debug-appletvos -F /Applications/Xcode-27.0.0-Release.Candidate.app/Contents/Developer/Platforms/AppleTVOS.platform/Developer/Library/Frameworks -F /Applications/Xcode-27.0.0-Release.Candidate.app/Contents/Developer/Platforms/AppleTVOS.platform/Developer/SDKs/AppleTVOS27.0.sdk/Developer/Library/Frameworks -module-cache-path /Users/admin/builder/spi-builder-workspace/.derivedData/Build/Intermediates.noindex/SwiftExplicitPrecompiledModules -no-color-diagnostics -Xcc -fno-color-diagnostics -enable-testing -g -debug-info-format\=dwarf -dwarf-version\=4 -swift-version 5 -Onone -D SWIFT_PACKAGE -D DEBUG -D SWIFT_MODULE_RESOURCE_BUNDLE_UNAVAILABLE -D Xcode -serialize-debugging-options -enable-experimental-feature DebugDescriptionMacro -empty-abi-descriptor -validate-clang-modules-once -clang-build-session-file /Users/admin/builder/spi-builder-workspace/.derivedData/ModuleCache.noindex/Session.modulevalidation -Xcc -working-directory -Xcc /Users/admin/builder/spi-builder-workspace/.swiftpm/xcode -enable-anonymous-context-mangled-names -file-compilation-dir /Users/admin/builder/spi-builder-workspace/.swiftpm/xcode -Xcc -D_LIBCPP_HARDENING_MODE\=_LIBCPP_HARDENING_MODE_DEBUG -Xcc -ivfsstatcache -Xcc /Users/admin/builder/spi-builder-workspace/.derivedData/SDKStatCaches.noindex/appletvos27.0-24J360-e829b21a6f8c9b70876ba0858053c044b32bfd8d43560033f8d89884cdb90028.sdkstatcache -Xcc -fmodules-prune-interval\=86400 -Xcc -fmodules-prune-after\=345600 -Xcc -I/Users/admin/builder/spi-builder-workspace/.derivedData/Build/Products/Debug-appletvos/include -Xcc -I/Users/admin/builder/spi-builder-workspace/.derivedData/Build/Intermediates.noindex/SwiftUIExtensions.build/Debug-appletvos/SwiftUIExtensions-t.build/DerivedSources-normal/arm64 -Xcc -I/Users/admin/builder/spi-builder-workspace/.derivedData/Build/Intermediates.noindex/SwiftUIExtensions.build/Debug-appletvos/SwiftUIExtensions-t.build/DerivedSources/arm64 -Xcc -I/Users/admin/builder/spi-builder-workspace/.derivedData/Build/Intermediates.noindex/SwiftUIExtensions.build/Debug-appletvos/SwiftUIExtensions-t.build/DerivedSources -Xcc -DSWIFT_PACKAGE -Xcc -DDEBUG\=1 -no-auto-bridging-header-chaining -module-name SwiftUIExtensions -const-gather-protocols-file /Users/admin/builder/spi-builder-workspace/.derivedData/Build/Intermediates.noindex/SwiftUIExtensions.build/Debug-appletvos/SwiftUIExtensions-t.build/Objects-normal/arm64/SwiftUIExtensions_const_extract_protocols.json -disable-clang-spi -clang-target arm64-apple-tvos27.0 -target-sdk-version 27.0 -target-sdk-name appletvos27.0 -in-process-plugin-server-path /Applications/Xcode-27.0.0-Release.Candidate.app/Contents/Developer/Toolchains/XcodeDefault.xctoolchain/usr/lib/swift/host/libSwiftInProcPluginServer.dylib -parse-as-library -o /Users/admin/builder/spi-builder-workspace/.derivedData/Build/Intermediates.noindex/SwiftUIExtensions.build/Debug-appletvos/SwiftUIExtensions-t.build/Objects-normal/arm64/View+Extensions.o -debug-module-path /Users/admin/builder/spi-builder-workspace/.derivedData/Build/Intermediates.noindex/SwiftUIExtensions.build/Debug-appletvos/SwiftUIExtensions-t.build/Objects-normal/arm64/SwiftUIExtensions.swiftmodule -index-unit-output-path /SwiftUIExtensions.build/Debug-appletvos/SwiftUIExtensions-t.build/Objects-normal/arm64/View+Extensions.o -index-store-path /Users/admin/builder/spi-builder-workspace/.derivedData/Index.noindex/DataStore -index-system-modules
SwiftCompile normal arm64 /Users/admin/builder/spi-builder-workspace/Sources/SwiftUIExtensions/View+Extensions.swift (in target 'SwiftUIExtensions' from project 'SwiftUIExtensions')
    cd /Users/admin/builder/spi-builder-workspace/.swiftpm/xcode
    builtin-SwiftPerFileCompile View+Extensions.swift
SwiftCompile normal arm64 Compiling\ HiddenView.swift /Users/admin/builder/spi-builder-workspace/Sources/SwiftUIExtensions/HiddenView.swift (in target 'SwiftUIExtensions' from project 'SwiftUIExtensions')
SwiftCompile normal arm64 /Users/admin/builder/spi-builder-workspace/Sources/SwiftUIExtensions/HiddenView.swift (in target 'SwiftUIExtensions' from project 'SwiftUIExtensions')
    cd /Users/admin/builder/spi-builder-workspace/.swiftpm/xcode
    builtin-SwiftPerFileCompile HiddenView.swift
SwiftDriverJobDiscovery normal arm64 Compiling DoWithoutAnimation.swift (in target 'SwiftUIExtensions' from project 'SwiftUIExtensions')
PruneExplicitPrecompiledModules /Users/admin/builder/spi-builder-workspace/.derivedData/Build/Intermediates.noindex/SwiftExplicitPrecompiledModules
PruneExplicitPrecompiledModules /Users/admin/builder/spi-builder-workspace/.derivedData/Build/Intermediates.noindex/ExplicitPrecompiledModules
PruneExplicitPrecompiledModules /Users/admin/builder/spi-builder-workspace/.derivedData/SDKExplicitPrecompiledModules
2026-09-18 05:14:04.892 xcodebuild[801:4944] [MT] IDERunDestination: Supported platforms for the buildables in the current scheme is empty.
** BUILD FAILED **
The following build commands failed:
	SwiftCompile normal arm64 Compiling\ View+Extensions.swift /Users/admin/builder/spi-builder-workspace/Sources/SwiftUIExtensions/View+Extensions.swift (in target 'SwiftUIExtensions' from project 'SwiftUIExtensions')
	SwiftCompile normal arm64 /Users/admin/builder/spi-builder-workspace/Sources/SwiftUIExtensions/View+Extensions.swift (in target 'SwiftUIExtensions' from project 'SwiftUIExtensions')
	Building workspace SwiftUIExtensions with scheme SwiftUIExtensions
(3 failures)
BUILD FAILURE 6.4 tvOS