The Swift Package Index logo.Swift Package Index

Build Information

Failed to build CanonicalPackageURL, reference 1.0.0 (f7dc7d), with Swift 6.4 for macOS (SPM) on 22 Sep 2026 04:07:02 UTC.

Build Command

env DEVELOPER_DIR=/Applications/Xcode-27.0.0-Release.Candidate.app xcrun swift build --arch arm64

Build Log

========================================
RunAll
========================================
Builder version: 5.1.0
Interrupt handler set up.
========================================
Checkout
========================================
Clone URL: https://github.com/SwiftPackageIndex/CanonicalPackageURL.git
Reference: 1.0.0
Initialized empty Git repository in /Users/admin/builder/spi-builder-workspace/.git/
From https://github.com/SwiftPackageIndex/CanonicalPackageURL
 * tag               1.0.0      -> FETCH_HEAD
HEAD is now at f7dc7d4 Merge pull request #10 from SwiftPackageIndex/swift-6
Cloned https://github.com/SwiftPackageIndex/CanonicalPackageURL.git
Revision (git rev-parse @):
f7dc7d49061fef2d347dabc532fb587fad17cc32
SUCCESS checkout https://github.com/SwiftPackageIndex/CanonicalPackageURL.git at 1.0.0
========================================
Build
========================================
Selected platform:         macosSpm
Swift version:             6.4
Building package at path:  $PWD
https://github.com/SwiftPackageIndex/CanonicalPackageURL.git
Running build ...
env DEVELOPER_DIR=/Applications/Xcode-27.0.0-Release.Candidate.app xcrun swift build --arch arm64
Building for debugging...
[Computing dependencies]
[Pre-planning 1 / 215]
[Planning deferred tasks]
[49 / 98]
[50 / 99] IssueReporting
[60 / 146]
[65 / 146]
[69 / 146]
[70 / 146]
[74 / 146]
[76 / 146]
[79 / 146]
[83 / 146]
[85 / 146]
[86 / 146]
[97 / 146] IssueReporting
[104 / 147] IssueReporting
[104 / 147] _IssueReporting
[113 / 149]
[114 / 150] XCTestDynamicOverlay
[118 / 154] XCTestDynamicOverlay
[125 / 155] IssueReporting
[128 / 197]
[138 / 199] XCTestDynamicOverlay
[145 / 199]
[149 / 199]
[150 / 199]
[154 / 199]
[156 / 199]
[159 / 199]
[163 / 199]
[165 / 199]
[166 / 199]
[174 / 199] CasePaths
[181 / 200] CasePaths
[183 / 200] Parsing
[194 / 211] Parsing
Fetching https://github.com/pointfreeco/swift-case-paths.git
[1/5347] Fetching swift-case-paths
Fetched https://github.com/pointfreeco/swift-case-paths.git (1.16s)
Fetching https://github.com/pointfreeco/swift-parsing.git
Fetching https://github.com/pointfreeco/xctest-dynamic-overlay
[1/2727] Fetching xctest-dynamic-overlay
[2728/100997] Fetching xctest-dynamic-overlay, swift-parsing
Fetched https://github.com/pointfreeco/swift-parsing.git (15.26s)
Fetched https://github.com/pointfreeco/xctest-dynamic-overlay (15.26s)
Computing version for https://github.com/pointfreeco/swift-parsing.git
Computed https://github.com/pointfreeco/swift-parsing.git at 0.15.2 (15.88s)
Computing version for https://github.com/pointfreeco/xctest-dynamic-overlay
Computed https://github.com/pointfreeco/xctest-dynamic-overlay at 1.13.1 (2.14s)
Fetching https://github.com/pointfreeco/swift-issue-reporting
[1/6142] Fetching swift-issue-reporting
Fetched https://github.com/pointfreeco/swift-issue-reporting (1.62s)
Computing version for https://github.com/pointfreeco/swift-issue-reporting
Computed https://github.com/pointfreeco/swift-issue-reporting at 2.1.0 (2.33s)
Creating working copy for https://github.com/pointfreeco/xctest-dynamic-overlay
Working copy of https://github.com/pointfreeco/xctest-dynamic-overlay resolved at 1.13.1
Creating working copy for https://github.com/pointfreeco/swift-issue-reporting
Working copy of https://github.com/pointfreeco/swift-issue-reporting resolved at 2.1.0
Creating working copy for https://github.com/pointfreeco/swift-parsing.git
Working copy of https://github.com/pointfreeco/swift-parsing.git resolved at 0.15.2
Creating working copy for https://github.com/pointfreeco/swift-case-paths.git
Working copy of https://github.com/pointfreeco/swift-case-paths.git resolved at 1.0.0 (5da6989)
warning: 'spi-builder-workspace': dependency 'swift-case-paths' is not used by any target
warning: 'spi-builder-workspace': dependency 'swift-case-paths' is not used by any target
error: SwiftCompile normal arm64 /Users/admin/builder/spi-builder-workspace/.build/checkouts/swift-parsing/Sources/Parsing/Conversions/Enum.swift failed with a nonzero exit code. Command line:     cd /Users/admin/builder
    builtin-SwiftPerFileCompile Enum.swift
/Users/admin/builder/spi-builder-workspace/.build/checkouts/swift-parsing/Sources/Parsing/Conversions/Enum.swift:33:37: error: cannot find type 'CasePathable' in scope
 31 |     ///   and extract the associated values from the case.
 32 |     @inlinable
 33 |     public static func `case`<Enum: CasePathable, Path: CasePath>(
    |                                     `- error: cannot find type 'CasePathable' in scope
 34 |       _ keyPath: KeyPath<Enum.AllCasePaths, Path>
 35 |     ) -> Self
/Users/admin/builder/spi-builder-workspace/.build/checkouts/swift-parsing/Sources/Parsing/Conversions/Enum.swift:33:57: error: reference to generic type 'CasePath' requires arguments in <...>
 31 |     ///   and extract the associated values from the case.
 32 |     @inlinable
 33 |     public static func `case`<Enum: CasePathable, Path: CasePath>(
    |                                                         `- error: reference to generic type 'CasePath' requires arguments in <...>
 34 |       _ keyPath: KeyPath<Enum.AllCasePaths, Path>
 35 |     ) -> Self
CasePaths.CasePath:1:15: note: generic struct 'CasePath' declared here
1 | public struct CasePath<Root, Value> {
  |               `- note: generic struct 'CasePath' declared here
2 |     public init(embed: @escaping (Value) -> Root, extract: @escaping (Root) -> Value?)
3 |     public func embed(_ value: Value) -> Root
/Users/admin/builder/spi-builder-workspace/.build/checkouts/swift-parsing/Sources/Parsing/Conversions/Enum.swift:66:42: error: cannot find type 'CasePathable' in scope
 64 |   }
 65 |
 66 |   public struct CasePathConversion<Enum: CasePathable, Path: CasePath>: Conversion
    |                                          `- error: cannot find type 'CasePathable' in scope
 67 |   where Path.Root == Enum {
 68 |     @usableFromInline
/Users/admin/builder/spi-builder-workspace/.build/checkouts/swift-parsing/Sources/Parsing/Conversions/Enum.swift:66:62: error: reference to generic type 'CasePath' requires arguments in <...>
 64 |   }
 65 |
 66 |   public struct CasePathConversion<Enum: CasePathable, Path: CasePath>: Conversion
    |                                                              `- error: reference to generic type 'CasePath' requires arguments in <...>
 67 |   where Path.Root == Enum {
 68 |     @usableFromInline
CasePaths.CasePath:1:15: note: generic struct 'CasePath' declared here
1 | public struct CasePath<Root, Value> {
  |               `- note: generic struct 'CasePath' declared here
2 |     public init(embed: @escaping (Value) -> Root, extract: @escaping (Root) -> Value?)
3 |     public func embed(_ value: Value) -> Root
/Users/admin/builder/spi-builder-workspace/.build/checkouts/swift-parsing/Sources/Parsing/Conversions/Enum.swift:34:31: error: 'AllCasePaths' is not a member type of type 'Enum'
 32 |     @inlinable
 33 |     public static func `case`<Enum: CasePathable, Path: CasePath>(
 34 |       _ keyPath: KeyPath<Enum.AllCasePaths, Path>
    |                               `- error: 'AllCasePaths' is not a member type of type 'Enum'
 35 |     ) -> Self
 36 |     where Self == CasePathConversion<Enum, Path>, Path.Root == Enum {
/Users/admin/builder/spi-builder-workspace/.build/checkouts/swift-parsing/Sources/Parsing/Conversions/Enum.swift:36:56: error: 'Root' is not a member type of type 'Path'
 34 |       _ keyPath: KeyPath<Enum.AllCasePaths, Path>
 35 |     ) -> Self
 36 |     where Self == CasePathConversion<Enum, Path>, Path.Root == Enum {
    |                                                        `- error: 'Root' is not a member type of type 'Path'
 37 |       CasePathConversion(path: Enum.allCasePaths[keyPath: keyPath])
 38 |     }
/Users/admin/builder/spi-builder-workspace/.build/checkouts/swift-parsing/Sources/Parsing/Conversions/Enum.swift:42:18: error: cannot find type 'CaseKeyPath' in scope
 40 |     @inlinable
 41 |     public static func `case`<Values, Enum: CasePathable>(
 42 |       _ keyPath: CaseKeyPath<Enum, Values>
    |                  `- error: cannot find type 'CaseKeyPath' in scope
 43 |     ) -> Self where Self == AnyCasePath<Enum, Values> {
 44 |       AnyCasePath(keyPath)
/Users/admin/builder/spi-builder-workspace/.build/checkouts/swift-parsing/Sources/Parsing/Conversions/Enum.swift:41:45: error: cannot find type 'CasePathable' in scope
 39 |
 40 |     @inlinable
 41 |     public static func `case`<Values, Enum: CasePathable>(
    |                                             `- error: cannot find type 'CasePathable' in scope
 42 |       _ keyPath: CaseKeyPath<Enum, Values>
 43 |     ) -> Self where Self == AnyCasePath<Enum, Values> {
/Users/admin/builder/spi-builder-workspace/.build/checkouts/swift-parsing/Sources/Parsing/Conversions/Enum.swift:43:29: error: cannot find type 'AnyCasePath' in scope
 41 |     public static func `case`<Values, Enum: CasePathable>(
 42 |       _ keyPath: CaseKeyPath<Enum, Values>
 43 |     ) -> Self where Self == AnyCasePath<Enum, Values> {
    |                             `- error: cannot find type 'AnyCasePath' in scope
 44 |       AnyCasePath(keyPath)
 45 |     }
/Users/admin/builder/spi-builder-workspace/.build/checkouts/swift-parsing/Sources/Parsing/Conversions/Enum.swift:52:29: error: cannot find type 'AnyCasePath' in scope
 50 |     public static func `case`<Values, Enum>(
 51 |       _ initializer: @escaping (Values) -> Enum
 52 |     ) -> Self where Self == AnyCasePath<Enum, Values> {
    |                             `- error: cannot find type 'AnyCasePath' in scope
 53 |       /initializer
 54 |     }
/Users/admin/builder/spi-builder-workspace/.build/checkouts/swift-parsing/Sources/Parsing/Conversions/Enum.swift:61:29: error: cannot find type 'AnyCasePath' in scope
 59 |     public static func `case`<Enum>(
 60 |       _ initializer: Enum
 61 |     ) -> Self where Self == AnyCasePath<Enum, Void> {
    |                             `- error: cannot find type 'AnyCasePath' in scope
 62 |       /initializer
 63 |     }
/Users/admin/builder/spi-builder-workspace/.build/checkouts/swift-parsing/Sources/Parsing/Conversions/Enum.swift:67:14: error: 'Root' is not a member type of type 'Path'
 65 |
 66 |   public struct CasePathConversion<Enum: CasePathable, Path: CasePath>: Conversion
 67 |   where Path.Root == Enum {
    |              `- error: 'Root' is not a member type of type 'Path'
 68 |     @usableFromInline
 69 |     let path: Path
/Users/admin/builder/spi-builder-workspace/.build/checkouts/swift-parsing/Sources/Parsing/Conversions/Enum.swift:77:52: error: 'Root' is not a member type of type 'Path'
 75 |
 76 |     @inlinable
 77 |     public func apply(_ input: Path.Value) -> Path.Root {
    |                                                    `- error: 'Root' is not a member type of type 'Path'
 78 |       path.embed(input)
 79 |     }
/Users/admin/builder/spi-builder-workspace/.build/checkouts/swift-parsing/Sources/Parsing/Conversions/Enum.swift:77:37: error: 'Value' is not a member type of type 'Path'
 75 |
 76 |     @inlinable
 77 |     public func apply(_ input: Path.Value) -> Path.Root {
    |                                     `- error: 'Value' is not a member type of type 'Path'
 78 |       path.embed(input)
 79 |     }
/Users/admin/builder/spi-builder-workspace/.build/checkouts/swift-parsing/Sources/Parsing/Conversions/Enum.swift:82:61: error: 'Value' is not a member type of type 'Path'
 80 |
 81 |     @inlinable
 82 |     public func unapply(_ output: Path.Root) throws -> Path.Value {
    |                                                             `- error: 'Value' is not a member type of type 'Path'
 83 |       guard let value = path.extract(from: output)
 84 |       else {
/Users/admin/builder/spi-builder-workspace/.build/checkouts/swift-parsing/Sources/Parsing/Conversions/Enum.swift:82:40: error: 'Root' is not a member type of type 'Path'
 80 |
 81 |     @inlinable
 82 |     public func unapply(_ output: Path.Root) throws -> Path.Value {
    |                                        `- error: 'Root' is not a member type of type 'Path'
 83 |       guard let value = path.extract(from: output)
 84 |       else {
/Users/admin/builder/spi-builder-workspace/.build/checkouts/swift-parsing/Sources/Parsing/Conversions/Enum.swift:66:17: error: type 'CasePathConversion<Enum, Path>' does not conform to protocol 'Conversion'
 64 |   }
 65 |
 66 |   public struct CasePathConversion<Enum: CasePathable, Path: CasePath>: Conversion
    |                 |- error: type 'CasePathConversion<Enum, Path>' does not conform to protocol 'Conversion'
    |                 `- note: add stubs for conformance
 67 |   where Path.Root == Enum {
 68 |     @usableFromInline
/Users/admin/builder/spi-builder-workspace/.build/checkouts/swift-parsing/Sources/Parsing/Conversion.swift:8:18: note: protocol requires nested type 'Input'
 6 | @rethrows public protocol Conversion<Input, Output> {
 7 |   // The type of values this conversion converts from.
 8 |   associatedtype Input
   |                  `- note: protocol requires nested type 'Input'
 9 |
10 |   // The type of values this conversion converts to.
11 |   associatedtype Output
   |                  `- note: protocol requires nested type 'Output'
12 |
13 |   /// Attempts to transform an input into an output.
/Users/admin/builder/spi-builder-workspace/.build/checkouts/swift-parsing/Sources/Parsing/Conversions/Enum.swift:95:13: error: cannot find type 'AnyCasePath' in scope
 93 |   }
 94 |
 95 |   extension AnyCasePath: Conversion {
    |             `- error: cannot find type 'AnyCasePath' in scope
 96 |     @inlinable
 97 |     public func apply(_ input: Value) -> Root {
/Users/admin/builder/spi-builder-workspace/.build/checkouts/swift-parsing/Sources/Parsing/Conversions/Enum.swift:37:37: error: type 'Enum' has no member 'allCasePaths'
 35 |     ) -> Self
 36 |     where Self == CasePathConversion<Enum, Path>, Path.Root == Enum {
 37 |       CasePathConversion(path: Enum.allCasePaths[keyPath: keyPath])
    |                                     `- error: type 'Enum' has no member 'allCasePaths'
 38 |     }
 39 |
/Users/admin/builder/spi-builder-workspace/.build/checkouts/swift-parsing/Sources/Parsing/Conversions/Enum.swift:44:7: error: cannot find 'AnyCasePath' in scope
 42 |       _ keyPath: CaseKeyPath<Enum, Values>
 43 |     ) -> Self where Self == AnyCasePath<Enum, Values> {
 44 |       AnyCasePath(keyPath)
    |       `- error: cannot find 'AnyCasePath' in scope
 45 |     }
 46 |
/Users/admin/builder/spi-builder-workspace/.build/checkouts/swift-parsing/Sources/Parsing/Conversions/Enum.swift:78:12: error: value of type 'Path' has no member 'embed'
 76 |     @inlinable
 77 |     public func apply(_ input: Path.Value) -> Path.Root {
 78 |       path.embed(input)
    |            `- error: value of type 'Path' has no member 'embed'
 79 |     }
 80 |
/Users/admin/builder/spi-builder-workspace/.build/checkouts/swift-parsing/Sources/Parsing/Conversions/Enum.swift:83:30: error: value of type 'Path' has no member 'extract'
 81 |     @inlinable
 82 |     public func unapply(_ output: Path.Root) throws -> Path.Value {
 83 |       guard let value = path.extract(from: output)
    |                              `- error: value of type 'Path' has no member 'extract'
 84 |       else {
 85 |         throw ConvertingError(
/Users/admin/builder/spi-builder-workspace/.build/checkouts/swift-parsing/Sources/Parsing/Conversions/Enum.swift:87:42: error: type 'Path' has no member 'Value'
 85 |         throw ConvertingError(
 86 |           """
 87 |           case: Failed to extract \(Path.Value.self) from \(output).
    |                                          `- error: type 'Path' has no member 'Value'
 88 |           """
 89 |         )
/Users/admin/builder/spi-builder-workspace/.build/checkouts/swift-parsing/Sources/Parsing/Conversions/Enum.swift:97:42: error: cannot find type 'Root' in scope
 95 |   extension AnyCasePath: Conversion {
 96 |     @inlinable
 97 |     public func apply(_ input: Value) -> Root {
    |                                          `- error: cannot find type 'Root' in scope
 98 |       self.embed(input)
 99 |     }
/Users/admin/builder/spi-builder-workspace/.build/checkouts/swift-parsing/Sources/Parsing/Conversions/Enum.swift:97:32: error: cannot find type 'Value' in scope
 95 |   extension AnyCasePath: Conversion {
 96 |     @inlinable
 97 |     public func apply(_ input: Value) -> Root {
    |                                `- error: cannot find type 'Value' in scope
 98 |       self.embed(input)
 99 |     }
/Users/admin/builder/spi-builder-workspace/.build/checkouts/swift-parsing/Sources/Parsing/Conversions/Enum.swift:102:51: error: cannot find type 'Value' in scope
100 |
101 |     @inlinable
102 |     public func unapply(_ output: Root) throws -> Value {
    |                                                   `- error: cannot find type 'Value' in scope
103 |       guard let value = self.extract(from: output)
104 |       else {
/Users/admin/builder/spi-builder-workspace/.build/checkouts/swift-parsing/Sources/Parsing/Conversions/Enum.swift:102:35: error: cannot find type 'Root' in scope
100 |
101 |     @inlinable
102 |     public func unapply(_ output: Root) throws -> Value {
    |                                   `- error: cannot find type 'Root' in scope
103 |       guard let value = self.extract(from: output)
104 |       else {
Failed frontend command:
/Applications/Xcode-27.0.0-Release.Candidate.app/Contents/Developer/Toolchains/XcodeDefault.xctoolchain/usr/bin/swift-frontend -frontend -c /Users/admin/builder/spi-builder-workspace/.build/checkouts/swift-parsing/Sources/Parsing/Builders/OneOfBuilder.swift /Users/admin/builder/spi-builder-workspace/.build/checkouts/swift-parsing/Sources/Parsing/Builders/ParserBuilder.swift /Users/admin/builder/spi-builder-workspace/.build/checkouts/swift-parsing/Sources/Parsing/Conversion.swift /Users/admin/builder/spi-builder-workspace/.build/checkouts/swift-parsing/Sources/Parsing/Conversions/AnyConversion.swift /Users/admin/builder/spi-builder-workspace/.build/checkouts/swift-parsing/Sources/Parsing/Conversions/BinaryFloatingPoint.swift /Users/admin/builder/spi-builder-workspace/.build/checkouts/swift-parsing/Sources/Parsing/Conversions/ConversionMap.swift /Users/admin/builder/spi-builder-workspace/.build/checkouts/swift-parsing/Sources/Parsing/Conversions/Conversions.swift /Users/admin/builder/spi-builder-workspace/.build/checkouts/swift-parsing/Sources/Parsing/Conversions/Data.swift -primary-file /Users/admin/builder/spi-builder-workspace/.build/checkouts/swift-parsing/Sources/Parsing/Conversions/Enum.swift -primary-file /Users/admin/builder/spi-builder-workspace/.build/checkouts/swift-parsing/Sources/Parsing/Conversions/FixedWidthInteger.swift -primary-file /Users/admin/builder/spi-builder-workspace/.build/checkouts/swift-parsing/Sources/Parsing/Conversions/Identity.swift -primary-file /Users/admin/builder/spi-builder-workspace/.build/checkouts/swift-parsing/Sources/Parsing/Conversions/JSON.swift -primary-file /Users/admin/builder/spi-builder-workspace/.build/checkouts/swift-parsing/Sources/Parsing/Conversions/LosslessStringConvertible.swift -primary-file /Users/admin/builder/spi-builder-workspace/.build/checkouts/swift-parsing/Sources/Parsing/Conversions/Memberwise.swift -primary-file /Users/admin/builder/spi-builder-workspace/.build/checkouts/swift-parsing/Sources/Parsing/Conversions/ParseableFormatStyleConversion.swift -primary-file /Users/admin/builder/spi-builder-workspace/.build/checkouts/swift-parsing/Sources/Parsing/Conversions/RawRepresentable.swift /Users/admin/builder/spi-builder-workspace/.build/checkouts/swift-parsing/Sources/Parsing/Conversions/String.swift /Users/admin/builder/spi-builder-workspace/.build/checkouts/swift-parsing/Sources/Parsing/Conversions/Substring.swift /Users/admin/builder/spi-builder-workspace/.build/checkouts/swift-parsing/Sources/Parsing/Conversions/UTF8View.swift /Users/admin/builder/spi-builder-workspace/.build/checkouts/swift-parsing/Sources/Parsing/ConvertingError.swift /Users/admin/builder/spi-builder-workspace/.build/checkouts/swift-parsing/Sources/Parsing/CountingRange.swift /Users/admin/builder/spi-builder-workspace/.build/checkouts/swift-parsing/Sources/Parsing/EmptyInitializable.swift /Users/admin/builder/spi-builder-workspace/.build/checkouts/swift-parsing/Sources/Parsing/Internal/AnyEquatable.swift /Users/admin/builder/spi-builder-workspace/.build/checkouts/swift-parsing/Sources/Parsing/Internal/Deprecations.swift /Users/admin/builder/spi-builder-workspace/.build/checkouts/swift-parsing/Sources/Parsing/Parser.swift /Users/admin/builder/spi-builder-workspace/.build/checkouts/swift-parsing/Sources/Parsing/ParserPrinter.swift /Users/admin/builder/spi-builder-workspace/.build/checkouts/swift-parsing/Sources/Parsing/ParserPrinters/Always.swift /Users/admin/builder/spi-builder-workspace/.build/checkouts/swift-parsing/Sources/Parsing/ParserPrinters/AnyParserPrinter.swift /Users/admin/builder/spi-builder-workspace/.build/checkouts/swift-parsing/Sources/Parsing/ParserPrinters/Backtracking.swift /Users/admin/builder/spi-builder-workspace/.build/checkouts/swift-parsing/Sources/Parsing/ParserPrinters/Bool.swift /Users/admin/builder/spi-builder-workspace/.build/checkouts/swift-parsing/Sources/Parsing/ParserPrinters/CaseIterableRawRepresentable.swift /Users/admin/builder/spi-builder-workspace/.build/checkouts/swift-parsing/Sources/Parsing/ParserPrinters/CharacterSet.swift /Users/admin/builder/spi-builder-workspace/.build/checkouts/swift-parsing/Sources/Parsing/ParserPrinters/Conditional.swift /Users/admin/builder/spi-builder-workspace/.build/checkouts/swift-parsing/Sources/Parsing/ParserPrinters/Consumed.swift /Users/admin/builder/spi-builder-workspace/.build/checkouts/swift-parsing/Sources/Parsing/ParserPrinters/Digits.swift /Users/admin/builder/spi-builder-workspace/.build/checkouts/swift-parsing/Sources/Parsing/ParserPrinters/End.swift /Users/admin/builder/spi-builder-workspace/.build/checkouts/swift-parsing/Sources/Parsing/ParserPrinters/Fail.swift /Users/admin/builder/spi-builder-workspace/.build/checkouts/swift-parsing/Sources/Parsing/ParserPrinters/Filter.swift /Users/admin/builder/spi-builder-workspace/.build/checkouts/swift-parsing/Sources/Parsing/ParserPrinters/First.swift /Users/admin/builder/spi-builder-workspace/.build/checkouts/swift-parsing/Sources/Parsing/ParserPrinters/Float.swift /Users/admin/builder/spi-builder-workspace/.build/checkouts/swift-parsing/Sources/Parsing/ParserPrinters/From.swift /Users/admin/builder/spi-builder-workspace/.build/checkouts/swift-parsing/Sources/Parsing/ParserPrinters/Int.swift /Users/admin/builder/spi-builder-workspace/.build/checkouts/swift-parsing/Sources/Parsing/ParserPrinters/Lazy.swift /Users/admin/builder/spi-builder-workspace/.build/checkouts/swift-parsing/Sources/Parsing/ParserPrinters/Literal.swift /Users/admin/builder/spi-builder-workspace/.build/checkouts/swift-parsing/Sources/Parsing/ParserPrinters/Many.swift /Users/admin/builder/spi-builder-workspace/.build/checkouts/swift-parsing/Sources/Parsing/ParserPrinters/Map.swift /Users/admin/builder/spi-builder-workspace/.build/checkouts/swift-parsing/Sources/Parsing/ParserPrinters/Newline.swift /Users/admin/builder/spi-builder-workspace/.build/checkouts/swift-parsing/Sources/Parsing/ParserPrinters/Not.swift /Users/admin/builder/spi-builder-workspace/.build/checkouts/swift-parsing/Sources/Parsing/ParserPrinters/OneOf.swift /Users/admin/builder/spi-builder-workspace/.build/checkouts/swift-parsing/Sources/Parsing/ParserPrinters/OneOfMany.swift /Users/admin/builder/spi-builder-workspace/.build/checkouts/swift-parsing/Sources/Parsing/ParserPrinters/Optional.swift /Users/admin/builder/spi-builder-workspace/.build/checkouts/swift-parsing/Sources/Parsing/ParserPrinters/Optionally.swift /Users/admin/builder/spi-builder-workspace/.build/checkouts/swift-parsing/Sources/Parsing/ParserPrinters/Parse.swift /Users/admin/builder/spi-builder-workspace/.build/checkouts/swift-parsing/Sources/Parsing/ParserPrinters/ParseableFormatStyle.swift /Users/admin/builder/spi-builder-workspace/.build/checkouts/swift-parsing/Sources/Parsing/ParserPrinters/Peek.swift /Users/admin/builder/spi-builder-workspace/.build/checkouts/swift-parsing/Sources/Parsing/ParserPrinters/Pipe.swift /Users/admin/builder/spi-builder-workspace/.build/checkouts/swift-parsing/Sources/Parsing/ParserPrinters/Prefix.swift /Users/admin/builder/spi-builder-workspace/.build/checkouts/swift-parsing/Sources/Parsing/ParserPrinters/PrefixThrough.swift /Users/admin/builder/spi-builder-workspace/.build/checkouts/swift-parsing/Sources/Parsing/ParserPrinters/PrefixUpTo.swift /Users/admin/builder/spi-builder-workspace/.build/checkouts/swift-parsing/Sources/Parsing/ParserPrinters/Printing.swift /Users/admin/builder/spi-builder-workspace/.build/checkouts/swift-parsing/Sources/Parsing/ParserPrinters/Pullback.swift /Users/admin/builder/spi-builder-workspace/.build/checkouts/swift-parsing/Sources/Parsing/ParserPrinters/ReplaceError.swift /Users/admin/builder/spi-builder-workspace/.build/checkouts/swift-parsing/Sources/Parsing/ParserPrinters/Rest.swift /Users/admin/builder/spi-builder-workspace/.build/checkouts/swift-parsing/Sources/Parsing/ParserPrinters/Skip.swift /Users/admin/builder/spi-builder-workspace/.build/checkouts/swift-parsing/Sources/Parsing/ParserPrinters/StartsWith.swift /Users/admin/builder/spi-builder-workspace/.build/checkouts/swift-parsing/Sources/Parsing/ParserPrinters/UUID.swift /Users/admin/builder/spi-builder-workspace/.build/checkouts/swift-parsing/Sources/Parsing/ParserPrinters/Whitespace.swift /Users/admin/builder/spi-builder-workspace/.build/checkouts/swift-parsing/Sources/Parsing/Parsers/AnyParser.swift /Users/admin/builder/spi-builder-workspace/.build/checkouts/swift-parsing/Sources/Parsing/Parsers/CompactMap.swift /Users/admin/builder/spi-builder-workspace/.build/checkouts/swift-parsing/Sources/Parsing/Parsers/FlatMap.swift /Users/admin/builder/spi-builder-workspace/.build/checkouts/swift-parsing/Sources/Parsing/Parsers/Parsers.swift /Users/admin/builder/spi-builder-workspace/.build/checkouts/swift-parsing/Sources/Parsing/Parsers/Stream.swift /Users/admin/builder/spi-builder-workspace/.build/checkouts/swift-parsing/Sources/Parsing/ParsingError.swift /Users/admin/builder/spi-builder-workspace/.build/checkouts/swift-parsing/Sources/Parsing/PrependableCollection.swift /Users/admin/builder/spi-builder-workspace/.build/checkouts/swift-parsing/Sources/Parsing/PrintingError.swift -supplementary-output-file-map /Users/admin/builder/spi-builder-workspace/.build/out/Intermediates.noindex/swift-parsing.build/Debug/Parsing-t.build/Objects-normal/arm64/supplementaryOutputs-5 -target arm64-apple-macos12.0 -disable-cross-import-overlay-search -load-resolved-plugin /Applications/Xcode-27.0.0-Release.Candidate.app/Contents/Developer/Platforms/MacOSX.platform/Developer/usr/lib/swift/host/plugins/libFoundationMacros.dylib\#/Applications/Xcode-27.0.0-Release.Candidate.app/Contents/Developer/Platforms/MacOSX.platform/Developer/usr/bin/swift-plugin-server\#FoundationMacros -load-resolved-plugin /Applications/Xcode-27.0.0-Release.Candidate.app/Contents/Developer/Platforms/MacOSX.platform/Developer/usr/lib/swift/host/plugins/libObservationMacros.dylib\#/Applications/Xcode-27.0.0-Release.Candidate.app/Contents/Developer/Platforms/MacOSX.platform/Developer/usr/bin/swift-plugin-server\#ObservationMacros -load-resolved-plugin /Applications/Xcode-27.0.0-Release.Candidate.app/Contents/Developer/Platforms/MacOSX.platform/Developer/usr/lib/swift/host/plugins/libSwiftMacros.dylib\#/Applications/Xcode-27.0.0-Release.Candidate.app/Contents/Developer/Platforms/MacOSX.platform/Developer/usr/bin/swift-plugin-server\#SwiftMacros -disable-implicit-swift-modules -Xcc -fno-implicit-modules -Xcc -fno-implicit-module-maps -explicit-swift-module-map-file /Users/admin/builder/spi-builder-workspace/.build/out/Intermediates.noindex/swift-parsing.build/Debug/Parsing-t.build/Objects-normal/arm64/Parsing-dependencies-1.json -Xllvm -aarch64-use-tbi -enable-objc-interop -stack-check -sdk /Applications/Xcode-27.0.0-Release.Candidate.app/Contents/Developer/Platforms/MacOSX.platform/Developer/SDKs/MacOSX27.0.sdk -I /Users/admin/builder/spi-builder-workspace/.build/out/Products/Debug -Isystem /Applications/Xcode-27.0.0-Release.Candidate.app/Contents/Developer/Platforms/MacOSX.platform/Developer/usr/lib -F /Users/admin/builder/spi-builder-workspace/.build/out/Products/Debug/PackageFrameworks -F /Users/admin/builder/spi-builder-workspace/.build/out/Products/Debug -F /Applications/Xcode-27.0.0-Release.Candidate.app/Contents/Developer/Platforms/MacOSX.platform/Developer/Library/Frameworks -module-cache-path /Users/admin/builder/spi-builder-workspace/.build/out/Intermediates.noindex/SwiftExplicitPrecompiledModules -color-diagnostics -Xcc -fcolor-diagnostics -enable-testing -g -debug-info-format\=dwarf -dwarf-version\=4 -suppress-warnings -swift-version 5 -Onone -D SWIFT_PACKAGE -D DEBUG -D SWIFT_MODULE_RESOURCE_BUNDLE_UNAVAILABLE -D CasePaths -D Xcode -serialize-debugging-options -enable-upcoming-feature ExistentialAny -enable-upcoming-feature ImmutableWeakCaptures -enable-upcoming-feature InferIsolatedConformances -enable-upcoming-feature InternalImportsByDefault -enable-upcoming-feature MemberImportVisibility -enable-upcoming-feature NonisolatedNonsendingByDefault -enable-experimental-feature DebugDescriptionMacro -empty-abi-descriptor -user-module-version 0.15.2 -validate-clang-modules-once -clang-build-session-file /Users/admin/builder/spi-builder-workspace/.build/out/ModuleCache.noindex/Session.modulevalidation -Xcc -working-directory -Xcc /Users/admin/builder -enable-anonymous-context-mangled-names -file-compilation-dir /Users/admin/builder -Xcc -D_LIBCPP_HARDENING_MODE\=_LIBCPP_HARDENING_MODE_DEBUG -Xcc -ivfsstatcache -Xcc /Users/admin/builder/spi-builder-workspace/.build/out/SDKStatCaches.noindex/macosx27.0-26A425-80c5bbf1d171475443272936d42f90a36a22442a12e9d48fe1a705f55a1adfc4.sdkstatcache -Xcc -fmodules-prune-interval\=86400 -Xcc -fmodules-prune-after\=345600 -Xcc -I/Users/admin/builder/spi-builder-workspace/.build/out/Products/Debug/include -Xcc -I/Users/admin/builder/spi-builder-workspace/.build/out/Intermediates.noindex/swift-parsing.build/Debug/Parsing-t.build/DerivedSources-normal/arm64 -Xcc -I/Users/admin/builder/spi-builder-workspace/.build/out/Intermediates.noindex/swift-parsing.build/Debug/Parsing-t.build/DerivedSources/arm64 -Xcc -I/Users/admin/builder/spi-builder-workspace/.build/out/Intermediates.noindex/swift-parsing.build/Debug/Parsing-t.build/DerivedSources -Xcc -DSWIFT_PACKAGE -Xcc -DDEBUG\=1 -no-auto-bridging-header-chaining -module-name Parsing -package-name swift_parsing -const-gather-protocols-file /Users/admin/builder/spi-builder-workspace/.build/out/Intermediates.noindex/swift-parsing.build/Debug/Parsing-t.build/Objects-normal/arm64/Parsing_const_extract_protocols.json -disable-clang-spi -clang-target arm64-apple-macos27.0 -target-sdk-version 27.0 -target-sdk-name macosx27.0 -in-process-plugin-server-path /Applications/Xcode-27.0.0-Release.Candidate.app/Contents/Developer/Toolchains/XcodeDefault.xctoolchain/usr/lib/swift/host/libSwiftInProcPluginServer.dylib -parse-as-library -o /Users/admin/builder/spi-builder-workspace/.build/out/Intermediates.noindex/swift-parsing.build/Debug/Parsing-t.build/Objects-normal/arm64/Enum.o -o /Users/admin/builder/spi-builder-workspace/.build/out/Intermediates.noindex/swift-parsing.build/Debug/Parsing-t.build/Objects-normal/arm64/FixedWidthInteger.o -o /Users/admin/builder/spi-builder-workspace/.build/out/Intermediates.noindex/swift-parsing.build/Debug/Parsing-t.build/Objects-normal/arm64/Identity.o -o /Users/admin/builder/spi-builder-workspace/.build/out/Intermediates.noindex/swift-parsing.build/Debug/Parsing-t.build/Objects-normal/arm64/JSON.o -o /Users/admin/builder/spi-builder-workspace/.build/out/Intermediates.noindex/swift-parsing.build/Debug/Parsing-t.build/Objects-normal/arm64/LosslessStringConvertible.o -o /Users/admin/builder/spi-builder-workspace/.build/out/Intermediates.noindex/swift-parsing.build/Debug/Parsing-t.build/Objects-normal/arm64/Memberwise.o -o /Users/admin/builder/spi-builder-workspace/.build/out/Intermediates.noindex/swift-parsing.build/Debug/Parsing-t.build/Objects-normal/arm64/ParseableFormatStyleConversion.o -o /Users/admin/builder/spi-builder-workspace/.build/out/Intermediates.noindex/swift-parsing.build/Debug/Parsing-t.build/Objects-normal/arm64/RawRepresentable.o -debug-module-path /Users/admin/builder/spi-builder-workspace/.build/out/Intermediates.noindex/swift-parsing.build/Debug/Parsing-t.build/Objects-normal/arm64/Parsing.swiftmodule -index-unit-output-path /swift-parsing.build/Debug/Parsing-t.build/Objects-normal/arm64/Enum.o -index-unit-output-path /swift-parsing.build/Debug/Parsing-t.build/Objects-normal/arm64/FixedWidthInteger.o -index-unit-output-path /swift-parsing.build/Debug/Parsing-t.build/Objects-normal/arm64/Identity.o -index-unit-output-path /swift-parsing.build/Debug/Parsing-t.build/Objects-normal/arm64/JSON.o -index-unit-output-path /swift-parsing.build/Debug/Parsing-t.build/Objects-normal/arm64/LosslessStringConvertible.o -index-unit-output-path /swift-parsing.build/Debug/Parsing-t.build/Objects-normal/arm64/Memberwise.o -index-unit-output-path /swift-parsing.build/Debug/Parsing-t.build/Objects-normal/arm64/ParseableFormatStyleConversion.o -index-unit-output-path /swift-parsing.build/Debug/Parsing-t.build/Objects-normal/arm64/RawRepresentable.o -index-store-path /Users/admin/builder/spi-builder-workspace/.build/out -index-system-modules
error: Build failed
BUILD FAILURE 6.4 macosSpm