The Swift Package Index logo.Swift Package Index

Build Information

Failed to build YandexPaySDK, reference main (ecaca4), with Swift 6.1 for Linux on 4 Oct 2026 18:14:04 UTC.

Build Command

bash -c docker run --pull=always --rm -v "checkouts-54344844-2":/host -w "$PWD" -e JAVA_HOME="/root/.sdkman/candidates/java/current" -e SPI_BUILD="1" -e SPI_PROCESSING="1" registry.gitlab.com/saguaro1/spi-images:basic-6.1-latest swift build --triple x86_64-unknown-linux-gnu 2>&1

Build Log

========================================
RunAll
========================================
Builder version: 5.1.1
Interrupt handler set up.
========================================
Checkout
========================================
Clone URL: https://github.com/yandexmobile/yandex-pay-ios.git
Reference: main
Initialized empty Git repository in /host/spi-builder-workspace/.git/
hint: Using 'master' as the name for the initial branch. This default branch name
hint: is subject to change. To configure the initial branch name to use in all
hint: of your new repositories, which will suppress this warning, call:
hint:
hint: 	git config --global init.defaultBranch <name>
hint:
hint: Names commonly chosen instead of 'master' are 'main', 'trunk' and
hint: 'development'. The just-created branch can be renamed via this command:
hint:
hint: 	git branch -m <name>
From https://github.com/yandexmobile/yandex-pay-ios
 * branch            main       -> FETCH_HEAD
 * [new branch]      main       -> origin/main
HEAD is now at ecaca43 Update xcframeworks v2.9.4
Cloned https://github.com/yandexmobile/yandex-pay-ios.git
Revision (git rev-parse @):
ecaca43720b5d18aedd1f836c7d107e2340de819
SUCCESS checkout https://github.com/yandexmobile/yandex-pay-ios.git at main
========================================
Build
========================================
Selected platform:         linux
Swift version:             6.1
Building package at path:  $PWD
https://github.com/yandexmobile/yandex-pay-ios.git
https://github.com/yandexmobile/yandex-pay-ios.git
WARNING: environment variable SUPPRESS_SWIFT_6_FLAGS is not set
Running build ...
bash -c docker run --pull=always --rm -v "checkouts-54344844-2":/host -w "$PWD" -e JAVA_HOME="/root/.sdkman/candidates/java/current" -e SPI_BUILD="1" -e SPI_PROCESSING="1" registry.gitlab.com/saguaro1/spi-images:basic-6.1-latest swift build --triple x86_64-unknown-linux-gnu -Xswiftc -Xfrontend -Xswiftc -stats-output-dir -Xswiftc -Xfrontend -Xswiftc .stats -Xswiftc -strict-concurrency=complete -Xswiftc -enable-upcoming-feature -Xswiftc StrictConcurrency -Xswiftc -enable-upcoming-feature -Xswiftc DisableOutwardActorInference -Xswiftc -enable-upcoming-feature -Xswiftc GlobalActorIsolatedTypesUsability -Xswiftc -enable-upcoming-feature -Xswiftc InferSendableFromCaptures 2>&1
basic-6.1-latest: Pulling from saguaro1/spi-images
Digest: sha256:bebe373f64586285d153a73cebf57004d534988a7110464fd581e50dd24c756b
Status: Image is up to date for registry.gitlab.com/saguaro1/spi-images:basic-6.1-latest
Fetching https://github.com/appmetrica/appmetrica-sdk-ios
[1/10953] Fetching appmetrica-sdk-ios
Fetched https://github.com/appmetrica/appmetrica-sdk-ios from cache (0.77s)
Computing version for https://github.com/appmetrica/appmetrica-sdk-ios
Computed https://github.com/appmetrica/appmetrica-sdk-ios at 6.7.0 (1.24s)
Fetching https://github.com/apple/swift-protobuf
Fetching https://github.com/kstenerud/KSCrash
[1/48934] Fetching kscrash
[1959/103330] Fetching kscrash, swift-protobuf
Fetched https://github.com/apple/swift-protobuf from cache (5.35s)
[10766/48934] Fetching kscrash
Fetched https://github.com/kstenerud/KSCrash from cache (11.01s)
Computing version for https://github.com/kstenerud/KSCrash
Computed https://github.com/kstenerud/KSCrash at 2.5.1 (12.22s)
Computing version for https://github.com/apple/swift-protobuf
Computed https://github.com/apple/swift-protobuf at 1.38.1 (0.27s)
Creating working copy for https://github.com/apple/swift-protobuf
Working copy of https://github.com/apple/swift-protobuf resolved at 1.38.1
Creating working copy for https://github.com/appmetrica/appmetrica-sdk-ios
Working copy of https://github.com/appmetrica/appmetrica-sdk-ios resolved at 6.7.0
Creating working copy for https://github.com/kstenerud/KSCrash
Working copy of https://github.com/kstenerud/KSCrash resolved at 2.5.1
[1/1] Compiling plugin SwiftProtobufPlugin
Building for debugging...
[1/476] Write sources
[8/476] Copying PrivacyInfo.xcprivacy
[16/476] Write sources
[16/476] Copying PrivacyInfo.xcprivacy
In file included from <built-in>:1:
/host/spi-builder-workspace/.build/x86_64-unknown-linux-gnu/debug/AppMetricaStorageUtils.build/DerivedSources/resource_bundle_accessor.h:2:9: fatal error: 'Foundation/Foundation.h' file not found
    2 | #import <Foundation/Foundation.h>
      |         ^~~~~~~~~~~~~~~~~~~~~~~~~
1 error generated.
[18/476] Compiling AppMetricaStorageUtils AMAUserDefaultsKVSDataProvider.m
In file included from <built-in>:1:
/host/spi-builder-workspace/.build/x86_64-unknown-linux-gnu/debug/AppMetricaStorageUtils.build/DerivedSources/resource_bundle_accessor.h:2:9: fatal error: 'Foundation/Foundation.h' file not found
    2 | #import <Foundation/Foundation.h>
      |         ^~~~~~~~~~~~~~~~~~~~~~~~~
1 error generated.
[18/476] Compiling AppMetricaStorageUtils AMARollbackHolder.m
[18/476] Compiling AppMetricaStorageUtils AMAIncrementableValueStorageFactory.m
[18/476] Compiling AppMetricaStorageUtils AMAIncrementableValueStorage.m
In file included from <built-in>:1:
/host/spi-builder-workspace/.build/x86_64-unknown-linux-gnu/debug/AppMetricaStorageUtils.build/DerivedSources/resource_bundle_accessor.h:2:9: fatal error: 'Foundation/Foundation.h' file not found
    2 | #import <Foundation/Foundation.h>
      |         ^~~~~~~~~~~~~~~~~~~~~~~~~
1 error generated.
[18/476] Compiling AppMetricaStorageUtils resource_bundle_accessor.m
[18/476] Compiling AppMetricaStorageUtils AMADiskFileStorage.m
In file included from <built-in>:1:
/host/spi-builder-workspace/.build/x86_64-unknown-linux-gnu/debug/AppMetricaStorageUtils.build/DerivedSources/resource_bundle_accessor.h:2:9: fatal error: 'Foundation/Foundation.h' file not found
    2 | #import <Foundation/Foundation.h>
      |         ^~~~~~~~~~~~~~~~~~~~~~~~~
1 error generated.
[18/476] Compiling AppMetricaStorageUtils AMAUserDefaultsStorage.m
[18/476] Write swift-version-24593BA9C3E375BF.txt
Running build ...
bash -c docker run --pull=always --rm -v "checkouts-54344844-2":/host -w "$PWD" -e JAVA_HOME="/root/.sdkman/candidates/java/current" -e SPI_BUILD="1" -e SPI_PROCESSING="1" registry.gitlab.com/saguaro1/spi-images:basic-6.1-latest swift build --triple x86_64-unknown-linux-gnu 2>&1
basic-6.1-latest: Pulling from saguaro1/spi-images
Digest: sha256:bebe373f64586285d153a73cebf57004d534988a7110464fd581e50dd24c756b
Status: Image is up to date for registry.gitlab.com/saguaro1/spi-images:basic-6.1-latest
[0/1] Planning build
[1/1] Compiling plugin SwiftProtobufPlugin
Building for debugging...
In file included from <built-in>:1:
/host/spi-builder-workspace/.build/x86_64-unknown-linux-gnu/debug/AppMetricaStorageUtils.build/DerivedSources/resource_bundle_accessor.h:2:9: fatal error: 'Foundation/Foundation.h' file not found
    2 | #import <Foundation/Foundation.h>
      |         ^~~~~~~~~~~~~~~~~~~~~~~~~
1 error generated.
[1/459] Compiling AppMetricaStorageUtils resource_bundle_accessor.m
[1/459] Compiling AppMetricaStorageUtils AMAIncrementableValueStorage.m
In file included from <built-in>:1:
/host/spi-builder-workspace/.build/x86_64-unknown-linux-gnu/debug/AppMetricaStorageUtils.build/DerivedSources/resource_bundle_accessor.h:2:9: fatal error: 'Foundation/Foundation.h' file not found
    2 | #import <Foundation/Foundation.h>
      |         ^~~~~~~~~~~~~~~~~~~~~~~~~
1 error generated.
[1/459] Compiling AppMetricaStorageUtils AMAUserDefaultsStorage.m
In file included from <built-in>:1:
/host/spi-builder-workspace/.build/x86_64-unknown-linux-gnu/debug/AppMetricaStorageUtils.build/DerivedSources/resource_bundle_accessor.h:2:9: fatal error: 'Foundation/Foundation.h' file not found
    2 | #import <Foundation/Foundation.h>
      |         ^~~~~~~~~~~~~~~~~~~~~~~~~
1 error generated.
[1/459] Compiling AppMetricaStorageUtils AMAUserDefaultsKVSDataProvider.m
[1/459] Compiling AppMetricaStorageUtils AMADiskFileStorage.m
In file included from <built-in>:1:
/host/spi-builder-workspace/.build/x86_64-unknown-linux-gnu/debug/AppMetricaStorageUtils.build/DerivedSources/resource_bundle_accessor.h:2:9: fatal error: 'Foundation/Foundation.h' file not found
    2 | #import <Foundation/Foundation.h>
      |         ^~~~~~~~~~~~~~~~~~~~~~~~~
[1/459] Compiling AppMetricaStorageUtils AMARollbackHolder.m
In file included from [1/459] Compiling AppMetricaStorageUtils AMAIncrementableValueStorageFactory.m
[1/459] Write swift-version-24593BA9C3E375BF.txt
BUILD FAILURE 6.1 linux