Build Information
Failed to build MediQuoSDK, reference 26.1.2 (04f4d5), with Swift 6.4 for watchOS using Xcode 27.0 on 24 Sep 2026 19:25:23 UTC.
Build Command
env DEVELOPER_DIR=/Applications/Xcode-27.0.0-Release.Candidate.app xcrun xcodebuild -IDEClonedSourcePackagesDirPathOverride=$PWD/.dependencies -skipMacroValidation -skipPackagePluginValidation -derivedDataPath $PWD/.derivedData build -scheme MediQuoSDK -destination generic/platform=watchOSBuild Log
========================================
RunAll
========================================
Builder version: 5.1.0
Interrupt handler set up.
========================================
Checkout
========================================
Clone URL: https://github.com/mediquo/mediquo-ios-sdk.git
Reference: 26.1.2
Initialized empty Git repository in /Users/admin/builder/spi-builder-workspace/.git/
From https://github.com/mediquo/mediquo-ios-sdk
* tag 26.1.2 -> FETCH_HEAD
HEAD is now at 04f4d5a Bump version
Cloned https://github.com/mediquo/mediquo-ios-sdk.git
Revision (git rev-parse @):
04f4d5a5fdf9d1dc6ddc67fb048804b138c6c9a9
SPI manifest file found: $PWD/.spi.yml
SUCCESS checkout https://github.com/mediquo/mediquo-ios-sdk.git at 26.1.2
========================================
Build
========================================
Selected platform: watchOS
Swift version: 6.4
Building package at path: $PWD
https://github.com/mediquo/mediquo-ios-sdk.git
Command line invocation:
/Applications/Xcode-27.0.0-Release.Candidate.app/Contents/Developer/usr/bin/xcodebuild -IDEClonedSourcePackagesDirPathOverride=/Users/admin/builder/spi-builder-workspace/.dependencies -resolvePackageDependencies
Resolve Package Graph
Resolve Package Graph
Resolved source packages:
MediQuoSDK: /Users/admin/builder/spi-builder-workspace
resolved source packages: MediQuoSDK
2026-09-24 15:24:45.614 xcodebuild[529:3045] [MT] IDERunDestination: Supported platforms for the buildables in the current scheme is empty.
{
"dependencies" : [
],
"manifest_display_name" : "MediQuoSDK",
"name" : "MediQuoSDK",
"path" : "/Users/admin/builder/spi-builder-workspace",
"platforms" : [
{
"name" : "ios",
"version" : "17.0"
}
],
"products" : [
{
"name" : "MediQuoSDK",
"targets" : [
"MediQuoSDK"
],
"type" : {
"library" : [
"automatic"
]
}
}
],
"targets" : [
{
"c99name" : "MediQuoSDK",
"module_type" : "BinaryTarget",
"name" : "MediQuoSDK",
"path" : "remote/archive/MediQuoSDK.xcframework.zip",
"product_memberships" : [
"MediQuoSDK"
],
"sources" : [
],
"type" : "binary"
}
],
"tools_version" : "5.9"
}
{
"workspace" : {
"name" : "MediQuoSDK",
"schemes" : [
"MediQuoSDK"
]
}
}
2026-09-24 15:25:17.403 xcodebuild[638:3861] [MT] IDERunDestination: Supported platforms for the buildables in the current scheme is empty.
Running build ...
env DEVELOPER_DIR=/Applications/Xcode-27.0.0-Release.Candidate.app xcrun xcodebuild -IDEClonedSourcePackagesDirPathOverride=$PWD/.dependencies -skipMacroValidation -skipPackagePluginValidation -derivedDataPath $PWD/.derivedData build -scheme MediQuoSDK -destination generic/platform=watchOS
Command line invocation:
/Applications/Xcode-27.0.0-Release.Candidate.app/Contents/Developer/usr/bin/xcodebuild -IDEClonedSourcePackagesDirPathOverride=/Users/admin/builder/spi-builder-workspace/.dependencies -skipMacroValidation -skipPackagePluginValidation -derivedDataPath /Users/admin/builder/spi-builder-workspace/.derivedData build -scheme MediQuoSDK -destination generic/platform=watchOS
Resolve Package Graph
Resolved source packages:
MediQuoSDK: /Users/admin/builder/spi-builder-workspace
ComputePackagePrebuildTargetDependencyGraph
Prepare packages
CreateBuildRequest
SendProjectDescription
CreateBuildOperation
ComputeTargetDependencyGraph
note: Building targets in dependency order
note: Target dependency graph (1 target)
Target 'MediQuoSDK-product' in project 'MediQuoSDK' (no dependencies)
GatherProvisioningInputs
CreateBuildDescription
ExecuteExternalTool /Applications/Xcode-27.0.0-Release.Candidate.app/Contents/Developer/Toolchains/XcodeDefault.xctoolchain/usr/bin/clang -v -E -dM -isysroot /Applications/Xcode-27.0.0-Release.Candidate.app/Contents/Developer/Platforms/WatchOS.platform/Developer/SDKs/WatchOS27.0.sdk -x c -c /dev/null
Build description signature: e526e0966edc83015cd3cbb8d5702bfc
Build description path: /Users/admin/builder/spi-builder-workspace/.derivedData/Build/Intermediates.noindex/XCBuildData/e526e0966edc83015cd3cbb8d5702bfc.xcbuilddata
/Users/admin/builder/spi-builder-workspace/.dependencies/artifacts/spi-builder-workspace/MediQuoSDK/MediQuoSDK.xcframework:1:1: error: While building for watchOS, no library for this platform was found in '/Users/admin/builder/spi-builder-workspace/.dependencies/artifacts/spi-builder-workspace/MediQuoSDK/MediQuoSDK.xcframework'. (in target 'MediQuoSDK-product' from project 'MediQuoSDK')
2026-09-24 15:25:18.976 xcodebuild[639:3903] [MT] IDERunDestination: Supported platforms for the buildables in the current scheme is empty.
** BUILD FAILED **
The following build commands failed:
Building workspace MediQuoSDK with scheme MediQuoSDK
(1 failure)
Command line invocation:
/Applications/Xcode-27.0.0-Release.Candidate.app/Contents/Developer/usr/bin/xcodebuild -IDEClonedSourcePackagesDirPathOverride=/Users/admin/builder/spi-builder-workspace/.dependencies -resolvePackageDependencies
Resolve Package Graph
Resolved source packages:
MediQuoSDK: /Users/admin/builder/spi-builder-workspace
resolved source packages: MediQuoSDK
2026-09-24 15:25:20.610 xcodebuild[671:4168] [MT] IDERunDestination: Supported platforms for the buildables in the current scheme is empty.
{
"dependencies" : [
],
"manifest_display_name" : "MediQuoSDK",
"name" : "MediQuoSDK",
"path" : "/Users/admin/builder/spi-builder-workspace",
"platforms" : [
{
"name" : "ios",
"version" : "17.0"
}
],
"products" : [
{
"name" : "MediQuoSDK",
"targets" : [
"MediQuoSDK"
],
"type" : {
"library" : [
"automatic"
]
}
}
],
"targets" : [
{
"c99name" : "MediQuoSDK",
"module_type" : "BinaryTarget",
"name" : "MediQuoSDK",
"path" : "remote/archive/MediQuoSDK.xcframework.zip",
"product_memberships" : [
"MediQuoSDK"
],
"sources" : [
],
"type" : "binary"
}
],
"tools_version" : "5.9"
}
{
"workspace" : {
"name" : "MediQuoSDK",
"schemes" : [
"MediQuoSDK"
]
}
}
2026-09-24 15:25:21.751 xcodebuild[690:4299] [MT] IDERunDestination: Supported platforms for the buildables in the current scheme is empty.
Running build ...
env DEVELOPER_DIR=/Applications/Xcode-27.0.0-Release.Candidate.app xcrun xcodebuild -IDEClonedSourcePackagesDirPathOverride=$PWD/.dependencies -skipMacroValidation -skipPackagePluginValidation -derivedDataPath $PWD/.derivedData build -scheme MediQuoSDK -destination generic/platform=watchOS
Command line invocation:
/Applications/Xcode-27.0.0-Release.Candidate.app/Contents/Developer/usr/bin/xcodebuild -IDEClonedSourcePackagesDirPathOverride=/Users/admin/builder/spi-builder-workspace/.dependencies -skipMacroValidation -skipPackagePluginValidation -derivedDataPath /Users/admin/builder/spi-builder-workspace/.derivedData build -scheme MediQuoSDK -destination generic/platform=watchOS
Resolve Package Graph
Resolved source packages:
MediQuoSDK: /Users/admin/builder/spi-builder-workspace
ComputePackagePrebuildTargetDependencyGraph
Prepare packages
CreateBuildRequest
SendProjectDescription
CreateBuildOperation
ComputeTargetDependencyGraph
note: Building targets in dependency order
note: Target dependency graph (1 target)
Target 'MediQuoSDK-product' in project 'MediQuoSDK' (no dependencies)
GatherProvisioningInputs
CreateBuildDescription
/Users/admin/builder/spi-builder-workspace/.dependencies/artifacts/spi-builder-workspace/MediQuoSDK/MediQuoSDK.xcframework:1:1: error: While building for watchOS, no library for this platform was found in '/Users/admin/builder/spi-builder-workspace/.dependencies/artifacts/spi-builder-workspace/MediQuoSDK/MediQuoSDK.xcframework'. (in target 'MediQuoSDK-product' from project 'MediQuoSDK')
2026-09-24 15:25:22.656 xcodebuild[691:4326] [MT] IDERunDestination: Supported platforms for the buildables in the current scheme is empty.
** BUILD FAILED **
The following build commands failed:
Building workspace MediQuoSDK with scheme MediQuoSDK
(1 failure)
BUILD FAILURE 6.4 watchOS