Build Information
Failed to build PitchSpeller, reference master (f4fe72), with Swift 6.4 for watchOS using Xcode 27.0 on 16 Sep 2026 15:33:05 UTC.
Build Command
env DEVELOPER_DIR=/Applications/Xcode-27.0.0-Release.Candidate.app xcrun xcodebuild -IDEClonedSourcePackagesDirPathOverride=$PWD/.dependencies -skipMacroValidation -skipPackagePluginValidation -derivedDataPath $PWD/.derivedData build -scheme PitchSpeller -destination generic/platform=watchOSBuild Log
Copy /Users/admin/builder/spi-builder-workspace/.derivedData/Build/Products/Debug-watchos/DataStructures.swiftmodule/arm64-apple-watchos.swiftdoc /Users/admin/builder/spi-builder-workspace/.derivedData/Build/Intermediates.noindex/Structure.build/Debug-watchos/DataStructures-t.build/Objects-normal/arm64/DataStructures.swiftdoc (in target 'DataStructures' from project 'Structure')
cd /Users/admin/builder/spi-builder-workspace/.dependencies/checkouts/Structure
builtin-copy -exclude .DS_Store -exclude CVS -exclude .svn -exclude .git -exclude .hg -resolve-src-symlinks -rename /Users/admin/builder/spi-builder-workspace/.derivedData/Build/Intermediates.noindex/Structure.build/Debug-watchos/DataStructures-t.build/Objects-normal/arm64/DataStructures.swiftdoc /Users/admin/builder/spi-builder-workspace/.derivedData/Build/Products/Debug-watchos/DataStructures.swiftmodule/arm64-apple-watchos.swiftdoc
SwiftDriverJobDiscovery normal arm64 Compiling AVLTree.swift, AdjacencyList.swift, Bimap.swift, BinaryHeap.swift, BinarySearchTree.swift, CircularArray.swift, CollectionExtensions.swift (in target 'DataStructures' from project 'Structure')
Copy /Users/admin/builder/spi-builder-workspace/.derivedData/Build/Products/Debug-watchos/DataStructures.swiftmodule/arm64-apple-watchos.abi.json /Users/admin/builder/spi-builder-workspace/.derivedData/Build/Intermediates.noindex/Structure.build/Debug-watchos/DataStructures-t.build/Objects-normal/arm64/DataStructures.abi.json (in target 'DataStructures' from project 'Structure')
cd /Users/admin/builder/spi-builder-workspace/.dependencies/checkouts/Structure
builtin-copy -exclude .DS_Store -exclude CVS -exclude .svn -exclude .git -exclude .hg -resolve-src-symlinks -rename /Users/admin/builder/spi-builder-workspace/.derivedData/Build/Intermediates.noindex/Structure.build/Debug-watchos/DataStructures-t.build/Objects-normal/arm64/DataStructures.abi.json /Users/admin/builder/spi-builder-workspace/.derivedData/Build/Products/Debug-watchos/DataStructures.swiftmodule/arm64-apple-watchos.abi.json
Copy /Users/admin/builder/spi-builder-workspace/.derivedData/Build/Products/Debug-watchos/DataStructures.swiftmodule/Project/arm64-apple-watchos.swiftsourceinfo /Users/admin/builder/spi-builder-workspace/.derivedData/Build/Intermediates.noindex/Structure.build/Debug-watchos/DataStructures-t.build/Objects-normal/arm64/DataStructures.swiftsourceinfo (in target 'DataStructures' from project 'Structure')
cd /Users/admin/builder/spi-builder-workspace/.dependencies/checkouts/Structure
builtin-copy -exclude .DS_Store -exclude CVS -exclude .svn -exclude .git -exclude .hg -resolve-src-symlinks -rename /Users/admin/builder/spi-builder-workspace/.derivedData/Build/Intermediates.noindex/Structure.build/Debug-watchos/DataStructures-t.build/Objects-normal/arm64/DataStructures.swiftsourceinfo /Users/admin/builder/spi-builder-workspace/.derivedData/Build/Products/Debug-watchos/DataStructures.swiftmodule/Project/arm64-apple-watchos.swiftsourceinfo
SwiftCompile normal arm64 Compiling\ ContiguousSegmentCollection.swift,\ Fragmentable.swift,\ Intervallic.swift,\ IntervallicFragmentable.swift,\ Measured.swift,\ Totalizable.swift,\ DictionaryProtocol.swift /Users/admin/builder/spi-builder-workspace/.dependencies/checkouts/Structure/Sources/DataStructures/ContiguousSegmentCollection/ContiguousSegmentCollection.swift /Users/admin/builder/spi-builder-workspace/.dependencies/checkouts/Structure/Sources/DataStructures/ContiguousSegmentCollection/Fragmentable.swift /Users/admin/builder/spi-builder-workspace/.dependencies/checkouts/Structure/Sources/DataStructures/ContiguousSegmentCollection/Intervallic.swift /Users/admin/builder/spi-builder-workspace/.dependencies/checkouts/Structure/Sources/DataStructures/ContiguousSegmentCollection/IntervallicFragmentable.swift /Users/admin/builder/spi-builder-workspace/.dependencies/checkouts/Structure/Sources/DataStructures/ContiguousSegmentCollection/Measured.swift /Users/admin/builder/spi-builder-workspace/.dependencies/checkouts/Structure/Sources/DataStructures/ContiguousSegmentCollection/Totalizable.swift /Users/admin/builder/spi-builder-workspace/.dependencies/checkouts/Structure/Sources/DataStructures/DictionaryProtocol.swift (in target 'DataStructures' from project 'Structure')
SwiftCompile normal arm64 /Users/admin/builder/spi-builder-workspace/.dependencies/checkouts/Structure/Sources/DataStructures/ContiguousSegmentCollection/ContiguousSegmentCollection.swift (in target 'DataStructures' from project 'Structure')
cd /Users/admin/builder/spi-builder-workspace/.swiftpm/xcode
builtin-SwiftPerFileCompile ContiguousSegmentCollection.swift
SwiftCompile normal arm64 /Users/admin/builder/spi-builder-workspace/.dependencies/checkouts/Structure/Sources/DataStructures/ContiguousSegmentCollection/Fragmentable.swift (in target 'DataStructures' from project 'Structure')
cd /Users/admin/builder/spi-builder-workspace/.swiftpm/xcode
builtin-SwiftPerFileCompile Fragmentable.swift
SwiftCompile normal arm64 /Users/admin/builder/spi-builder-workspace/.dependencies/checkouts/Structure/Sources/DataStructures/ContiguousSegmentCollection/Intervallic.swift (in target 'DataStructures' from project 'Structure')
cd /Users/admin/builder/spi-builder-workspace/.swiftpm/xcode
builtin-SwiftPerFileCompile Intervallic.swift
SwiftCompile normal arm64 /Users/admin/builder/spi-builder-workspace/.dependencies/checkouts/Structure/Sources/DataStructures/ContiguousSegmentCollection/IntervallicFragmentable.swift (in target 'DataStructures' from project 'Structure')
cd /Users/admin/builder/spi-builder-workspace/.swiftpm/xcode
builtin-SwiftPerFileCompile IntervallicFragmentable.swift
SwiftCompile normal arm64 /Users/admin/builder/spi-builder-workspace/.dependencies/checkouts/Structure/Sources/DataStructures/ContiguousSegmentCollection/Measured.swift (in target 'DataStructures' from project 'Structure')
cd /Users/admin/builder/spi-builder-workspace/.swiftpm/xcode
builtin-SwiftPerFileCompile Measured.swift
SwiftCompile normal arm64 /Users/admin/builder/spi-builder-workspace/.dependencies/checkouts/Structure/Sources/DataStructures/ContiguousSegmentCollection/Totalizable.swift (in target 'DataStructures' from project 'Structure')
cd /Users/admin/builder/spi-builder-workspace/.swiftpm/xcode
builtin-SwiftPerFileCompile Totalizable.swift
SwiftCompile normal arm64 /Users/admin/builder/spi-builder-workspace/.dependencies/checkouts/Structure/Sources/DataStructures/DictionaryProtocol.swift (in target 'DataStructures' from project 'Structure')
cd /Users/admin/builder/spi-builder-workspace/.swiftpm/xcode
builtin-SwiftPerFileCompile DictionaryProtocol.swift
SwiftCompile normal arm64 Compiling\ ReferenceTreeProtocol.swift,\ SequenceExtensions.swift,\ SetExtensions.swift,\ SingleTypedTree.swift,\ SortedArray.swift,\ SortedDictionary.swift /Users/admin/builder/spi-builder-workspace/.dependencies/checkouts/Structure/Sources/DataStructures/ReferenceTreeProtocol.swift /Users/admin/builder/spi-builder-workspace/.dependencies/checkouts/Structure/Sources/DataStructures/SequenceExtensions.swift /Users/admin/builder/spi-builder-workspace/.dependencies/checkouts/Structure/Sources/DataStructures/SetExtensions.swift /Users/admin/builder/spi-builder-workspace/.dependencies/checkouts/Structure/Sources/DataStructures/SingleTypedTree.swift /Users/admin/builder/spi-builder-workspace/.dependencies/checkouts/Structure/Sources/DataStructures/SortedArray.swift /Users/admin/builder/spi-builder-workspace/.dependencies/checkouts/Structure/Sources/DataStructures/SortedDictionary.swift (in target 'DataStructures' from project 'Structure')
SwiftCompile normal arm64 /Users/admin/builder/spi-builder-workspace/.dependencies/checkouts/Structure/Sources/DataStructures/ReferenceTreeProtocol.swift (in target 'DataStructures' from project 'Structure')
cd /Users/admin/builder/spi-builder-workspace/.swiftpm/xcode
builtin-SwiftPerFileCompile ReferenceTreeProtocol.swift
SwiftCompile normal arm64 /Users/admin/builder/spi-builder-workspace/.dependencies/checkouts/Structure/Sources/DataStructures/SequenceExtensions.swift (in target 'DataStructures' from project 'Structure')
cd /Users/admin/builder/spi-builder-workspace/.swiftpm/xcode
builtin-SwiftPerFileCompile SequenceExtensions.swift
SwiftCompile normal arm64 /Users/admin/builder/spi-builder-workspace/.dependencies/checkouts/Structure/Sources/DataStructures/SetExtensions.swift (in target 'DataStructures' from project 'Structure')
cd /Users/admin/builder/spi-builder-workspace/.swiftpm/xcode
builtin-SwiftPerFileCompile SetExtensions.swift
SwiftCompile normal arm64 /Users/admin/builder/spi-builder-workspace/.dependencies/checkouts/Structure/Sources/DataStructures/SingleTypedTree.swift (in target 'DataStructures' from project 'Structure')
cd /Users/admin/builder/spi-builder-workspace/.swiftpm/xcode
builtin-SwiftPerFileCompile SingleTypedTree.swift
SwiftCompile normal arm64 /Users/admin/builder/spi-builder-workspace/.dependencies/checkouts/Structure/Sources/DataStructures/SortedArray.swift (in target 'DataStructures' from project 'Structure')
cd /Users/admin/builder/spi-builder-workspace/.swiftpm/xcode
builtin-SwiftPerFileCompile SortedArray.swift
SwiftCompile normal arm64 /Users/admin/builder/spi-builder-workspace/.dependencies/checkouts/Structure/Sources/DataStructures/SortedDictionary.swift (in target 'DataStructures' from project 'Structure')
cd /Users/admin/builder/spi-builder-workspace/.swiftpm/xcode
builtin-SwiftPerFileCompile SortedDictionary.swift
SwiftCompile normal arm64_32 Compiling\ Pair.swift,\ SwappablePair.swift,\ SymmetricPair.swift,\ UnorderedPair.swift,\ Queue.swift,\ RangeProtocol+Algebra.swift,\ RangeProtocol.swift /Users/admin/builder/spi-builder-workspace/.dependencies/checkouts/Structure/Sources/DataStructures/Pair/Pair.swift /Users/admin/builder/spi-builder-workspace/.dependencies/checkouts/Structure/Sources/DataStructures/Pair/SwappablePair.swift /Users/admin/builder/spi-builder-workspace/.dependencies/checkouts/Structure/Sources/DataStructures/Pair/SymmetricPair.swift /Users/admin/builder/spi-builder-workspace/.dependencies/checkouts/Structure/Sources/DataStructures/Pair/UnorderedPair.swift /Users/admin/builder/spi-builder-workspace/.dependencies/checkouts/Structure/Sources/DataStructures/Queue.swift /Users/admin/builder/spi-builder-workspace/.dependencies/checkouts/Structure/Sources/DataStructures/RangeProtocol+Algebra.swift /Users/admin/builder/spi-builder-workspace/.dependencies/checkouts/Structure/Sources/DataStructures/RangeProtocol.swift (in target 'DataStructures' from project 'Structure')
SwiftCompile normal arm64_32 /Users/admin/builder/spi-builder-workspace/.dependencies/checkouts/Structure/Sources/DataStructures/Pair/Pair.swift (in target 'DataStructures' from project 'Structure')
cd /Users/admin/builder/spi-builder-workspace/.swiftpm/xcode
builtin-SwiftPerFileCompile Pair.swift
SwiftCompile normal arm64_32 /Users/admin/builder/spi-builder-workspace/.dependencies/checkouts/Structure/Sources/DataStructures/Pair/SwappablePair.swift (in target 'DataStructures' from project 'Structure')
cd /Users/admin/builder/spi-builder-workspace/.swiftpm/xcode
builtin-SwiftPerFileCompile SwappablePair.swift
SwiftCompile normal arm64_32 /Users/admin/builder/spi-builder-workspace/.dependencies/checkouts/Structure/Sources/DataStructures/Pair/SymmetricPair.swift (in target 'DataStructures' from project 'Structure')
cd /Users/admin/builder/spi-builder-workspace/.swiftpm/xcode
builtin-SwiftPerFileCompile SymmetricPair.swift
SwiftCompile normal arm64_32 /Users/admin/builder/spi-builder-workspace/.dependencies/checkouts/Structure/Sources/DataStructures/Pair/UnorderedPair.swift (in target 'DataStructures' from project 'Structure')
cd /Users/admin/builder/spi-builder-workspace/.swiftpm/xcode
builtin-SwiftPerFileCompile UnorderedPair.swift
SwiftCompile normal arm64_32 /Users/admin/builder/spi-builder-workspace/.dependencies/checkouts/Structure/Sources/DataStructures/Queue.swift (in target 'DataStructures' from project 'Structure')
cd /Users/admin/builder/spi-builder-workspace/.swiftpm/xcode
builtin-SwiftPerFileCompile Queue.swift
SwiftCompile normal arm64_32 /Users/admin/builder/spi-builder-workspace/.dependencies/checkouts/Structure/Sources/DataStructures/RangeProtocol+Algebra.swift (in target 'DataStructures' from project 'Structure')
cd /Users/admin/builder/spi-builder-workspace/.swiftpm/xcode
builtin-SwiftPerFileCompile RangeProtocol+Algebra.swift
SwiftCompile normal arm64_32 /Users/admin/builder/spi-builder-workspace/.dependencies/checkouts/Structure/Sources/DataStructures/RangeProtocol.swift (in target 'DataStructures' from project 'Structure')
cd /Users/admin/builder/spi-builder-workspace/.swiftpm/xcode
builtin-SwiftPerFileCompile RangeProtocol.swift
SwiftDriverJobDiscovery normal arm64_32 Compiling AVLTree.swift, AdjacencyList.swift, Bimap.swift, BinaryHeap.swift, BinarySearchTree.swift, CircularArray.swift, CollectionExtensions.swift (in target 'DataStructures' from project 'Structure')
SwiftMergeGeneratedHeaders /Users/admin/builder/spi-builder-workspace/.derivedData/Build/Intermediates.noindex/GeneratedModuleMaps-watchos/DataStructures-Swift.h /Users/admin/builder/spi-builder-workspace/.derivedData/Build/Intermediates.noindex/Structure.build/Debug-watchos/DataStructures-t.build/Objects-normal/arm64/DataStructures-Swift.h /Users/admin/builder/spi-builder-workspace/.derivedData/Build/Intermediates.noindex/Structure.build/Debug-watchos/DataStructures-t.build/Objects-normal/arm64_32/DataStructures-Swift.h (in target 'DataStructures' from project 'Structure')
cd /Users/admin/builder/spi-builder-workspace/.dependencies/checkouts/Structure
builtin-swiftHeaderTool -arch arm64 /Users/admin/builder/spi-builder-workspace/.derivedData/Build/Intermediates.noindex/Structure.build/Debug-watchos/DataStructures-t.build/Objects-normal/arm64/DataStructures-Swift.h -arch arm64_32 /Users/admin/builder/spi-builder-workspace/.derivedData/Build/Intermediates.noindex/Structure.build/Debug-watchos/DataStructures-t.build/Objects-normal/arm64_32/DataStructures-Swift.h -o /Users/admin/builder/spi-builder-workspace/.derivedData/Build/Intermediates.noindex/GeneratedModuleMaps-watchos/DataStructures-Swift.h
SwiftDriverJobDiscovery normal arm64_32 Compiling ContiguousSegmentCollection.swift, Fragmentable.swift, Intervallic.swift, IntervallicFragmentable.swift, Measured.swift, Totalizable.swift, DictionaryProtocol.swift (in target 'DataStructures' from project 'Structure')
Copy /Users/admin/builder/spi-builder-workspace/.derivedData/Build/Products/Debug-watchos/DataStructures.swiftmodule/arm64_32-apple-watchos.swiftmodule /Users/admin/builder/spi-builder-workspace/.derivedData/Build/Intermediates.noindex/Structure.build/Debug-watchos/DataStructures-t.build/Objects-normal/arm64_32/DataStructures.swiftmodule (in target 'DataStructures' from project 'Structure')
cd /Users/admin/builder/spi-builder-workspace/.dependencies/checkouts/Structure
builtin-copy -exclude .DS_Store -exclude CVS -exclude .svn -exclude .git -exclude .hg -resolve-src-symlinks -rename /Users/admin/builder/spi-builder-workspace/.derivedData/Build/Intermediates.noindex/Structure.build/Debug-watchos/DataStructures-t.build/Objects-normal/arm64_32/DataStructures.swiftmodule /Users/admin/builder/spi-builder-workspace/.derivedData/Build/Products/Debug-watchos/DataStructures.swiftmodule/arm64_32-apple-watchos.swiftmodule
Copy /Users/admin/builder/spi-builder-workspace/.derivedData/Build/Products/Debug-watchos/DataStructures.swiftmodule/arm64_32-apple-watchos.swiftdoc /Users/admin/builder/spi-builder-workspace/.derivedData/Build/Intermediates.noindex/Structure.build/Debug-watchos/DataStructures-t.build/Objects-normal/arm64_32/DataStructures.swiftdoc (in target 'DataStructures' from project 'Structure')
cd /Users/admin/builder/spi-builder-workspace/.dependencies/checkouts/Structure
builtin-copy -exclude .DS_Store -exclude CVS -exclude .svn -exclude .git -exclude .hg -resolve-src-symlinks -rename /Users/admin/builder/spi-builder-workspace/.derivedData/Build/Intermediates.noindex/Structure.build/Debug-watchos/DataStructures-t.build/Objects-normal/arm64_32/DataStructures.swiftdoc /Users/admin/builder/spi-builder-workspace/.derivedData/Build/Products/Debug-watchos/DataStructures.swiftmodule/arm64_32-apple-watchos.swiftdoc
Copy /Users/admin/builder/spi-builder-workspace/.derivedData/Build/Products/Debug-watchos/DataStructures.swiftmodule/arm64_32-apple-watchos.abi.json /Users/admin/builder/spi-builder-workspace/.derivedData/Build/Intermediates.noindex/Structure.build/Debug-watchos/DataStructures-t.build/Objects-normal/arm64_32/DataStructures.abi.json (in target 'DataStructures' from project 'Structure')
cd /Users/admin/builder/spi-builder-workspace/.dependencies/checkouts/Structure
builtin-copy -exclude .DS_Store -exclude CVS -exclude .svn -exclude .git -exclude .hg -resolve-src-symlinks -rename /Users/admin/builder/spi-builder-workspace/.derivedData/Build/Intermediates.noindex/Structure.build/Debug-watchos/DataStructures-t.build/Objects-normal/arm64_32/DataStructures.abi.json /Users/admin/builder/spi-builder-workspace/.derivedData/Build/Products/Debug-watchos/DataStructures.swiftmodule/arm64_32-apple-watchos.abi.json
Copy /Users/admin/builder/spi-builder-workspace/.derivedData/Build/Products/Debug-watchos/DataStructures.swiftmodule/Project/arm64_32-apple-watchos.swiftsourceinfo /Users/admin/builder/spi-builder-workspace/.derivedData/Build/Intermediates.noindex/Structure.build/Debug-watchos/DataStructures-t.build/Objects-normal/arm64_32/DataStructures.swiftsourceinfo (in target 'DataStructures' from project 'Structure')
cd /Users/admin/builder/spi-builder-workspace/.dependencies/checkouts/Structure
builtin-copy -exclude .DS_Store -exclude CVS -exclude .svn -exclude .git -exclude .hg -resolve-src-symlinks -rename /Users/admin/builder/spi-builder-workspace/.derivedData/Build/Intermediates.noindex/Structure.build/Debug-watchos/DataStructures-t.build/Objects-normal/arm64_32/DataStructures.swiftsourceinfo /Users/admin/builder/spi-builder-workspace/.derivedData/Build/Products/Debug-watchos/DataStructures.swiftmodule/Project/arm64_32-apple-watchos.swiftsourceinfo
SwiftCompile normal arm64_32 Compiling\ WeightedGraphProtocol.swift,\ WeightedDirectedGraph.swift,\ WeightedGraph.swift,\ Homogeneity.swift,\ Identifier.swift,\ IntervalRelation.swift,\ InvertibleEnum.swift /Users/admin/builder/spi-builder-workspace/.dependencies/checkouts/Structure/Sources/DataStructures/Graph/Protocols/WeightedGraphProtocol.swift /Users/admin/builder/spi-builder-workspace/.dependencies/checkouts/Structure/Sources/DataStructures/Graph/WeightedDirectedGraph.swift /Users/admin/builder/spi-builder-workspace/.dependencies/checkouts/Structure/Sources/DataStructures/Graph/WeightedGraph.swift /Users/admin/builder/spi-builder-workspace/.dependencies/checkouts/Structure/Sources/DataStructures/Homogeneity.swift /Users/admin/builder/spi-builder-workspace/.dependencies/checkouts/Structure/Sources/DataStructures/Identifier.swift /Users/admin/builder/spi-builder-workspace/.dependencies/checkouts/Structure/Sources/DataStructures/IntervalRelation.swift /Users/admin/builder/spi-builder-workspace/.dependencies/checkouts/Structure/Sources/DataStructures/InvertibleEnum.swift (in target 'DataStructures' from project 'Structure')
SwiftCompile normal arm64_32 /Users/admin/builder/spi-builder-workspace/.dependencies/checkouts/Structure/Sources/DataStructures/Graph/Protocols/WeightedGraphProtocol.swift (in target 'DataStructures' from project 'Structure')
cd /Users/admin/builder/spi-builder-workspace/.swiftpm/xcode
builtin-SwiftPerFileCompile WeightedGraphProtocol.swift
SwiftCompile normal arm64_32 /Users/admin/builder/spi-builder-workspace/.dependencies/checkouts/Structure/Sources/DataStructures/Graph/WeightedDirectedGraph.swift (in target 'DataStructures' from project 'Structure')
cd /Users/admin/builder/spi-builder-workspace/.swiftpm/xcode
builtin-SwiftPerFileCompile WeightedDirectedGraph.swift
SwiftCompile normal arm64_32 /Users/admin/builder/spi-builder-workspace/.dependencies/checkouts/Structure/Sources/DataStructures/Graph/WeightedGraph.swift (in target 'DataStructures' from project 'Structure')
cd /Users/admin/builder/spi-builder-workspace/.swiftpm/xcode
builtin-SwiftPerFileCompile WeightedGraph.swift
SwiftCompile normal arm64_32 /Users/admin/builder/spi-builder-workspace/.dependencies/checkouts/Structure/Sources/DataStructures/Homogeneity.swift (in target 'DataStructures' from project 'Structure')
cd /Users/admin/builder/spi-builder-workspace/.swiftpm/xcode
builtin-SwiftPerFileCompile Homogeneity.swift
SwiftCompile normal arm64_32 /Users/admin/builder/spi-builder-workspace/.dependencies/checkouts/Structure/Sources/DataStructures/Identifier.swift (in target 'DataStructures' from project 'Structure')
cd /Users/admin/builder/spi-builder-workspace/.swiftpm/xcode
builtin-SwiftPerFileCompile Identifier.swift
SwiftCompile normal arm64_32 /Users/admin/builder/spi-builder-workspace/.dependencies/checkouts/Structure/Sources/DataStructures/IntervalRelation.swift (in target 'DataStructures' from project 'Structure')
cd /Users/admin/builder/spi-builder-workspace/.swiftpm/xcode
builtin-SwiftPerFileCompile IntervalRelation.swift
SwiftCompile normal arm64_32 /Users/admin/builder/spi-builder-workspace/.dependencies/checkouts/Structure/Sources/DataStructures/InvertibleEnum.swift (in target 'DataStructures' from project 'Structure')
cd /Users/admin/builder/spi-builder-workspace/.swiftpm/xcode
builtin-SwiftPerFileCompile InvertibleEnum.swift
SwiftDriverJobDiscovery normal arm64 Compiling ReferenceGraph.AdjacencyList.swift, ReferenceGraph.Edge.swift, ReferenceGraph.EdgeList.swift, ReferenceGraph.Node.swift, ReferenceGraph.swift, ReferenceTree.swift (in target 'DataStructures' from project 'Structure')
SwiftCompile normal arm64_32 Compiling\ LinkedList.swift,\ Matrix.swift,\ Metatype.swift,\ NewType.swift,\ OrderedDictionary.swift,\ Cross.swift,\ OrderedPair.swift /Users/admin/builder/spi-builder-workspace/.dependencies/checkouts/Structure/Sources/DataStructures/LinkedList.swift /Users/admin/builder/spi-builder-workspace/.dependencies/checkouts/Structure/Sources/DataStructures/Matrix.swift /Users/admin/builder/spi-builder-workspace/.dependencies/checkouts/Structure/Sources/DataStructures/Metatype.swift /Users/admin/builder/spi-builder-workspace/.dependencies/checkouts/Structure/Sources/DataStructures/NewType.swift /Users/admin/builder/spi-builder-workspace/.dependencies/checkouts/Structure/Sources/DataStructures/OrderedDictionary.swift /Users/admin/builder/spi-builder-workspace/.dependencies/checkouts/Structure/Sources/DataStructures/Pair/Cross.swift /Users/admin/builder/spi-builder-workspace/.dependencies/checkouts/Structure/Sources/DataStructures/Pair/OrderedPair.swift (in target 'DataStructures' from project 'Structure')
SwiftCompile normal arm64_32 /Users/admin/builder/spi-builder-workspace/.dependencies/checkouts/Structure/Sources/DataStructures/LinkedList.swift (in target 'DataStructures' from project 'Structure')
cd /Users/admin/builder/spi-builder-workspace/.swiftpm/xcode
builtin-SwiftPerFileCompile LinkedList.swift
SwiftCompile normal arm64_32 /Users/admin/builder/spi-builder-workspace/.dependencies/checkouts/Structure/Sources/DataStructures/Matrix.swift (in target 'DataStructures' from project 'Structure')
cd /Users/admin/builder/spi-builder-workspace/.swiftpm/xcode
builtin-SwiftPerFileCompile Matrix.swift
SwiftCompile normal arm64_32 /Users/admin/builder/spi-builder-workspace/.dependencies/checkouts/Structure/Sources/DataStructures/Metatype.swift (in target 'DataStructures' from project 'Structure')
cd /Users/admin/builder/spi-builder-workspace/.swiftpm/xcode
builtin-SwiftPerFileCompile Metatype.swift
SwiftCompile normal arm64_32 /Users/admin/builder/spi-builder-workspace/.dependencies/checkouts/Structure/Sources/DataStructures/NewType.swift (in target 'DataStructures' from project 'Structure')
cd /Users/admin/builder/spi-builder-workspace/.swiftpm/xcode
builtin-SwiftPerFileCompile NewType.swift
SwiftCompile normal arm64_32 /Users/admin/builder/spi-builder-workspace/.dependencies/checkouts/Structure/Sources/DataStructures/OrderedDictionary.swift (in target 'DataStructures' from project 'Structure')
cd /Users/admin/builder/spi-builder-workspace/.swiftpm/xcode
builtin-SwiftPerFileCompile OrderedDictionary.swift
SwiftCompile normal arm64_32 /Users/admin/builder/spi-builder-workspace/.dependencies/checkouts/Structure/Sources/DataStructures/Pair/Cross.swift (in target 'DataStructures' from project 'Structure')
cd /Users/admin/builder/spi-builder-workspace/.swiftpm/xcode
builtin-SwiftPerFileCompile Cross.swift
SwiftCompile normal arm64_32 /Users/admin/builder/spi-builder-workspace/.dependencies/checkouts/Structure/Sources/DataStructures/Pair/OrderedPair.swift (in target 'DataStructures' from project 'Structure')
cd /Users/admin/builder/spi-builder-workspace/.swiftpm/xcode
builtin-SwiftPerFileCompile OrderedPair.swift
SwiftDriverJobDiscovery normal arm64 Compiling WeightedGraphProtocol.swift, WeightedDirectedGraph.swift, WeightedGraph.swift, Homogeneity.swift, Identifier.swift, IntervalRelation.swift, InvertibleEnum.swift (in target 'DataStructures' from project 'Structure')
SwiftDriverJobDiscovery normal arm64 Compiling Pair.swift, SwappablePair.swift, SymmetricPair.swift, UnorderedPair.swift, Queue.swift, RangeProtocol+Algebra.swift, RangeProtocol.swift (in target 'DataStructures' from project 'Structure')
SwiftDriver Math normal arm64 com.apple.xcode.tools.swift.compiler (in target 'Math' from project 'Math')
cd /Users/admin/builder/spi-builder-workspace/.swiftpm/xcode
builtin-SwiftDriver -- /Applications/Xcode-27.0.0-Release.Candidate.app/Contents/Developer/Toolchains/XcodeDefault.xctoolchain/usr/bin/swiftc -parse-as-library -module-name Math -Onone @/Users/admin/builder/spi-builder-workspace/.derivedData/Build/Intermediates.noindex/Math.build/Debug-watchos/Math-t.build/Objects-normal/arm64/Math.SwiftFileList -DSWIFT_PACKAGE -DDEBUG -DSWIFT_MODULE_RESOURCE_BUNDLE_UNAVAILABLE -DXcode -plugin-path /Applications/Xcode-27.0.0-Release.Candidate.app/Contents/Developer/Toolchains/XcodeDefault.xctoolchain/usr/lib/swift/host/plugins/testing -enable-experimental-feature DebugDescriptionMacro -sdk /Applications/Xcode-27.0.0-Release.Candidate.app/Contents/Developer/Platforms/WatchOS.platform/Developer/SDKs/WatchOS27.0.sdk -target arm64-apple-watchos9.0 -g -module-cache-path /Users/admin/builder/spi-builder-workspace/.derivedData/ModuleCache.noindex -Xfrontend -serialize-debugging-options -profile-coverage-mapping -profile-generate -enable-testing -suppress-warnings -index-store-path /Users/admin/builder/spi-builder-workspace/.derivedData/Index.noindex/DataStore -Xcc -D_LIBCPP_HARDENING_MODE\=_LIBCPP_HARDENING_MODE_DEBUG -swift-version 4.2 -I /Users/admin/builder/spi-builder-workspace/.derivedData/Build/Products/Debug-watchos -Isystem /Applications/Xcode-27.0.0-Release.Candidate.app/Contents/Developer/Platforms/WatchOS.platform/Developer/usr/lib -F /Users/admin/builder/spi-builder-workspace/.derivedData/Build/Products/Debug-watchos/PackageFrameworks -F /Users/admin/builder/spi-builder-workspace/.derivedData/Build/Products/Debug-watchos -F /Applications/Xcode-27.0.0-Release.Candidate.app/Contents/Developer/Platforms/WatchOS.platform/Developer/Library/Frameworks -F /Applications/Xcode-27.0.0-Release.Candidate.app/Contents/Developer/Platforms/WatchOS.platform/Developer/SDKs/WatchOS27.0.sdk/Developer/Library/Frameworks -c -j10 -enable-batch-mode -incremental -Xcc -ivfsstatcache -Xcc /Users/admin/builder/spi-builder-workspace/.derivedData/SDKStatCaches.noindex/watchos27.0-24R360-e829b21a6f8c9b70876ba0858053c04477534ef55a1706bf4c1112bbb242f0a2.sdkstatcache -output-file-map /Users/admin/builder/spi-builder-workspace/.derivedData/Build/Intermediates.noindex/Math.build/Debug-watchos/Math-t.build/Objects-normal/arm64/Math-OutputFileMap.json -save-temps -no-color-diagnostics -emit-dependencies -emit-module -emit-module-path /Users/admin/builder/spi-builder-workspace/.derivedData/Build/Intermediates.noindex/Math.build/Debug-watchos/Math-t.build/Objects-normal/arm64/Math.swiftmodule -serialize-diagnostics -validate-clang-modules-once -clang-build-session-file /Users/admin/builder/spi-builder-workspace/.derivedData/ModuleCache.noindex/Session.modulevalidation -Xcc -fmodules-prune-interval\=86400 -Xcc -fmodules-prune-after\=345600 -emit-const-values -const-gather-protocols-list /Users/admin/builder/spi-builder-workspace/.derivedData/Build/Intermediates.noindex/Math.build/Debug-watchos/Math-t.build/Objects-normal/arm64/Math_const_extract_protocols.json -Xcc -I/Users/admin/builder/spi-builder-workspace/.derivedData/Build/Products/Debug-watchos/include -Xcc -I/Users/admin/builder/spi-builder-workspace/.derivedData/Build/Intermediates.noindex/Math.build/Debug-watchos/Math-t.build/DerivedSources-normal/arm64 -Xcc -I/Users/admin/builder/spi-builder-workspace/.derivedData/Build/Intermediates.noindex/Math.build/Debug-watchos/Math-t.build/DerivedSources/arm64 -Xcc -I/Users/admin/builder/spi-builder-workspace/.derivedData/Build/Intermediates.noindex/Math.build/Debug-watchos/Math-t.build/DerivedSources -Xcc -DSWIFT_PACKAGE -Xcc -DDEBUG\=1 -emit-objc-header -emit-objc-header-path /Users/admin/builder/spi-builder-workspace/.derivedData/Build/Intermediates.noindex/Math.build/Debug-watchos/Math-t.build/Objects-normal/arm64/Math-Swift.h -working-directory /Users/admin/builder/spi-builder-workspace/.swiftpm/xcode -experimental-emit-module-separately -disable-cmo
SwiftDriver Math normal arm64_32 com.apple.xcode.tools.swift.compiler (in target 'Math' from project 'Math')
cd /Users/admin/builder/spi-builder-workspace/.swiftpm/xcode
builtin-SwiftDriver -- /Applications/Xcode-27.0.0-Release.Candidate.app/Contents/Developer/Toolchains/XcodeDefault.xctoolchain/usr/bin/swiftc -parse-as-library -module-name Math -Onone @/Users/admin/builder/spi-builder-workspace/.derivedData/Build/Intermediates.noindex/Math.build/Debug-watchos/Math-t.build/Objects-normal/arm64_32/Math.SwiftFileList -DSWIFT_PACKAGE -DDEBUG -DSWIFT_MODULE_RESOURCE_BUNDLE_UNAVAILABLE -DXcode -plugin-path /Applications/Xcode-27.0.0-Release.Candidate.app/Contents/Developer/Toolchains/XcodeDefault.xctoolchain/usr/lib/swift/host/plugins/testing -enable-experimental-feature DebugDescriptionMacro -sdk /Applications/Xcode-27.0.0-Release.Candidate.app/Contents/Developer/Platforms/WatchOS.platform/Developer/SDKs/WatchOS27.0.sdk -target arm64_32-apple-watchos9.0 -g -module-cache-path /Users/admin/builder/spi-builder-workspace/.derivedData/ModuleCache.noindex -Xfrontend -serialize-debugging-options -profile-coverage-mapping -profile-generate -enable-testing -suppress-warnings -index-store-path /Users/admin/builder/spi-builder-workspace/.derivedData/Index.noindex/DataStore -Xcc -D_LIBCPP_HARDENING_MODE\=_LIBCPP_HARDENING_MODE_DEBUG -swift-version 4.2 -I /Users/admin/builder/spi-builder-workspace/.derivedData/Build/Products/Debug-watchos -Isystem /Applications/Xcode-27.0.0-Release.Candidate.app/Contents/Developer/Platforms/WatchOS.platform/Developer/usr/lib -F /Users/admin/builder/spi-builder-workspace/.derivedData/Build/Products/Debug-watchos/PackageFrameworks -F /Users/admin/builder/spi-builder-workspace/.derivedData/Build/Products/Debug-watchos -F /Applications/Xcode-27.0.0-Release.Candidate.app/Contents/Developer/Platforms/WatchOS.platform/Developer/Library/Frameworks -F /Applications/Xcode-27.0.0-Release.Candidate.app/Contents/Developer/Platforms/WatchOS.platform/Developer/SDKs/WatchOS27.0.sdk/Developer/Library/Frameworks -c -j10 -enable-batch-mode -incremental -Xcc -ivfsstatcache -Xcc /Users/admin/builder/spi-builder-workspace/.derivedData/SDKStatCaches.noindex/watchos27.0-24R360-e829b21a6f8c9b70876ba0858053c04477534ef55a1706bf4c1112bbb242f0a2.sdkstatcache -output-file-map /Users/admin/builder/spi-builder-workspace/.derivedData/Build/Intermediates.noindex/Math.build/Debug-watchos/Math-t.build/Objects-normal/arm64_32/Math-OutputFileMap.json -save-temps -no-color-diagnostics -emit-dependencies -emit-module -emit-module-path /Users/admin/builder/spi-builder-workspace/.derivedData/Build/Intermediates.noindex/Math.build/Debug-watchos/Math-t.build/Objects-normal/arm64_32/Math.swiftmodule -serialize-diagnostics -validate-clang-modules-once -clang-build-session-file /Users/admin/builder/spi-builder-workspace/.derivedData/ModuleCache.noindex/Session.modulevalidation -Xcc -fmodules-prune-interval\=86400 -Xcc -fmodules-prune-after\=345600 -emit-const-values -const-gather-protocols-list /Users/admin/builder/spi-builder-workspace/.derivedData/Build/Intermediates.noindex/Math.build/Debug-watchos/Math-t.build/Objects-normal/arm64_32/Math_const_extract_protocols.json -Xcc -I/Users/admin/builder/spi-builder-workspace/.derivedData/Build/Products/Debug-watchos/include -Xcc -I/Users/admin/builder/spi-builder-workspace/.derivedData/Build/Intermediates.noindex/Math.build/Debug-watchos/Math-t.build/DerivedSources-normal/arm64_32 -Xcc -I/Users/admin/builder/spi-builder-workspace/.derivedData/Build/Intermediates.noindex/Math.build/Debug-watchos/Math-t.build/DerivedSources/arm64_32 -Xcc -I/Users/admin/builder/spi-builder-workspace/.derivedData/Build/Intermediates.noindex/Math.build/Debug-watchos/Math-t.build/DerivedSources -Xcc -DSWIFT_PACKAGE -Xcc -DDEBUG\=1 -emit-objc-header -emit-objc-header-path /Users/admin/builder/spi-builder-workspace/.derivedData/Build/Intermediates.noindex/Math.build/Debug-watchos/Math-t.build/Objects-normal/arm64_32/Math-Swift.h -working-directory /Users/admin/builder/spi-builder-workspace/.swiftpm/xcode -experimental-emit-module-separately -disable-cmo
SwiftDriverJobDiscovery normal arm64_32 Compiling Stack.swift, Tree.Zipper.swift, Tree.swift, CollectionWrapping.swift, DoubleWrapping.swift, FloatWrapping.swift (in target 'DataStructures' from project 'Structure')
Ld /Users/admin/builder/spi-builder-workspace/.derivedData/Build/Intermediates.noindex/Structure.build/Debug-watchos/Algorithms-t.build/Objects-normal/arm64_32/Binary/Algorithms.o normal arm64_32 (in target 'Algorithms' from project 'Structure')
cd /Users/admin/builder/spi-builder-workspace/.dependencies/checkouts/Structure
/Applications/Xcode-27.0.0-Release.Candidate.app/Contents/Developer/Toolchains/XcodeDefault.xctoolchain/usr/bin/clang -Xlinker -reproducible -target arm64_32-apple-watchos9.0 -r -isysroot /Applications/Xcode-27.0.0-Release.Candidate.app/Contents/Developer/Platforms/WatchOS.platform/Developer/SDKs/WatchOS27.0.sdk -O0 -w -Xlinker -no_warn_duplicate_libraries -F/Users/admin/builder/spi-builder-workspace/.derivedData/Build/Intermediates.noindex/EagerLinkingTBDs/Debug-watchos -F/Users/admin/builder/spi-builder-workspace/.derivedData/Build/Products/Debug-watchos/PackageFrameworks -F/Users/admin/builder/spi-builder-workspace/.derivedData/Build/Products/Debug-watchos -iframework /Applications/Xcode-27.0.0-Release.Candidate.app/Contents/Developer/Platforms/WatchOS.platform/Developer/Library/Frameworks -iframework /Applications/Xcode-27.0.0-Release.Candidate.app/Contents/Developer/Platforms/WatchOS.platform/Developer/SDKs/WatchOS27.0.sdk/Developer/Library/Frameworks -filelist /Users/admin/builder/spi-builder-workspace/.derivedData/Build/Intermediates.noindex/Structure.build/Debug-watchos/Algorithms-t.build/Objects-normal/arm64_32/Algorithms.LinkFileList -nostdlib -Xlinker -object_path_lto -Xlinker /Users/admin/builder/spi-builder-workspace/.derivedData/Build/Intermediates.noindex/Structure.build/Debug-watchos/Algorithms-t.build/Objects-normal/arm64_32/Algorithms_lto.o -Xlinker -no_deduplicate -Xlinker -debug_variant -Xlinker -dependency_info -Xlinker /Users/admin/builder/spi-builder-workspace/.derivedData/Build/Intermediates.noindex/Structure.build/Debug-watchos/Algorithms-t.build/Objects-normal/arm64_32/Algorithms_dependency_info.dat -fobjc-link-runtime -L/Applications/Xcode-27.0.0-Release.Candidate.app/Contents/Developer/Toolchains/XcodeDefault.xctoolchain/usr/lib/swift/watchos -L/usr/lib/swift -Xlinker -add_ast_path -Xlinker /Users/admin/builder/spi-builder-workspace/.derivedData/Build/Intermediates.noindex/Structure.build/Debug-watchos/Algorithms-t.build/Objects-normal/arm64_32/Algorithms.swiftmodule -o /Users/admin/builder/spi-builder-workspace/.derivedData/Build/Intermediates.noindex/Structure.build/Debug-watchos/Algorithms-t.build/Objects-normal/arm64_32/Binary/Algorithms.o
Ld /Users/admin/builder/spi-builder-workspace/.derivedData/Build/Intermediates.noindex/Structure.build/Debug-watchos/Algorithms-t.build/Objects-normal/arm64/Binary/Algorithms.o normal arm64 (in target 'Algorithms' from project 'Structure')
cd /Users/admin/builder/spi-builder-workspace/.dependencies/checkouts/Structure
/Applications/Xcode-27.0.0-Release.Candidate.app/Contents/Developer/Toolchains/XcodeDefault.xctoolchain/usr/bin/clang -Xlinker -reproducible -target arm64-apple-watchos9.0 -r -isysroot /Applications/Xcode-27.0.0-Release.Candidate.app/Contents/Developer/Platforms/WatchOS.platform/Developer/SDKs/WatchOS27.0.sdk -O0 -w -Xlinker -no_warn_duplicate_libraries -F/Users/admin/builder/spi-builder-workspace/.derivedData/Build/Intermediates.noindex/EagerLinkingTBDs/Debug-watchos -F/Users/admin/builder/spi-builder-workspace/.derivedData/Build/Products/Debug-watchos/PackageFrameworks -F/Users/admin/builder/spi-builder-workspace/.derivedData/Build/Products/Debug-watchos -iframework /Applications/Xcode-27.0.0-Release.Candidate.app/Contents/Developer/Platforms/WatchOS.platform/Developer/Library/Frameworks -iframework /Applications/Xcode-27.0.0-Release.Candidate.app/Contents/Developer/Platforms/WatchOS.platform/Developer/SDKs/WatchOS27.0.sdk/Developer/Library/Frameworks -filelist /Users/admin/builder/spi-builder-workspace/.derivedData/Build/Intermediates.noindex/Structure.build/Debug-watchos/Algorithms-t.build/Objects-normal/arm64/Algorithms.LinkFileList -nostdlib -Xlinker -object_path_lto -Xlinker /Users/admin/builder/spi-builder-workspace/.derivedData/Build/Intermediates.noindex/Structure.build/Debug-watchos/Algorithms-t.build/Objects-normal/arm64/Algorithms_lto.o -Xlinker -no_deduplicate -Xlinker -debug_variant -Xlinker -dependency_info -Xlinker /Users/admin/builder/spi-builder-workspace/.derivedData/Build/Intermediates.noindex/Structure.build/Debug-watchos/Algorithms-t.build/Objects-normal/arm64/Algorithms_dependency_info.dat -fobjc-link-runtime -L/Applications/Xcode-27.0.0-Release.Candidate.app/Contents/Developer/Toolchains/XcodeDefault.xctoolchain/usr/lib/swift/watchos -L/usr/lib/swift -Xlinker -add_ast_path -Xlinker /Users/admin/builder/spi-builder-workspace/.derivedData/Build/Intermediates.noindex/Structure.build/Debug-watchos/Algorithms-t.build/Objects-normal/arm64/Algorithms.swiftmodule -o /Users/admin/builder/spi-builder-workspace/.derivedData/Build/Intermediates.noindex/Structure.build/Debug-watchos/Algorithms-t.build/Objects-normal/arm64/Binary/Algorithms.o
SwiftDriverJobDiscovery normal arm64 Compiling LinkedList.swift, Matrix.swift, Metatype.swift, NewType.swift, OrderedDictionary.swift, Cross.swift, OrderedPair.swift (in target 'DataStructures' from project 'Structure')
SwiftEmitModule normal arm64_32 Emitting\ module\ for\ Math (in target 'Math' from project 'Math')
SwiftCompile normal arm64_32 (in target 'Math' from project 'Math')
cd /Users/admin/builder/spi-builder-workspace/.swiftpm/xcode
SwiftCompile normal arm64_32 Compiling\ Power.swift /Users/admin/builder/spi-builder-workspace/.dependencies/checkouts/Math/Sources/Math/Power.swift (in target 'Math' from project 'Math')
SwiftCompile normal arm64_32 /Users/admin/builder/spi-builder-workspace/.dependencies/checkouts/Math/Sources/Math/Power.swift (in target 'Math' from project 'Math')
cd /Users/admin/builder/spi-builder-workspace/.swiftpm/xcode
builtin-SwiftPerFileCompile Power.swift
SwiftCompile normal arm64_32 Compiling\ Scale.swift /Users/admin/builder/spi-builder-workspace/.dependencies/checkouts/Math/Sources/Math/Scale.swift (in target 'Math' from project 'Math')
SwiftCompile normal arm64_32 /Users/admin/builder/spi-builder-workspace/.dependencies/checkouts/Math/Sources/Math/Scale.swift (in target 'Math' from project 'Math')
cd /Users/admin/builder/spi-builder-workspace/.swiftpm/xcode
builtin-SwiftPerFileCompile Scale.swift
SwiftDriverJobDiscovery normal arm64_32 Compiling IntegerWrapping.swift, RandomAccessCollectionWrapping.swift, SequenceWrapping.swift, SortedCollectionWrapping.swift, Zip3Sequence.swift, ZipToLongest.swift (in target 'DataStructures' from project 'Structure')
SwiftEmitModule normal arm64 Emitting\ module\ for\ Math (in target 'Math' from project 'Math')
SwiftCompile normal arm64 (in target 'Math' from project 'Math')
cd /Users/admin/builder/spi-builder-workspace/.swiftpm/xcode
Ld /Users/admin/builder/spi-builder-workspace/.derivedData/Build/Intermediates.noindex/Structure.build/Debug-watchos/Algebra-t.build/Objects-normal/arm64_32/Binary/Algebra.o normal arm64_32 (in target 'Algebra' from project 'Structure')
cd /Users/admin/builder/spi-builder-workspace/.dependencies/checkouts/Structure
/Applications/Xcode-27.0.0-Release.Candidate.app/Contents/Developer/Toolchains/XcodeDefault.xctoolchain/usr/bin/clang -Xlinker -reproducible -target arm64_32-apple-watchos9.0 -r -isysroot /Applications/Xcode-27.0.0-Release.Candidate.app/Contents/Developer/Platforms/WatchOS.platform/Developer/SDKs/WatchOS27.0.sdk -O0 -w -Xlinker -no_warn_duplicate_libraries -F/Users/admin/builder/spi-builder-workspace/.derivedData/Build/Intermediates.noindex/EagerLinkingTBDs/Debug-watchos -F/Users/admin/builder/spi-builder-workspace/.derivedData/Build/Products/Debug-watchos/PackageFrameworks -F/Users/admin/builder/spi-builder-workspace/.derivedData/Build/Products/Debug-watchos -iframework /Applications/Xcode-27.0.0-Release.Candidate.app/Contents/Developer/Platforms/WatchOS.platform/Developer/Library/Frameworks -iframework /Applications/Xcode-27.0.0-Release.Candidate.app/Contents/Developer/Platforms/WatchOS.platform/Developer/SDKs/WatchOS27.0.sdk/Developer/Library/Frameworks -filelist /Users/admin/builder/spi-builder-workspace/.derivedData/Build/Intermediates.noindex/Structure.build/Debug-watchos/Algebra-t.build/Objects-normal/arm64_32/Algebra.LinkFileList -nostdlib -Xlinker -object_path_lto -Xlinker /Users/admin/builder/spi-builder-workspace/.derivedData/Build/Intermediates.noindex/Structure.build/Debug-watchos/Algebra-t.build/Objects-normal/arm64_32/Algebra_lto.o -Xlinker -no_deduplicate -Xlinker -debug_variant -Xlinker -dependency_info -Xlinker /Users/admin/builder/spi-builder-workspace/.derivedData/Build/Intermediates.noindex/Structure.build/Debug-watchos/Algebra-t.build/Objects-normal/arm64_32/Algebra_dependency_info.dat -fobjc-link-runtime -L/Applications/Xcode-27.0.0-Release.Candidate.app/Contents/Developer/Toolchains/XcodeDefault.xctoolchain/usr/lib/swift/watchos -L/usr/lib/swift -Xlinker -add_ast_path -Xlinker /Users/admin/builder/spi-builder-workspace/.derivedData/Build/Intermediates.noindex/Structure.build/Debug-watchos/Algebra-t.build/Objects-normal/arm64_32/Algebra.swiftmodule -o /Users/admin/builder/spi-builder-workspace/.derivedData/Build/Intermediates.noindex/Structure.build/Debug-watchos/Algebra-t.build/Objects-normal/arm64_32/Binary/Algebra.o
CreateUniversalBinary /Users/admin/builder/spi-builder-workspace/.derivedData/Build/Products/Debug-watchos/Algorithms.o normal arm64\ arm64_32 (in target 'Algorithms' from project 'Structure')
cd /Users/admin/builder/spi-builder-workspace/.dependencies/checkouts/Structure
/Applications/Xcode-27.0.0-Release.Candidate.app/Contents/Developer/Toolchains/XcodeDefault.xctoolchain/usr/bin/lipo -create /Users/admin/builder/spi-builder-workspace/.derivedData/Build/Intermediates.noindex/Structure.build/Debug-watchos/Algorithms-t.build/Objects-normal/arm64/Binary/Algorithms.o /Users/admin/builder/spi-builder-workspace/.derivedData/Build/Intermediates.noindex/Structure.build/Debug-watchos/Algorithms-t.build/Objects-normal/arm64_32/Binary/Algorithms.o -output /Users/admin/builder/spi-builder-workspace/.derivedData/Build/Products/Debug-watchos/Algorithms.o
SwiftDriverJobDiscovery normal arm64_32 Compiling Pair.swift, SwappablePair.swift, SymmetricPair.swift, UnorderedPair.swift, Queue.swift, RangeProtocol+Algebra.swift, RangeProtocol.swift (in target 'DataStructures' from project 'Structure')
Ld /Users/admin/builder/spi-builder-workspace/.derivedData/Build/Intermediates.noindex/Structure.build/Debug-watchos/Algebra-t.build/Objects-normal/arm64/Binary/Algebra.o normal arm64 (in target 'Algebra' from project 'Structure')
cd /Users/admin/builder/spi-builder-workspace/.dependencies/checkouts/Structure
/Applications/Xcode-27.0.0-Release.Candidate.app/Contents/Developer/Toolchains/XcodeDefault.xctoolchain/usr/bin/clang -Xlinker -reproducible -target arm64-apple-watchos9.0 -r -isysroot /Applications/Xcode-27.0.0-Release.Candidate.app/Contents/Developer/Platforms/WatchOS.platform/Developer/SDKs/WatchOS27.0.sdk -O0 -w -Xlinker -no_warn_duplicate_libraries -F/Users/admin/builder/spi-builder-workspace/.derivedData/Build/Intermediates.noindex/EagerLinkingTBDs/Debug-watchos -F/Users/admin/builder/spi-builder-workspace/.derivedData/Build/Products/Debug-watchos/PackageFrameworks -F/Users/admin/builder/spi-builder-workspace/.derivedData/Build/Products/Debug-watchos -iframework /Applications/Xcode-27.0.0-Release.Candidate.app/Contents/Developer/Platforms/WatchOS.platform/Developer/Library/Frameworks -iframework /Applications/Xcode-27.0.0-Release.Candidate.app/Contents/Developer/Platforms/WatchOS.platform/Developer/SDKs/WatchOS27.0.sdk/Developer/Library/Frameworks -filelist /Users/admin/builder/spi-builder-workspace/.derivedData/Build/Intermediates.noindex/Structure.build/Debug-watchos/Algebra-t.build/Objects-normal/arm64/Algebra.LinkFileList -nostdlib -Xlinker -object_path_lto -Xlinker /Users/admin/builder/spi-builder-workspace/.derivedData/Build/Intermediates.noindex/Structure.build/Debug-watchos/Algebra-t.build/Objects-normal/arm64/Algebra_lto.o -Xlinker -no_deduplicate -Xlinker -debug_variant -Xlinker -dependency_info -Xlinker /Users/admin/builder/spi-builder-workspace/.derivedData/Build/Intermediates.noindex/Structure.build/Debug-watchos/Algebra-t.build/Objects-normal/arm64/Algebra_dependency_info.dat -fobjc-link-runtime -L/Applications/Xcode-27.0.0-Release.Candidate.app/Contents/Developer/Toolchains/XcodeDefault.xctoolchain/usr/lib/swift/watchos -L/usr/lib/swift -Xlinker -add_ast_path -Xlinker /Users/admin/builder/spi-builder-workspace/.derivedData/Build/Intermediates.noindex/Structure.build/Debug-watchos/Algebra-t.build/Objects-normal/arm64/Algebra.swiftmodule -o /Users/admin/builder/spi-builder-workspace/.derivedData/Build/Intermediates.noindex/Structure.build/Debug-watchos/Algebra-t.build/Objects-normal/arm64/Binary/Algebra.o
SwiftCompile normal arm64 Compiling\ DoubleExtensions.swift,\ Fraction.swift /Users/admin/builder/spi-builder-workspace/.dependencies/checkouts/Math/Sources/Math/DoubleExtensions.swift /Users/admin/builder/spi-builder-workspace/.dependencies/checkouts/Math/Sources/Math/Fraction.swift (in target 'Math' from project 'Math')
SwiftCompile normal arm64 /Users/admin/builder/spi-builder-workspace/.dependencies/checkouts/Math/Sources/Math/DoubleExtensions.swift (in target 'Math' from project 'Math')
cd /Users/admin/builder/spi-builder-workspace/.swiftpm/xcode
builtin-SwiftPerFileCompile DoubleExtensions.swift
SwiftCompile normal arm64 /Users/admin/builder/spi-builder-workspace/.dependencies/checkouts/Math/Sources/Math/Fraction.swift (in target 'Math' from project 'Math')
cd /Users/admin/builder/spi-builder-workspace/.swiftpm/xcode
builtin-SwiftPerFileCompile Fraction.swift
SwiftCompile normal arm64 Compiling\ Proximity.swift /Users/admin/builder/spi-builder-workspace/.dependencies/checkouts/Math/Sources/Math/Proximity.swift (in target 'Math' from project 'Math')
SwiftCompile normal arm64 /Users/admin/builder/spi-builder-workspace/.dependencies/checkouts/Math/Sources/Math/Proximity.swift (in target 'Math' from project 'Math')
cd /Users/admin/builder/spi-builder-workspace/.swiftpm/xcode
builtin-SwiftPerFileCompile Proximity.swift
CreateUniversalBinary /Users/admin/builder/spi-builder-workspace/.derivedData/Build/Products/Debug-watchos/Algebra.o normal arm64\ arm64_32 (in target 'Algebra' from project 'Structure')
cd /Users/admin/builder/spi-builder-workspace/.dependencies/checkouts/Structure
/Applications/Xcode-27.0.0-Release.Candidate.app/Contents/Developer/Toolchains/XcodeDefault.xctoolchain/usr/bin/lipo -create /Users/admin/builder/spi-builder-workspace/.derivedData/Build/Intermediates.noindex/Structure.build/Debug-watchos/Algebra-t.build/Objects-normal/arm64/Binary/Algebra.o /Users/admin/builder/spi-builder-workspace/.derivedData/Build/Intermediates.noindex/Structure.build/Debug-watchos/Algebra-t.build/Objects-normal/arm64_32/Binary/Algebra.o -output /Users/admin/builder/spi-builder-workspace/.derivedData/Build/Products/Debug-watchos/Algebra.o
SwiftDriverJobDiscovery normal arm64_32 Compiling WeightedGraphProtocol.swift, WeightedDirectedGraph.swift, WeightedGraph.swift, Homogeneity.swift, Identifier.swift, IntervalRelation.swift, InvertibleEnum.swift (in target 'DataStructures' from project 'Structure')
SwiftCompile normal arm64_32 Compiling\ DoubleExtensions.swift,\ Fraction.swift /Users/admin/builder/spi-builder-workspace/.dependencies/checkouts/Math/Sources/Math/DoubleExtensions.swift /Users/admin/builder/spi-builder-workspace/.dependencies/checkouts/Math/Sources/Math/Fraction.swift (in target 'Math' from project 'Math')
SwiftCompile normal arm64_32 /Users/admin/builder/spi-builder-workspace/.dependencies/checkouts/Math/Sources/Math/DoubleExtensions.swift (in target 'Math' from project 'Math')
cd /Users/admin/builder/spi-builder-workspace/.swiftpm/xcode
builtin-SwiftPerFileCompile DoubleExtensions.swift
SwiftCompile normal arm64_32 /Users/admin/builder/spi-builder-workspace/.dependencies/checkouts/Math/Sources/Math/Fraction.swift (in target 'Math' from project 'Math')
cd /Users/admin/builder/spi-builder-workspace/.swiftpm/xcode
builtin-SwiftPerFileCompile Fraction.swift
SwiftCompile normal arm64_32 Compiling\ IntegerExtensions.swift,\ LinearRegression.swift /Users/admin/builder/spi-builder-workspace/.dependencies/checkouts/Math/Sources/Math/IntegerExtensions.swift /Users/admin/builder/spi-builder-workspace/.dependencies/checkouts/Math/Sources/Math/LinearRegression.swift (in target 'Math' from project 'Math')
SwiftCompile normal arm64_32 /Users/admin/builder/spi-builder-workspace/.dependencies/checkouts/Math/Sources/Math/IntegerExtensions.swift (in target 'Math' from project 'Math')
cd /Users/admin/builder/spi-builder-workspace/.swiftpm/xcode
builtin-SwiftPerFileCompile IntegerExtensions.swift
SwiftCompile normal arm64_32 /Users/admin/builder/spi-builder-workspace/.dependencies/checkouts/Math/Sources/Math/LinearRegression.swift (in target 'Math' from project 'Math')
cd /Users/admin/builder/spi-builder-workspace/.swiftpm/xcode
builtin-SwiftPerFileCompile LinearRegression.swift
SwiftDriverJobDiscovery normal arm64 Compiling ReferenceTreeProtocol.swift, SequenceExtensions.swift, SetExtensions.swift, SingleTypedTree.swift, SortedArray.swift, SortedDictionary.swift (in target 'DataStructures' from project 'Structure')
SwiftCompile normal arm64_32 Compiling\ Proximity.swift /Users/admin/builder/spi-builder-workspace/.dependencies/checkouts/Math/Sources/Math/Proximity.swift (in target 'Math' from project 'Math')
SwiftCompile normal arm64_32 /Users/admin/builder/spi-builder-workspace/.dependencies/checkouts/Math/Sources/Math/Proximity.swift (in target 'Math' from project 'Math')
cd /Users/admin/builder/spi-builder-workspace/.swiftpm/xcode
builtin-SwiftPerFileCompile Proximity.swift
SwiftDriverJobDiscovery normal arm64 Compiling ContiguousSegmentCollection.swift, Fragmentable.swift, Intervallic.swift, IntervallicFragmentable.swift, Measured.swift, Totalizable.swift, DictionaryProtocol.swift (in target 'DataStructures' from project 'Structure')
SwiftCompile normal arm64_32 Compiling\ Quadratic.swift /Users/admin/builder/spi-builder-workspace/.dependencies/checkouts/Math/Sources/Math/Quadratic.swift (in target 'Math' from project 'Math')
SwiftCompile normal arm64_32 /Users/admin/builder/spi-builder-workspace/.dependencies/checkouts/Math/Sources/Math/Quadratic.swift (in target 'Math' from project 'Math')
cd /Users/admin/builder/spi-builder-workspace/.swiftpm/xcode
builtin-SwiftPerFileCompile Quadratic.swift
SwiftDriverJobDiscovery normal arm64_32 Compiling LinkedList.swift, Matrix.swift, Metatype.swift, NewType.swift, OrderedDictionary.swift, Cross.swift, OrderedPair.swift (in target 'DataStructures' from project 'Structure')
SwiftCompile normal arm64 Compiling\ Power.swift /Users/admin/builder/spi-builder-workspace/.dependencies/checkouts/Math/Sources/Math/Power.swift (in target 'Math' from project 'Math')
SwiftCompile normal arm64 /Users/admin/builder/spi-builder-workspace/.dependencies/checkouts/Math/Sources/Math/Power.swift (in target 'Math' from project 'Math')
cd /Users/admin/builder/spi-builder-workspace/.swiftpm/xcode
builtin-SwiftPerFileCompile Power.swift
SwiftDriverJobDiscovery normal arm64 Emitting module for Math (in target 'Math' from project 'Math')
SwiftDriver\ Compilation\ Requirements Math normal arm64 com.apple.xcode.tools.swift.compiler (in target 'Math' from project 'Math')
cd /Users/admin/builder/spi-builder-workspace/.swiftpm/xcode
builtin-Swift-Compilation-Requirements -- /Applications/Xcode-27.0.0-Release.Candidate.app/Contents/Developer/Toolchains/XcodeDefault.xctoolchain/usr/bin/swiftc -parse-as-library -module-name Math -Onone @/Users/admin/builder/spi-builder-workspace/.derivedData/Build/Intermediates.noindex/Math.build/Debug-watchos/Math-t.build/Objects-normal/arm64/Math.SwiftFileList -DSWIFT_PACKAGE -DDEBUG -DSWIFT_MODULE_RESOURCE_BUNDLE_UNAVAILABLE -DXcode -plugin-path /Applications/Xcode-27.0.0-Release.Candidate.app/Contents/Developer/Toolchains/XcodeDefault.xctoolchain/usr/lib/swift/host/plugins/testing -enable-experimental-feature DebugDescriptionMacro -sdk /Applications/Xcode-27.0.0-Release.Candidate.app/Contents/Developer/Platforms/WatchOS.platform/Developer/SDKs/WatchOS27.0.sdk -target arm64-apple-watchos9.0 -g -module-cache-path /Users/admin/builder/spi-builder-workspace/.derivedData/ModuleCache.noindex -Xfrontend -serialize-debugging-options -profile-coverage-mapping -profile-generate -enable-testing -suppress-warnings -index-store-path /Users/admin/builder/spi-builder-workspace/.derivedData/Index.noindex/DataStore -Xcc -D_LIBCPP_HARDENING_MODE\=_LIBCPP_HARDENING_MODE_DEBUG -swift-version 4.2 -I /Users/admin/builder/spi-builder-workspace/.derivedData/Build/Products/Debug-watchos -Isystem /Applications/Xcode-27.0.0-Release.Candidate.app/Contents/Developer/Platforms/WatchOS.platform/Developer/usr/lib -F /Users/admin/builder/spi-builder-workspace/.derivedData/Build/Products/Debug-watchos/PackageFrameworks -F /Users/admin/builder/spi-builder-workspace/.derivedData/Build/Products/Debug-watchos -F /Applications/Xcode-27.0.0-Release.Candidate.app/Contents/Developer/Platforms/WatchOS.platform/Developer/Library/Frameworks -F /Applications/Xcode-27.0.0-Release.Candidate.app/Contents/Developer/Platforms/WatchOS.platform/Developer/SDKs/WatchOS27.0.sdk/Developer/Library/Frameworks -c -j10 -enable-batch-mode -incremental -Xcc -ivfsstatcache -Xcc /Users/admin/builder/spi-builder-workspace/.derivedData/SDKStatCaches.noindex/watchos27.0-24R360-e829b21a6f8c9b70876ba0858053c04477534ef55a1706bf4c1112bbb242f0a2.sdkstatcache -output-file-map /Users/admin/builder/spi-builder-workspace/.derivedData/Build/Intermediates.noindex/Math.build/Debug-watchos/Math-t.build/Objects-normal/arm64/Math-OutputFileMap.json -save-temps -no-color-diagnostics -emit-dependencies -emit-module -emit-module-path /Users/admin/builder/spi-builder-workspace/.derivedData/Build/Intermediates.noindex/Math.build/Debug-watchos/Math-t.build/Objects-normal/arm64/Math.swiftmodule -serialize-diagnostics -validate-clang-modules-once -clang-build-session-file /Users/admin/builder/spi-builder-workspace/.derivedData/ModuleCache.noindex/Session.modulevalidation -Xcc -fmodules-prune-interval\=86400 -Xcc -fmodules-prune-after\=345600 -emit-const-values -const-gather-protocols-list /Users/admin/builder/spi-builder-workspace/.derivedData/Build/Intermediates.noindex/Math.build/Debug-watchos/Math-t.build/Objects-normal/arm64/Math_const_extract_protocols.json -Xcc -I/Users/admin/builder/spi-builder-workspace/.derivedData/Build/Products/Debug-watchos/include -Xcc -I/Users/admin/builder/spi-builder-workspace/.derivedData/Build/Intermediates.noindex/Math.build/Debug-watchos/Math-t.build/DerivedSources-normal/arm64 -Xcc -I/Users/admin/builder/spi-builder-workspace/.derivedData/Build/Intermediates.noindex/Math.build/Debug-watchos/Math-t.build/DerivedSources/arm64 -Xcc -I/Users/admin/builder/spi-builder-workspace/.derivedData/Build/Intermediates.noindex/Math.build/Debug-watchos/Math-t.build/DerivedSources -Xcc -DSWIFT_PACKAGE -Xcc -DDEBUG\=1 -emit-objc-header -emit-objc-header-path /Users/admin/builder/spi-builder-workspace/.derivedData/Build/Intermediates.noindex/Math.build/Debug-watchos/Math-t.build/Objects-normal/arm64/Math-Swift.h -working-directory /Users/admin/builder/spi-builder-workspace/.swiftpm/xcode -experimental-emit-module-separately -disable-cmo
SwiftDriverJobDiscovery normal arm64_32 Emitting module for Math (in target 'Math' from project 'Math')
SwiftDriver\ Compilation\ Requirements Math normal arm64_32 com.apple.xcode.tools.swift.compiler (in target 'Math' from project 'Math')
cd /Users/admin/builder/spi-builder-workspace/.swiftpm/xcode
builtin-Swift-Compilation-Requirements -- /Applications/Xcode-27.0.0-Release.Candidate.app/Contents/Developer/Toolchains/XcodeDefault.xctoolchain/usr/bin/swiftc -parse-as-library -module-name Math -Onone @/Users/admin/builder/spi-builder-workspace/.derivedData/Build/Intermediates.noindex/Math.build/Debug-watchos/Math-t.build/Objects-normal/arm64_32/Math.SwiftFileList -DSWIFT_PACKAGE -DDEBUG -DSWIFT_MODULE_RESOURCE_BUNDLE_UNAVAILABLE -DXcode -plugin-path /Applications/Xcode-27.0.0-Release.Candidate.app/Contents/Developer/Toolchains/XcodeDefault.xctoolchain/usr/lib/swift/host/plugins/testing -enable-experimental-feature DebugDescriptionMacro -sdk /Applications/Xcode-27.0.0-Release.Candidate.app/Contents/Developer/Platforms/WatchOS.platform/Developer/SDKs/WatchOS27.0.sdk -target arm64_32-apple-watchos9.0 -g -module-cache-path /Users/admin/builder/spi-builder-workspace/.derivedData/ModuleCache.noindex -Xfrontend -serialize-debugging-options -profile-coverage-mapping -profile-generate -enable-testing -suppress-warnings -index-store-path /Users/admin/builder/spi-builder-workspace/.derivedData/Index.noindex/DataStore -Xcc -D_LIBCPP_HARDENING_MODE\=_LIBCPP_HARDENING_MODE_DEBUG -swift-version 4.2 -I /Users/admin/builder/spi-builder-workspace/.derivedData/Build/Products/Debug-watchos -Isystem /Applications/Xcode-27.0.0-Release.Candidate.app/Contents/Developer/Platforms/WatchOS.platform/Developer/usr/lib -F /Users/admin/builder/spi-builder-workspace/.derivedData/Build/Products/Debug-watchos/PackageFrameworks -F /Users/admin/builder/spi-builder-workspace/.derivedData/Build/Products/Debug-watchos -F /Applications/Xcode-27.0.0-Release.Candidate.app/Contents/Developer/Platforms/WatchOS.platform/Developer/Library/Frameworks -F /Applications/Xcode-27.0.0-Release.Candidate.app/Contents/Developer/Platforms/WatchOS.platform/Developer/SDKs/WatchOS27.0.sdk/Developer/Library/Frameworks -c -j10 -enable-batch-mode -incremental -Xcc -ivfsstatcache -Xcc /Users/admin/builder/spi-builder-workspace/.derivedData/SDKStatCaches.noindex/watchos27.0-24R360-e829b21a6f8c9b70876ba0858053c04477534ef55a1706bf4c1112bbb242f0a2.sdkstatcache -output-file-map /Users/admin/builder/spi-builder-workspace/.derivedData/Build/Intermediates.noindex/Math.build/Debug-watchos/Math-t.build/Objects-normal/arm64_32/Math-OutputFileMap.json -save-temps -no-color-diagnostics -emit-dependencies -emit-module -emit-module-path /Users/admin/builder/spi-builder-workspace/.derivedData/Build/Intermediates.noindex/Math.build/Debug-watchos/Math-t.build/Objects-normal/arm64_32/Math.swiftmodule -serialize-diagnostics -validate-clang-modules-once -clang-build-session-file /Users/admin/builder/spi-builder-workspace/.derivedData/ModuleCache.noindex/Session.modulevalidation -Xcc -fmodules-prune-interval\=86400 -Xcc -fmodules-prune-after\=345600 -emit-const-values -const-gather-protocols-list /Users/admin/builder/spi-builder-workspace/.derivedData/Build/Intermediates.noindex/Math.build/Debug-watchos/Math-t.build/Objects-normal/arm64_32/Math_const_extract_protocols.json -Xcc -I/Users/admin/builder/spi-builder-workspace/.derivedData/Build/Products/Debug-watchos/include -Xcc -I/Users/admin/builder/spi-builder-workspace/.derivedData/Build/Intermediates.noindex/Math.build/Debug-watchos/Math-t.build/DerivedSources-normal/arm64_32 -Xcc -I/Users/admin/builder/spi-builder-workspace/.derivedData/Build/Intermediates.noindex/Math.build/Debug-watchos/Math-t.build/DerivedSources/arm64_32 -Xcc -I/Users/admin/builder/spi-builder-workspace/.derivedData/Build/Intermediates.noindex/Math.build/Debug-watchos/Math-t.build/DerivedSources -Xcc -DSWIFT_PACKAGE -Xcc -DDEBUG\=1 -emit-objc-header -emit-objc-header-path /Users/admin/builder/spi-builder-workspace/.derivedData/Build/Intermediates.noindex/Math.build/Debug-watchos/Math-t.build/Objects-normal/arm64_32/Math-Swift.h -working-directory /Users/admin/builder/spi-builder-workspace/.swiftpm/xcode -experimental-emit-module-separately -disable-cmo
Copy /Users/admin/builder/spi-builder-workspace/.derivedData/Build/Products/Debug-watchos/Math.swiftmodule/arm64-apple-watchos.swiftmodule /Users/admin/builder/spi-builder-workspace/.derivedData/Build/Intermediates.noindex/Math.build/Debug-watchos/Math-t.build/Objects-normal/arm64/Math.swiftmodule (in target 'Math' from project 'Math')
cd /Users/admin/builder/spi-builder-workspace/.dependencies/checkouts/Math
builtin-copy -exclude .DS_Store -exclude CVS -exclude .svn -exclude .git -exclude .hg -resolve-src-symlinks -rename /Users/admin/builder/spi-builder-workspace/.derivedData/Build/Intermediates.noindex/Math.build/Debug-watchos/Math-t.build/Objects-normal/arm64/Math.swiftmodule /Users/admin/builder/spi-builder-workspace/.derivedData/Build/Products/Debug-watchos/Math.swiftmodule/arm64-apple-watchos.swiftmodule
SwiftMergeGeneratedHeaders /Users/admin/builder/spi-builder-workspace/.derivedData/Build/Intermediates.noindex/GeneratedModuleMaps-watchos/Math-Swift.h /Users/admin/builder/spi-builder-workspace/.derivedData/Build/Intermediates.noindex/Math.build/Debug-watchos/Math-t.build/Objects-normal/arm64/Math-Swift.h /Users/admin/builder/spi-builder-workspace/.derivedData/Build/Intermediates.noindex/Math.build/Debug-watchos/Math-t.build/Objects-normal/arm64_32/Math-Swift.h (in target 'Math' from project 'Math')
cd /Users/admin/builder/spi-builder-workspace/.dependencies/checkouts/Math
builtin-swiftHeaderTool -arch arm64 /Users/admin/builder/spi-builder-workspace/.derivedData/Build/Intermediates.noindex/Math.build/Debug-watchos/Math-t.build/Objects-normal/arm64/Math-Swift.h -arch arm64_32 /Users/admin/builder/spi-builder-workspace/.derivedData/Build/Intermediates.noindex/Math.build/Debug-watchos/Math-t.build/Objects-normal/arm64_32/Math-Swift.h -o /Users/admin/builder/spi-builder-workspace/.derivedData/Build/Intermediates.noindex/GeneratedModuleMaps-watchos/Math-Swift.h
Copy /Users/admin/builder/spi-builder-workspace/.derivedData/Build/Products/Debug-watchos/Math.swiftmodule/arm64_32-apple-watchos.swiftmodule /Users/admin/builder/spi-builder-workspace/.derivedData/Build/Intermediates.noindex/Math.build/Debug-watchos/Math-t.build/Objects-normal/arm64_32/Math.swiftmodule (in target 'Math' from project 'Math')
cd /Users/admin/builder/spi-builder-workspace/.dependencies/checkouts/Math
builtin-copy -exclude .DS_Store -exclude CVS -exclude .svn -exclude .git -exclude .hg -resolve-src-symlinks -rename /Users/admin/builder/spi-builder-workspace/.derivedData/Build/Intermediates.noindex/Math.build/Debug-watchos/Math-t.build/Objects-normal/arm64_32/Math.swiftmodule /Users/admin/builder/spi-builder-workspace/.derivedData/Build/Products/Debug-watchos/Math.swiftmodule/arm64_32-apple-watchos.swiftmodule
Copy /Users/admin/builder/spi-builder-workspace/.derivedData/Build/Products/Debug-watchos/Math.swiftmodule/arm64_32-apple-watchos.swiftdoc /Users/admin/builder/spi-builder-workspace/.derivedData/Build/Intermediates.noindex/Math.build/Debug-watchos/Math-t.build/Objects-normal/arm64_32/Math.swiftdoc (in target 'Math' from project 'Math')
cd /Users/admin/builder/spi-builder-workspace/.dependencies/checkouts/Math
builtin-copy -exclude .DS_Store -exclude CVS -exclude .svn -exclude .git -exclude .hg -resolve-src-symlinks -rename /Users/admin/builder/spi-builder-workspace/.derivedData/Build/Intermediates.noindex/Math.build/Debug-watchos/Math-t.build/Objects-normal/arm64_32/Math.swiftdoc /Users/admin/builder/spi-builder-workspace/.derivedData/Build/Products/Debug-watchos/Math.swiftmodule/arm64_32-apple-watchos.swiftdoc
Copy /Users/admin/builder/spi-builder-workspace/.derivedData/Build/Products/Debug-watchos/Math.swiftmodule/arm64_32-apple-watchos.abi.json /Users/admin/builder/spi-builder-workspace/.derivedData/Build/Intermediates.noindex/Math.build/Debug-watchos/Math-t.build/Objects-normal/arm64_32/Math.abi.json (in target 'Math' from project 'Math')
cd /Users/admin/builder/spi-builder-workspace/.dependencies/checkouts/Math
builtin-copy -exclude .DS_Store -exclude CVS -exclude .svn -exclude .git -exclude .hg -resolve-src-symlinks -rename /Users/admin/builder/spi-builder-workspace/.derivedData/Build/Intermediates.noindex/Math.build/Debug-watchos/Math-t.build/Objects-normal/arm64_32/Math.abi.json /Users/admin/builder/spi-builder-workspace/.derivedData/Build/Products/Debug-watchos/Math.swiftmodule/arm64_32-apple-watchos.abi.json
Copy /Users/admin/builder/spi-builder-workspace/.derivedData/Build/Products/Debug-watchos/Math.swiftmodule/arm64-apple-watchos.swiftdoc /Users/admin/builder/spi-builder-workspace/.derivedData/Build/Intermediates.noindex/Math.build/Debug-watchos/Math-t.build/Objects-normal/arm64/Math.swiftdoc (in target 'Math' from project 'Math')
cd /Users/admin/builder/spi-builder-workspace/.dependencies/checkouts/Math
builtin-copy -exclude .DS_Store -exclude CVS -exclude .svn -exclude .git -exclude .hg -resolve-src-symlinks -rename /Users/admin/builder/spi-builder-workspace/.derivedData/Build/Intermediates.noindex/Math.build/Debug-watchos/Math-t.build/Objects-normal/arm64/Math.swiftdoc /Users/admin/builder/spi-builder-workspace/.derivedData/Build/Products/Debug-watchos/Math.swiftmodule/arm64-apple-watchos.swiftdoc
Copy /Users/admin/builder/spi-builder-workspace/.derivedData/Build/Products/Debug-watchos/Math.swiftmodule/arm64-apple-watchos.abi.json /Users/admin/builder/spi-builder-workspace/.derivedData/Build/Intermediates.noindex/Math.build/Debug-watchos/Math-t.build/Objects-normal/arm64/Math.abi.json (in target 'Math' from project 'Math')
cd /Users/admin/builder/spi-builder-workspace/.dependencies/checkouts/Math
builtin-copy -exclude .DS_Store -exclude CVS -exclude .svn -exclude .git -exclude .hg -resolve-src-symlinks -rename /Users/admin/builder/spi-builder-workspace/.derivedData/Build/Intermediates.noindex/Math.build/Debug-watchos/Math-t.build/Objects-normal/arm64/Math.abi.json /Users/admin/builder/spi-builder-workspace/.derivedData/Build/Products/Debug-watchos/Math.swiftmodule/arm64-apple-watchos.abi.json
Copy /Users/admin/builder/spi-builder-workspace/.derivedData/Build/Products/Debug-watchos/Math.swiftmodule/Project/arm64_32-apple-watchos.swiftsourceinfo /Users/admin/builder/spi-builder-workspace/.derivedData/Build/Intermediates.noindex/Math.build/Debug-watchos/Math-t.build/Objects-normal/arm64_32/Math.swiftsourceinfo (in target 'Math' from project 'Math')
cd /Users/admin/builder/spi-builder-workspace/.dependencies/checkouts/Math
builtin-copy -exclude .DS_Store -exclude CVS -exclude .svn -exclude .git -exclude .hg -resolve-src-symlinks -rename /Users/admin/builder/spi-builder-workspace/.derivedData/Build/Intermediates.noindex/Math.build/Debug-watchos/Math-t.build/Objects-normal/arm64_32/Math.swiftsourceinfo /Users/admin/builder/spi-builder-workspace/.derivedData/Build/Products/Debug-watchos/Math.swiftmodule/Project/arm64_32-apple-watchos.swiftsourceinfo
Copy /Users/admin/builder/spi-builder-workspace/.derivedData/Build/Products/Debug-watchos/Math.swiftmodule/Project/arm64-apple-watchos.swiftsourceinfo /Users/admin/builder/spi-builder-workspace/.derivedData/Build/Intermediates.noindex/Math.build/Debug-watchos/Math-t.build/Objects-normal/arm64/Math.swiftsourceinfo (in target 'Math' from project 'Math')
cd /Users/admin/builder/spi-builder-workspace/.dependencies/checkouts/Math
builtin-copy -exclude .DS_Store -exclude CVS -exclude .svn -exclude .git -exclude .hg -resolve-src-symlinks -rename /Users/admin/builder/spi-builder-workspace/.derivedData/Build/Intermediates.noindex/Math.build/Debug-watchos/Math-t.build/Objects-normal/arm64/Math.swiftsourceinfo /Users/admin/builder/spi-builder-workspace/.derivedData/Build/Products/Debug-watchos/Math.swiftmodule/Project/arm64-apple-watchos.swiftsourceinfo
SwiftCompile normal arm64 Compiling\ Scale.swift /Users/admin/builder/spi-builder-workspace/.dependencies/checkouts/Math/Sources/Math/Scale.swift (in target 'Math' from project 'Math')
SwiftCompile normal arm64 /Users/admin/builder/spi-builder-workspace/.dependencies/checkouts/Math/Sources/Math/Scale.swift (in target 'Math' from project 'Math')
cd /Users/admin/builder/spi-builder-workspace/.swiftpm/xcode
builtin-SwiftPerFileCompile Scale.swift
SwiftCompile normal arm64_32 Compiling\ Bitwise.swift,\ CollectionExtensions.swift /Users/admin/builder/spi-builder-workspace/.dependencies/checkouts/Math/Sources/Math/Bitwise.swift /Users/admin/builder/spi-builder-workspace/.dependencies/checkouts/Math/Sources/Math/CollectionExtensions.swift (in target 'Math' from project 'Math')
SwiftCompile normal arm64_32 /Users/admin/builder/spi-builder-workspace/.dependencies/checkouts/Math/Sources/Math/Bitwise.swift (in target 'Math' from project 'Math')
cd /Users/admin/builder/spi-builder-workspace/.swiftpm/xcode
builtin-SwiftPerFileCompile Bitwise.swift
SwiftCompile normal arm64_32 /Users/admin/builder/spi-builder-workspace/.dependencies/checkouts/Math/Sources/Math/CollectionExtensions.swift (in target 'Math' from project 'Math')
cd /Users/admin/builder/spi-builder-workspace/.swiftpm/xcode
builtin-SwiftPerFileCompile CollectionExtensions.swift
SwiftDriverJobDiscovery normal arm64_32 Compiling IntegerExtensions.swift, LinearRegression.swift (in target 'Math' from project 'Math')
SwiftCompile normal arm64 Compiling\ Quadratic.swift /Users/admin/builder/spi-builder-workspace/.dependencies/checkouts/Math/Sources/Math/Quadratic.swift (in target 'Math' from project 'Math')
SwiftCompile normal arm64 /Users/admin/builder/spi-builder-workspace/.dependencies/checkouts/Math/Sources/Math/Quadratic.swift (in target 'Math' from project 'Math')
cd /Users/admin/builder/spi-builder-workspace/.swiftpm/xcode
builtin-SwiftPerFileCompile Quadratic.swift
SwiftCompile normal arm64_32 Compiling\ Rational.swift /Users/admin/builder/spi-builder-workspace/.dependencies/checkouts/Math/Sources/Math/Rational.swift (in target 'Math' from project 'Math')
SwiftCompile normal arm64_32 /Users/admin/builder/spi-builder-workspace/.dependencies/checkouts/Math/Sources/Math/Rational.swift (in target 'Math' from project 'Math')
cd /Users/admin/builder/spi-builder-workspace/.swiftpm/xcode
builtin-SwiftPerFileCompile Rational.swift
SwiftDriverJobDiscovery normal arm64_32 Compiling Proximity.swift (in target 'Math' from project 'Math')
SwiftCompile normal arm64 Compiling\ Rational.swift /Users/admin/builder/spi-builder-workspace/.dependencies/checkouts/Math/Sources/Math/Rational.swift (in target 'Math' from project 'Math')
SwiftCompile normal arm64 /Users/admin/builder/spi-builder-workspace/.dependencies/checkouts/Math/Sources/Math/Rational.swift (in target 'Math' from project 'Math')
cd /Users/admin/builder/spi-builder-workspace/.swiftpm/xcode
builtin-SwiftPerFileCompile Rational.swift
SwiftDriverJobDiscovery normal arm64_32 Compiling Power.swift (in target 'Math' from project 'Math')
SwiftDriverJobDiscovery normal arm64 Compiling Proximity.swift (in target 'Math' from project 'Math')
SwiftDriverJobDiscovery normal arm64 Compiling Power.swift (in target 'Math' from project 'Math')
SwiftCompile normal arm64_32 Compiling\ Functions.swift,\ GCDDomain.swift /Users/admin/builder/spi-builder-workspace/.dependencies/checkouts/Math/Sources/Math/Functions.swift /Users/admin/builder/spi-builder-workspace/.dependencies/checkouts/Math/Sources/Math/GCDDomain.swift (in target 'Math' from project 'Math')
SwiftCompile normal arm64_32 /Users/admin/builder/spi-builder-workspace/.dependencies/checkouts/Math/Sources/Math/Functions.swift (in target 'Math' from project 'Math')
cd /Users/admin/builder/spi-builder-workspace/.swiftpm/xcode
builtin-SwiftPerFileCompile Functions.swift
SwiftCompile normal arm64_32 /Users/admin/builder/spi-builder-workspace/.dependencies/checkouts/Math/Sources/Math/GCDDomain.swift (in target 'Math' from project 'Math')
cd /Users/admin/builder/spi-builder-workspace/.swiftpm/xcode
builtin-SwiftPerFileCompile GCDDomain.swift
SwiftDriverJobDiscovery normal arm64 Compiling Scale.swift (in target 'Math' from project 'Math')
SwiftCompile normal arm64_32 Compiling\ PowerOfTwoSequence.swift /Users/admin/builder/spi-builder-workspace/.dependencies/checkouts/Math/Sources/Math/PowerOfTwoSequence.swift (in target 'Math' from project 'Math')
SwiftCompile normal arm64_32 /Users/admin/builder/spi-builder-workspace/.dependencies/checkouts/Math/Sources/Math/PowerOfTwoSequence.swift (in target 'Math' from project 'Math')
cd /Users/admin/builder/spi-builder-workspace/.swiftpm/xcode
builtin-SwiftPerFileCompile PowerOfTwoSequence.swift
SwiftDriverJobDiscovery normal arm64_32 Compiling Bitwise.swift, CollectionExtensions.swift (in target 'Math' from project 'Math')
SwiftCompile normal arm64 Compiling\ Functions.swift,\ GCDDomain.swift /Users/admin/builder/spi-builder-workspace/.dependencies/checkouts/Math/Sources/Math/Functions.swift /Users/admin/builder/spi-builder-workspace/.dependencies/checkouts/Math/Sources/Math/GCDDomain.swift (in target 'Math' from project 'Math')
SwiftCompile normal arm64 /Users/admin/builder/spi-builder-workspace/.dependencies/checkouts/Math/Sources/Math/Functions.swift (in target 'Math' from project 'Math')
cd /Users/admin/builder/spi-builder-workspace/.swiftpm/xcode
builtin-SwiftPerFileCompile Functions.swift
SwiftCompile normal arm64 /Users/admin/builder/spi-builder-workspace/.dependencies/checkouts/Math/Sources/Math/GCDDomain.swift (in target 'Math' from project 'Math')
cd /Users/admin/builder/spi-builder-workspace/.swiftpm/xcode
builtin-SwiftPerFileCompile GCDDomain.swift
SwiftDriverJobDiscovery normal arm64_32 Compiling PowerOfTwoSequence.swift (in target 'Math' from project 'Math')
SwiftCompile normal arm64 Compiling\ Bitwise.swift,\ CollectionExtensions.swift /Users/admin/builder/spi-builder-workspace/.dependencies/checkouts/Math/Sources/Math/Bitwise.swift /Users/admin/builder/spi-builder-workspace/.dependencies/checkouts/Math/Sources/Math/CollectionExtensions.swift (in target 'Math' from project 'Math')
SwiftCompile normal arm64 /Users/admin/builder/spi-builder-workspace/.dependencies/checkouts/Math/Sources/Math/Bitwise.swift (in target 'Math' from project 'Math')
cd /Users/admin/builder/spi-builder-workspace/.swiftpm/xcode
builtin-SwiftPerFileCompile Bitwise.swift
SwiftCompile normal arm64 /Users/admin/builder/spi-builder-workspace/.dependencies/checkouts/Math/Sources/Math/CollectionExtensions.swift (in target 'Math' from project 'Math')
cd /Users/admin/builder/spi-builder-workspace/.swiftpm/xcode
builtin-SwiftPerFileCompile CollectionExtensions.swift
SwiftCompile normal arm64 Compiling\ PowerOfTwoSequence.swift /Users/admin/builder/spi-builder-workspace/.dependencies/checkouts/Math/Sources/Math/PowerOfTwoSequence.swift (in target 'Math' from project 'Math')
SwiftCompile normal arm64 /Users/admin/builder/spi-builder-workspace/.dependencies/checkouts/Math/Sources/Math/PowerOfTwoSequence.swift (in target 'Math' from project 'Math')
cd /Users/admin/builder/spi-builder-workspace/.swiftpm/xcode
builtin-SwiftPerFileCompile PowerOfTwoSequence.swift
SwiftDriverJobDiscovery normal arm64 Compiling Rational.swift (in target 'Math' from project 'Math')
SwiftCompile normal arm64 Compiling\ IntegerExtensions.swift,\ LinearRegression.swift /Users/admin/builder/spi-builder-workspace/.dependencies/checkouts/Math/Sources/Math/IntegerExtensions.swift /Users/admin/builder/spi-builder-workspace/.dependencies/checkouts/Math/Sources/Math/LinearRegression.swift (in target 'Math' from project 'Math')
SwiftCompile normal arm64 /Users/admin/builder/spi-builder-workspace/.dependencies/checkouts/Math/Sources/Math/IntegerExtensions.swift (in target 'Math' from project 'Math')
cd /Users/admin/builder/spi-builder-workspace/.swiftpm/xcode
builtin-SwiftPerFileCompile IntegerExtensions.swift
SwiftCompile normal arm64 /Users/admin/builder/spi-builder-workspace/.dependencies/checkouts/Math/Sources/Math/LinearRegression.swift (in target 'Math' from project 'Math')
cd /Users/admin/builder/spi-builder-workspace/.swiftpm/xcode
builtin-SwiftPerFileCompile LinearRegression.swift
SwiftDriverJobDiscovery normal arm64_32 Compiling Scale.swift (in target 'Math' from project 'Math')
SwiftDriver\ Compilation DataStructures normal arm64_32 com.apple.xcode.tools.swift.compiler (in target 'DataStructures' from project 'Structure')
cd /Users/admin/builder/spi-builder-workspace/.swiftpm/xcode
builtin-Swift-Compilation -- /Applications/Xcode-27.0.0-Release.Candidate.app/Contents/Developer/Toolchains/XcodeDefault.xctoolchain/usr/bin/swiftc -parse-as-library -module-name DataStructures -Onone @/Users/admin/builder/spi-builder-workspace/.derivedData/Build/Intermediates.noindex/Structure.build/Debug-watchos/DataStructures-t.build/Objects-normal/arm64_32/DataStructures.SwiftFileList -DSWIFT_PACKAGE -DDEBUG -DSWIFT_MODULE_RESOURCE_BUNDLE_UNAVAILABLE -DXcode -plugin-path /Applications/Xcode-27.0.0-Release.Candidate.app/Contents/Developer/Toolchains/XcodeDefault.xctoolchain/usr/lib/swift/host/plugins/testing -enable-experimental-feature DebugDescriptionMacro -sdk /Applications/Xcode-27.0.0-Release.Candidate.app/Contents/Developer/Platforms/WatchOS.platform/Developer/SDKs/WatchOS27.0.sdk -target arm64_32-apple-watchos9.0 -g -module-cache-path /Users/admin/builder/spi-builder-workspace/.derivedData/ModuleCache.noindex -Xfrontend -serialize-debugging-options -profile-coverage-mapping -profile-generate -enable-testing -suppress-warnings -index-store-path /Users/admin/builder/spi-builder-workspace/.derivedData/Index.noindex/DataStore -Xcc -D_LIBCPP_HARDENING_MODE\=_LIBCPP_HARDENING_MODE_DEBUG -swift-version 5 -I /Users/admin/builder/spi-builder-workspace/.derivedData/Build/Products/Debug-watchos -Isystem /Applications/Xcode-27.0.0-Release.Candidate.app/Contents/Developer/Platforms/WatchOS.platform/Developer/usr/lib -F /Users/admin/builder/spi-builder-workspace/.derivedData/Build/Products/Debug-watchos/PackageFrameworks -F /Users/admin/builder/spi-builder-workspace/.derivedData/Build/Products/Debug-watchos -F /Applications/Xcode-27.0.0-Release.Candidate.app/Contents/Developer/Platforms/WatchOS.platform/Developer/Library/Frameworks -F /Applications/Xcode-27.0.0-Release.Candidate.app/Contents/Developer/Platforms/WatchOS.platform/Developer/SDKs/WatchOS27.0.sdk/Developer/Library/Frameworks -c -j10 -enable-batch-mode -incremental -Xcc -ivfsstatcache -Xcc /Users/admin/builder/spi-builder-workspace/.derivedData/SDKStatCaches.noindex/watchos27.0-24R360-e829b21a6f8c9b70876ba0858053c04477534ef55a1706bf4c1112bbb242f0a2.sdkstatcache -output-file-map /Users/admin/builder/spi-builder-workspace/.derivedData/Build/Intermediates.noindex/Structure.build/Debug-watchos/DataStructures-t.build/Objects-normal/arm64_32/DataStructures-OutputFileMap.json -save-temps -no-color-diagnostics -explicit-module-build -module-cache-path /Users/admin/builder/spi-builder-workspace/.derivedData/Build/Intermediates.noindex/SwiftExplicitPrecompiledModules -clang-scanner-module-cache-path /Users/admin/builder/spi-builder-workspace/.derivedData/ModuleCache.noindex -sdk-module-cache-path /Users/admin/builder/spi-builder-workspace/.derivedData/SDKExplicitPrecompiledModules -emit-dependencies -emit-module -emit-module-path /Users/admin/builder/spi-builder-workspace/.derivedData/Build/Intermediates.noindex/Structure.build/Debug-watchos/DataStructures-t.build/Objects-normal/arm64_32/DataStructures.swiftmodule -serialize-diagnostics -dependency-scan-serialize-diagnostics-path /Users/admin/builder/spi-builder-workspace/.derivedData/Build/Intermediates.noindex/Structure.build/Debug-watchos/DataStructures-t.build/Objects-normal/arm64_32/DataStructures-dependency-scan.dia -validate-clang-modules-once -clang-build-session-file /Users/admin/builder/spi-builder-workspace/.derivedData/ModuleCache.noindex/Session.modulevalidation -Xcc -fmodules-prune-interval\=86400 -Xcc -fmodules-prune-after\=345600 -emit-const-values -const-gather-protocols-list /Users/admin/builder/spi-builder-workspace/.derivedData/Build/Intermediates.noindex/Structure.build/Debug-watchos/DataStructures-t.build/Objects-normal/arm64_32/DataStructures_const_extract_protocols.json -Xcc -I/Users/admin/builder/spi-builder-workspace/.derivedData/Build/Products/Debug-watchos/include -Xcc -I/Users/admin/builder/spi-builder-workspace/.derivedData/Build/Intermediates.noindex/Structure.build/Debug-watchos/DataStructures-t.build/DerivedSources-normal/arm64_32 -Xcc -I/Users/admin/builder/spi-builder-workspace/.derivedData/Build/Intermediates.noindex/Structure.build/Debug-watchos/DataStructures-t.build/DerivedSources/arm64_32 -Xcc -I/Users/admin/builder/spi-builder-workspace/.derivedData/Build/Intermediates.noindex/Structure.build/Debug-watchos/DataStructures-t.build/DerivedSources -Xcc -DSWIFT_PACKAGE -Xcc -DDEBUG\=1 -emit-objc-header -emit-objc-header-path /Users/admin/builder/spi-builder-workspace/.derivedData/Build/Intermediates.noindex/Structure.build/Debug-watchos/DataStructures-t.build/Objects-normal/arm64_32/DataStructures-Swift.h -working-directory /Users/admin/builder/spi-builder-workspace/.swiftpm/xcode -experimental-emit-module-separately -disable-cmo
SwiftDriverJobDiscovery normal arm64_32 Compiling Rational.swift (in target 'Math' from project 'Math')
SwiftDriver\ Compilation DataStructures normal arm64 com.apple.xcode.tools.swift.compiler (in target 'DataStructures' from project 'Structure')
cd /Users/admin/builder/spi-builder-workspace/.swiftpm/xcode
builtin-Swift-Compilation -- /Applications/Xcode-27.0.0-Release.Candidate.app/Contents/Developer/Toolchains/XcodeDefault.xctoolchain/usr/bin/swiftc -parse-as-library -module-name DataStructures -Onone @/Users/admin/builder/spi-builder-workspace/.derivedData/Build/Intermediates.noindex/Structure.build/Debug-watchos/DataStructures-t.build/Objects-normal/arm64/DataStructures.SwiftFileList -DSWIFT_PACKAGE -DDEBUG -DSWIFT_MODULE_RESOURCE_BUNDLE_UNAVAILABLE -DXcode -plugin-path /Applications/Xcode-27.0.0-Release.Candidate.app/Contents/Developer/Toolchains/XcodeDefault.xctoolchain/usr/lib/swift/host/plugins/testing -enable-experimental-feature DebugDescriptionMacro -sdk /Applications/Xcode-27.0.0-Release.Candidate.app/Contents/Developer/Platforms/WatchOS.platform/Developer/SDKs/WatchOS27.0.sdk -target arm64-apple-watchos9.0 -g -module-cache-path /Users/admin/builder/spi-builder-workspace/.derivedData/ModuleCache.noindex -Xfrontend -serialize-debugging-options -profile-coverage-mapping -profile-generate -enable-testing -suppress-warnings -index-store-path /Users/admin/builder/spi-builder-workspace/.derivedData/Index.noindex/DataStore -Xcc -D_LIBCPP_HARDENING_MODE\=_LIBCPP_HARDENING_MODE_DEBUG -swift-version 5 -I /Users/admin/builder/spi-builder-workspace/.derivedData/Build/Products/Debug-watchos -Isystem /Applications/Xcode-27.0.0-Release.Candidate.app/Contents/Developer/Platforms/WatchOS.platform/Developer/usr/lib -F /Users/admin/builder/spi-builder-workspace/.derivedData/Build/Products/Debug-watchos/PackageFrameworks -F /Users/admin/builder/spi-builder-workspace/.derivedData/Build/Products/Debug-watchos -F /Applications/Xcode-27.0.0-Release.Candidate.app/Contents/Developer/Platforms/WatchOS.platform/Developer/Library/Frameworks -F /Applications/Xcode-27.0.0-Release.Candidate.app/Contents/Developer/Platforms/WatchOS.platform/Developer/SDKs/WatchOS27.0.sdk/Developer/Library/Frameworks -c -j10 -enable-batch-mode -incremental -Xcc -ivfsstatcache -Xcc /Users/admin/builder/spi-builder-workspace/.derivedData/SDKStatCaches.noindex/watchos27.0-24R360-e829b21a6f8c9b70876ba0858053c04477534ef55a1706bf4c1112bbb242f0a2.sdkstatcache -output-file-map /Users/admin/builder/spi-builder-workspace/.derivedData/Build/Intermediates.noindex/Structure.build/Debug-watchos/DataStructures-t.build/Objects-normal/arm64/DataStructures-OutputFileMap.json -save-temps -no-color-diagnostics -explicit-module-build -module-cache-path /Users/admin/builder/spi-builder-workspace/.derivedData/Build/Intermediates.noindex/SwiftExplicitPrecompiledModules -clang-scanner-module-cache-path /Users/admin/builder/spi-builder-workspace/.derivedData/ModuleCache.noindex -sdk-module-cache-path /Users/admin/builder/spi-builder-workspace/.derivedData/SDKExplicitPrecompiledModules -emit-dependencies -emit-module -emit-module-path /Users/admin/builder/spi-builder-workspace/.derivedData/Build/Intermediates.noindex/Structure.build/Debug-watchos/DataStructures-t.build/Objects-normal/arm64/DataStructures.swiftmodule -serialize-diagnostics -dependency-scan-serialize-diagnostics-path /Users/admin/builder/spi-builder-workspace/.derivedData/Build/Intermediates.noindex/Structure.build/Debug-watchos/DataStructures-t.build/Objects-normal/arm64/DataStructures-dependency-scan.dia -validate-clang-modules-once -clang-build-session-file /Users/admin/builder/spi-builder-workspace/.derivedData/ModuleCache.noindex/Session.modulevalidation -Xcc -fmodules-prune-interval\=86400 -Xcc -fmodules-prune-after\=345600 -emit-const-values -const-gather-protocols-list /Users/admin/builder/spi-builder-workspace/.derivedData/Build/Intermediates.noindex/Structure.build/Debug-watchos/DataStructures-t.build/Objects-normal/arm64/DataStructures_const_extract_protocols.json -Xcc -I/Users/admin/builder/spi-builder-workspace/.derivedData/Build/Products/Debug-watchos/include -Xcc -I/Users/admin/builder/spi-builder-workspace/.derivedData/Build/Intermediates.noindex/Structure.build/Debug-watchos/DataStructures-t.build/DerivedSources-normal/arm64 -Xcc -I/Users/admin/builder/spi-builder-workspace/.derivedData/Build/Intermediates.noindex/Structure.build/Debug-watchos/DataStructures-t.build/DerivedSources/arm64 -Xcc -I/Users/admin/builder/spi-builder-workspace/.derivedData/Build/Intermediates.noindex/Structure.build/Debug-watchos/DataStructures-t.build/DerivedSources -Xcc -DSWIFT_PACKAGE -Xcc -DDEBUG\=1 -emit-objc-header -emit-objc-header-path /Users/admin/builder/spi-builder-workspace/.derivedData/Build/Intermediates.noindex/Structure.build/Debug-watchos/DataStructures-t.build/Objects-normal/arm64/DataStructures-Swift.h -working-directory /Users/admin/builder/spi-builder-workspace/.swiftpm/xcode -experimental-emit-module-separately -disable-cmo
ExtractAppIntentsMetadata (in target 'Algorithms' from project 'Structure')
cd /Users/admin/builder/spi-builder-workspace/.dependencies/checkouts/Structure
/Applications/Xcode-27.0.0-Release.Candidate.app/Contents/Developer/Toolchains/XcodeDefault.xctoolchain/usr/bin/appintentsmetadataprocessor --toolchain-dir /var/run/com.apple.security.cryptexd/mnt/com.apple.MobileAsset.MetalToolchain-v27.1.266.1.32FGAe/Metal.xctoolchain --module-name Algorithms --sdk-root /Applications/Xcode-27.0.0-Release.Candidate.app/Contents/Developer/Platforms/WatchOS.platform/Developer/SDKs/WatchOS27.0.sdk --xcode-version 27A266a --platform-family watchOS --deployment-target 9.0 --bundle-identifier structure.Algorithms --output /Users/admin/builder/spi-builder-workspace/.derivedData/Build/Products/Debug-watchos/Algorithms.appintents --target-triple arm64-apple-watchos9.0 --target-triple arm64_32-apple-watchos9.0 --binary-file /Users/admin/builder/spi-builder-workspace/.derivedData/Build/Products/Debug-watchos/Algorithms.o --dependency-file /Users/admin/builder/spi-builder-workspace/.derivedData/Build/Intermediates.noindex/Structure.build/Debug-watchos/Algorithms-t.build/Objects-normal/arm64/Algorithms_dependency_info.dat --dependency-file /Users/admin/builder/spi-builder-workspace/.derivedData/Build/Intermediates.noindex/Structure.build/Debug-watchos/Algorithms-t.build/Objects-normal/arm64_32/Algorithms_dependency_info.dat --stringsdata-file /Users/admin/builder/spi-builder-workspace/.derivedData/Build/Intermediates.noindex/Structure.build/Debug-watchos/Algorithms-t.build/Objects-normal/arm64/ExtractedAppShortcutsMetadata.stringsdata --stringsdata-file /Users/admin/builder/spi-builder-workspace/.derivedData/Build/Intermediates.noindex/Structure.build/Debug-watchos/Algorithms-t.build/Objects-normal/arm64_32/ExtractedAppShortcutsMetadata.stringsdata --source-file-list /Users/admin/builder/spi-builder-workspace/.derivedData/Build/Intermediates.noindex/Structure.build/Debug-watchos/Algorithms-t.build/Objects-normal/arm64/Algorithms.SwiftFileList --source-file-list /Users/admin/builder/spi-builder-workspace/.derivedData/Build/Intermediates.noindex/Structure.build/Debug-watchos/Algorithms-t.build/Objects-normal/arm64_32/Algorithms.SwiftFileList --metadata-file-list /Users/admin/builder/spi-builder-workspace/.derivedData/Build/Intermediates.noindex/Structure.build/Debug-watchos/Algorithms-t.build/Algorithms.DependencyMetadataFileList --static-metadata-file-list /Users/admin/builder/spi-builder-workspace/.derivedData/Build/Intermediates.noindex/Structure.build/Debug-watchos/Algorithms-t.build/Algorithms.DependencyStaticMetadataFileList --swift-const-vals-list /Users/admin/builder/spi-builder-workspace/.derivedData/Build/Intermediates.noindex/Structure.build/Debug-watchos/Algorithms-t.build/Objects-normal/arm64/Algorithms.SwiftConstValuesFileList --swift-const-vals-list /Users/admin/builder/spi-builder-workspace/.derivedData/Build/Intermediates.noindex/Structure.build/Debug-watchos/Algorithms-t.build/Objects-normal/arm64_32/Algorithms.SwiftConstValuesFileList --force --compile-time-extraction --deployment-aware-processing --no-app-shortcuts-localization
2026-09-16 11:33:00.323 appintentsmetadataprocessor[994:5864] Starting appintentsmetadataprocessor export
2026-09-16 11:33:00.410 appintentsmetadataprocessor[994:5864] Extracted no relevant App Intents symbols, skipping writing output
SwiftDriverJobDiscovery normal arm64_32 Compiling Functions.swift, GCDDomain.swift (in target 'Math' from project 'Math')
ExtractAppIntentsMetadata (in target 'Algebra' from project 'Structure')
cd /Users/admin/builder/spi-builder-workspace/.dependencies/checkouts/Structure
/Applications/Xcode-27.0.0-Release.Candidate.app/Contents/Developer/Toolchains/XcodeDefault.xctoolchain/usr/bin/appintentsmetadataprocessor --toolchain-dir /var/run/com.apple.security.cryptexd/mnt/com.apple.MobileAsset.MetalToolchain-v27.1.266.1.32FGAe/Metal.xctoolchain --module-name Algebra --sdk-root /Applications/Xcode-27.0.0-Release.Candidate.app/Contents/Developer/Platforms/WatchOS.platform/Developer/SDKs/WatchOS27.0.sdk --xcode-version 27A266a --platform-family watchOS --deployment-target 9.0 --bundle-identifier structure.Algebra --output /Users/admin/builder/spi-builder-workspace/.derivedData/Build/Products/Debug-watchos/Algebra.appintents --target-triple arm64-apple-watchos9.0 --target-triple arm64_32-apple-watchos9.0 --binary-file /Users/admin/builder/spi-builder-workspace/.derivedData/Build/Products/Debug-watchos/Algebra.o --dependency-file /Users/admin/builder/spi-builder-workspace/.derivedData/Build/Intermediates.noindex/Structure.build/Debug-watchos/Algebra-t.build/Objects-normal/arm64/Algebra_dependency_info.dat --dependency-file /Users/admin/builder/spi-builder-workspace/.derivedData/Build/Intermediates.noindex/Structure.build/Debug-watchos/Algebra-t.build/Objects-normal/arm64_32/Algebra_dependency_info.dat --stringsdata-file /Users/admin/builder/spi-builder-workspace/.derivedData/Build/Intermediates.noindex/Structure.build/Debug-watchos/Algebra-t.build/Objects-normal/arm64/ExtractedAppShortcutsMetadata.stringsdata --stringsdata-file /Users/admin/builder/spi-builder-workspace/.derivedData/Build/Intermediates.noindex/Structure.build/Debug-watchos/Algebra-t.build/Objects-normal/arm64_32/ExtractedAppShortcutsMetadata.stringsdata --source-file-list /Users/admin/builder/spi-builder-workspace/.derivedData/Build/Intermediates.noindex/Structure.build/Debug-watchos/Algebra-t.build/Objects-normal/arm64/Algebra.SwiftFileList --source-file-list /Users/admin/builder/spi-builder-workspace/.derivedData/Build/Intermediates.noindex/Structure.build/Debug-watchos/Algebra-t.build/Objects-normal/arm64_32/Algebra.SwiftFileList --metadata-file-list /Users/admin/builder/spi-builder-workspace/.derivedData/Build/Intermediates.noindex/Structure.build/Debug-watchos/Algebra-t.build/Algebra.DependencyMetadataFileList --static-metadata-file-list /Users/admin/builder/spi-builder-workspace/.derivedData/Build/Intermediates.noindex/Structure.build/Debug-watchos/Algebra-t.build/Algebra.DependencyStaticMetadataFileList --swift-const-vals-list /Users/admin/builder/spi-builder-workspace/.derivedData/Build/Intermediates.noindex/Structure.build/Debug-watchos/Algebra-t.build/Objects-normal/arm64/Algebra.SwiftConstValuesFileList --swift-const-vals-list /Users/admin/builder/spi-builder-workspace/.derivedData/Build/Intermediates.noindex/Structure.build/Debug-watchos/Algebra-t.build/Objects-normal/arm64_32/Algebra.SwiftConstValuesFileList --force --compile-time-extraction --deployment-aware-processing --no-app-shortcuts-localization
2026-09-16 11:33:00.339 appintentsmetadataprocessor[995:5865] Starting appintentsmetadataprocessor export
2026-09-16 11:33:00.415 appintentsmetadataprocessor[995:5865] Extracted no relevant App Intents symbols, skipping writing output
SwiftDriverJobDiscovery normal arm64_32 Compiling DoubleExtensions.swift, Fraction.swift (in target 'Math' from project 'Math')
SwiftDriverJobDiscovery normal arm64 Compiling DoubleExtensions.swift, Fraction.swift (in target 'Math' from project 'Math')
SwiftDriver Pitch normal arm64_32 com.apple.xcode.tools.swift.compiler (in target 'Pitch' from project 'Music')
cd /Users/admin/builder/spi-builder-workspace/.swiftpm/xcode
builtin-SwiftDriver -- /Applications/Xcode-27.0.0-Release.Candidate.app/Contents/Developer/Toolchains/XcodeDefault.xctoolchain/usr/bin/swiftc -parse-as-library -module-name Pitch -Onone @/Users/admin/builder/spi-builder-workspace/.derivedData/Build/Intermediates.noindex/Music.build/Debug-watchos/Pitch-t.build/Objects-normal/arm64_32/Pitch.SwiftFileList -DSWIFT_PACKAGE -DDEBUG -DSWIFT_MODULE_RESOURCE_BUNDLE_UNAVAILABLE -DXcode -plugin-path /Applications/Xcode-27.0.0-Release.Candidate.app/Contents/Developer/Toolchains/XcodeDefault.xctoolchain/usr/lib/swift/host/plugins/testing -enable-experimental-feature DebugDescriptionMacro -sdk /Applications/Xcode-27.0.0-Release.Candidate.app/Contents/Developer/Platforms/WatchOS.platform/Developer/SDKs/WatchOS27.0.sdk -target arm64_32-apple-watchos9.0 -g -module-cache-path /Users/admin/builder/spi-builder-workspace/.derivedData/ModuleCache.noindex -Xfrontend -serialize-debugging-options -profile-coverage-mapping -profile-generate -enable-testing -suppress-warnings -index-store-path /Users/admin/builder/spi-builder-workspace/.derivedData/Index.noindex/DataStore -Xcc -D_LIBCPP_HARDENING_MODE\=_LIBCPP_HARDENING_MODE_DEBUG -swift-version 4.2 -I /Users/admin/builder/spi-builder-workspace/.derivedData/Build/Products/Debug-watchos -Isystem /Applications/Xcode-27.0.0-Release.Candidate.app/Contents/Developer/Platforms/WatchOS.platform/Developer/usr/lib -F /Users/admin/builder/spi-builder-workspace/.derivedData/Build/Products/Debug-watchos/PackageFrameworks -F /Users/admin/builder/spi-builder-workspace/.derivedData/Build/Products/Debug-watchos -F /Applications/Xcode-27.0.0-Release.Candidate.app/Contents/Developer/Platforms/WatchOS.platform/Developer/Library/Frameworks -F /Applications/Xcode-27.0.0-Release.Candidate.app/Contents/Developer/Platforms/WatchOS.platform/Developer/SDKs/WatchOS27.0.sdk/Developer/Library/Frameworks -c -j10 -enable-batch-mode -incremental -Xcc -ivfsstatcache -Xcc /Users/admin/builder/spi-builder-workspace/.derivedData/SDKStatCaches.noindex/watchos27.0-24R360-e829b21a6f8c9b70876ba0858053c04477534ef55a1706bf4c1112bbb242f0a2.sdkstatcache -output-file-map /Users/admin/builder/spi-builder-workspace/.derivedData/Build/Intermediates.noindex/Music.build/Debug-watchos/Pitch-t.build/Objects-normal/arm64_32/Pitch-OutputFileMap.json -save-temps -no-color-diagnostics -emit-dependencies -emit-module -emit-module-path /Users/admin/builder/spi-builder-workspace/.derivedData/Build/Intermediates.noindex/Music.build/Debug-watchos/Pitch-t.build/Objects-normal/arm64_32/Pitch.swiftmodule -serialize-diagnostics -validate-clang-modules-once -clang-build-session-file /Users/admin/builder/spi-builder-workspace/.derivedData/ModuleCache.noindex/Session.modulevalidation -Xcc -fmodules-prune-interval\=86400 -Xcc -fmodules-prune-after\=345600 -emit-const-values -const-gather-protocols-list /Users/admin/builder/spi-builder-workspace/.derivedData/Build/Intermediates.noindex/Music.build/Debug-watchos/Pitch-t.build/Objects-normal/arm64_32/Pitch_const_extract_protocols.json -Xcc -I/Users/admin/builder/spi-builder-workspace/.derivedData/Build/Products/Debug-watchos/include -Xcc -I/Users/admin/builder/spi-builder-workspace/.derivedData/Build/Intermediates.noindex/Music.build/Debug-watchos/Pitch-t.build/DerivedSources-normal/arm64_32 -Xcc -I/Users/admin/builder/spi-builder-workspace/.derivedData/Build/Intermediates.noindex/Music.build/Debug-watchos/Pitch-t.build/DerivedSources/arm64_32 -Xcc -I/Users/admin/builder/spi-builder-workspace/.derivedData/Build/Intermediates.noindex/Music.build/Debug-watchos/Pitch-t.build/DerivedSources -Xcc -DSWIFT_PACKAGE -Xcc -DDEBUG\=1 -emit-objc-header -emit-objc-header-path /Users/admin/builder/spi-builder-workspace/.derivedData/Build/Intermediates.noindex/Music.build/Debug-watchos/Pitch-t.build/Objects-normal/arm64_32/Pitch-Swift.h -working-directory /Users/admin/builder/spi-builder-workspace/.swiftpm/xcode -experimental-emit-module-separately -disable-cmo
SwiftDriver Pitch normal arm64 com.apple.xcode.tools.swift.compiler (in target 'Pitch' from project 'Music')
cd /Users/admin/builder/spi-builder-workspace/.swiftpm/xcode
builtin-SwiftDriver -- /Applications/Xcode-27.0.0-Release.Candidate.app/Contents/Developer/Toolchains/XcodeDefault.xctoolchain/usr/bin/swiftc -parse-as-library -module-name Pitch -Onone @/Users/admin/builder/spi-builder-workspace/.derivedData/Build/Intermediates.noindex/Music.build/Debug-watchos/Pitch-t.build/Objects-normal/arm64/Pitch.SwiftFileList -DSWIFT_PACKAGE -DDEBUG -DSWIFT_MODULE_RESOURCE_BUNDLE_UNAVAILABLE -DXcode -plugin-path /Applications/Xcode-27.0.0-Release.Candidate.app/Contents/Developer/Toolchains/XcodeDefault.xctoolchain/usr/lib/swift/host/plugins/testing -enable-experimental-feature DebugDescriptionMacro -sdk /Applications/Xcode-27.0.0-Release.Candidate.app/Contents/Developer/Platforms/WatchOS.platform/Developer/SDKs/WatchOS27.0.sdk -target arm64-apple-watchos9.0 -g -module-cache-path /Users/admin/builder/spi-builder-workspace/.derivedData/ModuleCache.noindex -Xfrontend -serialize-debugging-options -profile-coverage-mapping -profile-generate -enable-testing -suppress-warnings -index-store-path /Users/admin/builder/spi-builder-workspace/.derivedData/Index.noindex/DataStore -Xcc -D_LIBCPP_HARDENING_MODE\=_LIBCPP_HARDENING_MODE_DEBUG -swift-version 4.2 -I /Users/admin/builder/spi-builder-workspace/.derivedData/Build/Products/Debug-watchos -Isystem /Applications/Xcode-27.0.0-Release.Candidate.app/Contents/Developer/Platforms/WatchOS.platform/Developer/usr/lib -F /Users/admin/builder/spi-builder-workspace/.derivedData/Build/Products/Debug-watchos/PackageFrameworks -F /Users/admin/builder/spi-builder-workspace/.derivedData/Build/Products/Debug-watchos -F /Applications/Xcode-27.0.0-Release.Candidate.app/Contents/Developer/Platforms/WatchOS.platform/Developer/Library/Frameworks -F /Applications/Xcode-27.0.0-Release.Candidate.app/Contents/Developer/Platforms/WatchOS.platform/Developer/SDKs/WatchOS27.0.sdk/Developer/Library/Frameworks -c -j10 -enable-batch-mode -incremental -Xcc -ivfsstatcache -Xcc /Users/admin/builder/spi-builder-workspace/.derivedData/SDKStatCaches.noindex/watchos27.0-24R360-e829b21a6f8c9b70876ba0858053c04477534ef55a1706bf4c1112bbb242f0a2.sdkstatcache -output-file-map /Users/admin/builder/spi-builder-workspace/.derivedData/Build/Intermediates.noindex/Music.build/Debug-watchos/Pitch-t.build/Objects-normal/arm64/Pitch-OutputFileMap.json -save-temps -no-color-diagnostics -emit-dependencies -emit-module -emit-module-path /Users/admin/builder/spi-builder-workspace/.derivedData/Build/Intermediates.noindex/Music.build/Debug-watchos/Pitch-t.build/Objects-normal/arm64/Pitch.swiftmodule -serialize-diagnostics -validate-clang-modules-once -clang-build-session-file /Users/admin/builder/spi-builder-workspace/.derivedData/ModuleCache.noindex/Session.modulevalidation -Xcc -fmodules-prune-interval\=86400 -Xcc -fmodules-prune-after\=345600 -emit-const-values -const-gather-protocols-list /Users/admin/builder/spi-builder-workspace/.derivedData/Build/Intermediates.noindex/Music.build/Debug-watchos/Pitch-t.build/Objects-normal/arm64/Pitch_const_extract_protocols.json -Xcc -I/Users/admin/builder/spi-builder-workspace/.derivedData/Build/Products/Debug-watchos/include -Xcc -I/Users/admin/builder/spi-builder-workspace/.derivedData/Build/Intermediates.noindex/Music.build/Debug-watchos/Pitch-t.build/DerivedSources-normal/arm64 -Xcc -I/Users/admin/builder/spi-builder-workspace/.derivedData/Build/Intermediates.noindex/Music.build/Debug-watchos/Pitch-t.build/DerivedSources/arm64 -Xcc -I/Users/admin/builder/spi-builder-workspace/.derivedData/Build/Intermediates.noindex/Music.build/Debug-watchos/Pitch-t.build/DerivedSources -Xcc -DSWIFT_PACKAGE -Xcc -DDEBUG\=1 -emit-objc-header -emit-objc-header-path /Users/admin/builder/spi-builder-workspace/.derivedData/Build/Intermediates.noindex/Music.build/Debug-watchos/Pitch-t.build/Objects-normal/arm64/Pitch-Swift.h -working-directory /Users/admin/builder/spi-builder-workspace/.swiftpm/xcode -experimental-emit-module-separately -disable-cmo
SwiftDriverJobDiscovery normal arm64_32 Compiling Quadratic.swift (in target 'Math' from project 'Math')
SwiftDriver\ Compilation Math normal arm64_32 com.apple.xcode.tools.swift.compiler (in target 'Math' from project 'Math')
cd /Users/admin/builder/spi-builder-workspace/.swiftpm/xcode
builtin-Swift-Compilation -- /Applications/Xcode-27.0.0-Release.Candidate.app/Contents/Developer/Toolchains/XcodeDefault.xctoolchain/usr/bin/swiftc -parse-as-library -module-name Math -Onone @/Users/admin/builder/spi-builder-workspace/.derivedData/Build/Intermediates.noindex/Math.build/Debug-watchos/Math-t.build/Objects-normal/arm64_32/Math.SwiftFileList -DSWIFT_PACKAGE -DDEBUG -DSWIFT_MODULE_RESOURCE_BUNDLE_UNAVAILABLE -DXcode -plugin-path /Applications/Xcode-27.0.0-Release.Candidate.app/Contents/Developer/Toolchains/XcodeDefault.xctoolchain/usr/lib/swift/host/plugins/testing -enable-experimental-feature DebugDescriptionMacro -sdk /Applications/Xcode-27.0.0-Release.Candidate.app/Contents/Developer/Platforms/WatchOS.platform/Developer/SDKs/WatchOS27.0.sdk -target arm64_32-apple-watchos9.0 -g -module-cache-path /Users/admin/builder/spi-builder-workspace/.derivedData/ModuleCache.noindex -Xfrontend -serialize-debugging-options -profile-coverage-mapping -profile-generate -enable-testing -suppress-warnings -index-store-path /Users/admin/builder/spi-builder-workspace/.derivedData/Index.noindex/DataStore -Xcc -D_LIBCPP_HARDENING_MODE\=_LIBCPP_HARDENING_MODE_DEBUG -swift-version 4.2 -I /Users/admin/builder/spi-builder-workspace/.derivedData/Build/Products/Debug-watchos -Isystem /Applications/Xcode-27.0.0-Release.Candidate.app/Contents/Developer/Platforms/WatchOS.platform/Developer/usr/lib -F /Users/admin/builder/spi-builder-workspace/.derivedData/Build/Products/Debug-watchos/PackageFrameworks -F /Users/admin/builder/spi-builder-workspace/.derivedData/Build/Products/Debug-watchos -F /Applications/Xcode-27.0.0-Release.Candidate.app/Contents/Developer/Platforms/WatchOS.platform/Developer/Library/Frameworks -F /Applications/Xcode-27.0.0-Release.Candidate.app/Contents/Developer/Platforms/WatchOS.platform/Developer/SDKs/WatchOS27.0.sdk/Developer/Library/Frameworks -c -j10 -enable-batch-mode -incremental -Xcc -ivfsstatcache -Xcc /Users/admin/builder/spi-builder-workspace/.derivedData/SDKStatCaches.noindex/watchos27.0-24R360-e829b21a6f8c9b70876ba0858053c04477534ef55a1706bf4c1112bbb242f0a2.sdkstatcache -output-file-map /Users/admin/builder/spi-builder-workspace/.derivedData/Build/Intermediates.noindex/Math.build/Debug-watchos/Math-t.build/Objects-normal/arm64_32/Math-OutputFileMap.json -save-temps -no-color-diagnostics -emit-dependencies -emit-module -emit-module-path /Users/admin/builder/spi-builder-workspace/.derivedData/Build/Intermediates.noindex/Math.build/Debug-watchos/Math-t.build/Objects-normal/arm64_32/Math.swiftmodule -serialize-diagnostics -validate-clang-modules-once -clang-build-session-file /Users/admin/builder/spi-builder-workspace/.derivedData/ModuleCache.noindex/Session.modulevalidation -Xcc -fmodules-prune-interval\=86400 -Xcc -fmodules-prune-after\=345600 -emit-const-values -const-gather-protocols-list /Users/admin/builder/spi-builder-workspace/.derivedData/Build/Intermediates.noindex/Math.build/Debug-watchos/Math-t.build/Objects-normal/arm64_32/Math_const_extract_protocols.json -Xcc -I/Users/admin/builder/spi-builder-workspace/.derivedData/Build/Products/Debug-watchos/include -Xcc -I/Users/admin/builder/spi-builder-workspace/.derivedData/Build/Intermediates.noindex/Math.build/Debug-watchos/Math-t.build/DerivedSources-normal/arm64_32 -Xcc -I/Users/admin/builder/spi-builder-workspace/.derivedData/Build/Intermediates.noindex/Math.build/Debug-watchos/Math-t.build/DerivedSources/arm64_32 -Xcc -I/Users/admin/builder/spi-builder-workspace/.derivedData/Build/Intermediates.noindex/Math.build/Debug-watchos/Math-t.build/DerivedSources -Xcc -DSWIFT_PACKAGE -Xcc -DDEBUG\=1 -emit-objc-header -emit-objc-header-path /Users/admin/builder/spi-builder-workspace/.derivedData/Build/Intermediates.noindex/Math.build/Debug-watchos/Math-t.build/Objects-normal/arm64_32/Math-Swift.h -working-directory /Users/admin/builder/spi-builder-workspace/.swiftpm/xcode -experimental-emit-module-separately -disable-cmo
SwiftDriverJobDiscovery normal arm64 Compiling Quadratic.swift (in target 'Math' from project 'Math')
SwiftCompile normal arm64_32 Compiling\ NoteNumberRepresentable.swift,\ OrderedInterval.swift /Users/admin/builder/spi-builder-workspace/.dependencies/checkouts/Music/Sources/Pitch/NoteNumberRepresentable.swift /Users/admin/builder/spi-builder-workspace/.dependencies/checkouts/Music/Sources/Pitch/OrderedInterval.swift (in target 'Pitch' from project 'Music')
SwiftCompile normal arm64_32 /Users/admin/builder/spi-builder-workspace/.dependencies/checkouts/Music/Sources/Pitch/NoteNumberRepresentable.swift (in target 'Pitch' from project 'Music')
cd /Users/admin/builder/spi-builder-workspace/.swiftpm/xcode
builtin-SwiftPerFileCompile NoteNumberRepresentable.swift
SwiftCompile normal arm64_32 /Users/admin/builder/spi-builder-workspace/.dependencies/checkouts/Music/Sources/Pitch/OrderedInterval.swift (in target 'Pitch' from project 'Music')
cd /Users/admin/builder/spi-builder-workspace/.swiftpm/xcode
builtin-SwiftPerFileCompile OrderedInterval.swift
SwiftCompile normal arm64_32 Compiling\ IntervalQuality.swift,\ OrderedIntervalDescriptor.swift /Users/admin/builder/spi-builder-workspace/.dependencies/checkouts/Music/Sources/Pitch/IntervalDescriptor/IntervalQuality.swift /Users/admin/builder/spi-builder-workspace/.dependencies/checkouts/Music/Sources/Pitch/IntervalDescriptor/OrderedIntervalDescriptor.swift (in target 'Pitch' from project 'Music')
SwiftCompile normal arm64_32 /Users/admin/builder/spi-builder-workspace/.dependencies/checkouts/Music/Sources/Pitch/IntervalDescriptor/IntervalQuality.swift (in target 'Pitch' from project 'Music')
cd /Users/admin/builder/spi-builder-workspace/.swiftpm/xcode
builtin-SwiftPerFileCompile IntervalQuality.swift
SwiftCompile normal arm64_32 /Users/admin/builder/spi-builder-workspace/.dependencies/checkouts/Music/Sources/Pitch/IntervalDescriptor/OrderedIntervalDescriptor.swift (in target 'Pitch' from project 'Music')
cd /Users/admin/builder/spi-builder-workspace/.swiftpm/xcode
builtin-SwiftPerFileCompile OrderedIntervalDescriptor.swift
SwiftEmitModule normal arm64_32 Emitting\ module\ for\ Pitch (in target 'Pitch' from project 'Music')
/Users/admin/builder/spi-builder-workspace/.dependencies/checkouts/Music/Sources/Pitch/Frequency.swift:25:15: error: type 'Frequency' does not conform to protocol 'AdditiveArithmetic'
23 | /// let mean: Frequency = 440.0 // => "a 440"
24 | ///
25 | public struct Frequency: NewType, SignedNumeric {
| `- error: type 'Frequency' does not conform to protocol 'AdditiveArithmetic'
26 |
27 | // MARK: - Instance Properties
Swift.AdditiveArithmetic.+=:2:13: note: multiple matching functions named '+=' with type '(inout Frequency, Frequency) -> ()'
1 | protocol AdditiveArithmetic {
2 | static func += (lhs: inout Self, rhs: Self)}
| `- note: multiple matching functions named '+=' with type '(inout Frequency, Frequency) -> ()'
3 |
Swift.AdditiveArithmetic.+=:2:20: note: candidate exactly matches
1 | protocol AdditiveArithmetic {
2 | public static func += (lhs: inout Self, rhs: Self)}
| `- note: candidate exactly matches
3 |
/Users/admin/builder/spi-builder-workspace/.dependencies/checkouts/Structure/Sources/DataStructures/NewType.swift:71:24: note: candidate exactly matches
69 | }
70 |
71 | public static func += (lhs: inout Self, rhs: Self) {
| `- note: candidate exactly matches
72 | lhs = lhs + rhs
73 | }
:
77 | }
78 |
79 | public static func -= (lhs: inout Self, rhs: Self) {
| `- note: candidate exactly matches
80 | lhs = lhs - rhs
81 | }
Swift.AdditiveArithmetic.-=:2:13: note: multiple matching functions named '-=' with type '(inout Frequency, Frequency) -> ()'
1 | protocol AdditiveArithmetic {
2 | static func -= (lhs: inout Self, rhs: Self)}
| `- note: multiple matching functions named '-=' with type '(inout Frequency, Frequency) -> ()'
3 |
Swift.AdditiveArithmetic.-=:2:20: note: candidate exactly matches
1 | protocol AdditiveArithmetic {
2 | public static func -= (lhs: inout Self, rhs: Self)}
| `- note: candidate exactly matches
3 |
/Users/admin/builder/spi-builder-workspace/.dependencies/checkouts/Music/Sources/Pitch/NoteNumber.swift:27:15: error: type 'NoteNumber' does not conform to protocol 'AdditiveArithmetic'
25 | /// let cold: NoteNumber = 60
26 | ///
27 | public struct NoteNumber:
| `- error: type 'NoteNumber' does not conform to protocol 'AdditiveArithmetic'
28 | NewType,
29 | Comparable,
Swift.AdditiveArithmetic.+=:2:13: note: multiple matching functions named '+=' with type '(inout NoteNumber, NoteNumber) -> ()'
1 | protocol AdditiveArithmetic {
2 | static func += (lhs: inout Self, rhs: Self)}
| `- note: multiple matching functions named '+=' with type '(inout NoteNumber, NoteNumber) -> ()'
3 |
Swift.AdditiveArithmetic.+=:2:20: note: candidate exactly matches
1 | protocol AdditiveArithmetic {
2 | public static func += (lhs: inout Self, rhs: Self)}
| `- note: candidate exactly matches
3 |
/Users/admin/builder/spi-builder-workspace/.dependencies/checkouts/Structure/Sources/DataStructures/NewType.swift:71:24: note: candidate exactly matches
69 | }
70 |
71 | public static func += (lhs: inout Self, rhs: Self) {
| `- note: candidate exactly matches
72 | lhs = lhs + rhs
73 | }
:
77 | }
78 |
79 | public static func -= (lhs: inout Self, rhs: Self) {
| `- note: candidate exactly matches
80 | lhs = lhs - rhs
81 | }
Swift.AdditiveArithmetic.-=:2:13: note: multiple matching functions named '-=' with type '(inout NoteNumber, NoteNumber) -> ()'
1 | protocol AdditiveArithmetic {
2 | static func -= (lhs: inout Self, rhs: Self)}
| `- note: multiple matching functions named '-=' with type '(inout NoteNumber, NoteNumber) -> ()'
3 |
Swift.AdditiveArithmetic.-=:2:20: note: candidate exactly matches
1 | protocol AdditiveArithmetic {
2 | public static func -= (lhs: inout Self, rhs: Self)}
| `- note: candidate exactly matches
3 |
Failed frontend command:
/Applications/Xcode-27.0.0-Release.Candidate.app/Contents/Developer/Toolchains/XcodeDefault.xctoolchain/usr/bin/swift-frontend -frontend -emit-module -experimental-skip-non-inlinable-function-bodies-without-types /Users/admin/builder/spi-builder-workspace/.dependencies/checkouts/Music/Sources/Pitch/Chord/Chord.IntervalPattern.swift /Users/admin/builder/spi-builder-workspace/.dependencies/checkouts/Music/Sources/Pitch/Chord/Chord.swift /Users/admin/builder/spi-builder-workspace/.dependencies/checkouts/Music/Sources/Pitch/Chord/ChordDescriptor.swift /Users/admin/builder/spi-builder-workspace/.dependencies/checkouts/Music/Sources/Pitch/Dyad.swift /Users/admin/builder/spi-builder-workspace/.dependencies/checkouts/Music/Sources/Pitch/Frequency.swift /Users/admin/builder/spi-builder-workspace/.dependencies/checkouts/Music/Sources/Pitch/IntervalDescriptor/CompoundIntervalDescriptor.swift /Users/admin/builder/spi-builder-workspace/.dependencies/checkouts/Music/Sources/Pitch/IntervalDescriptor/IntervalDescriptor.swift /Users/admin/builder/spi-builder-workspace/.dependencies/checkouts/Music/Sources/Pitch/IntervalDescriptor/IntervalOrdinal.swift /Users/admin/builder/spi-builder-workspace/.dependencies/checkouts/Music/Sources/Pitch/IntervalDescriptor/IntervalQuality.swift /Users/admin/builder/spi-builder-workspace/.dependencies/checkouts/Music/Sources/Pitch/IntervalDescriptor/OrderedIntervalDescriptor.swift /Users/admin/builder/spi-builder-workspace/.dependencies/checkouts/Music/Sources/Pitch/IntervalDescriptor/UnorderedIntervalDescriptor.swift /Users/admin/builder/spi-builder-workspace/.dependencies/checkouts/Music/Sources/Pitch/NoteNumber.swift /Users/admin/builder/spi-builder-workspace/.dependencies/checkouts/Music/Sources/Pitch/NoteNumberRepresentable.swift /Users/admin/builder/spi-builder-workspace/.dependencies/checkouts/Music/Sources/Pitch/OrderedInterval.swift /Users/admin/builder/spi-builder-workspace/.dependencies/checkouts/Music/Sources/Pitch/Pitch.Class.swift /Users/admin/builder/spi-builder-workspace/.dependencies/checkouts/Music/Sources/Pitch/Pitch.swift /Users/admin/builder/spi-builder-workspace/.dependencies/checkouts/Music/Sources/Pitch/Scale/Scale.IntervalPattern.swift /Users/admin/builder/spi-builder-workspace/.dependencies/checkouts/Music/Sources/Pitch/Scale/Scale.swift /Users/admin/builder/spi-builder-workspace/.dependencies/checkouts/Music/Sources/Pitch/TuningSystem.swift /Users/admin/builder/spi-builder-workspace/.dependencies/checkouts/Music/Sources/Pitch/UnorderedInterval.swift -target arm64_32-apple-watchos9.0 -enable-objc-interop -sdk /Applications/Xcode-27.0.0-Release.Candidate.app/Contents/Developer/Platforms/WatchOS.platform/Developer/SDKs/WatchOS27.0.sdk -I /Users/admin/builder/spi-builder-workspace/.derivedData/Build/Products/Debug-watchos -Isystem /Applications/Xcode-27.0.0-Release.Candidate.app/Contents/Developer/Platforms/WatchOS.platform/Developer/usr/lib -F /Users/admin/builder/spi-builder-workspace/.derivedData/Build/Products/Debug-watchos/PackageFrameworks -F /Users/admin/builder/spi-builder-workspace/.derivedData/Build/Products/Debug-watchos -F /Applications/Xcode-27.0.0-Release.Candidate.app/Contents/Developer/Platforms/WatchOS.platform/Developer/Library/Frameworks -F /Applications/Xcode-27.0.0-Release.Candidate.app/Contents/Developer/Platforms/WatchOS.platform/Developer/SDKs/WatchOS27.0.sdk/Developer/Library/Frameworks -module-cache-path /Users/admin/builder/spi-builder-workspace/.derivedData/ModuleCache.noindex -no-color-diagnostics -Xcc -fno-color-diagnostics -enable-testing -g -debug-info-format\=dwarf -dwarf-version\=4 -suppress-warnings -profile-generate -profile-coverage-mapping -swift-version 4.2 -Onone -D SWIFT_PACKAGE -D DEBUG -D SWIFT_MODULE_RESOURCE_BUNDLE_UNAVAILABLE -D Xcode -serialize-debugging-options -enable-experimental-feature DebugDescriptionMacro -empty-abi-descriptor -plugin-path /Applications/Xcode-27.0.0-Release.Candidate.app/Contents/Developer/Toolchains/XcodeDefault.xctoolchain/usr/lib/swift/host/plugins/testing -validate-clang-modules-once -clang-build-session-file /Users/admin/builder/spi-builder-workspace/.derivedData/ModuleCache.noindex/Session.modulevalidation -Xcc -working-directory -Xcc /Users/admin/builder/spi-builder-workspace/.swiftpm/xcode -enable-anonymous-context-mangled-names -file-compilation-dir /Users/admin/builder/spi-builder-workspace/.swiftpm/xcode -Xcc -D_LIBCPP_HARDENING_MODE\=_LIBCPP_HARDENING_MODE_DEBUG -Xcc -ivfsstatcache -Xcc /Users/admin/builder/spi-builder-workspace/.derivedData/SDKStatCaches.noindex/watchos27.0-24R360-e829b21a6f8c9b70876ba0858053c04477534ef55a1706bf4c1112bbb242f0a2.sdkstatcache -Xcc -fmodules-prune-interval\=86400 -Xcc -fmodules-prune-after\=345600 -Xcc -I/Users/admin/builder/spi-builder-workspace/.derivedData/Build/Products/Debug-watchos/include -Xcc -I/Users/admin/builder/spi-builder-workspace/.derivedData/Build/Intermediates.noindex/Music.build/Debug-watchos/Pitch-t.build/DerivedSources-normal/arm64_32 -Xcc -I/Users/admin/builder/spi-builder-workspace/.derivedData/Build/Intermediates.noindex/Music.build/Debug-watchos/Pitch-t.build/DerivedSources/arm64_32 -Xcc -I/Users/admin/builder/spi-builder-workspace/.derivedData/Build/Intermediates.noindex/Music.build/Debug-watchos/Pitch-t.build/DerivedSources -Xcc -DSWIFT_PACKAGE -Xcc -DDEBUG\=1 -no-auto-bridging-header-chaining -module-name Pitch -const-gather-protocols-file /Users/admin/builder/spi-builder-workspace/.derivedData/Build/Intermediates.noindex/Music.build/Debug-watchos/Pitch-t.build/Objects-normal/arm64_32/Pitch_const_extract_protocols.json -disable-clang-spi -target-sdk-version 27.0 -target-sdk-name watchos27.0 -external-plugin-path /Applications/Xcode-27.0.0-Release.Candidate.app/Contents/Developer/Platforms/WatchOS.platform/Developer/usr/lib/swift/host/plugins\#/Applications/Xcode-27.0.0-Release.Candidate.app/Contents/Developer/Platforms/WatchOS.platform/Developer/usr/bin/swift-plugin-server -external-plugin-path /Applications/Xcode-27.0.0-Release.Candidate.app/Contents/Developer/Platforms/WatchOS.platform/Developer/usr/local/lib/swift/host/plugins\#/Applications/Xcode-27.0.0-Release.Candidate.app/Contents/Developer/Platforms/WatchOS.platform/Developer/usr/bin/swift-plugin-server -in-process-plugin-server-path /Applications/Xcode-27.0.0-Release.Candidate.app/Contents/Developer/Toolchains/XcodeDefault.xctoolchain/usr/lib/swift/host/libSwiftInProcPluginServer.dylib -plugin-path /Applications/Xcode-27.0.0-Release.Candidate.app/Contents/Developer/Toolchains/XcodeDefault.xctoolchain/usr/lib/swift/host/plugins -plugin-path /Applications/Xcode-27.0.0-Release.Candidate.app/Contents/Developer/Toolchains/XcodeDefault.xctoolchain/usr/local/lib/swift/host/plugins -emit-module-doc-path /Users/admin/builder/spi-builder-workspace/.derivedData/Build/Intermediates.noindex/Music.build/Debug-watchos/Pitch-t.build/Objects-normal/arm64_32/Pitch.swiftdoc -emit-module-source-info-path /Users/admin/builder/spi-builder-workspace/.derivedData/Build/Intermediates.noindex/Music.build/Debug-watchos/Pitch-t.build/Objects-normal/arm64_32/Pitch.swiftsourceinfo -emit-objc-header-path /Users/admin/builder/spi-builder-workspace/.derivedData/Build/Intermediates.noindex/Music.build/Debug-watchos/Pitch-t.build/Objects-normal/arm64_32/Pitch-Swift.h -serialize-diagnostics-path /Users/admin/builder/spi-builder-workspace/.derivedData/Build/Intermediates.noindex/Music.build/Debug-watchos/Pitch-t.build/Objects-normal/arm64_32/Pitch-primary-emit-module.dia -emit-dependencies-path /Users/admin/builder/spi-builder-workspace/.derivedData/Build/Intermediates.noindex/Music.build/Debug-watchos/Pitch-t.build/Objects-normal/arm64_32/Pitch-primary-emit-module.d -parse-as-library -o /Users/admin/builder/spi-builder-workspace/.derivedData/Build/Intermediates.noindex/Music.build/Debug-watchos/Pitch-t.build/Objects-normal/arm64_32/Pitch.swiftmodule -emit-abi-descriptor-path /Users/admin/builder/spi-builder-workspace/.derivedData/Build/Intermediates.noindex/Music.build/Debug-watchos/Pitch-t.build/Objects-normal/arm64_32/Pitch.abi.json
SwiftCompile normal arm64_32 (in target 'Pitch' from project 'Music')
cd /Users/admin/builder/spi-builder-workspace/.swiftpm/xcode
SwiftCompile normal arm64_32 Compiling\ IntervalDescriptor.swift,\ IntervalOrdinal.swift /Users/admin/builder/spi-builder-workspace/.dependencies/checkouts/Music/Sources/Pitch/IntervalDescriptor/IntervalDescriptor.swift /Users/admin/builder/spi-builder-workspace/.dependencies/checkouts/Music/Sources/Pitch/IntervalDescriptor/IntervalOrdinal.swift (in target 'Pitch' from project 'Music')
SwiftCompile normal arm64_32 /Users/admin/builder/spi-builder-workspace/.dependencies/checkouts/Music/Sources/Pitch/IntervalDescriptor/IntervalDescriptor.swift (in target 'Pitch' from project 'Music')
cd /Users/admin/builder/spi-builder-workspace/.swiftpm/xcode
builtin-SwiftPerFileCompile IntervalDescriptor.swift
SwiftCompile normal arm64_32 /Users/admin/builder/spi-builder-workspace/.dependencies/checkouts/Music/Sources/Pitch/IntervalDescriptor/IntervalOrdinal.swift (in target 'Pitch' from project 'Music')
cd /Users/admin/builder/spi-builder-workspace/.swiftpm/xcode
builtin-SwiftPerFileCompile IntervalOrdinal.swift
SwiftEmitModule normal arm64 Emitting\ module\ for\ Pitch (in target 'Pitch' from project 'Music')
SwiftCompile normal arm64 (in target 'Pitch' from project 'Music')
cd /Users/admin/builder/spi-builder-workspace/.swiftpm/xcode
/Users/admin/builder/spi-builder-workspace/.dependencies/checkouts/Music/Sources/Pitch/Frequency.swift:25:15: error: type 'Frequency' does not conform to protocol 'AdditiveArithmetic'
23 | /// let mean: Frequency = 440.0 // => "a 440"
24 | ///
25 | public struct Frequency: NewType, SignedNumeric {
| `- error: type 'Frequency' does not conform to protocol 'AdditiveArithmetic'
26 |
27 | // MARK: - Instance Properties
Swift.AdditiveArithmetic.+=:2:13: note: multiple matching functions named '+=' with type '(inout Frequency, Frequency) -> ()'
1 | protocol AdditiveArithmetic {
2 | static func += (lhs: inout Self, rhs: Self)}
| `- note: multiple matching functions named '+=' with type '(inout Frequency, Frequency) -> ()'
3 |
Swift.AdditiveArithmetic.+=:2:20: note: candidate exactly matches
1 | protocol AdditiveArithmetic {
2 | public static func += (lhs: inout Self, rhs: Self)}
| `- note: candidate exactly matches
3 |
/Users/admin/builder/spi-builder-workspace/.dependencies/checkouts/Structure/Sources/DataStructures/NewType.swift:71:24: note: candidate exactly matches
69 | }
70 |
71 | public static func += (lhs: inout Self, rhs: Self) {
| `- note: candidate exactly matches
72 | lhs = lhs + rhs
73 | }
:
77 | }
78 |
79 | public static func -= (lhs: inout Self, rhs: Self) {
| `- note: candidate exactly matches
80 | lhs = lhs - rhs
81 | }
Swift.AdditiveArithmetic.-=:2:13: note: multiple matching functions named '-=' with type '(inout Frequency, Frequency) -> ()'
1 | protocol AdditiveArithmetic {
2 | static func -= (lhs: inout Self, rhs: Self)}
| `- note: multiple matching functions named '-=' with type '(inout Frequency, Frequency) -> ()'
3 |
Swift.AdditiveArithmetic.-=:2:20: note: candidate exactly matches
1 | protocol AdditiveArithmetic {
2 | public static func -= (lhs: inout Self, rhs: Self)}
| `- note: candidate exactly matches
3 |
SwiftCompile normal arm64 Compiling\ Scale.IntervalPattern.swift,\ Scale.swift /Users/admin/builder/spi-builder-workspace/.dependencies/checkouts/Music/Sources/Pitch/Scale/Scale.IntervalPattern.swift /Users/admin/builder/spi-builder-workspace/.dependencies/checkouts/Music/Sources/Pitch/Scale/Scale.swift (in target 'Pitch' from project 'Music')
SwiftCompile normal arm64 /Users/admin/builder/spi-builder-workspace/.dependencies/checkouts/Music/Sources/Pitch/Scale/Scale.IntervalPattern.swift (in target 'Pitch' from project 'Music')
cd /Users/admin/builder/spi-builder-workspace/.swiftpm/xcode
builtin-SwiftPerFileCompile Scale.IntervalPattern.swift
SwiftCompile normal arm64 /Users/admin/builder/spi-builder-workspace/.dependencies/checkouts/Music/Sources/Pitch/Scale/Scale.swift (in target 'Pitch' from project 'Music')
cd /Users/admin/builder/spi-builder-workspace/.swiftpm/xcode
builtin-SwiftPerFileCompile Scale.swift
SwiftCompile normal arm64 Compiling\ NoteNumberRepresentable.swift,\ OrderedInterval.swift /Users/admin/builder/spi-builder-workspace/.dependencies/checkouts/Music/Sources/Pitch/NoteNumberRepresentable.swift /Users/admin/builder/spi-builder-workspace/.dependencies/checkouts/Music/Sources/Pitch/OrderedInterval.swift (in target 'Pitch' from project 'Music')
SwiftCompile normal arm64 /Users/admin/builder/spi-builder-workspace/.dependencies/checkouts/Music/Sources/Pitch/NoteNumberRepresentable.swift (in target 'Pitch' from project 'Music')
cd /Users/admin/builder/spi-builder-workspace/.swiftpm/xcode
builtin-SwiftPerFileCompile NoteNumberRepresentable.swift
SwiftCompile normal arm64 /Users/admin/builder/spi-builder-workspace/.dependencies/checkouts/Music/Sources/Pitch/OrderedInterval.swift (in target 'Pitch' from project 'Music')
cd /Users/admin/builder/spi-builder-workspace/.swiftpm/xcode
builtin-SwiftPerFileCompile OrderedInterval.swift
SwiftDriverJobDiscovery normal arm64 Compiling PowerOfTwoSequence.swift (in target 'Math' from project 'Math')
SwiftCompile normal arm64 Compiling\ ChordDescriptor.swift,\ Dyad.swift /Users/admin/builder/spi-builder-workspace/.dependencies/checkouts/Music/Sources/Pitch/Chord/ChordDescriptor.swift /Users/admin/builder/spi-builder-workspace/.dependencies/checkouts/Music/Sources/Pitch/Dyad.swift (in target 'Pitch' from project 'Music')
SwiftCompile normal arm64 /Users/admin/builder/spi-builder-workspace/.dependencies/checkouts/Music/Sources/Pitch/Chord/ChordDescriptor.swift (in target 'Pitch' from project 'Music')
cd /Users/admin/builder/spi-builder-workspace/.swiftpm/xcode
builtin-SwiftPerFileCompile ChordDescriptor.swift
SwiftCompile normal arm64 /Users/admin/builder/spi-builder-workspace/.dependencies/checkouts/Music/Sources/Pitch/Dyad.swift (in target 'Pitch' from project 'Music')
cd /Users/admin/builder/spi-builder-workspace/.swiftpm/xcode
builtin-SwiftPerFileCompile Dyad.swift
SwiftDriverJobDiscovery normal arm64 Compiling Functions.swift, GCDDomain.swift (in target 'Math' from project 'Math')
SwiftCompile normal arm64 Compiling\ TuningSystem.swift,\ UnorderedInterval.swift /Users/admin/builder/spi-builder-workspace/.dependencies/checkouts/Music/Sources/Pitch/TuningSystem.swift /Users/admin/builder/spi-builder-workspace/.dependencies/checkouts/Music/Sources/Pitch/UnorderedInterval.swift (in target 'Pitch' from project 'Music')
SwiftCompile normal arm64 /Users/admin/builder/spi-builder-workspace/.dependencies/checkouts/Music/Sources/Pitch/TuningSystem.swift (in target 'Pitch' from project 'Music')
cd /Users/admin/builder/spi-builder-workspace/.swiftpm/xcode
builtin-SwiftPerFileCompile TuningSystem.swift
SwiftCompile normal arm64 /Users/admin/builder/spi-builder-workspace/.dependencies/checkouts/Music/Sources/Pitch/UnorderedInterval.swift (in target 'Pitch' from project 'Music')
cd /Users/admin/builder/spi-builder-workspace/.swiftpm/xcode
builtin-SwiftPerFileCompile UnorderedInterval.swift
SwiftDriverJobDiscovery normal arm64 Compiling Bitwise.swift, CollectionExtensions.swift (in target 'Math' from project 'Math')
SwiftCompile normal arm64_32 Compiling\ ChordDescriptor.swift,\ Dyad.swift /Users/admin/builder/spi-builder-workspace/.dependencies/checkouts/Music/Sources/Pitch/Chord/ChordDescriptor.swift /Users/admin/builder/spi-builder-workspace/.dependencies/checkouts/Music/Sources/Pitch/Dyad.swift (in target 'Pitch' from project 'Music')
SwiftCompile normal arm64_32 /Users/admin/builder/spi-builder-workspace/.dependencies/checkouts/Music/Sources/Pitch/Chord/ChordDescriptor.swift (in target 'Pitch' from project 'Music')
cd /Users/admin/builder/spi-builder-workspace/.swiftpm/xcode
builtin-SwiftPerFileCompile ChordDescriptor.swift
SwiftCompile normal arm64_32 /Users/admin/builder/spi-builder-workspace/.dependencies/checkouts/Music/Sources/Pitch/Dyad.swift (in target 'Pitch' from project 'Music')
cd /Users/admin/builder/spi-builder-workspace/.swiftpm/xcode
builtin-SwiftPerFileCompile Dyad.swift
SwiftDriverJobDiscovery normal arm64_32 Compiling IntervalDescriptor.swift, IntervalOrdinal.swift (in target 'Pitch' from project 'Music')
SwiftCompile normal arm64_32 Compiling\ Chord.IntervalPattern.swift,\ Chord.swift /Users/admin/builder/spi-builder-workspace/.dependencies/checkouts/Music/Sources/Pitch/Chord/Chord.IntervalPattern.swift /Users/admin/builder/spi-builder-workspace/.dependencies/checkouts/Music/Sources/Pitch/Chord/Chord.swift (in target 'Pitch' from project 'Music')
SwiftCompile normal arm64_32 /Users/admin/builder/spi-builder-workspace/.dependencies/checkouts/Music/Sources/Pitch/Chord/Chord.IntervalPattern.swift (in target 'Pitch' from project 'Music')
cd /Users/admin/builder/spi-builder-workspace/.swiftpm/xcode
builtin-SwiftPerFileCompile Chord.IntervalPattern.swift
SwiftCompile normal arm64_32 /Users/admin/builder/spi-builder-workspace/.dependencies/checkouts/Music/Sources/Pitch/Chord/Chord.swift (in target 'Pitch' from project 'Music')
cd /Users/admin/builder/spi-builder-workspace/.swiftpm/xcode
builtin-SwiftPerFileCompile Chord.swift
SwiftDriverJobDiscovery normal arm64 Compiling IntegerExtensions.swift, LinearRegression.swift (in target 'Math' from project 'Math')
SwiftCompile normal arm64 Compiling\ IntervalDescriptor.swift,\ IntervalOrdinal.swift /Users/admin/builder/spi-builder-workspace/.dependencies/checkouts/Music/Sources/Pitch/IntervalDescriptor/IntervalDescriptor.swift /Users/admin/builder/spi-builder-workspace/.dependencies/checkouts/Music/Sources/Pitch/IntervalDescriptor/IntervalOrdinal.swift (in target 'Pitch' from project 'Music')
SwiftCompile normal arm64 /Users/admin/builder/spi-builder-workspace/.dependencies/checkouts/Music/Sources/Pitch/IntervalDescriptor/IntervalDescriptor.swift (in target 'Pitch' from project 'Music')
cd /Users/admin/builder/spi-builder-workspace/.swiftpm/xcode
builtin-SwiftPerFileCompile IntervalDescriptor.swift
SwiftCompile normal arm64 /Users/admin/builder/spi-builder-workspace/.dependencies/checkouts/Music/Sources/Pitch/IntervalDescriptor/IntervalOrdinal.swift (in target 'Pitch' from project 'Music')
cd /Users/admin/builder/spi-builder-workspace/.swiftpm/xcode
builtin-SwiftPerFileCompile IntervalOrdinal.swift
SwiftDriverJobDiscovery normal arm64_32 Compiling NoteNumberRepresentable.swift, OrderedInterval.swift (in target 'Pitch' from project 'Music')
SwiftCompile normal arm64_32 Compiling\ UnorderedIntervalDescriptor.swift,\ NoteNumber.swift /Users/admin/builder/spi-builder-workspace/.dependencies/checkouts/Music/Sources/Pitch/IntervalDescriptor/UnorderedIntervalDescriptor.swift /Users/admin/builder/spi-builder-workspace/.dependencies/checkouts/Music/Sources/Pitch/NoteNumber.swift (in target 'Pitch' from project 'Music')
SwiftCompile normal arm64_32 /Users/admin/builder/spi-builder-workspace/.dependencies/checkouts/Music/Sources/Pitch/IntervalDescriptor/UnorderedIntervalDescriptor.swift (in target 'Pitch' from project 'Music')
cd /Users/admin/builder/spi-builder-workspace/.swiftpm/xcode
builtin-SwiftPerFileCompile UnorderedIntervalDescriptor.swift
SwiftCompile normal arm64_32 /Users/admin/builder/spi-builder-workspace/.dependencies/checkouts/Music/Sources/Pitch/NoteNumber.swift (in target 'Pitch' from project 'Music')
cd /Users/admin/builder/spi-builder-workspace/.swiftpm/xcode
builtin-SwiftPerFileCompile NoteNumber.swift
SwiftCompile normal arm64_32 Compiling\ TuningSystem.swift,\ UnorderedInterval.swift /Users/admin/builder/spi-builder-workspace/.dependencies/checkouts/Music/Sources/Pitch/TuningSystem.swift /Users/admin/builder/spi-builder-workspace/.dependencies/checkouts/Music/Sources/Pitch/UnorderedInterval.swift (in target 'Pitch' from project 'Music')
SwiftCompile normal arm64_32 /Users/admin/builder/spi-builder-workspace/.dependencies/checkouts/Music/Sources/Pitch/TuningSystem.swift (in target 'Pitch' from project 'Music')
cd /Users/admin/builder/spi-builder-workspace/.swiftpm/xcode
builtin-SwiftPerFileCompile TuningSystem.swift
SwiftCompile normal arm64_32 /Users/admin/builder/spi-builder-workspace/.dependencies/checkouts/Music/Sources/Pitch/UnorderedInterval.swift (in target 'Pitch' from project 'Music')
cd /Users/admin/builder/spi-builder-workspace/.swiftpm/xcode
builtin-SwiftPerFileCompile UnorderedInterval.swift
SwiftDriverJobDiscovery normal arm64 Compiling NoteNumberRepresentable.swift, OrderedInterval.swift (in target 'Pitch' from project 'Music')
PruneExplicitPrecompiledModules /Users/admin/builder/spi-builder-workspace/.derivedData/Build/Intermediates.noindex/SwiftExplicitPrecompiledModules
PruneExplicitPrecompiledModules /Users/admin/builder/spi-builder-workspace/.derivedData/Build/Intermediates.noindex/ExplicitPrecompiledModules
PruneExplicitPrecompiledModules /Users/admin/builder/spi-builder-workspace/.derivedData/SDKExplicitPrecompiledModules
2026-09-16 11:32:55.346 xcodebuild[831:4985] [MT] IDERunDestination: Supported platforms for the buildables in the current scheme is empty.
** BUILD FAILED **
The following build commands failed:
SwiftEmitModule normal arm64_32 Emitting\ module\ for\ Pitch (in target 'Pitch' from project 'Music')
SwiftCompile normal arm64_32 (in target 'Pitch' from project 'Music')
Building workspace PitchSpeller with scheme PitchSpeller
(3 failures)
Command line invocation:
/Applications/Xcode-27.0.0-Release.Candidate.app/Contents/Developer/usr/bin/xcodebuild -IDEClonedSourcePackagesDirPathOverride=/Users/admin/builder/spi-builder-workspace/.dependencies -resolvePackageDependencies
Resolve Package Graph
Resolved source packages:
PerformanceTesting: https://github.com/dn-m/PerformanceTesting @ pitchspeller-dependency (0c298e2)
Structure: https://github.com/dn-m/Structure @ pitchspeller-dependency (8386aad)
NotationModel: https://github.com/dn-m/NotationModel @ 0.9.0
Music: https://github.com/dn-m/Music @ 0.17.1
Math: https://github.com/dn-m/Math @ 0.8.0
PitchSpeller: /Users/admin/builder/spi-builder-workspace
resolved source packages: PerformanceTesting, Structure, NotationModel, Music, Math, PitchSpeller
2026-09-16 11:33:01.842 xcodebuild[1008:5943] [MT] IDERunDestination: Supported platforms for the buildables in the current scheme is empty.
{
"dependencies" : [
{
"identity" : "structure",
"requirement" : {
"branch" : [
"pitchspeller-dependency"
]
},
"type" : "sourceControl",
"url" : "https://github.com/dn-m/Structure"
},
{
"identity" : "music",
"requirement" : {
"range" : [
{
"lower_bound" : "0.15.0",
"upper_bound" : "1.0.0"
}
]
},
"type" : "sourceControl",
"url" : "https://github.com/dn-m/Music"
},
{
"identity" : "notationmodel",
"requirement" : {
"range" : [
{
"lower_bound" : "0.8.0",
"upper_bound" : "1.0.0"
}
]
},
"type" : "sourceControl",
"url" : "https://github.com/dn-m/NotationModel"
}
],
"manifest_display_name" : "PitchSpeller",
"name" : "PitchSpeller",
"path" : "/Users/admin/builder/spi-builder-workspace",
"platforms" : [
],
"products" : [
{
"name" : "PitchSpeller",
"targets" : [
"PitchSpeller"
],
"type" : {
"library" : [
"automatic"
]
}
}
],
"targets" : [
{
"c99name" : "PitchSpellerTests",
"module_type" : "SwiftTarget",
"name" : "PitchSpellerTests",
"path" : "Tests/PitchSpellerTests",
"sources" : [
"CategoryTests.swift",
"FlowNetworkTests.swift",
"FlowNodeTests.swift",
"LetterNameTests.swift",
"PitchSpellingTests.swift",
"SpellingInverterTests.swift",
"TendencyTests.swift",
"WetherfieldTests.swift",
"XCTestManifests.swift"
],
"target_dependencies" : [
"PitchSpeller"
],
"type" : "test"
},
{
"c99name" : "PitchSpeller",
"module_type" : "SwiftTarget",
"name" : "PitchSpeller",
"path" : "Sources/PitchSpeller",
"product_dependencies" : [
"DataStructures",
"Pitch",
"SpelledPitch"
],
"product_memberships" : [
"PitchSpeller"
],
"sources" : [
"PitchSpeller/ModifierDirection.swift",
"PitchSpeller/Wetherfield/DirectedGraphScheme.swift",
"PitchSpeller/Wetherfield/DirectedGraphSchemeProtocol.swift",
"PitchSpeller/Wetherfield/FlowNetwork.swift",
"PitchSpeller/Wetherfield/FlowNode.swift",
"PitchSpeller/Wetherfield/GraphScheme.swift",
"PitchSpeller/Wetherfield/GraphSchemeProtocol.swift",
"PitchSpeller/Wetherfield/Pitch.Spelling.Category.swift",
"PitchSpeller/Wetherfield/Pitch.Spelling.swift",
"PitchSpeller/Wetherfield/SpellingInverter.swift",
"PitchSpeller/Wetherfield/Tendency.swift",
"PitchSpeller/Wetherfield/TendencyConverting.swift",
"PitchSpeller/Wetherfield/UndirectedGraphSchemeProtocol.swift",
"PitchSpeller/Wetherfield/UnweightedGraphSchemeProtocol.swift",
"PitchSpeller/Wetherfield/WeightedDirectedGraphScheme.swift",
"PitchSpeller/Wetherfield/WeightedGraphProtocolExtension.swift",
"PitchSpeller/Wetherfield/WeightedGraphScheme.swift",
"PitchSpeller/Wetherfield/WeightedGraphSchemeProtocol.swift",
"PitchSpeller/Wetherfield/Wetherfield.swift"
],
"type" : "library"
}
],
"tools_version" : "5.0"
}
{
"workspace" : {
"name" : "PitchSpeller",
"schemes" : [
"PitchSpeller"
]
}
}
2026-09-16 11:33:03.199 xcodebuild[1016:6013] [MT] IDERunDestination: Supported platforms for the buildables in the current scheme is empty.
Running build ...
env DEVELOPER_DIR=/Applications/Xcode-27.0.0-Release.Candidate.app xcrun xcodebuild -IDEClonedSourcePackagesDirPathOverride=$PWD/.dependencies -skipMacroValidation -skipPackagePluginValidation -derivedDataPath $PWD/.derivedData build -scheme PitchSpeller -destination generic/platform=watchOS
Command line invocation:
/Applications/Xcode-27.0.0-Release.Candidate.app/Contents/Developer/usr/bin/xcodebuild -IDEClonedSourcePackagesDirPathOverride=/Users/admin/builder/spi-builder-workspace/.dependencies -skipMacroValidation -skipPackagePluginValidation -derivedDataPath /Users/admin/builder/spi-builder-workspace/.derivedData build -scheme PitchSpeller -destination generic/platform=watchOS
Resolve Package Graph
Resolved source packages:
PerformanceTesting: https://github.com/dn-m/PerformanceTesting @ pitchspeller-dependency (0c298e2)
Music: https://github.com/dn-m/Music @ 0.17.1
PitchSpeller: /Users/admin/builder/spi-builder-workspace
NotationModel: https://github.com/dn-m/NotationModel @ 0.9.0
Structure: https://github.com/dn-m/Structure @ pitchspeller-dependency (8386aad)
Math: https://github.com/dn-m/Math @ 0.8.0
ComputePackagePrebuildTargetDependencyGraph
Prepare packages
CreateBuildRequest
SendProjectDescription
CreateBuildOperation
ComputeTargetDependencyGraph
note: Building targets in dependency order
note: Target dependency graph (14 targets)
Target 'PitchSpeller-product' in project 'PitchSpeller'
➜ Explicit dependency on target 'PitchSpeller' in project 'PitchSpeller'
➜ Explicit dependency on target 'DataStructures-product' in project 'Structure'
➜ Explicit dependency on target 'Pitch-product' in project 'Music'
➜ Explicit dependency on target 'SpelledPitch-product' in project 'NotationModel'
Target 'PitchSpeller' in project 'PitchSpeller'
➜ Explicit dependency on target 'DataStructures-product' in project 'Structure'
➜ Explicit dependency on target 'Pitch-product' in project 'Music'
➜ Explicit dependency on target 'SpelledPitch-product' in project 'NotationModel'
Target 'SpelledPitch-product' in project 'NotationModel'
➜ Explicit dependency on target 'SpelledPitch' in project 'NotationModel'
➜ Explicit dependency on target 'Pitch-product' in project 'Music'
➜ Explicit dependency on target 'DataStructures-product' in project 'Structure'
Target 'SpelledPitch' in project 'NotationModel'
➜ Explicit dependency on target 'Pitch-product' in project 'Music'
➜ Explicit dependency on target 'DataStructures-product' in project 'Structure'
Target 'Pitch-product' in project 'Music'
➜ Explicit dependency on target 'Pitch' in project 'Music'
➜ Explicit dependency on target 'Math-product' in project 'Math'
➜ Explicit dependency on target 'DataStructures-product' in project 'Structure'
Target 'Pitch' in project 'Music'
➜ Explicit dependency on target 'Math-product' in project 'Math'
➜ Explicit dependency on target 'DataStructures-product' in project 'Structure'
Target 'Math-product' in project 'Math'
➜ Explicit dependency on target 'Math' in project 'Math'
➜ Explicit dependency on target 'Algebra-product' in project 'Structure'
➜ Explicit dependency on target 'DataStructures-product' in project 'Structure'
Target 'Math' in project 'Math'
➜ Explicit dependency on target 'Algebra-product' in project 'Structure'
➜ Explicit dependency on target 'DataStructures-product' in project 'Structure'
Target 'Algebra-product' in project 'Structure'
➜ Explicit dependency on target 'Algebra' in project 'Structure'
➜ Explicit dependency on target 'Destructure' in project 'Structure'
Target 'DataStructures-product' in project 'Structure'
➜ Explicit dependency on target 'DataStructures' in project 'Structure'
➜ Explicit dependency on target 'Destructure' in project 'Structure'
➜ Explicit dependency on target 'Algebra' in project 'Structure'
➜ Explicit dependency on target 'Algorithms' in project 'Structure'
Target 'DataStructures' in project 'Structure'
➜ Explicit dependency on target 'Destructure' in project 'Structure'
➜ Explicit dependency on target 'Algebra' in project 'Structure'
➜ Explicit dependency on target 'Algorithms' in project 'Structure'
Target 'Algorithms' in project 'Structure'
➜ Explicit dependency on target 'Destructure' in project 'Structure'
Target 'Algebra' in project 'Structure'
➜ Explicit dependency on target 'Destructure' in project 'Structure'
Target 'Destructure' in project 'Structure' (no dependencies)
GatherProvisioningInputs
CreateBuildDescription
ClangStatCache /Applications/Xcode-27.0.0-Release.Candidate.app/Contents/Developer/Toolchains/XcodeDefault.xctoolchain/usr/bin/clang-stat-cache /Applications/Xcode-27.0.0-Release.Candidate.app/Contents/Developer/Platforms/WatchOS.platform/Developer/SDKs/WatchOS27.0.sdk /Users/admin/builder/spi-builder-workspace/.derivedData/SDKStatCaches.noindex/watchos27.0-24R360-e829b21a6f8c9b70876ba0858053c04477534ef55a1706bf4c1112bbb242f0a2.sdkstatcache
cd /Users/admin/builder/spi-builder-workspace/.swiftpm/xcode
/Applications/Xcode-27.0.0-Release.Candidate.app/Contents/Developer/Toolchains/XcodeDefault.xctoolchain/usr/bin/clang-stat-cache /Applications/Xcode-27.0.0-Release.Candidate.app/Contents/Developer/Platforms/WatchOS.platform/Developer/SDKs/WatchOS27.0.sdk -o /Users/admin/builder/spi-builder-workspace/.derivedData/SDKStatCaches.noindex/watchos27.0-24R360-e829b21a6f8c9b70876ba0858053c04477534ef55a1706bf4c1112bbb242f0a2.sdkstatcache
SwiftDriver Pitch normal arm64 com.apple.xcode.tools.swift.compiler (in target 'Pitch' from project 'Music')
cd /Users/admin/builder/spi-builder-workspace/.swiftpm/xcode
builtin-SwiftDriver -- /Applications/Xcode-27.0.0-Release.Candidate.app/Contents/Developer/Toolchains/XcodeDefault.xctoolchain/usr/bin/swiftc -parse-as-library -module-name Pitch -Onone @/Users/admin/builder/spi-builder-workspace/.derivedData/Build/Intermediates.noindex/Music.build/Debug-watchos/Pitch-t.build/Objects-normal/arm64/Pitch.SwiftFileList -DSWIFT_PACKAGE -DDEBUG -DSWIFT_MODULE_RESOURCE_BUNDLE_UNAVAILABLE -DXcode -plugin-path /Applications/Xcode-27.0.0-Release.Candidate.app/Contents/Developer/Toolchains/XcodeDefault.xctoolchain/usr/lib/swift/host/plugins/testing -enable-experimental-feature DebugDescriptionMacro -sdk /Applications/Xcode-27.0.0-Release.Candidate.app/Contents/Developer/Platforms/WatchOS.platform/Developer/SDKs/WatchOS27.0.sdk -target arm64-apple-watchos9.0 -g -module-cache-path /Users/admin/builder/spi-builder-workspace/.derivedData/ModuleCache.noindex -Xfrontend -serialize-debugging-options -profile-coverage-mapping -profile-generate -enable-testing -suppress-warnings -index-store-path /Users/admin/builder/spi-builder-workspace/.derivedData/Index.noindex/DataStore -Xcc -D_LIBCPP_HARDENING_MODE\=_LIBCPP_HARDENING_MODE_DEBUG -swift-version 4.2 -I /Users/admin/builder/spi-builder-workspace/.derivedData/Build/Products/Debug-watchos -Isystem /Applications/Xcode-27.0.0-Release.Candidate.app/Contents/Developer/Platforms/WatchOS.platform/Developer/usr/lib -F /Users/admin/builder/spi-builder-workspace/.derivedData/Build/Products/Debug-watchos/PackageFrameworks -F /Users/admin/builder/spi-builder-workspace/.derivedData/Build/Products/Debug-watchos -F /Applications/Xcode-27.0.0-Release.Candidate.app/Contents/Developer/Platforms/WatchOS.platform/Developer/Library/Frameworks -F /Applications/Xcode-27.0.0-Release.Candidate.app/Contents/Developer/Platforms/WatchOS.platform/Developer/SDKs/WatchOS27.0.sdk/Developer/Library/Frameworks -c -j10 -enable-batch-mode -incremental -Xcc -ivfsstatcache -Xcc /Users/admin/builder/spi-builder-workspace/.derivedData/SDKStatCaches.noindex/watchos27.0-24R360-e829b21a6f8c9b70876ba0858053c04477534ef55a1706bf4c1112bbb242f0a2.sdkstatcache -output-file-map /Users/admin/builder/spi-builder-workspace/.derivedData/Build/Intermediates.noindex/Music.build/Debug-watchos/Pitch-t.build/Objects-normal/arm64/Pitch-OutputFileMap.json -save-temps -no-color-diagnostics -emit-dependencies -emit-module -emit-module-path /Users/admin/builder/spi-builder-workspace/.derivedData/Build/Intermediates.noindex/Music.build/Debug-watchos/Pitch-t.build/Objects-normal/arm64/Pitch.swiftmodule -serialize-diagnostics -validate-clang-modules-once -clang-build-session-file /Users/admin/builder/spi-builder-workspace/.derivedData/ModuleCache.noindex/Session.modulevalidation -Xcc -fmodules-prune-interval\=86400 -Xcc -fmodules-prune-after\=345600 -emit-const-values -const-gather-protocols-list /Users/admin/builder/spi-builder-workspace/.derivedData/Build/Intermediates.noindex/Music.build/Debug-watchos/Pitch-t.build/Objects-normal/arm64/Pitch_const_extract_protocols.json -Xcc -I/Users/admin/builder/spi-builder-workspace/.derivedData/Build/Products/Debug-watchos/include -Xcc -I/Users/admin/builder/spi-builder-workspace/.derivedData/Build/Intermediates.noindex/Music.build/Debug-watchos/Pitch-t.build/DerivedSources-normal/arm64 -Xcc -I/Users/admin/builder/spi-builder-workspace/.derivedData/Build/Intermediates.noindex/Music.build/Debug-watchos/Pitch-t.build/DerivedSources/arm64 -Xcc -I/Users/admin/builder/spi-builder-workspace/.derivedData/Build/Intermediates.noindex/Music.build/Debug-watchos/Pitch-t.build/DerivedSources -Xcc -DSWIFT_PACKAGE -Xcc -DDEBUG\=1 -emit-objc-header -emit-objc-header-path /Users/admin/builder/spi-builder-workspace/.derivedData/Build/Intermediates.noindex/Music.build/Debug-watchos/Pitch-t.build/Objects-normal/arm64/Pitch-Swift.h -working-directory /Users/admin/builder/spi-builder-workspace/.swiftpm/xcode -experimental-emit-module-separately -disable-cmo
SwiftDriver Math normal arm64 com.apple.xcode.tools.swift.compiler (in target 'Math' from project 'Math')
cd /Users/admin/builder/spi-builder-workspace/.swiftpm/xcode
builtin-SwiftDriver -- /Applications/Xcode-27.0.0-Release.Candidate.app/Contents/Developer/Toolchains/XcodeDefault.xctoolchain/usr/bin/swiftc -parse-as-library -module-name Math -Onone @/Users/admin/builder/spi-builder-workspace/.derivedData/Build/Intermediates.noindex/Math.build/Debug-watchos/Math-t.build/Objects-normal/arm64/Math.SwiftFileList -DSWIFT_PACKAGE -DDEBUG -DSWIFT_MODULE_RESOURCE_BUNDLE_UNAVAILABLE -DXcode -plugin-path /Applications/Xcode-27.0.0-Release.Candidate.app/Contents/Developer/Toolchains/XcodeDefault.xctoolchain/usr/lib/swift/host/plugins/testing -enable-experimental-feature DebugDescriptionMacro -sdk /Applications/Xcode-27.0.0-Release.Candidate.app/Contents/Developer/Platforms/WatchOS.platform/Developer/SDKs/WatchOS27.0.sdk -target arm64-apple-watchos9.0 -g -module-cache-path /Users/admin/builder/spi-builder-workspace/.derivedData/ModuleCache.noindex -Xfrontend -serialize-debugging-options -profile-coverage-mapping -profile-generate -enable-testing -suppress-warnings -index-store-path /Users/admin/builder/spi-builder-workspace/.derivedData/Index.noindex/DataStore -Xcc -D_LIBCPP_HARDENING_MODE\=_LIBCPP_HARDENING_MODE_DEBUG -swift-version 4.2 -I /Users/admin/builder/spi-builder-workspace/.derivedData/Build/Products/Debug-watchos -Isystem /Applications/Xcode-27.0.0-Release.Candidate.app/Contents/Developer/Platforms/WatchOS.platform/Developer/usr/lib -F /Users/admin/builder/spi-builder-workspace/.derivedData/Build/Products/Debug-watchos/PackageFrameworks -F /Users/admin/builder/spi-builder-workspace/.derivedData/Build/Products/Debug-watchos -F /Applications/Xcode-27.0.0-Release.Candidate.app/Contents/Developer/Platforms/WatchOS.platform/Developer/Library/Frameworks -F /Applications/Xcode-27.0.0-Release.Candidate.app/Contents/Developer/Platforms/WatchOS.platform/Developer/SDKs/WatchOS27.0.sdk/Developer/Library/Frameworks -c -j10 -enable-batch-mode -incremental -Xcc -ivfsstatcache -Xcc /Users/admin/builder/spi-builder-workspace/.derivedData/SDKStatCaches.noindex/watchos27.0-24R360-e829b21a6f8c9b70876ba0858053c04477534ef55a1706bf4c1112bbb242f0a2.sdkstatcache -output-file-map /Users/admin/builder/spi-builder-workspace/.derivedData/Build/Intermediates.noindex/Math.build/Debug-watchos/Math-t.build/Objects-normal/arm64/Math-OutputFileMap.json -save-temps -no-color-diagnostics -emit-dependencies -emit-module -emit-module-path /Users/admin/builder/spi-builder-workspace/.derivedData/Build/Intermediates.noindex/Math.build/Debug-watchos/Math-t.build/Objects-normal/arm64/Math.swiftmodule -serialize-diagnostics -validate-clang-modules-once -clang-build-session-file /Users/admin/builder/spi-builder-workspace/.derivedData/ModuleCache.noindex/Session.modulevalidation -Xcc -fmodules-prune-interval\=86400 -Xcc -fmodules-prune-after\=345600 -emit-const-values -const-gather-protocols-list /Users/admin/builder/spi-builder-workspace/.derivedData/Build/Intermediates.noindex/Math.build/Debug-watchos/Math-t.build/Objects-normal/arm64/Math_const_extract_protocols.json -Xcc -I/Users/admin/builder/spi-builder-workspace/.derivedData/Build/Products/Debug-watchos/include -Xcc -I/Users/admin/builder/spi-builder-workspace/.derivedData/Build/Intermediates.noindex/Math.build/Debug-watchos/Math-t.build/DerivedSources-normal/arm64 -Xcc -I/Users/admin/builder/spi-builder-workspace/.derivedData/Build/Intermediates.noindex/Math.build/Debug-watchos/Math-t.build/DerivedSources/arm64 -Xcc -I/Users/admin/builder/spi-builder-workspace/.derivedData/Build/Intermediates.noindex/Math.build/Debug-watchos/Math-t.build/DerivedSources -Xcc -DSWIFT_PACKAGE -Xcc -DDEBUG\=1 -emit-objc-header -emit-objc-header-path /Users/admin/builder/spi-builder-workspace/.derivedData/Build/Intermediates.noindex/Math.build/Debug-watchos/Math-t.build/Objects-normal/arm64/Math-Swift.h -working-directory /Users/admin/builder/spi-builder-workspace/.swiftpm/xcode -experimental-emit-module-separately -disable-cmo
SwiftDriver Pitch normal arm64_32 com.apple.xcode.tools.swift.compiler (in target 'Pitch' from project 'Music')
cd /Users/admin/builder/spi-builder-workspace/.swiftpm/xcode
builtin-SwiftDriver -- /Applications/Xcode-27.0.0-Release.Candidate.app/Contents/Developer/Toolchains/XcodeDefault.xctoolchain/usr/bin/swiftc -parse-as-library -module-name Pitch -Onone @/Users/admin/builder/spi-builder-workspace/.derivedData/Build/Intermediates.noindex/Music.build/Debug-watchos/Pitch-t.build/Objects-normal/arm64_32/Pitch.SwiftFileList -DSWIFT_PACKAGE -DDEBUG -DSWIFT_MODULE_RESOURCE_BUNDLE_UNAVAILABLE -DXcode -plugin-path /Applications/Xcode-27.0.0-Release.Candidate.app/Contents/Developer/Toolchains/XcodeDefault.xctoolchain/usr/lib/swift/host/plugins/testing -enable-experimental-feature DebugDescriptionMacro -sdk /Applications/Xcode-27.0.0-Release.Candidate.app/Contents/Developer/Platforms/WatchOS.platform/Developer/SDKs/WatchOS27.0.sdk -target arm64_32-apple-watchos9.0 -g -module-cache-path /Users/admin/builder/spi-builder-workspace/.derivedData/ModuleCache.noindex -Xfrontend -serialize-debugging-options -profile-coverage-mapping -profile-generate -enable-testing -suppress-warnings -index-store-path /Users/admin/builder/spi-builder-workspace/.derivedData/Index.noindex/DataStore -Xcc -D_LIBCPP_HARDENING_MODE\=_LIBCPP_HARDENING_MODE_DEBUG -swift-version 4.2 -I /Users/admin/builder/spi-builder-workspace/.derivedData/Build/Products/Debug-watchos -Isystem /Applications/Xcode-27.0.0-Release.Candidate.app/Contents/Developer/Platforms/WatchOS.platform/Developer/usr/lib -F /Users/admin/builder/spi-builder-workspace/.derivedData/Build/Products/Debug-watchos/PackageFrameworks -F /Users/admin/builder/spi-builder-workspace/.derivedData/Build/Products/Debug-watchos -F /Applications/Xcode-27.0.0-Release.Candidate.app/Contents/Developer/Platforms/WatchOS.platform/Developer/Library/Frameworks -F /Applications/Xcode-27.0.0-Release.Candidate.app/Contents/Developer/Platforms/WatchOS.platform/Developer/SDKs/WatchOS27.0.sdk/Developer/Library/Frameworks -c -j10 -enable-batch-mode -incremental -Xcc -ivfsstatcache -Xcc /Users/admin/builder/spi-builder-workspace/.derivedData/SDKStatCaches.noindex/watchos27.0-24R360-e829b21a6f8c9b70876ba0858053c04477534ef55a1706bf4c1112bbb242f0a2.sdkstatcache -output-file-map /Users/admin/builder/spi-builder-workspace/.derivedData/Build/Intermediates.noindex/Music.build/Debug-watchos/Pitch-t.build/Objects-normal/arm64_32/Pitch-OutputFileMap.json -save-temps -no-color-diagnostics -emit-dependencies -emit-module -emit-module-path /Users/admin/builder/spi-builder-workspace/.derivedData/Build/Intermediates.noindex/Music.build/Debug-watchos/Pitch-t.build/Objects-normal/arm64_32/Pitch.swiftmodule -serialize-diagnostics -validate-clang-modules-once -clang-build-session-file /Users/admin/builder/spi-builder-workspace/.derivedData/ModuleCache.noindex/Session.modulevalidation -Xcc -fmodules-prune-interval\=86400 -Xcc -fmodules-prune-after\=345600 -emit-const-values -const-gather-protocols-list /Users/admin/builder/spi-builder-workspace/.derivedData/Build/Intermediates.noindex/Music.build/Debug-watchos/Pitch-t.build/Objects-normal/arm64_32/Pitch_const_extract_protocols.json -Xcc -I/Users/admin/builder/spi-builder-workspace/.derivedData/Build/Products/Debug-watchos/include -Xcc -I/Users/admin/builder/spi-builder-workspace/.derivedData/Build/Intermediates.noindex/Music.build/Debug-watchos/Pitch-t.build/DerivedSources-normal/arm64_32 -Xcc -I/Users/admin/builder/spi-builder-workspace/.derivedData/Build/Intermediates.noindex/Music.build/Debug-watchos/Pitch-t.build/DerivedSources/arm64_32 -Xcc -I/Users/admin/builder/spi-builder-workspace/.derivedData/Build/Intermediates.noindex/Music.build/Debug-watchos/Pitch-t.build/DerivedSources -Xcc -DSWIFT_PACKAGE -Xcc -DDEBUG\=1 -emit-objc-header -emit-objc-header-path /Users/admin/builder/spi-builder-workspace/.derivedData/Build/Intermediates.noindex/Music.build/Debug-watchos/Pitch-t.build/Objects-normal/arm64_32/Pitch-Swift.h -working-directory /Users/admin/builder/spi-builder-workspace/.swiftpm/xcode -experimental-emit-module-separately -disable-cmo
Ld /Users/admin/builder/spi-builder-workspace/.derivedData/Build/Intermediates.noindex/Structure.build/Debug-watchos/DataStructures-t.build/Objects-normal/arm64_32/Binary/DataStructures.o normal arm64_32 (in target 'DataStructures' from project 'Structure')
cd /Users/admin/builder/spi-builder-workspace/.dependencies/checkouts/Structure
/Applications/Xcode-27.0.0-Release.Candidate.app/Contents/Developer/Toolchains/XcodeDefault.xctoolchain/usr/bin/clang -Xlinker -reproducible -target arm64_32-apple-watchos9.0 -r -isysroot /Applications/Xcode-27.0.0-Release.Candidate.app/Contents/Developer/Platforms/WatchOS.platform/Developer/SDKs/WatchOS27.0.sdk -O0 -w -Xlinker -no_warn_duplicate_libraries -F/Users/admin/builder/spi-builder-workspace/.derivedData/Build/Intermediates.noindex/EagerLinkingTBDs/Debug-watchos -F/Users/admin/builder/spi-builder-workspace/.derivedData/Build/Products/Debug-watchos/PackageFrameworks -F/Users/admin/builder/spi-builder-workspace/.derivedData/Build/Products/Debug-watchos -iframework /Applications/Xcode-27.0.0-Release.Candidate.app/Contents/Developer/Platforms/WatchOS.platform/Developer/Library/Frameworks -iframework /Applications/Xcode-27.0.0-Release.Candidate.app/Contents/Developer/Platforms/WatchOS.platform/Developer/SDKs/WatchOS27.0.sdk/Developer/Library/Frameworks -filelist /Users/admin/builder/spi-builder-workspace/.derivedData/Build/Intermediates.noindex/Structure.build/Debug-watchos/DataStructures-t.build/Objects-normal/arm64_32/DataStructures.LinkFileList -nostdlib -Xlinker -object_path_lto -Xlinker /Users/admin/builder/spi-builder-workspace/.derivedData/Build/Intermediates.noindex/Structure.build/Debug-watchos/DataStructures-t.build/Objects-normal/arm64_32/DataStructures_lto.o -Xlinker -no_deduplicate -Xlinker -debug_variant -Xlinker -dependency_info -Xlinker /Users/admin/builder/spi-builder-workspace/.derivedData/Build/Intermediates.noindex/Structure.build/Debug-watchos/DataStructures-t.build/Objects-normal/arm64_32/DataStructures_dependency_info.dat -fobjc-link-runtime -L/Applications/Xcode-27.0.0-Release.Candidate.app/Contents/Developer/Toolchains/XcodeDefault.xctoolchain/usr/lib/swift/watchos -L/usr/lib/swift -Xlinker -add_ast_path -Xlinker /Users/admin/builder/spi-builder-workspace/.derivedData/Build/Intermediates.noindex/Structure.build/Debug-watchos/DataStructures-t.build/Objects-normal/arm64_32/DataStructures.swiftmodule -o /Users/admin/builder/spi-builder-workspace/.derivedData/Build/Intermediates.noindex/Structure.build/Debug-watchos/DataStructures-t.build/Objects-normal/arm64_32/Binary/DataStructures.o
Ld /Users/admin/builder/spi-builder-workspace/.derivedData/Build/Intermediates.noindex/Structure.build/Debug-watchos/DataStructures-t.build/Objects-normal/arm64/Binary/DataStructures.o normal arm64 (in target 'DataStructures' from project 'Structure')
cd /Users/admin/builder/spi-builder-workspace/.dependencies/checkouts/Structure
/Applications/Xcode-27.0.0-Release.Candidate.app/Contents/Developer/Toolchains/XcodeDefault.xctoolchain/usr/bin/clang -Xlinker -reproducible -target arm64-apple-watchos9.0 -r -isysroot /Applications/Xcode-27.0.0-Release.Candidate.app/Contents/Developer/Platforms/WatchOS.platform/Developer/SDKs/WatchOS27.0.sdk -O0 -w -Xlinker -no_warn_duplicate_libraries -F/Users/admin/builder/spi-builder-workspace/.derivedData/Build/Intermediates.noindex/EagerLinkingTBDs/Debug-watchos -F/Users/admin/builder/spi-builder-workspace/.derivedData/Build/Products/Debug-watchos/PackageFrameworks -F/Users/admin/builder/spi-builder-workspace/.derivedData/Build/Products/Debug-watchos -iframework /Applications/Xcode-27.0.0-Release.Candidate.app/Contents/Developer/Platforms/WatchOS.platform/Developer/Library/Frameworks -iframework /Applications/Xcode-27.0.0-Release.Candidate.app/Contents/Developer/Platforms/WatchOS.platform/Developer/SDKs/WatchOS27.0.sdk/Developer/Library/Frameworks -filelist /Users/admin/builder/spi-builder-workspace/.derivedData/Build/Intermediates.noindex/Structure.build/Debug-watchos/DataStructures-t.build/Objects-normal/arm64/DataStructures.LinkFileList -nostdlib -Xlinker -object_path_lto -Xlinker /Users/admin/builder/spi-builder-workspace/.derivedData/Build/Intermediates.noindex/Structure.build/Debug-watchos/DataStructures-t.build/Objects-normal/arm64/DataStructures_lto.o -Xlinker -no_deduplicate -Xlinker -debug_variant -Xlinker -dependency_info -Xlinker /Users/admin/builder/spi-builder-workspace/.derivedData/Build/Intermediates.noindex/Structure.build/Debug-watchos/DataStructures-t.build/Objects-normal/arm64/DataStructures_dependency_info.dat -fobjc-link-runtime -L/Applications/Xcode-27.0.0-Release.Candidate.app/Contents/Developer/Toolchains/XcodeDefault.xctoolchain/usr/lib/swift/watchos -L/usr/lib/swift -Xlinker -add_ast_path -Xlinker /Users/admin/builder/spi-builder-workspace/.derivedData/Build/Intermediates.noindex/Structure.build/Debug-watchos/DataStructures-t.build/Objects-normal/arm64/DataStructures.swiftmodule -o /Users/admin/builder/spi-builder-workspace/.derivedData/Build/Intermediates.noindex/Structure.build/Debug-watchos/DataStructures-t.build/Objects-normal/arm64/Binary/DataStructures.o
CreateUniversalBinary /Users/admin/builder/spi-builder-workspace/.derivedData/Build/Products/Debug-watchos/DataStructures.o normal arm64\ arm64_32 (in target 'DataStructures' from project 'Structure')
cd /Users/admin/builder/spi-builder-workspace/.dependencies/checkouts/Structure
/Applications/Xcode-27.0.0-Release.Candidate.app/Contents/Developer/Toolchains/XcodeDefault.xctoolchain/usr/bin/lipo -create /Users/admin/builder/spi-builder-workspace/.derivedData/Build/Intermediates.noindex/Structure.build/Debug-watchos/DataStructures-t.build/Objects-normal/arm64/Binary/DataStructures.o /Users/admin/builder/spi-builder-workspace/.derivedData/Build/Intermediates.noindex/Structure.build/Debug-watchos/DataStructures-t.build/Objects-normal/arm64_32/Binary/DataStructures.o -output /Users/admin/builder/spi-builder-workspace/.derivedData/Build/Products/Debug-watchos/DataStructures.o
ExtractAppIntentsMetadata (in target 'DataStructures' from project 'Structure')
cd /Users/admin/builder/spi-builder-workspace/.dependencies/checkouts/Structure
/Applications/Xcode-27.0.0-Release.Candidate.app/Contents/Developer/Toolchains/XcodeDefault.xctoolchain/usr/bin/appintentsmetadataprocessor --toolchain-dir /var/run/com.apple.security.cryptexd/mnt/com.apple.MobileAsset.MetalToolchain-v27.1.266.1.32FGAe/Metal.xctoolchain --module-name DataStructures --sdk-root /Applications/Xcode-27.0.0-Release.Candidate.app/Contents/Developer/Platforms/WatchOS.platform/Developer/SDKs/WatchOS27.0.sdk --xcode-version 27A266a --platform-family watchOS --deployment-target 9.0 --bundle-identifier structure.DataStructures --output /Users/admin/builder/spi-builder-workspace/.derivedData/Build/Products/Debug-watchos/DataStructures.appintents --target-triple arm64-apple-watchos9.0 --target-triple arm64_32-apple-watchos9.0 --binary-file /Users/admin/builder/spi-builder-workspace/.derivedData/Build/Products/Debug-watchos/DataStructures.o --dependency-file /Users/admin/builder/spi-builder-workspace/.derivedData/Build/Intermediates.noindex/Structure.build/Debug-watchos/DataStructures-t.build/Objects-normal/arm64/DataStructures_dependency_info.dat --dependency-file /Users/admin/builder/spi-builder-workspace/.derivedData/Build/Intermediates.noindex/Structure.build/Debug-watchos/DataStructures-t.build/Objects-normal/arm64_32/DataStructures_dependency_info.dat --stringsdata-file /Users/admin/builder/spi-builder-workspace/.derivedData/Build/Intermediates.noindex/Structure.build/Debug-watchos/DataStructures-t.build/Objects-normal/arm64/ExtractedAppShortcutsMetadata.stringsdata --stringsdata-file /Users/admin/builder/spi-builder-workspace/.derivedData/Build/Intermediates.noindex/Structure.build/Debug-watchos/DataStructures-t.build/Objects-normal/arm64_32/ExtractedAppShortcutsMetadata.stringsdata --source-file-list /Users/admin/builder/spi-builder-workspace/.derivedData/Build/Intermediates.noindex/Structure.build/Debug-watchos/DataStructures-t.build/Objects-normal/arm64/DataStructures.SwiftFileList --source-file-list /Users/admin/builder/spi-builder-workspace/.derivedData/Build/Intermediates.noindex/Structure.build/Debug-watchos/DataStructures-t.build/Objects-normal/arm64_32/DataStructures.SwiftFileList --metadata-file-list /Users/admin/builder/spi-builder-workspace/.derivedData/Build/Intermediates.noindex/Structure.build/Debug-watchos/DataStructures-t.build/DataStructures.DependencyMetadataFileList --static-metadata-file-list /Users/admin/builder/spi-builder-workspace/.derivedData/Build/Intermediates.noindex/Structure.build/Debug-watchos/DataStructures-t.build/DataStructures.DependencyStaticMetadataFileList --swift-const-vals-list /Users/admin/builder/spi-builder-workspace/.derivedData/Build/Intermediates.noindex/Structure.build/Debug-watchos/DataStructures-t.build/Objects-normal/arm64/DataStructures.SwiftConstValuesFileList --swift-const-vals-list /Users/admin/builder/spi-builder-workspace/.derivedData/Build/Intermediates.noindex/Structure.build/Debug-watchos/DataStructures-t.build/Objects-normal/arm64_32/DataStructures.SwiftConstValuesFileList --force --compile-time-extraction --deployment-aware-processing --no-app-shortcuts-localization
2026-09-16 11:33:05.520 appintentsmetadataprocessor[1025:6112] Starting appintentsmetadataprocessor export
2026-09-16 11:33:05.589 appintentsmetadataprocessor[1025:6112] Extracted no relevant App Intents symbols, skipping writing output
Ld /Users/admin/builder/spi-builder-workspace/.derivedData/Build/Intermediates.noindex/Math.build/Debug-watchos/Math-t.build/Objects-normal/arm64_32/Binary/Math.o normal arm64_32 (in target 'Math' from project 'Math')
cd /Users/admin/builder/spi-builder-workspace/.dependencies/checkouts/Math
/Applications/Xcode-27.0.0-Release.Candidate.app/Contents/Developer/Toolchains/XcodeDefault.xctoolchain/usr/bin/clang -Xlinker -reproducible -target arm64_32-apple-watchos9.0 -r -isysroot /Applications/Xcode-27.0.0-Release.Candidate.app/Contents/Developer/Platforms/WatchOS.platform/Developer/SDKs/WatchOS27.0.sdk -O0 -w -Xlinker -no_warn_duplicate_libraries -F/Users/admin/builder/spi-builder-workspace/.derivedData/Build/Intermediates.noindex/EagerLinkingTBDs/Debug-watchos -F/Users/admin/builder/spi-builder-workspace/.derivedData/Build/Products/Debug-watchos/PackageFrameworks -F/Users/admin/builder/spi-builder-workspace/.derivedData/Build/Products/Debug-watchos -iframework /Applications/Xcode-27.0.0-Release.Candidate.app/Contents/Developer/Platforms/WatchOS.platform/Developer/Library/Frameworks -iframework /Applications/Xcode-27.0.0-Release.Candidate.app/Contents/Developer/Platforms/WatchOS.platform/Developer/SDKs/WatchOS27.0.sdk/Developer/Library/Frameworks -filelist /Users/admin/builder/spi-builder-workspace/.derivedData/Build/Intermediates.noindex/Math.build/Debug-watchos/Math-t.build/Objects-normal/arm64_32/Math.LinkFileList -nostdlib -Xlinker -object_path_lto -Xlinker /Users/admin/builder/spi-builder-workspace/.derivedData/Build/Intermediates.noindex/Math.build/Debug-watchos/Math-t.build/Objects-normal/arm64_32/Math_lto.o -Xlinker -no_deduplicate -Xlinker -debug_variant -Xlinker -dependency_info -Xlinker /Users/admin/builder/spi-builder-workspace/.derivedData/Build/Intermediates.noindex/Math.build/Debug-watchos/Math-t.build/Objects-normal/arm64_32/Math_dependency_info.dat -fobjc-link-runtime -L/Applications/Xcode-27.0.0-Release.Candidate.app/Contents/Developer/Toolchains/XcodeDefault.xctoolchain/usr/lib/swift/watchos -L/usr/lib/swift -Xlinker -add_ast_path -Xlinker /Users/admin/builder/spi-builder-workspace/.derivedData/Build/Intermediates.noindex/Math.build/Debug-watchos/Math-t.build/Objects-normal/arm64_32/Math.swiftmodule -o /Users/admin/builder/spi-builder-workspace/.derivedData/Build/Intermediates.noindex/Math.build/Debug-watchos/Math-t.build/Objects-normal/arm64_32/Binary/Math.o
SwiftDriver\ Compilation Math normal arm64 com.apple.xcode.tools.swift.compiler (in target 'Math' from project 'Math')
cd /Users/admin/builder/spi-builder-workspace/.swiftpm/xcode
builtin-Swift-Compilation -- /Applications/Xcode-27.0.0-Release.Candidate.app/Contents/Developer/Toolchains/XcodeDefault.xctoolchain/usr/bin/swiftc -parse-as-library -module-name Math -Onone @/Users/admin/builder/spi-builder-workspace/.derivedData/Build/Intermediates.noindex/Math.build/Debug-watchos/Math-t.build/Objects-normal/arm64/Math.SwiftFileList -DSWIFT_PACKAGE -DDEBUG -DSWIFT_MODULE_RESOURCE_BUNDLE_UNAVAILABLE -DXcode -plugin-path /Applications/Xcode-27.0.0-Release.Candidate.app/Contents/Developer/Toolchains/XcodeDefault.xctoolchain/usr/lib/swift/host/plugins/testing -enable-experimental-feature DebugDescriptionMacro -sdk /Applications/Xcode-27.0.0-Release.Candidate.app/Contents/Developer/Platforms/WatchOS.platform/Developer/SDKs/WatchOS27.0.sdk -target arm64-apple-watchos9.0 -g -module-cache-path /Users/admin/builder/spi-builder-workspace/.derivedData/ModuleCache.noindex -Xfrontend -serialize-debugging-options -profile-coverage-mapping -profile-generate -enable-testing -suppress-warnings -index-store-path /Users/admin/builder/spi-builder-workspace/.derivedData/Index.noindex/DataStore -Xcc -D_LIBCPP_HARDENING_MODE\=_LIBCPP_HARDENING_MODE_DEBUG -swift-version 4.2 -I /Users/admin/builder/spi-builder-workspace/.derivedData/Build/Products/Debug-watchos -Isystem /Applications/Xcode-27.0.0-Release.Candidate.app/Contents/Developer/Platforms/WatchOS.platform/Developer/usr/lib -F /Users/admin/builder/spi-builder-workspace/.derivedData/Build/Products/Debug-watchos/PackageFrameworks -F /Users/admin/builder/spi-builder-workspace/.derivedData/Build/Products/Debug-watchos -F /Applications/Xcode-27.0.0-Release.Candidate.app/Contents/Developer/Platforms/WatchOS.platform/Developer/Library/Frameworks -F /Applications/Xcode-27.0.0-Release.Candidate.app/Contents/Developer/Platforms/WatchOS.platform/Developer/SDKs/WatchOS27.0.sdk/Developer/Library/Frameworks -c -j10 -enable-batch-mode -incremental -Xcc -ivfsstatcache -Xcc /Users/admin/builder/spi-builder-workspace/.derivedData/SDKStatCaches.noindex/watchos27.0-24R360-e829b21a6f8c9b70876ba0858053c04477534ef55a1706bf4c1112bbb242f0a2.sdkstatcache -output-file-map /Users/admin/builder/spi-builder-workspace/.derivedData/Build/Intermediates.noindex/Math.build/Debug-watchos/Math-t.build/Objects-normal/arm64/Math-OutputFileMap.json -save-temps -no-color-diagnostics -emit-dependencies -emit-module -emit-module-path /Users/admin/builder/spi-builder-workspace/.derivedData/Build/Intermediates.noindex/Math.build/Debug-watchos/Math-t.build/Objects-normal/arm64/Math.swiftmodule -serialize-diagnostics -validate-clang-modules-once -clang-build-session-file /Users/admin/builder/spi-builder-workspace/.derivedData/ModuleCache.noindex/Session.modulevalidation -Xcc -fmodules-prune-interval\=86400 -Xcc -fmodules-prune-after\=345600 -emit-const-values -const-gather-protocols-list /Users/admin/builder/spi-builder-workspace/.derivedData/Build/Intermediates.noindex/Math.build/Debug-watchos/Math-t.build/Objects-normal/arm64/Math_const_extract_protocols.json -Xcc -I/Users/admin/builder/spi-builder-workspace/.derivedData/Build/Products/Debug-watchos/include -Xcc -I/Users/admin/builder/spi-builder-workspace/.derivedData/Build/Intermediates.noindex/Math.build/Debug-watchos/Math-t.build/DerivedSources-normal/arm64 -Xcc -I/Users/admin/builder/spi-builder-workspace/.derivedData/Build/Intermediates.noindex/Math.build/Debug-watchos/Math-t.build/DerivedSources/arm64 -Xcc -I/Users/admin/builder/spi-builder-workspace/.derivedData/Build/Intermediates.noindex/Math.build/Debug-watchos/Math-t.build/DerivedSources -Xcc -DSWIFT_PACKAGE -Xcc -DDEBUG\=1 -emit-objc-header -emit-objc-header-path /Users/admin/builder/spi-builder-workspace/.derivedData/Build/Intermediates.noindex/Math.build/Debug-watchos/Math-t.build/Objects-normal/arm64/Math-Swift.h -working-directory /Users/admin/builder/spi-builder-workspace/.swiftpm/xcode -experimental-emit-module-separately -disable-cmo
Ld /Users/admin/builder/spi-builder-workspace/.derivedData/Build/Intermediates.noindex/Math.build/Debug-watchos/Math-t.build/Objects-normal/arm64/Binary/Math.o normal arm64 (in target 'Math' from project 'Math')
cd /Users/admin/builder/spi-builder-workspace/.dependencies/checkouts/Math
/Applications/Xcode-27.0.0-Release.Candidate.app/Contents/Developer/Toolchains/XcodeDefault.xctoolchain/usr/bin/clang -Xlinker -reproducible -target arm64-apple-watchos9.0 -r -isysroot /Applications/Xcode-27.0.0-Release.Candidate.app/Contents/Developer/Platforms/WatchOS.platform/Developer/SDKs/WatchOS27.0.sdk -O0 -w -Xlinker -no_warn_duplicate_libraries -F/Users/admin/builder/spi-builder-workspace/.derivedData/Build/Intermediates.noindex/EagerLinkingTBDs/Debug-watchos -F/Users/admin/builder/spi-builder-workspace/.derivedData/Build/Products/Debug-watchos/PackageFrameworks -F/Users/admin/builder/spi-builder-workspace/.derivedData/Build/Products/Debug-watchos -iframework /Applications/Xcode-27.0.0-Release.Candidate.app/Contents/Developer/Platforms/WatchOS.platform/Developer/Library/Frameworks -iframework /Applications/Xcode-27.0.0-Release.Candidate.app/Contents/Developer/Platforms/WatchOS.platform/Developer/SDKs/WatchOS27.0.sdk/Developer/Library/Frameworks -filelist /Users/admin/builder/spi-builder-workspace/.derivedData/Build/Intermediates.noindex/Math.build/Debug-watchos/Math-t.build/Objects-normal/arm64/Math.LinkFileList -nostdlib -Xlinker -object_path_lto -Xlinker /Users/admin/builder/spi-builder-workspace/.derivedData/Build/Intermediates.noindex/Math.build/Debug-watchos/Math-t.build/Objects-normal/arm64/Math_lto.o -Xlinker -no_deduplicate -Xlinker -debug_variant -Xlinker -dependency_info -Xlinker /Users/admin/builder/spi-builder-workspace/.derivedData/Build/Intermediates.noindex/Math.build/Debug-watchos/Math-t.build/Objects-normal/arm64/Math_dependency_info.dat -fobjc-link-runtime -L/Applications/Xcode-27.0.0-Release.Candidate.app/Contents/Developer/Toolchains/XcodeDefault.xctoolchain/usr/lib/swift/watchos -L/usr/lib/swift -Xlinker -add_ast_path -Xlinker /Users/admin/builder/spi-builder-workspace/.derivedData/Build/Intermediates.noindex/Math.build/Debug-watchos/Math-t.build/Objects-normal/arm64/Math.swiftmodule -o /Users/admin/builder/spi-builder-workspace/.derivedData/Build/Intermediates.noindex/Math.build/Debug-watchos/Math-t.build/Objects-normal/arm64/Binary/Math.o
SwiftEmitModule normal arm64_32 Emitting\ module\ for\ Pitch (in target 'Pitch' from project 'Music')
SwiftCompile normal arm64_32 (in target 'Pitch' from project 'Music')
cd /Users/admin/builder/spi-builder-workspace/.swiftpm/xcode
SwiftCompile normal arm64_32 Compiling\ IntervalQuality.swift,\ OrderedIntervalDescriptor.swift /Users/admin/builder/spi-builder-workspace/.dependencies/checkouts/Music/Sources/Pitch/IntervalDescriptor/IntervalQuality.swift /Users/admin/builder/spi-builder-workspace/.dependencies/checkouts/Music/Sources/Pitch/IntervalDescriptor/OrderedIntervalDescriptor.swift (in target 'Pitch' from project 'Music')
SwiftCompile normal arm64_32 /Users/admin/builder/spi-builder-workspace/.dependencies/checkouts/Music/Sources/Pitch/IntervalDescriptor/IntervalQuality.swift (in target 'Pitch' from project 'Music')
cd /Users/admin/builder/spi-builder-workspace/.swiftpm/xcode
builtin-SwiftPerFileCompile IntervalQuality.swift
SwiftCompile normal arm64_32 /Users/admin/builder/spi-builder-workspace/.dependencies/checkouts/Music/Sources/Pitch/IntervalDescriptor/OrderedIntervalDescriptor.swift (in target 'Pitch' from project 'Music')
cd /Users/admin/builder/spi-builder-workspace/.swiftpm/xcode
builtin-SwiftPerFileCompile OrderedIntervalDescriptor.swift
SwiftCompile normal arm64_32 Compiling\ Pitch.Class.swift,\ Pitch.swift /Users/admin/builder/spi-builder-workspace/.dependencies/checkouts/Music/Sources/Pitch/Pitch.Class.swift /Users/admin/builder/spi-builder-workspace/.dependencies/checkouts/Music/Sources/Pitch/Pitch.swift (in target 'Pitch' from project 'Music')
SwiftCompile normal arm64_32 /Users/admin/builder/spi-builder-workspace/.dependencies/checkouts/Music/Sources/Pitch/Pitch.Class.swift (in target 'Pitch' from project 'Music')
cd /Users/admin/builder/spi-builder-workspace/.swiftpm/xcode
builtin-SwiftPerFileCompile Pitch.Class.swift
SwiftCompile normal arm64_32 /Users/admin/builder/spi-builder-workspace/.dependencies/checkouts/Music/Sources/Pitch/Pitch.swift (in target 'Pitch' from project 'Music')
cd /Users/admin/builder/spi-builder-workspace/.swiftpm/xcode
builtin-SwiftPerFileCompile Pitch.swift
SwiftCompile normal arm64_32 Compiling\ UnorderedIntervalDescriptor.swift,\ NoteNumber.swift /Users/admin/builder/spi-builder-workspace/.dependencies/checkouts/Music/Sources/Pitch/IntervalDescriptor/UnorderedIntervalDescriptor.swift /Users/admin/builder/spi-builder-workspace/.dependencies/checkouts/Music/Sources/Pitch/NoteNumber.swift (in target 'Pitch' from project 'Music')
/Users/admin/builder/spi-builder-workspace/.dependencies/checkouts/Music/Sources/Pitch/NoteNumber.swift:27:15: error: type 'NoteNumber' does not conform to protocol 'AdditiveArithmetic'
25 | /// let cold: NoteNumber = 60
26 | ///
27 | public struct NoteNumber:
| `- error: type 'NoteNumber' does not conform to protocol 'AdditiveArithmetic'
28 | NewType,
29 | Comparable,
Swift.AdditiveArithmetic.+=:2:13: note: multiple matching functions named '+=' with type '(inout NoteNumber, NoteNumber) -> ()'
1 | protocol AdditiveArithmetic {
2 | static func += (lhs: inout Self, rhs: Self)}
| `- note: multiple matching functions named '+=' with type '(inout NoteNumber, NoteNumber) -> ()'
3 |
Swift.AdditiveArithmetic.+=:2:20: note: candidate exactly matches
1 | protocol AdditiveArithmetic {
2 | public static func += (lhs: inout Self, rhs: Self)}
| `- note: candidate exactly matches
3 |
/Users/admin/builder/spi-builder-workspace/.dependencies/checkouts/Structure/Sources/DataStructures/NewType.swift:71:24: note: candidate exactly matches
69 | }
70 |
71 | public static func += (lhs: inout Self, rhs: Self) {
| `- note: candidate exactly matches
72 | lhs = lhs + rhs
73 | }
:
77 | }
78 |
79 | public static func -= (lhs: inout Self, rhs: Self) {
| `- note: candidate exactly matches
80 | lhs = lhs - rhs
81 | }
Swift.AdditiveArithmetic.-=:2:13: note: multiple matching functions named '-=' with type '(inout NoteNumber, NoteNumber) -> ()'
1 | protocol AdditiveArithmetic {
2 | static func -= (lhs: inout Self, rhs: Self)}
| `- note: multiple matching functions named '-=' with type '(inout NoteNumber, NoteNumber) -> ()'
3 |
Swift.AdditiveArithmetic.-=:2:20: note: candidate exactly matches
1 | protocol AdditiveArithmetic {
2 | public static func -= (lhs: inout Self, rhs: Self)}
| `- note: candidate exactly matches
3 |
Failed frontend command:
/Applications/Xcode-27.0.0-Release.Candidate.app/Contents/Developer/Toolchains/XcodeDefault.xctoolchain/usr/bin/swift-frontend -frontend -c /Users/admin/builder/spi-builder-workspace/.dependencies/checkouts/Music/Sources/Pitch/Chord/Chord.IntervalPattern.swift /Users/admin/builder/spi-builder-workspace/.dependencies/checkouts/Music/Sources/Pitch/Chord/Chord.swift /Users/admin/builder/spi-builder-workspace/.dependencies/checkouts/Music/Sources/Pitch/Chord/ChordDescriptor.swift /Users/admin/builder/spi-builder-workspace/.dependencies/checkouts/Music/Sources/Pitch/Dyad.swift /Users/admin/builder/spi-builder-workspace/.dependencies/checkouts/Music/Sources/Pitch/Frequency.swift /Users/admin/builder/spi-builder-workspace/.dependencies/checkouts/Music/Sources/Pitch/IntervalDescriptor/CompoundIntervalDescriptor.swift /Users/admin/builder/spi-builder-workspace/.dependencies/checkouts/Music/Sources/Pitch/IntervalDescriptor/IntervalDescriptor.swift /Users/admin/builder/spi-builder-workspace/.dependencies/checkouts/Music/Sources/Pitch/IntervalDescriptor/IntervalOrdinal.swift /Users/admin/builder/spi-builder-workspace/.dependencies/checkouts/Music/Sources/Pitch/IntervalDescriptor/IntervalQuality.swift /Users/admin/builder/spi-builder-workspace/.dependencies/checkouts/Music/Sources/Pitch/IntervalDescriptor/OrderedIntervalDescriptor.swift -primary-file /Users/admin/builder/spi-builder-workspace/.dependencies/checkouts/Music/Sources/Pitch/IntervalDescriptor/UnorderedIntervalDescriptor.swift -primary-file /Users/admin/builder/spi-builder-workspace/.dependencies/checkouts/Music/Sources/Pitch/NoteNumber.swift /Users/admin/builder/spi-builder-workspace/.dependencies/checkouts/Music/Sources/Pitch/NoteNumberRepresentable.swift /Users/admin/builder/spi-builder-workspace/.dependencies/checkouts/Music/Sources/Pitch/OrderedInterval.swift /Users/admin/builder/spi-builder-workspace/.dependencies/checkouts/Music/Sources/Pitch/Pitch.Class.swift /Users/admin/builder/spi-builder-workspace/.dependencies/checkouts/Music/Sources/Pitch/Pitch.swift /Users/admin/builder/spi-builder-workspace/.dependencies/checkouts/Music/Sources/Pitch/Scale/Scale.IntervalPattern.swift /Users/admin/builder/spi-builder-workspace/.dependencies/checkouts/Music/Sources/Pitch/Scale/Scale.swift /Users/admin/builder/spi-builder-workspace/.dependencies/checkouts/Music/Sources/Pitch/TuningSystem.swift /Users/admin/builder/spi-builder-workspace/.dependencies/checkouts/Music/Sources/Pitch/UnorderedInterval.swift -emit-dependencies-path /Users/admin/builder/spi-builder-workspace/.derivedData/Build/Intermediates.noindex/Music.build/Debug-watchos/Pitch-t.build/Objects-normal/arm64_32/UnorderedIntervalDescriptor.d -emit-const-values-path /Users/admin/builder/spi-builder-workspace/.derivedData/Build/Intermediates.noindex/Music.build/Debug-watchos/Pitch-t.build/Objects-normal/arm64_32/UnorderedIntervalDescriptor.swiftconstvalues -emit-reference-dependencies-path /Users/admin/builder/spi-builder-workspace/.derivedData/Build/Intermediates.noindex/Music.build/Debug-watchos/Pitch-t.build/Objects-normal/arm64_32/UnorderedIntervalDescriptor.swiftdeps -serialize-diagnostics-path /Users/admin/builder/spi-builder-workspace/.derivedData/Build/Intermediates.noindex/Music.build/Debug-watchos/Pitch-t.build/Objects-normal/arm64_32/UnorderedIntervalDescriptor.dia -emit-dependencies-path /Users/admin/builder/spi-builder-workspace/.derivedData/Build/Intermediates.noindex/Music.build/Debug-watchos/Pitch-t.build/Objects-normal/arm64_32/NoteNumber.d -emit-const-values-path /Users/admin/builder/spi-builder-workspace/.derivedData/Build/Intermediates.noindex/Music.build/Debug-watchos/Pitch-t.build/Objects-normal/arm64_32/NoteNumber.swiftconstvalues -emit-reference-dependencies-path /Users/admin/builder/spi-builder-workspace/.derivedData/Build/Intermediates.noindex/Music.build/Debug-watchos/Pitch-t.build/Objects-normal/arm64_32/NoteNumber.swiftdeps -serialize-diagnostics-path /Users/admin/builder/spi-builder-workspace/.derivedData/Build/Intermediates.noindex/Music.build/Debug-watchos/Pitch-t.build/Objects-normal/arm64_32/NoteNumber.dia -target arm64_32-apple-watchos9.0 -enable-objc-interop -sdk /Applications/Xcode-27.0.0-Release.Candidate.app/Contents/Developer/Platforms/WatchOS.platform/Developer/SDKs/WatchOS27.0.sdk -I /Users/admin/builder/spi-builder-workspace/.derivedData/Build/Products/Debug-watchos -Isystem /Applications/Xcode-27.0.0-Release.Candidate.app/Contents/Developer/Platforms/WatchOS.platform/Developer/usr/lib -F /Users/admin/builder/spi-builder-workspace/.derivedData/Build/Products/Debug-watchos/PackageFrameworks -F /Users/admin/builder/spi-builder-workspace/.derivedData/Build/Products/Debug-watchos -F /Applications/Xcode-27.0.0-Release.Candidate.app/Contents/Developer/Platforms/WatchOS.platform/Developer/Library/Frameworks -F /Applications/Xcode-27.0.0-Release.Candidate.app/Contents/Developer/Platforms/WatchOS.platform/Developer/SDKs/WatchOS27.0.sdk/Developer/Library/Frameworks -module-cache-path /Users/admin/builder/spi-builder-workspace/.derivedData/ModuleCache.noindex -no-color-diagnostics -Xcc -fno-color-diagnostics -enable-testing -g -debug-info-format\=dwarf -dwarf-version\=4 -suppress-warnings -profile-generate -profile-coverage-mapping -swift-version 4.2 -Onone -D SWIFT_PACKAGE -D DEBUG -D SWIFT_MODULE_RESOURCE_BUNDLE_UNAVAILABLE -D Xcode -serialize-debugging-options -enable-experimental-feature DebugDescriptionMacro -empty-abi-descriptor -plugin-path /Applications/Xcode-27.0.0-Release.Candidate.app/Contents/Developer/Toolchains/XcodeDefault.xctoolchain/usr/lib/swift/host/plugins/testing -validate-clang-modules-once -clang-build-session-file /Users/admin/builder/spi-builder-workspace/.derivedData/ModuleCache.noindex/Session.modulevalidation -Xcc -working-directory -Xcc /Users/admin/builder/spi-builder-workspace/.swiftpm/xcode -enable-anonymous-context-mangled-names -file-compilation-dir /Users/admin/builder/spi-builder-workspace/.swiftpm/xcode -Xcc -D_LIBCPP_HARDENING_MODE\=_LIBCPP_HARDENING_MODE_DEBUG -Xcc -ivfsstatcache -Xcc /Users/admin/builder/spi-builder-workspace/.derivedData/SDKStatCaches.noindex/watchos27.0-24R360-e829b21a6f8c9b70876ba0858053c04477534ef55a1706bf4c1112bbb242f0a2.sdkstatcache -Xcc -fmodules-prune-interval\=86400 -Xcc -fmodules-prune-after\=345600 -Xcc -I/Users/admin/builder/spi-builder-workspace/.derivedData/Build/Products/Debug-watchos/include -Xcc -I/Users/admin/builder/spi-builder-workspace/.derivedData/Build/Intermediates.noindex/Music.build/Debug-watchos/Pitch-t.build/DerivedSources-normal/arm64_32 -Xcc -I/Users/admin/builder/spi-builder-workspace/.derivedData/Build/Intermediates.noindex/Music.build/Debug-watchos/Pitch-t.build/DerivedSources/arm64_32 -Xcc -I/Users/admin/builder/spi-builder-workspace/.derivedData/Build/Intermediates.noindex/Music.build/Debug-watchos/Pitch-t.build/DerivedSources -Xcc -DSWIFT_PACKAGE -Xcc -DDEBUG\=1 -no-auto-bridging-header-chaining -module-name Pitch -const-gather-protocols-file /Users/admin/builder/spi-builder-workspace/.derivedData/Build/Intermediates.noindex/Music.build/Debug-watchos/Pitch-t.build/Objects-normal/arm64_32/Pitch_const_extract_protocols.json -disable-clang-spi -target-sdk-version 27.0 -target-sdk-name watchos27.0 -external-plugin-path /Applications/Xcode-27.0.0-Release.Candidate.app/Contents/Developer/Platforms/WatchOS.platform/Developer/usr/lib/swift/host/plugins\#/Applications/Xcode-27.0.0-Release.Candidate.app/Contents/Developer/Platforms/WatchOS.platform/Developer/usr/bin/swift-plugin-server -external-plugin-path /Applications/Xcode-27.0.0-Release.Candidate.app/Contents/Developer/Platforms/WatchOS.platform/Developer/usr/local/lib/swift/host/plugins\#/Applications/Xcode-27.0.0-Release.Candidate.app/Contents/Developer/Platforms/WatchOS.platform/Developer/usr/bin/swift-plugin-server -in-process-plugin-server-path /Applications/Xcode-27.0.0-Release.Candidate.app/Contents/Developer/Toolchains/XcodeDefault.xctoolchain/usr/lib/swift/host/libSwiftInProcPluginServer.dylib -plugin-path /Applications/Xcode-27.0.0-Release.Candidate.app/Contents/Developer/Toolchains/XcodeDefault.xctoolchain/usr/lib/swift/host/plugins -plugin-path /Applications/Xcode-27.0.0-Release.Candidate.app/Contents/Developer/Toolchains/XcodeDefault.xctoolchain/usr/local/lib/swift/host/plugins -parse-as-library -o /Users/admin/builder/spi-builder-workspace/.derivedData/Build/Intermediates.noindex/Music.build/Debug-watchos/Pitch-t.build/Objects-normal/arm64_32/UnorderedIntervalDescriptor.o -o /Users/admin/builder/spi-builder-workspace/.derivedData/Build/Intermediates.noindex/Music.build/Debug-watchos/Pitch-t.build/Objects-normal/arm64_32/NoteNumber.o -index-unit-output-path /Music.build/Debug-watchos/Pitch-t.build/Objects-normal/arm64_32/UnorderedIntervalDescriptor.o -index-unit-output-path /Music.build/Debug-watchos/Pitch-t.build/Objects-normal/arm64_32/NoteNumber.o -index-store-path /Users/admin/builder/spi-builder-workspace/.derivedData/Index.noindex/DataStore -index-system-modules
SwiftCompile normal arm64_32 /Users/admin/builder/spi-builder-workspace/.dependencies/checkouts/Music/Sources/Pitch/IntervalDescriptor/UnorderedIntervalDescriptor.swift (in target 'Pitch' from project 'Music')
cd /Users/admin/builder/spi-builder-workspace/.swiftpm/xcode
builtin-SwiftPerFileCompile UnorderedIntervalDescriptor.swift
SwiftCompile normal arm64_32 /Users/admin/builder/spi-builder-workspace/.dependencies/checkouts/Music/Sources/Pitch/NoteNumber.swift (in target 'Pitch' from project 'Music')
cd /Users/admin/builder/spi-builder-workspace/.swiftpm/xcode
builtin-SwiftPerFileCompile NoteNumber.swift
SwiftCompile normal arm64_32 Compiling\ Scale.swift /Users/admin/builder/spi-builder-workspace/.dependencies/checkouts/Music/Sources/Pitch/Scale/Scale.swift (in target 'Pitch' from project 'Music')
SwiftCompile normal arm64_32 /Users/admin/builder/spi-builder-workspace/.dependencies/checkouts/Music/Sources/Pitch/Scale/Scale.swift (in target 'Pitch' from project 'Music')
cd /Users/admin/builder/spi-builder-workspace/.swiftpm/xcode
builtin-SwiftPerFileCompile Scale.swift
SwiftCompile normal arm64_32 Compiling\ Chord.IntervalPattern.swift,\ Chord.swift /Users/admin/builder/spi-builder-workspace/.dependencies/checkouts/Music/Sources/Pitch/Chord/Chord.IntervalPattern.swift /Users/admin/builder/spi-builder-workspace/.dependencies/checkouts/Music/Sources/Pitch/Chord/Chord.swift (in target 'Pitch' from project 'Music')
SwiftCompile normal arm64_32 /Users/admin/builder/spi-builder-workspace/.dependencies/checkouts/Music/Sources/Pitch/Chord/Chord.IntervalPattern.swift (in target 'Pitch' from project 'Music')
cd /Users/admin/builder/spi-builder-workspace/.swiftpm/xcode
builtin-SwiftPerFileCompile Chord.IntervalPattern.swift
SwiftCompile normal arm64_32 /Users/admin/builder/spi-builder-workspace/.dependencies/checkouts/Music/Sources/Pitch/Chord/Chord.swift (in target 'Pitch' from project 'Music')
cd /Users/admin/builder/spi-builder-workspace/.swiftpm/xcode
builtin-SwiftPerFileCompile Chord.swift
SwiftCompile normal arm64_32 Compiling\ TuningSystem.swift /Users/admin/builder/spi-builder-workspace/.dependencies/checkouts/Music/Sources/Pitch/TuningSystem.swift (in target 'Pitch' from project 'Music')
SwiftCompile normal arm64_32 /Users/admin/builder/spi-builder-workspace/.dependencies/checkouts/Music/Sources/Pitch/TuningSystem.swift (in target 'Pitch' from project 'Music')
cd /Users/admin/builder/spi-builder-workspace/.swiftpm/xcode
builtin-SwiftPerFileCompile TuningSystem.swift
SwiftCompile normal arm64_32 Compiling\ Scale.IntervalPattern.swift /Users/admin/builder/spi-builder-workspace/.dependencies/checkouts/Music/Sources/Pitch/Scale/Scale.IntervalPattern.swift (in target 'Pitch' from project 'Music')
SwiftCompile normal arm64_32 /Users/admin/builder/spi-builder-workspace/.dependencies/checkouts/Music/Sources/Pitch/Scale/Scale.IntervalPattern.swift (in target 'Pitch' from project 'Music')
cd /Users/admin/builder/spi-builder-workspace/.swiftpm/xcode
builtin-SwiftPerFileCompile Scale.IntervalPattern.swift
SwiftCompile normal arm64_32 Compiling\ Frequency.swift,\ CompoundIntervalDescriptor.swift /Users/admin/builder/spi-builder-workspace/.dependencies/checkouts/Music/Sources/Pitch/Frequency.swift /Users/admin/builder/spi-builder-workspace/.dependencies/checkouts/Music/Sources/Pitch/IntervalDescriptor/CompoundIntervalDescriptor.swift (in target 'Pitch' from project 'Music')
SwiftCompile normal arm64_32 /Users/admin/builder/spi-builder-workspace/.dependencies/checkouts/Music/Sources/Pitch/Frequency.swift (in target 'Pitch' from project 'Music')
cd /Users/admin/builder/spi-builder-workspace/.swiftpm/xcode
builtin-SwiftPerFileCompile Frequency.swift
SwiftCompile normal arm64_32 /Users/admin/builder/spi-builder-workspace/.dependencies/checkouts/Music/Sources/Pitch/IntervalDescriptor/CompoundIntervalDescriptor.swift (in target 'Pitch' from project 'Music')
cd /Users/admin/builder/spi-builder-workspace/.swiftpm/xcode
builtin-SwiftPerFileCompile CompoundIntervalDescriptor.swift
SwiftEmitModule normal arm64 Emitting\ module\ for\ Pitch (in target 'Pitch' from project 'Music')
SwiftCompile normal arm64 (in target 'Pitch' from project 'Music')
cd /Users/admin/builder/spi-builder-workspace/.swiftpm/xcode
CreateUniversalBinary /Users/admin/builder/spi-builder-workspace/.derivedData/Build/Products/Debug-watchos/Math.o normal arm64\ arm64_32 (in target 'Math' from project 'Math')
cd /Users/admin/builder/spi-builder-workspace/.dependencies/checkouts/Math
/Applications/Xcode-27.0.0-Release.Candidate.app/Contents/Developer/Toolchains/XcodeDefault.xctoolchain/usr/bin/lipo -create /Users/admin/builder/spi-builder-workspace/.derivedData/Build/Intermediates.noindex/Math.build/Debug-watchos/Math-t.build/Objects-normal/arm64/Binary/Math.o /Users/admin/builder/spi-builder-workspace/.derivedData/Build/Intermediates.noindex/Math.build/Debug-watchos/Math-t.build/Objects-normal/arm64_32/Binary/Math.o -output /Users/admin/builder/spi-builder-workspace/.derivedData/Build/Products/Debug-watchos/Math.o
SwiftDriverJobDiscovery normal arm64_32 Compiling TuningSystem.swift (in target 'Pitch' from project 'Music')
SwiftCompile normal arm64 Compiling\ IntervalQuality.swift,\ OrderedIntervalDescriptor.swift /Users/admin/builder/spi-builder-workspace/.dependencies/checkouts/Music/Sources/Pitch/IntervalDescriptor/IntervalQuality.swift /Users/admin/builder/spi-builder-workspace/.dependencies/checkouts/Music/Sources/Pitch/IntervalDescriptor/OrderedIntervalDescriptor.swift (in target 'Pitch' from project 'Music')
SwiftCompile normal arm64 /Users/admin/builder/spi-builder-workspace/.dependencies/checkouts/Music/Sources/Pitch/IntervalDescriptor/IntervalQuality.swift (in target 'Pitch' from project 'Music')
cd /Users/admin/builder/spi-builder-workspace/.swiftpm/xcode
builtin-SwiftPerFileCompile IntervalQuality.swift
SwiftCompile normal arm64 /Users/admin/builder/spi-builder-workspace/.dependencies/checkouts/Music/Sources/Pitch/IntervalDescriptor/OrderedIntervalDescriptor.swift (in target 'Pitch' from project 'Music')
cd /Users/admin/builder/spi-builder-workspace/.swiftpm/xcode
builtin-SwiftPerFileCompile OrderedIntervalDescriptor.swift
SwiftCompile normal arm64 Compiling\ Scale.IntervalPattern.swift,\ Scale.swift /Users/admin/builder/spi-builder-workspace/.dependencies/checkouts/Music/Sources/Pitch/Scale/Scale.IntervalPattern.swift /Users/admin/builder/spi-builder-workspace/.dependencies/checkouts/Music/Sources/Pitch/Scale/Scale.swift (in target 'Pitch' from project 'Music')
SwiftCompile normal arm64 /Users/admin/builder/spi-builder-workspace/.dependencies/checkouts/Music/Sources/Pitch/Scale/Scale.IntervalPattern.swift (in target 'Pitch' from project 'Music')
cd /Users/admin/builder/spi-builder-workspace/.swiftpm/xcode
builtin-SwiftPerFileCompile Scale.IntervalPattern.swift
SwiftCompile normal arm64 /Users/admin/builder/spi-builder-workspace/.dependencies/checkouts/Music/Sources/Pitch/Scale/Scale.swift (in target 'Pitch' from project 'Music')
cd /Users/admin/builder/spi-builder-workspace/.swiftpm/xcode
builtin-SwiftPerFileCompile Scale.swift
PruneExplicitPrecompiledModules /Users/admin/builder/spi-builder-workspace/.derivedData/Build/Intermediates.noindex/SwiftExplicitPrecompiledModules
PruneExplicitPrecompiledModules /Users/admin/builder/spi-builder-workspace/.derivedData/SDKExplicitPrecompiledModules
PruneExplicitPrecompiledModules /Users/admin/builder/spi-builder-workspace/.derivedData/Build/Intermediates.noindex/ExplicitPrecompiledModules
2026-09-16 11:33:04.340 xcodebuild[1017:6042] [MT] IDERunDestination: Supported platforms for the buildables in the current scheme is empty.
** BUILD FAILED **
The following build commands failed:
SwiftCompile normal arm64_32 Compiling\ UnorderedIntervalDescriptor.swift,\ NoteNumber.swift /Users/admin/builder/spi-builder-workspace/.dependencies/checkouts/Music/Sources/Pitch/IntervalDescriptor/UnorderedIntervalDescriptor.swift /Users/admin/builder/spi-builder-workspace/.dependencies/checkouts/Music/Sources/Pitch/NoteNumber.swift (in target 'Pitch' from project 'Music')
SwiftCompile normal arm64_32 /Users/admin/builder/spi-builder-workspace/.dependencies/checkouts/Music/Sources/Pitch/NoteNumber.swift (in target 'Pitch' from project 'Music')
Building workspace PitchSpeller with scheme PitchSpeller
(3 failures)
BUILD FAILURE 6.4 watchOS