The Swift Package Index logo.Swift Package Index

Build Information

Failed to build TranscriptDebugMenu, reference main (2ceb90), with Swift 6.2 for tvOS using Xcode 26.3 on 26 Sep 2026 19:58:07 UTC.

Build Command

No build command. This typically means the build failed at an early stage where we determine the build command.

Build Log

========================================
RunAll
========================================
Builder version: 5.1.0
Interrupt handler set up.
========================================
Checkout
========================================
Clone URL: https://github.com/artemnovichkov/TranscriptDebugMenu.git
Reference: main
Initialized empty Git repository in /Users/admin/builder/spi-builder-workspace/.git/
From https://github.com/artemnovichkov/TranscriptDebugMenu
 * branch            main       -> FETCH_HEAD
 * [new branch]      main       -> origin/main
HEAD is now at 2ceb90e Convert example project to Xcode 27 JSON format
Cloned https://github.com/artemnovichkov/TranscriptDebugMenu.git
Revision (git rev-parse @):
2ceb90eb5f0afdb611b4f656879541808913fd00
SPI manifest file found: $PWD/.spi.yml
SUCCESS checkout https://github.com/artemnovichkov/TranscriptDebugMenu.git at main
========================================
Build
========================================
Selected platform:         tvOS
Swift version:             6.2
Building package at path:  $PWD
https://github.com/artemnovichkov/TranscriptDebugMenu.git
Command line invocation:
    /Applications/Xcode-26.3.0.app/Contents/Developer/usr/bin/xcodebuild -IDEClonedSourcePackagesDirPathOverride=/Users/admin/builder/spi-builder-workspace/.dependencies -resolvePackageDependencies
Resolve Package Graph
package 'spi-builder-workspace' is using Swift tools version 6.4.0 but the installed version is 6.2.4
Resolved source packages:
  spi-builder-workspace: (null)
2026-09-26 15:58:06.219 xcodebuild[538:3111] Writing error result bundle to /var/folders/xq/y_g06wb113726d38xsyx71_h0000gn/T/ResultBundle_2026-26-09_15-58-0006.xcresult
xcodebuild: error: Could not resolve package dependencies:
  package 'spi-builder-workspace' is using Swift tools version 6.4.0 but the installed version is 6.2.4
Command line invocation:
    /Applications/Xcode-26.3.0.app/Contents/Developer/usr/bin/xcodebuild -IDEClonedSourcePackagesDirPathOverride=/Users/admin/builder/spi-builder-workspace/.dependencies -resolvePackageDependencies
Resolve Package Graph
package 'spi-builder-workspace' is using Swift tools version 6.4.0 but the installed version is 6.2.4
Resolved source packages:
  spi-builder-workspace: (null)
2026-09-26 15:58:07.472 xcodebuild[600:3654] Writing error result bundle to /var/folders/xq/y_g06wb113726d38xsyx71_h0000gn/T/ResultBundle_2026-26-09_15-58-0007.xcresult
xcodebuild: error: Could not resolve package dependencies:
  package 'spi-builder-workspace' is using Swift tools version 6.4.0 but the installed version is 6.2.4
BUILD FAILURE 6.2 tvOS