The Swift Package Index logo.Swift Package Index

Build Information

Failed to build KyuGenericExtensions, reference 1.4.0 (d0603f), with Swift 6.4 for macOS (Xcode) using Xcode 27.0 on 19 Sep 2026 21:56:21 UTC.

Build Command

env DEVELOPER_DIR=/Applications/Xcode-27.0.0-Release.Candidate.app xcrun xcodebuild -IDEClonedSourcePackagesDirPathOverride=$PWD/.dependencies -skipMacroValidation -skipPackagePluginValidation -derivedDataPath $PWD/.derivedData build -scheme KyuGenericExtensions -destination platform=macOS,arch=arm64

Build Log

========================================
RunAll
========================================
Builder version: 5.1.0
Interrupt handler set up.
========================================
Checkout
========================================
Clone URL: https://github.com/kyuuuyki/KyuGenericExtensions.git
Reference: 1.4.0
Initialized empty Git repository in /Users/admin/builder/spi-builder-workspace/.git/
From https://github.com/kyuuuyki/KyuGenericExtensions
 * tag               1.4.0      -> FETCH_HEAD
HEAD is now at d0603fe Version 1.4.0
Cloned https://github.com/kyuuuyki/KyuGenericExtensions.git
Revision (git rev-parse @):
d0603fedc4c5c60dcfbb00f0ae3af6f6111d4aed
SUCCESS checkout https://github.com/kyuuuyki/KyuGenericExtensions.git at 1.4.0
========================================
Build
========================================
Selected platform:         macosXcodebuild
Swift version:             6.4
Building package at path:  $PWD
https://github.com/kyuuuyki/KyuGenericExtensions.git
Command line invocation:
    /Applications/Xcode-27.0.0-Release.Candidate.app/Contents/Developer/usr/bin/xcodebuild -IDEClonedSourcePackagesDirPathOverride=/Users/admin/builder/spi-builder-workspace/.dependencies -resolvePackageDependencies
Resolve Package Graph
Resolve Package Graph
Resolved source packages:
  KyuGenericExtensions: /Users/admin/builder/spi-builder-workspace
resolved source packages: KyuGenericExtensions
2026-09-19 17:55:24.336 xcodebuild[529:3038] [MT] IDERunDestination: Supported platforms for the buildables in the current scheme is empty.
{
  "dependencies" : [
  ],
  "manifest_display_name" : "KyuGenericExtensions",
  "name" : "KyuGenericExtensions",
  "path" : "/Users/admin/builder/spi-builder-workspace",
  "platforms" : [
    {
      "name" : "ios",
      "version" : "13.0"
    }
  ],
  "products" : [
    {
      "name" : "KyuGenericExtensions",
      "targets" : [
        "KyuGenericExtensions"
      ],
      "type" : {
        "library" : [
          "automatic"
        ]
      }
    }
  ],
  "targets" : [
    {
      "c99name" : "KyuGenericExtensionsTests",
      "module_type" : "SwiftTarget",
      "name" : "KyuGenericExtensionsTests",
      "path" : "Tests/KyuGenericExtensionsTests",
      "sources" : [
        "KyuGenericExtensionsTests.swift"
      ],
      "target_dependencies" : [
        "KyuGenericExtensions"
      ],
      "type" : "test"
    },
    {
      "c99name" : "KyuGenericExtensions",
      "module_type" : "SwiftTarget",
      "name" : "KyuGenericExtensions",
      "path" : "Sources/KyuGenericExtensions",
      "product_memberships" : [
        "KyuGenericExtensions"
      ],
      "sources" : [
        "Assembler/Container.swift",
        "Assembler/ModuleKey.swift",
        "Assembler/Protocol/AssemblerProtocol.swift",
        "Assembler/Protocol/ContainerProtocol.swift",
        "Assembler/Protocol/ModuleProtocol.swift",
        "Assembler/Protocol/ResolverProtocol.swift",
        "Assembler/Protocol/SceneModuleProtocol.swift",
        "Assembler/Protocol/TransitionCoordinatorProtocol.swift",
        "Extensions/+Array.swift",
        "Extensions/+Date.swift",
        "Extensions/+Encodable.swift",
        "Extensions/+Int.swift",
        "Extensions/+String.swift",
        "Extensions/+UIApplication.swift",
        "Extensions/+UIButton.swift",
        "Extensions/+UICollectionView.swift",
        "Extensions/+UIColor.swift",
        "Extensions/+UIFont.swift",
        "Extensions/+UIImage.swift",
        "Extensions/+UILabel.swift",
        "Extensions/+UISplitViewController.swift",
        "Extensions/+UITableView.swift",
        "Extensions/+UITableViewCell.swift",
        "Extensions/+UIView.swift",
        "Extensions/+UIViewController.swift",
        "Extensions/+UIWindow.swift",
        "Extensions/+View.swift",
        "Extensions/Duplicatable.swift",
        "Extensions/StoryboardInstantiable.swift",
        "PropertyWrapper/CodableIgnored.swift",
        "PropertyWrapper/UserDefaultsStorable.swift",
        "Views/LazyXGrid.swift"
      ],
      "type" : "library"
    }
  ],
  "tools_version" : "5.7.1"
}
{
  "workspace" : {
    "name" : "KyuGenericExtensions",
    "schemes" : [
      "KyuGenericExtensions"
    ]
  }
}
2026-09-19 17:56:06.433 xcodebuild[704:4475] [MT] IDERunDestination: Supported platforms for the buildables in the current scheme is empty.
Running build ...
env DEVELOPER_DIR=/Applications/Xcode-27.0.0-Release.Candidate.app xcrun xcodebuild -IDEClonedSourcePackagesDirPathOverride=$PWD/.dependencies -skipMacroValidation -skipPackagePluginValidation -derivedDataPath $PWD/.derivedData build -scheme KyuGenericExtensions -destination platform=macOS,arch=arm64
Command line invocation:
    /Applications/Xcode-27.0.0-Release.Candidate.app/Contents/Developer/usr/bin/xcodebuild -IDEClonedSourcePackagesDirPathOverride=/Users/admin/builder/spi-builder-workspace/.dependencies -skipMacroValidation -skipPackagePluginValidation -derivedDataPath /Users/admin/builder/spi-builder-workspace/.derivedData build -scheme KyuGenericExtensions -destination platform=macOS,arch=arm64
Resolve Package Graph
Resolved source packages:
  KyuGenericExtensions: /Users/admin/builder/spi-builder-workspace
ComputePackagePrebuildTargetDependencyGraph
Prepare packages
CreateBuildRequest
SendProjectDescription
CreateBuildOperation
ComputeTargetDependencyGraph
note: Building targets in dependency order
note: Target dependency graph (2 targets)
    Target 'KyuGenericExtensions-product' in project 'KyuGenericExtensions'
        ➜ Explicit dependency on target 'KyuGenericExtensions' in project 'KyuGenericExtensions'
    Target 'KyuGenericExtensions' in project 'KyuGenericExtensions' (no dependencies)
GatherProvisioningInputs
CreateBuildDescription
ExecuteExternalTool /Applications/Xcode-27.0.0-Release.Candidate.app/Contents/Developer/Toolchains/XcodeDefault.xctoolchain/usr/bin/clang -v -E -dM -isysroot /Applications/Xcode-27.0.0-Release.Candidate.app/Contents/Developer/Platforms/MacOSX.platform/Developer/SDKs/MacOSX27.0.sdk -x c -c /dev/null
ExecuteExternalTool /Applications/Xcode-27.0.0-Release.Candidate.app/Contents/Developer/Toolchains/XcodeDefault.xctoolchain/usr/bin/swiftc --version
ExecuteExternalTool /Applications/Xcode-27.0.0-Release.Candidate.app/Contents/Developer/Toolchains/XcodeDefault.xctoolchain/usr/bin/ld -version_details
ReadFileContents /Applications/Xcode-27.0.0-Release.Candidate.app/Contents/Developer/Toolchains/XcodeDefault.xctoolchain/usr/share/docc/features.json
Build description signature: 999baaca5a34a29d7c22888a1dae117d
Build description path: /Users/admin/builder/spi-builder-workspace/.derivedData/Build/Intermediates.noindex/XCBuildData/999baaca5a34a29d7c22888a1dae117d.xcbuilddata
CreateBuildDirectory /Users/admin/builder/spi-builder-workspace/.derivedData/CompilationCache.noindex
    cd /Users/admin/builder/spi-builder-workspace/.swiftpm/xcode
    builtin-create-build-directory /Users/admin/builder/spi-builder-workspace/.derivedData/CompilationCache.noindex
CreateBuildDirectory /Users/admin/builder/spi-builder-workspace/.derivedData/SDKExplicitPrecompiledModules
    cd /Users/admin/builder/spi-builder-workspace/.swiftpm/xcode
    builtin-create-build-directory /Users/admin/builder/spi-builder-workspace/.derivedData/SDKExplicitPrecompiledModules
CreateBuildDirectory /Users/admin/builder/spi-builder-workspace/.derivedData/ModuleCache.noindex
    cd /Users/admin/builder/spi-builder-workspace/.swiftpm/xcode
    builtin-create-build-directory /Users/admin/builder/spi-builder-workspace/.derivedData/ModuleCache.noindex
ClangStatCache /Applications/Xcode-27.0.0-Release.Candidate.app/Contents/Developer/Toolchains/XcodeDefault.xctoolchain/usr/bin/clang-stat-cache /Applications/Xcode-27.0.0-Release.Candidate.app/Contents/Developer/Platforms/MacOSX.platform/Developer/SDKs/MacOSX27.0.sdk /Users/admin/builder/spi-builder-workspace/.derivedData/SDKStatCaches.noindex/macosx27.0-26A425-e829b21a6f8c9b70876ba0858053c0446a22442a12e9d48fe1a705f55a1adfc4.sdkstatcache
    cd /Users/admin/builder/spi-builder-workspace/.swiftpm/xcode
    /Applications/Xcode-27.0.0-Release.Candidate.app/Contents/Developer/Toolchains/XcodeDefault.xctoolchain/usr/bin/clang-stat-cache /Applications/Xcode-27.0.0-Release.Candidate.app/Contents/Developer/Platforms/MacOSX.platform/Developer/SDKs/MacOSX27.0.sdk -o /Users/admin/builder/spi-builder-workspace/.derivedData/SDKStatCaches.noindex/macosx27.0-26A425-e829b21a6f8c9b70876ba0858053c0446a22442a12e9d48fe1a705f55a1adfc4.sdkstatcache
CreateBuildDirectory /Users/admin/builder/spi-builder-workspace/.derivedData/Build/Intermediates.noindex
    cd /Users/admin/builder/spi-builder-workspace/.swiftpm/xcode
    builtin-create-build-directory /Users/admin/builder/spi-builder-workspace/.derivedData/Build/Intermediates.noindex
CreateBuildDirectory /Users/admin/builder/spi-builder-workspace/.derivedData/Build/Products
    cd /Users/admin/builder/spi-builder-workspace/.swiftpm/xcode
    builtin-create-build-directory /Users/admin/builder/spi-builder-workspace/.derivedData/Build/Products
CreateBuildDirectory /Users/admin/builder/spi-builder-workspace/.derivedData/Build/Intermediates.noindex/SwiftExplicitPrecompiledModules
    cd /Users/admin/builder/spi-builder-workspace/.swiftpm/xcode
    builtin-create-build-directory /Users/admin/builder/spi-builder-workspace/.derivedData/Build/Intermediates.noindex/SwiftExplicitPrecompiledModules
CreateBuildDirectory /Users/admin/builder/spi-builder-workspace/.derivedData/Build/Intermediates.noindex/ExplicitPrecompiledModules
    cd /Users/admin/builder/spi-builder-workspace/.swiftpm/xcode
    builtin-create-build-directory /Users/admin/builder/spi-builder-workspace/.derivedData/Build/Intermediates.noindex/ExplicitPrecompiledModules
CreateBuildDirectory /Users/admin/builder/spi-builder-workspace/.derivedData/Build/Intermediates.noindex/PrecompiledHeaders
    cd /Users/admin/builder/spi-builder-workspace/.swiftpm/xcode
    builtin-create-build-directory /Users/admin/builder/spi-builder-workspace/.derivedData/Build/Intermediates.noindex/PrecompiledHeaders
CreateBuildDirectory /Users/admin/builder/spi-builder-workspace/.derivedData/Build/Intermediates.noindex/EagerLinkingTBDs/Debug
    cd /Users/admin/builder/spi-builder-workspace/.swiftpm/xcode
    builtin-create-build-directory /Users/admin/builder/spi-builder-workspace/.derivedData/Build/Intermediates.noindex/EagerLinkingTBDs/Debug
CreateBuildDirectory /Users/admin/builder/spi-builder-workspace/.derivedData/Build/Products/Debug
    cd /Users/admin/builder/spi-builder-workspace/.swiftpm/xcode
    builtin-create-build-directory /Users/admin/builder/spi-builder-workspace/.derivedData/Build/Products/Debug
CreateBuildDirectory /Users/admin/builder/spi-builder-workspace/.derivedData/Build/Products/Debug/PackageFrameworks
    cd /Users/admin/builder/spi-builder-workspace/.swiftpm/xcode
    builtin-create-build-directory /Users/admin/builder/spi-builder-workspace/.derivedData/Build/Products/Debug/PackageFrameworks
WriteAuxiliaryFile /Users/admin/builder/spi-builder-workspace/.derivedData/Build/Intermediates.noindex/KyuGenericExtensions.build/Debug/KyuGenericExtensions-t.build/KyuGenericExtensions.DependencyStaticMetadataFileList (in target 'KyuGenericExtensions' from project 'KyuGenericExtensions')
    cd /Users/admin/builder/spi-builder-workspace
    write-file /Users/admin/builder/spi-builder-workspace/.derivedData/Build/Intermediates.noindex/KyuGenericExtensions.build/Debug/KyuGenericExtensions-t.build/KyuGenericExtensions.DependencyStaticMetadataFileList
WriteAuxiliaryFile /Users/admin/builder/spi-builder-workspace/.derivedData/Build/Intermediates.noindex/KyuGenericExtensions.build/Debug/KyuGenericExtensions-t.build/KyuGenericExtensions.DependencyMetadataFileList (in target 'KyuGenericExtensions' from project 'KyuGenericExtensions')
    cd /Users/admin/builder/spi-builder-workspace
    write-file /Users/admin/builder/spi-builder-workspace/.derivedData/Build/Intermediates.noindex/KyuGenericExtensions.build/Debug/KyuGenericExtensions-t.build/KyuGenericExtensions.DependencyMetadataFileList
WriteAuxiliaryFile /Users/admin/builder/spi-builder-workspace/.derivedData/Build/Intermediates.noindex/KyuGenericExtensions.build/Debug/KyuGenericExtensions-t.build/KyuGenericExtensions.modulemap (in target 'KyuGenericExtensions' from project 'KyuGenericExtensions')
    cd /Users/admin/builder/spi-builder-workspace
    write-file /Users/admin/builder/spi-builder-workspace/.derivedData/Build/Intermediates.noindex/KyuGenericExtensions.build/Debug/KyuGenericExtensions-t.build/KyuGenericExtensions.modulemap
WriteAuxiliaryFile /Users/admin/builder/spi-builder-workspace/.derivedData/Build/Intermediates.noindex/KyuGenericExtensions.build/Debug/KyuGenericExtensions-t.build/Objects-normal/arm64/KyuGenericExtensions_const_extract_protocols.json (in target 'KyuGenericExtensions' from project 'KyuGenericExtensions')
    cd /Users/admin/builder/spi-builder-workspace
    write-file /Users/admin/builder/spi-builder-workspace/.derivedData/Build/Intermediates.noindex/KyuGenericExtensions.build/Debug/KyuGenericExtensions-t.build/Objects-normal/arm64/KyuGenericExtensions_const_extract_protocols.json
WriteAuxiliaryFile /Users/admin/builder/spi-builder-workspace/.derivedData/Build/Intermediates.noindex/KyuGenericExtensions.build/Debug/KyuGenericExtensions-t.build/Objects-normal/arm64/KyuGenericExtensions-OutputFileMap.json (in target 'KyuGenericExtensions' from project 'KyuGenericExtensions')
    cd /Users/admin/builder/spi-builder-workspace
    write-file /Users/admin/builder/spi-builder-workspace/.derivedData/Build/Intermediates.noindex/KyuGenericExtensions.build/Debug/KyuGenericExtensions-t.build/Objects-normal/arm64/KyuGenericExtensions-OutputFileMap.json
WriteAuxiliaryFile /Users/admin/builder/spi-builder-workspace/.derivedData/Build/Intermediates.noindex/KyuGenericExtensions.build/Debug/KyuGenericExtensions-t.build/Objects-normal/arm64/KyuGenericExtensions.LinkFileList (in target 'KyuGenericExtensions' from project 'KyuGenericExtensions')
    cd /Users/admin/builder/spi-builder-workspace
    write-file /Users/admin/builder/spi-builder-workspace/.derivedData/Build/Intermediates.noindex/KyuGenericExtensions.build/Debug/KyuGenericExtensions-t.build/Objects-normal/arm64/KyuGenericExtensions.LinkFileList
WriteAuxiliaryFile /Users/admin/builder/spi-builder-workspace/.derivedData/Build/Intermediates.noindex/KyuGenericExtensions.build/Debug/KyuGenericExtensions-t.build/Objects-normal/arm64/KyuGenericExtensions.SwiftFileList (in target 'KyuGenericExtensions' from project 'KyuGenericExtensions')
    cd /Users/admin/builder/spi-builder-workspace
    write-file /Users/admin/builder/spi-builder-workspace/.derivedData/Build/Intermediates.noindex/KyuGenericExtensions.build/Debug/KyuGenericExtensions-t.build/Objects-normal/arm64/KyuGenericExtensions.SwiftFileList
WriteAuxiliaryFile /Users/admin/builder/spi-builder-workspace/.derivedData/Build/Intermediates.noindex/KyuGenericExtensions.build/Debug/KyuGenericExtensions-t.build/Objects-normal/arm64/KyuGenericExtensions.SwiftConstValuesFileList (in target 'KyuGenericExtensions' from project 'KyuGenericExtensions')
    cd /Users/admin/builder/spi-builder-workspace
    write-file /Users/admin/builder/spi-builder-workspace/.derivedData/Build/Intermediates.noindex/KyuGenericExtensions.build/Debug/KyuGenericExtensions-t.build/Objects-normal/arm64/KyuGenericExtensions.SwiftConstValuesFileList
Copy /Users/admin/builder/spi-builder-workspace/.derivedData/Build/Intermediates.noindex/GeneratedModuleMaps/KyuGenericExtensions.modulemap /Users/admin/builder/spi-builder-workspace/.derivedData/Build/Intermediates.noindex/KyuGenericExtensions.build/Debug/KyuGenericExtensions-t.build/KyuGenericExtensions.modulemap (in target 'KyuGenericExtensions' from project 'KyuGenericExtensions')
    cd /Users/admin/builder/spi-builder-workspace
    builtin-copy -exclude .DS_Store -exclude CVS -exclude .svn -exclude .git -exclude .hg -resolve-src-symlinks /Users/admin/builder/spi-builder-workspace/.derivedData/Build/Intermediates.noindex/KyuGenericExtensions.build/Debug/KyuGenericExtensions-t.build/KyuGenericExtensions.modulemap /Users/admin/builder/spi-builder-workspace/.derivedData/Build/Intermediates.noindex/GeneratedModuleMaps
SwiftDriver KyuGenericExtensions normal arm64 com.apple.xcode.tools.swift.compiler (in target 'KyuGenericExtensions' from project 'KyuGenericExtensions')
    cd /Users/admin/builder/spi-builder-workspace/.swiftpm/xcode
    builtin-SwiftDriver -- /Applications/Xcode-27.0.0-Release.Candidate.app/Contents/Developer/Toolchains/XcodeDefault.xctoolchain/usr/bin/swiftc -parse-as-library -module-name KyuGenericExtensions -Onone @/Users/admin/builder/spi-builder-workspace/.derivedData/Build/Intermediates.noindex/KyuGenericExtensions.build/Debug/KyuGenericExtensions-t.build/Objects-normal/arm64/KyuGenericExtensions.SwiftFileList -DSWIFT_PACKAGE -DDEBUG -DSWIFT_MODULE_RESOURCE_BUNDLE_UNAVAILABLE -DXcode -plugin-path /Applications/Xcode-27.0.0-Release.Candidate.app/Contents/Developer/Toolchains/XcodeDefault.xctoolchain/usr/lib/swift/host/plugins/testing -enable-experimental-feature DebugDescriptionMacro -sdk /Applications/Xcode-27.0.0-Release.Candidate.app/Contents/Developer/Platforms/MacOSX.platform/Developer/SDKs/MacOSX27.0.sdk -target arm64-apple-macos12.0 -g -module-cache-path /Users/admin/builder/spi-builder-workspace/.derivedData/ModuleCache.noindex -Xfrontend -serialize-debugging-options -profile-coverage-mapping -profile-generate -enable-testing -index-store-path /Users/admin/builder/spi-builder-workspace/.derivedData/Index.noindex/DataStore -Xcc -D_LIBCPP_HARDENING_MODE\=_LIBCPP_HARDENING_MODE_DEBUG -swift-version 5 -I /Users/admin/builder/spi-builder-workspace/.derivedData/Build/Products/Debug -Isystem /Applications/Xcode-27.0.0-Release.Candidate.app/Contents/Developer/Platforms/MacOSX.platform/Developer/usr/lib -F /Users/admin/builder/spi-builder-workspace/.derivedData/Build/Products/Debug -F /Applications/Xcode-27.0.0-Release.Candidate.app/Contents/Developer/Platforms/MacOSX.platform/Developer/Library/Frameworks -c -j10 -enable-batch-mode -incremental -Xcc -ivfsstatcache -Xcc /Users/admin/builder/spi-builder-workspace/.derivedData/SDKStatCaches.noindex/macosx27.0-26A425-e829b21a6f8c9b70876ba0858053c0446a22442a12e9d48fe1a705f55a1adfc4.sdkstatcache -output-file-map /Users/admin/builder/spi-builder-workspace/.derivedData/Build/Intermediates.noindex/KyuGenericExtensions.build/Debug/KyuGenericExtensions-t.build/Objects-normal/arm64/KyuGenericExtensions-OutputFileMap.json -save-temps -no-color-diagnostics -explicit-module-build -module-cache-path /Users/admin/builder/spi-builder-workspace/.derivedData/Build/Intermediates.noindex/SwiftExplicitPrecompiledModules -clang-scanner-module-cache-path /Users/admin/builder/spi-builder-workspace/.derivedData/ModuleCache.noindex -sdk-module-cache-path /Users/admin/builder/spi-builder-workspace/.derivedData/SDKExplicitPrecompiledModules -emit-dependencies -emit-module -emit-module-path /Users/admin/builder/spi-builder-workspace/.derivedData/Build/Intermediates.noindex/KyuGenericExtensions.build/Debug/KyuGenericExtensions-t.build/Objects-normal/arm64/KyuGenericExtensions.swiftmodule -serialize-diagnostics -dependency-scan-serialize-diagnostics-path /Users/admin/builder/spi-builder-workspace/.derivedData/Build/Intermediates.noindex/KyuGenericExtensions.build/Debug/KyuGenericExtensions-t.build/Objects-normal/arm64/KyuGenericExtensions-dependency-scan.dia -validate-clang-modules-once -clang-build-session-file /Users/admin/builder/spi-builder-workspace/.derivedData/ModuleCache.noindex/Session.modulevalidation -Xcc -fmodules-prune-interval\=86400 -Xcc -fmodules-prune-after\=345600 -emit-const-values -const-gather-protocols-list /Users/admin/builder/spi-builder-workspace/.derivedData/Build/Intermediates.noindex/KyuGenericExtensions.build/Debug/KyuGenericExtensions-t.build/Objects-normal/arm64/KyuGenericExtensions_const_extract_protocols.json -Xcc -I/Users/admin/builder/spi-builder-workspace/.derivedData/Build/Products/Debug/include -Xcc -I/Users/admin/builder/spi-builder-workspace/.derivedData/Build/Intermediates.noindex/KyuGenericExtensions.build/Debug/KyuGenericExtensions-t.build/DerivedSources-normal/arm64 -Xcc -I/Users/admin/builder/spi-builder-workspace/.derivedData/Build/Intermediates.noindex/KyuGenericExtensions.build/Debug/KyuGenericExtensions-t.build/DerivedSources/arm64 -Xcc -I/Users/admin/builder/spi-builder-workspace/.derivedData/Build/Intermediates.noindex/KyuGenericExtensions.build/Debug/KyuGenericExtensions-t.build/DerivedSources -Xcc -DSWIFT_PACKAGE -Xcc -DDEBUG\=1 -emit-objc-header -emit-objc-header-path /Users/admin/builder/spi-builder-workspace/.derivedData/Build/Intermediates.noindex/KyuGenericExtensions.build/Debug/KyuGenericExtensions-t.build/Objects-normal/arm64/KyuGenericExtensions-Swift.h -working-directory /Users/admin/builder/spi-builder-workspace/.swiftpm/xcode -experimental-emit-module-separately -disable-cmo
SwiftExplicitDependencyGeneratePcm arm64 /Users/admin/builder/spi-builder-workspace/.derivedData/SDKExplicitPrecompiledModules/SwiftShims-C4V0DQ62WSTCYBYGILXXGQNO3.pcm
SwiftExplicitDependencyGeneratePcm arm64 /Users/admin/builder/spi-builder-workspace/.derivedData/SDKExplicitPrecompiledModules/ptrauth-2W92ZJRLNJU99RJUQGGJG3OC3.pcm
SwiftExplicitDependencyGeneratePcm arm64 /Users/admin/builder/spi-builder-workspace/.derivedData/SDKExplicitPrecompiledModules/_SwiftConcurrencyShims-BLUUWKI6AGMD7TJ4RGYS7DP6T.pcm
SwiftExplicitDependencyGeneratePcm arm64 /Users/admin/builder/spi-builder-workspace/.derivedData/SDKExplicitPrecompiledModules/_Builtin_stdbool-KYV2HKP8IKLKMKQS9DGA2GUQ.pcm
SwiftExplicitDependencyGeneratePcm arm64 /Users/admin/builder/spi-builder-workspace/.derivedData/SDKExplicitPrecompiledModules/ptrcheck-DHLCBWKPNUZOYTPJ1J3QVTCXK.pcm
SwiftExplicitDependencyGeneratePcm arm64 /Users/admin/builder/spi-builder-workspace/.derivedData/SDKExplicitPrecompiledModules/_Builtin_stddef-3GI9GOKXSW3QCTFOI1USFLDZO.pcm
SwiftExplicitDependencyGeneratePcm arm64 /Users/admin/builder/spi-builder-workspace/.derivedData/SDKExplicitPrecompiledModules/_AvailabilityInternal-CJTV5E7EL3MWRA437DUFPBVN2.pcm
SwiftExplicitDependencyGeneratePcm arm64 /Users/admin/builder/spi-builder-workspace/.derivedData/SDKExplicitPrecompiledModules/_Builtin_float-105CRCDRP90FQCQO5ZX1LHV7H.pcm
SwiftExplicitDependencyGeneratePcm arm64 /Users/admin/builder/spi-builder-workspace/.derivedData/SDKExplicitPrecompiledModules/_Builtin_stdarg-7CFWA9OSW5N24E7PG4ZOCF1VH.pcm
SwiftExplicitDependencyGeneratePcm arm64 /Users/admin/builder/spi-builder-workspace/.derivedData/SDKExplicitPrecompiledModules/DeveloperToolsSupport-13SNQ6N57G3DOS3KQA7V91OE7.pcm
SwiftExplicitDependencyGeneratePcm arm64 /Users/admin/builder/spi-builder-workspace/.derivedData/SDKExplicitPrecompiledModules/_DarwinFoundation1-7PRJIG163YE9KSKYA3BS35ZZP.pcm
SwiftExplicitDependencyGeneratePcm arm64 /Users/admin/builder/spi-builder-workspace/.derivedData/SDKExplicitPrecompiledModules/_DarwinFoundation2-94WUUGE4H5R03OWXE0QFZX1DN.pcm
SwiftExplicitDependencyGeneratePcm arm64 /Users/admin/builder/spi-builder-workspace/.derivedData/SDKExplicitPrecompiledModules/_Builtin_limits-AXGUGXBFPC0I7QDLJFB0K341Y.pcm
SwiftExplicitDependencyGeneratePcm arm64 /Users/admin/builder/spi-builder-workspace/.derivedData/SDKExplicitPrecompiledModules/sys_types-F4RNCN6UR5R5OWTLTOUM7TN3E.pcm
SwiftExplicitDependencyGeneratePcm arm64 /Users/admin/builder/spi-builder-workspace/.derivedData/SDKExplicitPrecompiledModules/string_h-10WPXBF3YFYMX5HUAW06LSABR.pcm
SwiftExplicitDependencyGeneratePcm arm64 /Users/admin/builder/spi-builder-workspace/.derivedData/SDKExplicitPrecompiledModules/_Builtin_tgmath-52XE6HC8DWOG6S7B5QAI046D1.pcm
SwiftExplicitDependencyGeneratePcm arm64 /Users/admin/builder/spi-builder-workspace/.derivedData/SDKExplicitPrecompiledModules/_Builtin_stdint-22CBBOK8BNSF0UELDCAXSHGB.pcm
SwiftExplicitDependencyGeneratePcm arm64 /Users/admin/builder/spi-builder-workspace/.derivedData/SDKExplicitPrecompiledModules/_Builtin_stdatomic-8LN7S35C6I48KJOCW7VPXX04X.pcm
SwiftExplicitDependencyGeneratePcm arm64 /Users/admin/builder/spi-builder-workspace/.derivedData/SDKExplicitPrecompiledModules/_DarwinFoundation3-32PO5Q4RCB6WXH5VFO3HA3AVS.pcm
SwiftExplicitDependencyGeneratePcm arm64 /Users/admin/builder/spi-builder-workspace/.derivedData/SDKExplicitPrecompiledModules/libDER-5RCYOD0PCUUY2UGMBNE9LI8N9.pcm
SwiftExplicitDependencyGeneratePcm arm64 /Users/admin/builder/spi-builder-workspace/.derivedData/SDKExplicitPrecompiledModules/_Builtin_intrinsics-4O6R03GTH5FLWSHEUBP0Z3GZ2.pcm
SwiftExplicitDependencyGeneratePcm arm64 /Users/admin/builder/spi-builder-workspace/.derivedData/SDKExplicitPrecompiledModules/_Builtin_inttypes-1U6AP9A8AJ4G9WD98E9RHLGTJ.pcm
SwiftExplicitDependencyGeneratePcm arm64 /Users/admin/builder/spi-builder-workspace/.derivedData/SDKExplicitPrecompiledModules/Darwin-1RAAWNGKQM8YGHV0YJNNN5YDY.pcm
SwiftExplicitDependencyGeneratePcm arm64 /Users/admin/builder/spi-builder-workspace/.derivedData/SDKExplicitPrecompiledModules/simd-A9TKR8OE9APRJ1RNS7F0OBY4Q.pcm
SwiftExplicitDependencyGeneratePcm arm64 /Users/admin/builder/spi-builder-workspace/.derivedData/SDKExplicitPrecompiledModules/MachO-AWTJ65TFR7TMST2NUE6ZCC1SL.pcm
SwiftExplicitDependencyGeneratePcm arm64 /Users/admin/builder/spi-builder-workspace/.derivedData/SDKExplicitPrecompiledModules/libkern-22MDXN9G35RPO3OLKX9B2PN16.pcm
SwiftExplicitDependencyGeneratePcm arm64 /Users/admin/builder/spi-builder-workspace/.derivedData/SDKExplicitPrecompiledModules/CUPS-45MNISAOHSEBD6VQA5G0MXN9H.pcm
SwiftExplicitDependencyGeneratePcm arm64 /Users/admin/builder/spi-builder-workspace/.derivedData/SDKExplicitPrecompiledModules/launch-2XAORMJNLLVS0OVKC1M0752GY.pcm
SwiftExplicitDependencyGeneratePcm arm64 /Users/admin/builder/spi-builder-workspace/.derivedData/SDKExplicitPrecompiledModules/ObjectiveC-B89IQP2TC4CFSWOUMTUZRI1VZ.pcm
SwiftExplicitDependencyGeneratePcm arm64 /Users/admin/builder/spi-builder-workspace/.derivedData/SDKExplicitPrecompiledModules/Spatial-2JNOU2HNJ0Q174XCFCD0GCOUQ.pcm
SwiftExplicitDependencyGeneratePcm arm64 /Users/admin/builder/spi-builder-workspace/.derivedData/SDKExplicitPrecompiledModules/os_object-3KLCCI03OX6OQTLJ92KQH2KIO.pcm
SwiftExplicitDependencyGeneratePcm arm64 /Users/admin/builder/spi-builder-workspace/.derivedData/SDKExplicitPrecompiledModules/os_workgroup-10SJ5M8R2OB4BG1TPFL9SZMKV.pcm
SwiftExplicitDependencyGeneratePcm arm64 /Users/admin/builder/spi-builder-workspace/.derivedData/SDKExplicitPrecompiledModules/Dispatch-NAMWF9KN29KC7Z5OS3TTTAE8.pcm
SwiftExplicitDependencyGeneratePcm arm64 /Users/admin/builder/spi-builder-workspace/.derivedData/SDKExplicitPrecompiledModules/CoreFoundation-4ZIITQ30SOGUQE8KJAB99ZV0Q.pcm
SwiftExplicitDependencyGeneratePcm arm64 /Users/admin/builder/spi-builder-workspace/.derivedData/SDKExplicitPrecompiledModules/XPC-E1MSAZG4ZNL24S2WK6K6Y7GWW.pcm
SwiftExplicitDependencyGeneratePcm arm64 /Users/admin/builder/spi-builder-workspace/.derivedData/SDKExplicitPrecompiledModules/os-BYOEVK2GEMB4Q8WWHGZGREA00.pcm
SwiftExplicitDependencyGeneratePcm arm64 /Users/admin/builder/spi-builder-workspace/.derivedData/SDKExplicitPrecompiledModules/CoreAudioTypes-EEH2XZ47XX4YM3FOOISUYVRQE.pcm
SwiftExplicitDependencyGeneratePcm arm64 /Users/admin/builder/spi-builder-workspace/.derivedData/SDKExplicitPrecompiledModules/ColorSync-BBCIZDDQ6O3QECFAWJQ6RU4ZJ.pcm
SwiftExplicitDependencyGeneratePcm arm64 /Users/admin/builder/spi-builder-workspace/.derivedData/SDKExplicitPrecompiledModules/CFNetwork-CVHS5CT20191MFYXQIEDWSRGJ.pcm
SwiftExplicitDependencyGeneratePcm arm64 /Users/admin/builder/spi-builder-workspace/.derivedData/SDKExplicitPrecompiledModules/Security-ESPJ7FP0YAY1EL3VXBGY9MCZ8.pcm
SwiftExplicitDependencyGeneratePcm arm64 /Users/admin/builder/spi-builder-workspace/.derivedData/SDKExplicitPrecompiledModules/IOKit-6H3X691EDBH124EYTC2PEOP5T.pcm
SwiftExplicitDependencyGeneratePcm arm64 /Users/admin/builder/spi-builder-workspace/.derivedData/SDKExplicitPrecompiledModules/CoreGraphics-5TRMNDB7ZP6FFMRNSZCWEOZMD.pcm
SwiftExplicitDependencyGeneratePcm arm64 /Users/admin/builder/spi-builder-workspace/.derivedData/SDKExplicitPrecompiledModules/DiskArbitration-ZNZZU7T0SYELB0DAR56WQF0R.pcm
SwiftExplicitDependencyGeneratePcm arm64 /Users/admin/builder/spi-builder-workspace/.derivedData/SDKExplicitPrecompiledModules/CoreServices-CGCGY0FOMEQGSNMO3HQSC09XU.pcm
SwiftExplicitDependencyGeneratePcm arm64 /Users/admin/builder/spi-builder-workspace/.derivedData/SDKExplicitPrecompiledModules/CoreText-C1WSF2HWGIKVJ2XHWBKXQBSEY.pcm
SwiftExplicitDependencyGeneratePcm arm64 /Users/admin/builder/spi-builder-workspace/.derivedData/SDKExplicitPrecompiledModules/ImageIO-88YNP2EU498GB5YXIFJ9ANNYW.pcm
SwiftExplicitDependencyGeneratePcm arm64 /Users/admin/builder/spi-builder-workspace/.derivedData/SDKExplicitPrecompiledModules/Foundation-44WR0NU86C67CV5BW8W1MGKNG.pcm
SwiftExplicitDependencyGeneratePcm arm64 /Users/admin/builder/spi-builder-workspace/.derivedData/SDKExplicitPrecompiledModules/ApplicationServices-ALXSS633FQY42UMJSLR6MNLSK.pcm
SwiftExplicitDependencyGeneratePcm arm64 /Users/admin/builder/spi-builder-workspace/.derivedData/SDKExplicitPrecompiledModules/Accessibility-6F38G4T85MOHD9AA2EH4U2PJS.pcm
SwiftExplicitDependencyGeneratePcm arm64 /Users/admin/builder/spi-builder-workspace/.derivedData/SDKExplicitPrecompiledModules/UniformTypeIdentifiers-5LG8RE3Q01MBLZVRR3FFHHL5H.pcm
SwiftExplicitDependencyGeneratePcm arm64 /Users/admin/builder/spi-builder-workspace/.derivedData/SDKExplicitPrecompiledModules/IOSurface-1TUG4NQVIPJF59WSUNATZ447F.pcm
SwiftExplicitDependencyGeneratePcm arm64 /Users/admin/builder/spi-builder-workspace/.derivedData/SDKExplicitPrecompiledModules/OSLog-1GSRGGGEESVJH9OULZA91RAA3.pcm
SwiftExplicitDependencyGeneratePcm arm64 /Users/admin/builder/spi-builder-workspace/.derivedData/SDKExplicitPrecompiledModules/CoreTransferable-2HJ1Z8HJBPECRD89AVJ0X7S63.pcm
SwiftExplicitDependencyGeneratePcm arm64 /Users/admin/builder/spi-builder-workspace/.derivedData/SDKExplicitPrecompiledModules/CoreData-4EPJ39F9L3QQ9486B5AMG5G6J.pcm
SwiftExplicitDependencyGeneratePcm arm64 /Users/admin/builder/spi-builder-workspace/.derivedData/SDKExplicitPrecompiledModules/Symbols-2NFSQR6R0R96WH1KKGBXW1J.pcm
SwiftExplicitDependencyGeneratePcm arm64 /Users/admin/builder/spi-builder-workspace/.derivedData/SDKExplicitPrecompiledModules/DataDetection-5GDUUWT6YIA10PE5D9A8SXWZ9.pcm
SwiftExplicitDependencyGeneratePcm arm64 /Users/admin/builder/spi-builder-workspace/.derivedData/SDKExplicitPrecompiledModules/CoreAudio-8XPVZMQXZVBU162UQPW77JTL1.pcm
SwiftExplicitDependencyGeneratePcm arm64 /Users/admin/builder/spi-builder-workspace/.derivedData/SDKExplicitPrecompiledModules/Metal-KM8CI04R5X5OUWMGRMNZE4KP.pcm
SwiftExplicitDependencyGeneratePcm arm64 /Users/admin/builder/spi-builder-workspace/.derivedData/SDKExplicitPrecompiledModules/OpenGL-FXV81CD8YS42YTVJKJH1VLGA.pcm
SwiftExplicitDependencyGeneratePcm arm64 /Users/admin/builder/spi-builder-workspace/.derivedData/SDKExplicitPrecompiledModules/CoreVideo-11TKSDKW0L2K02H4B9ZHWLM3B.pcm
SwiftExplicitDependencyGeneratePcm arm64 /Users/admin/builder/spi-builder-workspace/.derivedData/SDKExplicitPrecompiledModules/CoreMedia-699WGYGEEF2LGFEEGSCM9Y1UF.pcm
SwiftExplicitDependencyGeneratePcm arm64 /Users/admin/builder/spi-builder-workspace/.derivedData/SDKExplicitPrecompiledModules/CoreImage-AKYY8VSFWQ6KIIXG3EQJ7PW5T.pcm
SwiftExplicitDependencyGeneratePcm arm64 /Users/admin/builder/spi-builder-workspace/.derivedData/SDKExplicitPrecompiledModules/QuartzCore-AP21NXF3BYPWOG416U3DI6QME.pcm
SwiftExplicitDependencyGeneratePcm arm64 /Users/admin/builder/spi-builder-workspace/.derivedData/SDKExplicitPrecompiledModules/SwiftUICore-ESLJM4CVIQEQNCRTK6KPAF1I7.pcm
SwiftExplicitDependencyGeneratePcm arm64 /Users/admin/builder/spi-builder-workspace/.derivedData/SDKExplicitPrecompiledModules/AppKit-C2WRQ26QXORUMMNQB0M8H4QYD.pcm
SwiftExplicitDependencyGeneratePcm arm64 /Users/admin/builder/spi-builder-workspace/.derivedData/SDKExplicitPrecompiledModules/SwiftUI-5IEOINZEJ69OCDVRMHPS5W4XI.pcm
SwiftEmitModule normal arm64 Emitting\ module\ for\ KyuGenericExtensions (in target 'KyuGenericExtensions' from project 'KyuGenericExtensions')
/Users/admin/builder/spi-builder-workspace/Sources/KyuGenericExtensions/Extensions/+String.swift:98:9: error: cannot find type 'Date' in scope
 96 | 	///   - timeZone: The timezone for represented date. If unspecified, the system time zone is used.
 97 | 	init(
 98 | 		date: Date,
    |         `- error: cannot find type 'Date' in scope
 99 | 		format: String,
100 | 		locale: Locale = Locale(identifier: "en_US_POSIX"),
/Users/admin/builder/spi-builder-workspace/Sources/KyuGenericExtensions/Extensions/+String.swift:100:11: error: cannot find type 'Locale' in scope
 98 | 		date: Date,
 99 | 		format: String,
100 | 		locale: Locale = Locale(identifier: "en_US_POSIX"),
    |           `- error: cannot find type 'Locale' in scope
101 | 		calendar: Calendar = Calendar(identifier: .gregorian),
102 | 		timeZone: TimeZone = TimeZone(identifier: "UTC")!
/Users/admin/builder/spi-builder-workspace/Sources/KyuGenericExtensions/Extensions/+String.swift:101:13: error: cannot find type 'Calendar' in scope
 99 | 		format: String,
100 | 		locale: Locale = Locale(identifier: "en_US_POSIX"),
101 | 		calendar: Calendar = Calendar(identifier: .gregorian),
    |             `- error: cannot find type 'Calendar' in scope
102 | 		timeZone: TimeZone = TimeZone(identifier: "UTC")!
103 | 		// swiftlint:disable:previous force_unwrapping
/Users/admin/builder/spi-builder-workspace/Sources/KyuGenericExtensions/Extensions/+String.swift:102:13: error: cannot find type 'TimeZone' in scope
100 | 		locale: Locale = Locale(identifier: "en_US_POSIX"),
101 | 		calendar: Calendar = Calendar(identifier: .gregorian),
102 | 		timeZone: TimeZone = TimeZone(identifier: "UTC")!
    |             `- error: cannot find type 'TimeZone' in scope
103 | 		// swiftlint:disable:previous force_unwrapping
104 | 	) {
Failed frontend command:
SwiftCompile normal arm64 (in target 'KyuGenericExtensions' from project 'KyuGenericExtensions')
    cd /Users/admin/builder/spi-builder-workspace/.swiftpm/xcode

/Applications/Xcode-27.0.0-Release.Candidate.app/Contents/Developer/Toolchains/XcodeDefault.xctoolchain/usr/bin/swift-frontend -frontend -emit-module -experimental-skip-non-inlinable-function-bodies-without-types /Users/admin/builder/spi-builder-workspace/Sources/KyuGenericExtensions/Assembler/Container.swift /Users/admin/builder/spi-builder-workspace/Sources/KyuGenericExtensions/Assembler/ModuleKey.swift /Users/admin/builder/spi-builder-workspace/Sources/KyuGenericExtensions/Assembler/Protocol/AssemblerProtocol.swift /Users/admin/builder/spi-builder-workspace/Sources/KyuGenericExtensions/Assembler/Protocol/ContainerProtocol.swift /Users/admin/builder/spi-builder-workspace/Sources/KyuGenericExtensions/Assembler/Protocol/ModuleProtocol.swift /Users/admin/builder/spi-builder-workspace/Sources/KyuGenericExtensions/Assembler/Protocol/ResolverProtocol.swift /Users/admin/builder/spi-builder-workspace/Sources/KyuGenericExtensions/Assembler/Protocol/SceneModuleProtocol.swift /Users/admin/builder/spi-builder-workspace/Sources/KyuGenericExtensions/Assembler/Protocol/TransitionCoordinatorProtocol.swift /Users/admin/builder/spi-builder-workspace/Sources/KyuGenericExtensions/Extensions/+Array.swift /Users/admin/builder/spi-builder-workspace/Sources/KyuGenericExtensions/Extensions/+Date.swift /Users/admin/builder/spi-builder-workspace/Sources/KyuGenericExtensions/Extensions/+Encodable.swift /Users/admin/builder/spi-builder-workspace/Sources/KyuGenericExtensions/Extensions/+Int.swift /Users/admin/builder/spi-builder-workspace/Sources/KyuGenericExtensions/Extensions/+String.swift /Users/admin/builder/spi-builder-workspace/Sources/KyuGenericExtensions/Extensions/+UIApplication.swift /Users/admin/builder/spi-builder-workspace/Sources/KyuGenericExtensions/Extensions/+UIButton.swift /Users/admin/builder/spi-builder-workspace/Sources/KyuGenericExtensions/Extensions/+UICollectionView.swift /Users/admin/builder/spi-builder-workspace/Sources/KyuGenericExtensions/Extensions/+UIColor.swift /Users/admin/builder/spi-builder-workspace/Sources/KyuGenericExtensions/Extensions/+UIFont.swift /Users/admin/builder/spi-builder-workspace/Sources/KyuGenericExtensions/Extensions/+UIImage.swift /Users/admin/builder/spi-builder-workspace/Sources/KyuGenericExtensions/Extensions/+UILabel.swift /Users/admin/builder/spi-builder-workspace/Sources/KyuGenericExtensions/Extensions/+UISplitViewController.swift /Users/admin/builder/spi-builder-workspace/Sources/KyuGenericExtensions/Extensions/+UITableView.swift /Users/admin/builder/spi-builder-workspace/Sources/KyuGenericExtensions/Extensions/+UITableViewCell.swift /Users/admin/builder/spi-builder-workspace/Sources/KyuGenericExtensions/Extensions/+UIView.swift /Users/admin/builder/spi-builder-workspace/Sources/KyuGenericExtensions/Extensions/+UIViewController.swift /Users/admin/builder/spi-builder-workspace/Sources/KyuGenericExtensions/Extensions/+UIWindow.swift /Users/admin/builder/spi-builder-workspace/Sources/KyuGenericExtensions/Extensions/+View.swift /Users/admin/builder/spi-builder-workspace/Sources/KyuGenericExtensions/Extensions/Duplicatable.swift /Users/admin/builder/spi-builder-workspace/Sources/KyuGenericExtensions/Extensions/StoryboardInstantiable.swift /Users/admin/builder/spi-builder-workspace/Sources/KyuGenericExtensions/PropertyWrapper/CodableIgnored.swift /Users/admin/builder/spi-builder-workspace/Sources/KyuGenericExtensions/PropertyWrapper/UserDefaultsStorable.swift /Users/admin/builder/spi-builder-workspace/Sources/KyuGenericExtensions/Views/LazyXGrid.swift -target arm64-apple-macos12.0 -module-can-import-version SwiftUI 8.0.84.1 8.0.84 -disable-cross-import-overlay-search -load-resolved-plugin /Applications/Xcode-27.0.0-Release.Candidate.app/Contents/Developer/Platforms/MacOSX.platform/Developer/usr/lib/swift/host/plugins/libFoundationMacros.dylib\#/Applications/Xcode-27.0.0-Release.Candidate.app/Contents/Developer/Platforms/MacOSX.platform/Developer/usr/bin/swift-plugin-server\#FoundationMacros -load-resolved-plugin /Applications/Xcode-27.0.0-Release.Candidate.app/Contents/Developer/Platforms/MacOSX.platform/Developer/usr/lib/swift/host/plugins/libObservationMacros.dylib\#/Applications/Xcode-27.0.0-Release.Candidate.app/Contents/Developer/Platforms/MacOSX.platform/Developer/usr/bin/swift-plugin-server\#ObservationMacros -load-resolved-plugin /Applications/Xcode-27.0.0-Release.Candidate.app/Contents/Developer/Platforms/MacOSX.platform/Developer/usr/lib/swift/host/plugins/libPreviewsMacros.dylib\#/Applications/Xcode-27.0.0-Release.Candidate.app/Contents/Developer/Platforms/MacOSX.platform/Developer/usr/bin/swift-plugin-server\#PreviewsMacros -load-resolved-plugin /Applications/Xcode-27.0.0-Release.Candidate.app/Contents/Developer/Platforms/MacOSX.platform/Developer/usr/lib/swift/host/plugins/libSwiftMacros.dylib\#/Applications/Xcode-27.0.0-Release.Candidate.app/Contents/Developer/Platforms/MacOSX.platform/Developer/usr/bin/swift-plugin-server\#SwiftMacros -load-resolved-plugin /Applications/Xcode-27.0.0-Release.Candidate.app/Contents/Developer/Platforms/MacOSX.platform/Developer/usr/lib/swift/host/plugins/libSwiftUIMacros.dylib\#/Applications/Xcode-27.0.0-Release.Candidate.app/Contents/Developer/Platforms/MacOSX.platform/Developer/usr/bin/swift-plugin-server\#SwiftUIMacros -disable-implicit-swift-modules -Xcc -fno-implicit-modules -Xcc -fno-implicit-module-maps -explicit-swift-module-map-file /Users/admin/builder/spi-builder-workspace/.derivedData/Build/Intermediates.noindex/KyuGenericExtensions.build/Debug/KyuGenericExtensions-t.build/Objects-normal/arm64/KyuGenericExtensions-dependencies-1.json -Xllvm -aarch64-use-tbi -enable-objc-interop -stack-check -sdk /Applications/Xcode-27.0.0-Release.Candidate.app/Contents/Developer/Platforms/MacOSX.platform/Developer/SDKs/MacOSX27.0.sdk -I /Users/admin/builder/spi-builder-workspace/.derivedData/Build/Products/Debug -Isystem /Applications/Xcode-27.0.0-Release.Candidate.app/Contents/Developer/Platforms/MacOSX.platform/Developer/usr/lib -F /Users/admin/builder/spi-builder-workspace/.derivedData/Build/Products/Debug -F /Applications/Xcode-27.0.0-Release.Candidate.app/Contents/Developer/Platforms/MacOSX.platform/Developer/Library/Frameworks -module-cache-path /Users/admin/builder/spi-builder-workspace/.derivedData/Build/Intermediates.noindex/SwiftExplicitPrecompiledModules -no-color-diagnostics -Xcc -fno-color-diagnostics -enable-testing -g -debug-info-format\=dwarf -dwarf-version\=4 -profile-generate -profile-coverage-mapping -swift-version 5 -Onone -D SWIFT_PACKAGE -D DEBUG -D SWIFT_MODULE_RESOURCE_BUNDLE_UNAVAILABLE -D Xcode -serialize-debugging-options -enable-experimental-feature DebugDescriptionMacro -empty-abi-descriptor -validate-clang-modules-once -clang-build-session-file /Users/admin/builder/spi-builder-workspace/.derivedData/ModuleCache.noindex/Session.modulevalidation -Xcc -working-directory -Xcc /Users/admin/builder/spi-builder-workspace/.swiftpm/xcode -enable-anonymous-context-mangled-names -file-compilation-dir /Users/admin/builder/spi-builder-workspace/.swiftpm/xcode -Xcc -D_LIBCPP_HARDENING_MODE\=_LIBCPP_HARDENING_MODE_DEBUG -Xcc -ivfsstatcache -Xcc /Users/admin/builder/spi-builder-workspace/.derivedData/SDKStatCaches.noindex/macosx27.0-26A425-e829b21a6f8c9b70876ba0858053c0446a22442a12e9d48fe1a705f55a1adfc4.sdkstatcache -Xcc -fmodules-prune-interval\=86400 -Xcc -fmodules-prune-after\=345600 -Xcc -I/Users/admin/builder/spi-builder-workspace/.derivedData/Build/Products/Debug/include -Xcc -I/Users/admin/builder/spi-builder-workspace/.derivedData/Build/Intermediates.noindex/KyuGenericExtensions.build/Debug/KyuGenericExtensions-t.build/DerivedSources-normal/arm64 -Xcc -I/Users/admin/builder/spi-builder-workspace/.derivedData/Build/Intermediates.noindex/KyuGenericExtensions.build/Debug/KyuGenericExtensions-t.build/DerivedSources/arm64 -Xcc -I/Users/admin/builder/spi-builder-workspace/.derivedData/Build/Intermediates.noindex/KyuGenericExtensions.build/Debug/KyuGenericExtensions-t.build/DerivedSources -Xcc -DSWIFT_PACKAGE -Xcc -DDEBUG\=1 -no-auto-bridging-header-chaining -module-name KyuGenericExtensions -const-gather-protocols-file /Users/admin/builder/spi-builder-workspace/.derivedData/Build/Intermediates.noindex/KyuGenericExtensions.build/Debug/KyuGenericExtensions-t.build/Objects-normal/arm64/KyuGenericExtensions_const_extract_protocols.json -disable-clang-spi -clang-target arm64-apple-macos27.0 -target-sdk-version 27.0 -target-sdk-name macosx27.0 -in-process-plugin-server-path /Applications/Xcode-27.0.0-Release.Candidate.app/Contents/Developer/Toolchains/XcodeDefault.xctoolchain/usr/lib/swift/host/libSwiftInProcPluginServer.dylib -emit-module-doc-path /Users/admin/builder/spi-builder-workspace/.derivedData/Build/Intermediates.noindex/KyuGenericExtensions.build/Debug/KyuGenericExtensions-t.build/Objects-normal/arm64/KyuGenericExtensions.swiftdoc -emit-module-source-info-path /Users/admin/builder/spi-builder-workspace/.derivedData/Build/Intermediates.noindex/KyuGenericExtensions.build/Debug/KyuGenericExtensions-t.build/Objects-normal/arm64/KyuGenericExtensions.swiftsourceinfo -emit-objc-header-path /Users/admin/builder/spi-builder-workspace/.derivedData/Build/Intermediates.noindex/KyuGenericExtensions.build/Debug/KyuGenericExtensions-t.build/Objects-normal/arm64/KyuGenericExtensions-Swift.h -serialize-diagnostics-path /Users/admin/builder/spi-builder-workspace/.derivedData/Build/Intermediates.noindex/KyuGenericExtensions.build/Debug/KyuGenericExtensions-t.build/Objects-normal/arm64/KyuGenericExtensions-primary-emit-module.dia -emit-dependencies-path /Users/admin/builder/spi-builder-workspace/.derivedData/Build/Intermediates.noindex/KyuGenericExtensions.build/Debug/KyuGenericExtensions-t.build/Objects-normal/arm64/KyuGenericExtensions-primary-emit-module.d -parse-as-library -o /Users/admin/builder/spi-builder-workspace/.derivedData/Build/Intermediates.noindex/KyuGenericExtensions.build/Debug/KyuGenericExtensions-t.build/Objects-normal/arm64/KyuGenericExtensions.swiftmodule -emit-abi-descriptor-path /Users/admin/builder/spi-builder-workspace/.derivedData/Build/Intermediates.noindex/KyuGenericExtensions.build/Debug/KyuGenericExtensions-t.build/Objects-normal/arm64/KyuGenericExtensions.abi.json
SwiftCompile normal arm64 Compiling\ CodableIgnored.swift,\ UserDefaultsStorable.swift,\ LazyXGrid.swift /Users/admin/builder/spi-builder-workspace/Sources/KyuGenericExtensions/PropertyWrapper/CodableIgnored.swift /Users/admin/builder/spi-builder-workspace/Sources/KyuGenericExtensions/PropertyWrapper/UserDefaultsStorable.swift /Users/admin/builder/spi-builder-workspace/Sources/KyuGenericExtensions/Views/LazyXGrid.swift (in target 'KyuGenericExtensions' from project 'KyuGenericExtensions')
SwiftCompile normal arm64 /Users/admin/builder/spi-builder-workspace/Sources/KyuGenericExtensions/PropertyWrapper/CodableIgnored.swift (in target 'KyuGenericExtensions' from project 'KyuGenericExtensions')
    cd /Users/admin/builder/spi-builder-workspace/.swiftpm/xcode
    builtin-SwiftPerFileCompile CodableIgnored.swift
SwiftCompile normal arm64 /Users/admin/builder/spi-builder-workspace/Sources/KyuGenericExtensions/PropertyWrapper/UserDefaultsStorable.swift (in target 'KyuGenericExtensions' from project 'KyuGenericExtensions')
    cd /Users/admin/builder/spi-builder-workspace/.swiftpm/xcode
    builtin-SwiftPerFileCompile UserDefaultsStorable.swift
SwiftCompile normal arm64 /Users/admin/builder/spi-builder-workspace/Sources/KyuGenericExtensions/Views/LazyXGrid.swift (in target 'KyuGenericExtensions' from project 'KyuGenericExtensions')
    cd /Users/admin/builder/spi-builder-workspace/.swiftpm/xcode
    builtin-SwiftPerFileCompile LazyXGrid.swift
SwiftCompile normal arm64 Compiling\ +UISplitViewController.swift,\ +UITableView.swift,\ +UITableViewCell.swift /Users/admin/builder/spi-builder-workspace/Sources/KyuGenericExtensions/Extensions/+UISplitViewController.swift /Users/admin/builder/spi-builder-workspace/Sources/KyuGenericExtensions/Extensions/+UITableView.swift /Users/admin/builder/spi-builder-workspace/Sources/KyuGenericExtensions/Extensions/+UITableViewCell.swift (in target 'KyuGenericExtensions' from project 'KyuGenericExtensions')
SwiftCompile normal arm64 /Users/admin/builder/spi-builder-workspace/Sources/KyuGenericExtensions/Extensions/+UISplitViewController.swift (in target 'KyuGenericExtensions' from project 'KyuGenericExtensions')
    cd /Users/admin/builder/spi-builder-workspace/.swiftpm/xcode
    builtin-SwiftPerFileCompile +UISplitViewController.swift
SwiftCompile normal arm64 /Users/admin/builder/spi-builder-workspace/Sources/KyuGenericExtensions/Extensions/+UITableView.swift (in target 'KyuGenericExtensions' from project 'KyuGenericExtensions')
    cd /Users/admin/builder/spi-builder-workspace/.swiftpm/xcode
    builtin-SwiftPerFileCompile +UITableView.swift
SwiftCompile normal arm64 /Users/admin/builder/spi-builder-workspace/Sources/KyuGenericExtensions/Extensions/+UITableViewCell.swift (in target 'KyuGenericExtensions' from project 'KyuGenericExtensions')
    cd /Users/admin/builder/spi-builder-workspace/.swiftpm/xcode
    builtin-SwiftPerFileCompile +UITableViewCell.swift
SwiftCompile normal arm64 Compiling\ +UIFont.swift,\ +UIImage.swift,\ +UILabel.swift /Users/admin/builder/spi-builder-workspace/Sources/KyuGenericExtensions/Extensions/+UIFont.swift /Users/admin/builder/spi-builder-workspace/Sources/KyuGenericExtensions/Extensions/+UIImage.swift /Users/admin/builder/spi-builder-workspace/Sources/KyuGenericExtensions/Extensions/+UILabel.swift (in target 'KyuGenericExtensions' from project 'KyuGenericExtensions')
SwiftCompile normal arm64 /Users/admin/builder/spi-builder-workspace/Sources/KyuGenericExtensions/Extensions/+UIFont.swift (in target 'KyuGenericExtensions' from project 'KyuGenericExtensions')
    cd /Users/admin/builder/spi-builder-workspace/.swiftpm/xcode
    builtin-SwiftPerFileCompile +UIFont.swift
SwiftCompile normal arm64 /Users/admin/builder/spi-builder-workspace/Sources/KyuGenericExtensions/Extensions/+UIImage.swift (in target 'KyuGenericExtensions' from project 'KyuGenericExtensions')
    cd /Users/admin/builder/spi-builder-workspace/.swiftpm/xcode
    builtin-SwiftPerFileCompile +UIImage.swift
SwiftCompile normal arm64 /Users/admin/builder/spi-builder-workspace/Sources/KyuGenericExtensions/Extensions/+UILabel.swift (in target 'KyuGenericExtensions' from project 'KyuGenericExtensions')
    cd /Users/admin/builder/spi-builder-workspace/.swiftpm/xcode
    builtin-SwiftPerFileCompile +UILabel.swift
SwiftCompile normal arm64 Compiling\ +UIView.swift,\ +UIViewController.swift,\ +UIWindow.swift /Users/admin/builder/spi-builder-workspace/Sources/KyuGenericExtensions/Extensions/+UIView.swift /Users/admin/builder/spi-builder-workspace/Sources/KyuGenericExtensions/Extensions/+UIViewController.swift /Users/admin/builder/spi-builder-workspace/Sources/KyuGenericExtensions/Extensions/+UIWindow.swift (in target 'KyuGenericExtensions' from project 'KyuGenericExtensions')
SwiftCompile normal arm64 /Users/admin/builder/spi-builder-workspace/Sources/KyuGenericExtensions/Extensions/+UIView.swift (in target 'KyuGenericExtensions' from project 'KyuGenericExtensions')
    cd /Users/admin/builder/spi-builder-workspace/.swiftpm/xcode
    builtin-SwiftPerFileCompile +UIView.swift
SwiftCompile normal arm64 /Users/admin/builder/spi-builder-workspace/Sources/KyuGenericExtensions/Extensions/+UIViewController.swift (in target 'KyuGenericExtensions' from project 'KyuGenericExtensions')
    cd /Users/admin/builder/spi-builder-workspace/.swiftpm/xcode
    builtin-SwiftPerFileCompile +UIViewController.swift
SwiftCompile normal arm64 /Users/admin/builder/spi-builder-workspace/Sources/KyuGenericExtensions/Extensions/+UIWindow.swift (in target 'KyuGenericExtensions' from project 'KyuGenericExtensions')
    cd /Users/admin/builder/spi-builder-workspace/.swiftpm/xcode
    builtin-SwiftPerFileCompile +UIWindow.swift
SwiftCompile normal arm64 Compiling\ +View.swift,\ Duplicatable.swift,\ StoryboardInstantiable.swift /Users/admin/builder/spi-builder-workspace/Sources/KyuGenericExtensions/Extensions/+View.swift /Users/admin/builder/spi-builder-workspace/Sources/KyuGenericExtensions/Extensions/Duplicatable.swift /Users/admin/builder/spi-builder-workspace/Sources/KyuGenericExtensions/Extensions/StoryboardInstantiable.swift (in target 'KyuGenericExtensions' from project 'KyuGenericExtensions')
SwiftCompile normal arm64 /Users/admin/builder/spi-builder-workspace/Sources/KyuGenericExtensions/Extensions/+View.swift (in target 'KyuGenericExtensions' from project 'KyuGenericExtensions')
    cd /Users/admin/builder/spi-builder-workspace/.swiftpm/xcode
    builtin-SwiftPerFileCompile +View.swift
SwiftCompile normal arm64 /Users/admin/builder/spi-builder-workspace/Sources/KyuGenericExtensions/Extensions/Duplicatable.swift (in target 'KyuGenericExtensions' from project 'KyuGenericExtensions')
    cd /Users/admin/builder/spi-builder-workspace/.swiftpm/xcode
    builtin-SwiftPerFileCompile Duplicatable.swift
SwiftCompile normal arm64 /Users/admin/builder/spi-builder-workspace/Sources/KyuGenericExtensions/Extensions/StoryboardInstantiable.swift (in target 'KyuGenericExtensions' from project 'KyuGenericExtensions')
    cd /Users/admin/builder/spi-builder-workspace/.swiftpm/xcode
    builtin-SwiftPerFileCompile StoryboardInstantiable.swift
SwiftCompile normal arm64 Compiling\ +UIButton.swift,\ +UICollectionView.swift,\ +UIColor.swift /Users/admin/builder/spi-builder-workspace/Sources/KyuGenericExtensions/Extensions/+UIButton.swift /Users/admin/builder/spi-builder-workspace/Sources/KyuGenericExtensions/Extensions/+UICollectionView.swift /Users/admin/builder/spi-builder-workspace/Sources/KyuGenericExtensions/Extensions/+UIColor.swift (in target 'KyuGenericExtensions' from project 'KyuGenericExtensions')
SwiftCompile normal arm64 /Users/admin/builder/spi-builder-workspace/Sources/KyuGenericExtensions/Extensions/+UIButton.swift (in target 'KyuGenericExtensions' from project 'KyuGenericExtensions')
    cd /Users/admin/builder/spi-builder-workspace/.swiftpm/xcode
    builtin-SwiftPerFileCompile +UIButton.swift
SwiftCompile normal arm64 /Users/admin/builder/spi-builder-workspace/Sources/KyuGenericExtensions/Extensions/+UICollectionView.swift (in target 'KyuGenericExtensions' from project 'KyuGenericExtensions')
    cd /Users/admin/builder/spi-builder-workspace/.swiftpm/xcode
    builtin-SwiftPerFileCompile +UICollectionView.swift
SwiftCompile normal arm64 /Users/admin/builder/spi-builder-workspace/Sources/KyuGenericExtensions/Extensions/+UIColor.swift (in target 'KyuGenericExtensions' from project 'KyuGenericExtensions')
    cd /Users/admin/builder/spi-builder-workspace/.swiftpm/xcode
    builtin-SwiftPerFileCompile +UIColor.swift
SwiftCompile normal arm64 Compiling\ +Int.swift,\ +String.swift,\ +UIApplication.swift /Users/admin/builder/spi-builder-workspace/Sources/KyuGenericExtensions/Extensions/+Int.swift /Users/admin/builder/spi-builder-workspace/Sources/KyuGenericExtensions/Extensions/+String.swift /Users/admin/builder/spi-builder-workspace/Sources/KyuGenericExtensions/Extensions/+UIApplication.swift (in target 'KyuGenericExtensions' from project 'KyuGenericExtensions')
/Users/admin/builder/spi-builder-workspace/Sources/KyuGenericExtensions/Extensions/+String.swift:98:9: error: cannot find type 'Date' in scope
 96 | 	///   - timeZone: The timezone for represented date. If unspecified, the system time zone is used.
 97 | 	init(
 98 | 		date: Date,
    |         `- error: cannot find type 'Date' in scope
 99 | 		format: String,
100 | 		locale: Locale = Locale(identifier: "en_US_POSIX"),
/Users/admin/builder/spi-builder-workspace/Sources/KyuGenericExtensions/Extensions/+String.swift:100:11: error: cannot find type 'Locale' in scope
 98 | 		date: Date,
 99 | 		format: String,
100 | 		locale: Locale = Locale(identifier: "en_US_POSIX"),
    |           `- error: cannot find type 'Locale' in scope
101 | 		calendar: Calendar = Calendar(identifier: .gregorian),
102 | 		timeZone: TimeZone = TimeZone(identifier: "UTC")!
/Users/admin/builder/spi-builder-workspace/Sources/KyuGenericExtensions/Extensions/+String.swift:101:13: error: cannot find type 'Calendar' in scope
 99 | 		format: String,
100 | 		locale: Locale = Locale(identifier: "en_US_POSIX"),
101 | 		calendar: Calendar = Calendar(identifier: .gregorian),
    |             `- error: cannot find type 'Calendar' in scope
102 | 		timeZone: TimeZone = TimeZone(identifier: "UTC")!
103 | 		// swiftlint:disable:previous force_unwrapping
/Users/admin/builder/spi-builder-workspace/Sources/KyuGenericExtensions/Extensions/+String.swift:102:13: error: cannot find type 'TimeZone' in scope
100 | 		locale: Locale = Locale(identifier: "en_US_POSIX"),
101 | 		calendar: Calendar = Calendar(identifier: .gregorian),
102 | 		timeZone: TimeZone = TimeZone(identifier: "UTC")!
    |             `- error: cannot find type 'TimeZone' in scope
103 | 		// swiftlint:disable:previous force_unwrapping
104 | 	) {
SwiftCompile normal arm64 /Users/admin/builder/spi-builder-workspace/Sources/KyuGenericExtensions/Extensions/+Int.swift (in target 'KyuGenericExtensions' from project 'KyuGenericExtensions')
    cd /Users/admin/builder/spi-builder-workspace/.swiftpm/xcode
    builtin-SwiftPerFileCompile +Int.swift
SwiftCompile normal arm64 /Users/admin/builder/spi-builder-workspace/Sources/KyuGenericExtensions/Extensions/+String.swift (in target 'KyuGenericExtensions' from project 'KyuGenericExtensions')
    cd /Users/admin/builder/spi-builder-workspace/.swiftpm/xcode
    builtin-SwiftPerFileCompile +String.swift
SwiftCompile normal arm64 /Users/admin/builder/spi-builder-workspace/Sources/KyuGenericExtensions/Extensions/+UIApplication.swift (in target 'KyuGenericExtensions' from project 'KyuGenericExtensions')
    cd /Users/admin/builder/spi-builder-workspace/.swiftpm/xcode
    builtin-SwiftPerFileCompile +UIApplication.swift
SwiftCompile normal arm64 Compiling\ Container.swift,\ ModuleKey.swift,\ AssemblerProtocol.swift,\ ContainerProtocol.swift /Users/admin/builder/spi-builder-workspace/Sources/KyuGenericExtensions/Assembler/Container.swift /Users/admin/builder/spi-builder-workspace/Sources/KyuGenericExtensions/Assembler/ModuleKey.swift /Users/admin/builder/spi-builder-workspace/Sources/KyuGenericExtensions/Assembler/Protocol/AssemblerProtocol.swift /Users/admin/builder/spi-builder-workspace/Sources/KyuGenericExtensions/Assembler/Protocol/ContainerProtocol.swift (in target 'KyuGenericExtensions' from project 'KyuGenericExtensions')
SwiftCompile normal arm64 /Users/admin/builder/spi-builder-workspace/Sources/KyuGenericExtensions/Assembler/Container.swift (in target 'KyuGenericExtensions' from project 'KyuGenericExtensions')
    cd /Users/admin/builder/spi-builder-workspace/.swiftpm/xcode
    builtin-SwiftPerFileCompile Container.swift
SwiftCompile normal arm64 /Users/admin/builder/spi-builder-workspace/Sources/KyuGenericExtensions/Assembler/ModuleKey.swift (in target 'KyuGenericExtensions' from project 'KyuGenericExtensions')
    cd /Users/admin/builder/spi-builder-workspace/.swiftpm/xcode
    builtin-SwiftPerFileCompile ModuleKey.swift
SwiftCompile normal arm64 /Users/admin/builder/spi-builder-workspace/Sources/KyuGenericExtensions/Assembler/Protocol/AssemblerProtocol.swift (in target 'KyuGenericExtensions' from project 'KyuGenericExtensions')
    cd /Users/admin/builder/spi-builder-workspace/.swiftpm/xcode
    builtin-SwiftPerFileCompile AssemblerProtocol.swift
SwiftCompile normal arm64 /Users/admin/builder/spi-builder-workspace/Sources/KyuGenericExtensions/Assembler/Protocol/ContainerProtocol.swift (in target 'KyuGenericExtensions' from project 'KyuGenericExtensions')
    cd /Users/admin/builder/spi-builder-workspace/.swiftpm/xcode
    builtin-SwiftPerFileCompile ContainerProtocol.swift
SwiftCompile normal arm64 Compiling\ +Array.swift,\ +Date.swift,\ +Encodable.swift /Users/admin/builder/spi-builder-workspace/Sources/KyuGenericExtensions/Extensions/+Array.swift /Users/admin/builder/spi-builder-workspace/Sources/KyuGenericExtensions/Extensions/+Date.swift /Users/admin/builder/spi-builder-workspace/Sources/KyuGenericExtensions/Extensions/+Encodable.swift (in target 'KyuGenericExtensions' from project 'KyuGenericExtensions')
SwiftCompile normal arm64 /Users/admin/builder/spi-builder-workspace/Sources/KyuGenericExtensions/Extensions/+Array.swift (in target 'KyuGenericExtensions' from project 'KyuGenericExtensions')
    cd /Users/admin/builder/spi-builder-workspace/.swiftpm/xcode
    builtin-SwiftPerFileCompile +Array.swift
SwiftCompile normal arm64 /Users/admin/builder/spi-builder-workspace/Sources/KyuGenericExtensions/Extensions/+Date.swift (in target 'KyuGenericExtensions' from project 'KyuGenericExtensions')
    cd /Users/admin/builder/spi-builder-workspace/.swiftpm/xcode
    builtin-SwiftPerFileCompile +Date.swift
SwiftCompile normal arm64 /Users/admin/builder/spi-builder-workspace/Sources/KyuGenericExtensions/Extensions/+Encodable.swift (in target 'KyuGenericExtensions' from project 'KyuGenericExtensions')
    cd /Users/admin/builder/spi-builder-workspace/.swiftpm/xcode
    builtin-SwiftPerFileCompile +Encodable.swift
SwiftCompile normal arm64 Compiling\ ModuleProtocol.swift,\ ResolverProtocol.swift,\ SceneModuleProtocol.swift,\ TransitionCoordinatorProtocol.swift /Users/admin/builder/spi-builder-workspace/Sources/KyuGenericExtensions/Assembler/Protocol/ModuleProtocol.swift /Users/admin/builder/spi-builder-workspace/Sources/KyuGenericExtensions/Assembler/Protocol/ResolverProtocol.swift /Users/admin/builder/spi-builder-workspace/Sources/KyuGenericExtensions/Assembler/Protocol/SceneModuleProtocol.swift /Users/admin/builder/spi-builder-workspace/Sources/KyuGenericExtensions/Assembler/Protocol/TransitionCoordinatorProtocol.swift (in target 'KyuGenericExtensions' from project 'KyuGenericExtensions')
SwiftCompile normal arm64 /Users/admin/builder/spi-builder-workspace/Sources/KyuGenericExtensions/Assembler/Protocol/ModuleProtocol.swift (in target 'KyuGenericExtensions' from project 'KyuGenericExtensions')
    cd /Users/admin/builder/spi-builder-workspace/.swiftpm/xcode
    builtin-SwiftPerFileCompile ModuleProtocol.swift
SwiftCompile normal arm64 /Users/admin/builder/spi-builder-workspace/Sources/KyuGenericExtensions/Assembler/Protocol/ResolverProtocol.swift (in target 'KyuGenericExtensions' from project 'KyuGenericExtensions')
    cd /Users/admin/builder/spi-builder-workspace/.swiftpm/xcode
    builtin-SwiftPerFileCompile ResolverProtocol.swift
SwiftCompile normal arm64 /Users/admin/builder/spi-builder-workspace/Sources/KyuGenericExtensions/Assembler/Protocol/SceneModuleProtocol.swift (in target 'KyuGenericExtensions' from project 'KyuGenericExtensions')
    cd /Users/admin/builder/spi-builder-workspace/.swiftpm/xcode
    builtin-SwiftPerFileCompile SceneModuleProtocol.swift
SwiftCompile normal arm64 /Users/admin/builder/spi-builder-workspace/Sources/KyuGenericExtensions/Assembler/Protocol/TransitionCoordinatorProtocol.swift (in target 'KyuGenericExtensions' from project 'KyuGenericExtensions')
    cd /Users/admin/builder/spi-builder-workspace/.swiftpm/xcode
    builtin-SwiftPerFileCompile TransitionCoordinatorProtocol.swift
PruneExplicitPrecompiledModules /Users/admin/builder/spi-builder-workspace/.derivedData/SDKExplicitPrecompiledModules
PruneExplicitPrecompiledModules /Users/admin/builder/spi-builder-workspace/.derivedData/Build/Intermediates.noindex/SwiftExplicitPrecompiledModules
PruneExplicitPrecompiledModules /Users/admin/builder/spi-builder-workspace/.derivedData/Build/Intermediates.noindex/ExplicitPrecompiledModules
2026-09-19 17:56:08.289 xcodebuild[705:4524] [MT] IDERunDestination: Supported platforms for the buildables in the current scheme is empty.
--- xcodebuild: WARNING: Using the first of multiple matching destinations:
{ platform:macOS, arch:arm64, id:ad87d47b0f494756771b9e126cc5e239bbadfbf1, name:My Mac }
{ platform:macOS, arch:arm64, variant:Mac Catalyst, id:ad87d47b0f494756771b9e126cc5e239bbadfbf1, name:My Mac }
{ platform:macOS, arch:arm64, variant:DriverKit, id:ad87d47b0f494756771b9e126cc5e239bbadfbf1, name:My Mac }
{ platform:macOS, arch:arm64, variant:Designed for [iPad,iPhone], id:ad87d47b0f494756771b9e126cc5e239bbadfbf1, name:My Mac }
** BUILD FAILED **
The following build commands failed:
	SwiftCompile normal arm64 (in target 'KyuGenericExtensions' from project 'KyuGenericExtensions')
	SwiftEmitModule normal arm64 Emitting\ module\ for\ KyuGenericExtensions (in target 'KyuGenericExtensions' from project 'KyuGenericExtensions')
	Building workspace KyuGenericExtensions with scheme KyuGenericExtensions
(3 failures)
Command line invocation:
    /Applications/Xcode-27.0.0-Release.Candidate.app/Contents/Developer/usr/bin/xcodebuild -IDEClonedSourcePackagesDirPathOverride=/Users/admin/builder/spi-builder-workspace/.dependencies -resolvePackageDependencies
Resolve Package Graph
Resolved source packages:
  KyuGenericExtensions: /Users/admin/builder/spi-builder-workspace
resolved source packages: KyuGenericExtensions
2026-09-19 17:56:17.202 xcodebuild[796:4934] [MT] IDERunDestination: Supported platforms for the buildables in the current scheme is empty.
{
  "dependencies" : [
  ],
  "manifest_display_name" : "KyuGenericExtensions",
  "name" : "KyuGenericExtensions",
  "path" : "/Users/admin/builder/spi-builder-workspace",
  "platforms" : [
    {
      "name" : "ios",
      "version" : "13.0"
    }
  ],
  "products" : [
    {
      "name" : "KyuGenericExtensions",
      "targets" : [
        "KyuGenericExtensions"
      ],
      "type" : {
        "library" : [
          "automatic"
        ]
      }
    }
  ],
  "targets" : [
    {
      "c99name" : "KyuGenericExtensionsTests",
      "module_type" : "SwiftTarget",
      "name" : "KyuGenericExtensionsTests",
      "path" : "Tests/KyuGenericExtensionsTests",
      "sources" : [
        "KyuGenericExtensionsTests.swift"
      ],
      "target_dependencies" : [
        "KyuGenericExtensions"
      ],
      "type" : "test"
    },
    {
      "c99name" : "KyuGenericExtensions",
      "module_type" : "SwiftTarget",
      "name" : "KyuGenericExtensions",
      "path" : "Sources/KyuGenericExtensions",
      "product_memberships" : [
        "KyuGenericExtensions"
      ],
      "sources" : [
        "Assembler/Container.swift",
        "Assembler/ModuleKey.swift",
        "Assembler/Protocol/AssemblerProtocol.swift",
        "Assembler/Protocol/ContainerProtocol.swift",
        "Assembler/Protocol/ModuleProtocol.swift",
        "Assembler/Protocol/ResolverProtocol.swift",
        "Assembler/Protocol/SceneModuleProtocol.swift",
        "Assembler/Protocol/TransitionCoordinatorProtocol.swift",
        "Extensions/+Array.swift",
        "Extensions/+Date.swift",
        "Extensions/+Encodable.swift",
        "Extensions/+Int.swift",
        "Extensions/+String.swift",
        "Extensions/+UIApplication.swift",
        "Extensions/+UIButton.swift",
        "Extensions/+UICollectionView.swift",
        "Extensions/+UIColor.swift",
        "Extensions/+UIFont.swift",
        "Extensions/+UIImage.swift",
        "Extensions/+UILabel.swift",
        "Extensions/+UISplitViewController.swift",
        "Extensions/+UITableView.swift",
        "Extensions/+UITableViewCell.swift",
        "Extensions/+UIView.swift",
        "Extensions/+UIViewController.swift",
        "Extensions/+UIWindow.swift",
        "Extensions/+View.swift",
        "Extensions/Duplicatable.swift",
        "Extensions/StoryboardInstantiable.swift",
        "PropertyWrapper/CodableIgnored.swift",
        "PropertyWrapper/UserDefaultsStorable.swift",
        "Views/LazyXGrid.swift"
      ],
      "type" : "library"
    }
  ],
  "tools_version" : "5.7.1"
}
{
  "workspace" : {
    "name" : "KyuGenericExtensions",
    "schemes" : [
      "KyuGenericExtensions"
    ]
  }
}
2026-09-19 17:56:18.707 xcodebuild[804:5001] [MT] IDERunDestination: Supported platforms for the buildables in the current scheme is empty.
Running build ...
env DEVELOPER_DIR=/Applications/Xcode-27.0.0-Release.Candidate.app xcrun xcodebuild -IDEClonedSourcePackagesDirPathOverride=$PWD/.dependencies -skipMacroValidation -skipPackagePluginValidation -derivedDataPath $PWD/.derivedData build -scheme KyuGenericExtensions -destination platform=macOS,arch=arm64
Command line invocation:
    /Applications/Xcode-27.0.0-Release.Candidate.app/Contents/Developer/usr/bin/xcodebuild -IDEClonedSourcePackagesDirPathOverride=/Users/admin/builder/spi-builder-workspace/.dependencies -skipMacroValidation -skipPackagePluginValidation -derivedDataPath /Users/admin/builder/spi-builder-workspace/.derivedData build -scheme KyuGenericExtensions -destination platform=macOS,arch=arm64
Resolve Package Graph
Resolved source packages:
  KyuGenericExtensions: /Users/admin/builder/spi-builder-workspace
ComputePackagePrebuildTargetDependencyGraph
Prepare packages
CreateBuildRequest
SendProjectDescription
CreateBuildOperation
ComputeTargetDependencyGraph
note: Building targets in dependency order
note: Target dependency graph (2 targets)
    Target 'KyuGenericExtensions-product' in project 'KyuGenericExtensions'
        ➜ Explicit dependency on target 'KyuGenericExtensions' in project 'KyuGenericExtensions'
    Target 'KyuGenericExtensions' in project 'KyuGenericExtensions' (no dependencies)
GatherProvisioningInputs
CreateBuildDescription
ClangStatCache /Applications/Xcode-27.0.0-Release.Candidate.app/Contents/Developer/Toolchains/XcodeDefault.xctoolchain/usr/bin/clang-stat-cache /Applications/Xcode-27.0.0-Release.Candidate.app/Contents/Developer/Platforms/MacOSX.platform/Developer/SDKs/MacOSX27.0.sdk /Users/admin/builder/spi-builder-workspace/.derivedData/SDKStatCaches.noindex/macosx27.0-26A425-e829b21a6f8c9b70876ba0858053c0446a22442a12e9d48fe1a705f55a1adfc4.sdkstatcache
    cd /Users/admin/builder/spi-builder-workspace/.swiftpm/xcode
    /Applications/Xcode-27.0.0-Release.Candidate.app/Contents/Developer/Toolchains/XcodeDefault.xctoolchain/usr/bin/clang-stat-cache /Applications/Xcode-27.0.0-Release.Candidate.app/Contents/Developer/Platforms/MacOSX.platform/Developer/SDKs/MacOSX27.0.sdk -o /Users/admin/builder/spi-builder-workspace/.derivedData/SDKStatCaches.noindex/macosx27.0-26A425-e829b21a6f8c9b70876ba0858053c0446a22442a12e9d48fe1a705f55a1adfc4.sdkstatcache
SwiftDriver KyuGenericExtensions normal arm64 com.apple.xcode.tools.swift.compiler (in target 'KyuGenericExtensions' from project 'KyuGenericExtensions')
    cd /Users/admin/builder/spi-builder-workspace/.swiftpm/xcode
    builtin-SwiftDriver -- /Applications/Xcode-27.0.0-Release.Candidate.app/Contents/Developer/Toolchains/XcodeDefault.xctoolchain/usr/bin/swiftc -parse-as-library -module-name KyuGenericExtensions -Onone @/Users/admin/builder/spi-builder-workspace/.derivedData/Build/Intermediates.noindex/KyuGenericExtensions.build/Debug/KyuGenericExtensions-t.build/Objects-normal/arm64/KyuGenericExtensions.SwiftFileList -DSWIFT_PACKAGE -DDEBUG -DSWIFT_MODULE_RESOURCE_BUNDLE_UNAVAILABLE -DXcode -plugin-path /Applications/Xcode-27.0.0-Release.Candidate.app/Contents/Developer/Toolchains/XcodeDefault.xctoolchain/usr/lib/swift/host/plugins/testing -enable-experimental-feature DebugDescriptionMacro -sdk /Applications/Xcode-27.0.0-Release.Candidate.app/Contents/Developer/Platforms/MacOSX.platform/Developer/SDKs/MacOSX27.0.sdk -target arm64-apple-macos12.0 -g -module-cache-path /Users/admin/builder/spi-builder-workspace/.derivedData/ModuleCache.noindex -Xfrontend -serialize-debugging-options -profile-coverage-mapping -profile-generate -enable-testing -index-store-path /Users/admin/builder/spi-builder-workspace/.derivedData/Index.noindex/DataStore -Xcc -D_LIBCPP_HARDENING_MODE\=_LIBCPP_HARDENING_MODE_DEBUG -swift-version 5 -I /Users/admin/builder/spi-builder-workspace/.derivedData/Build/Products/Debug -Isystem /Applications/Xcode-27.0.0-Release.Candidate.app/Contents/Developer/Platforms/MacOSX.platform/Developer/usr/lib -F /Users/admin/builder/spi-builder-workspace/.derivedData/Build/Products/Debug -F /Applications/Xcode-27.0.0-Release.Candidate.app/Contents/Developer/Platforms/MacOSX.platform/Developer/Library/Frameworks -c -j10 -enable-batch-mode -incremental -Xcc -ivfsstatcache -Xcc /Users/admin/builder/spi-builder-workspace/.derivedData/SDKStatCaches.noindex/macosx27.0-26A425-e829b21a6f8c9b70876ba0858053c0446a22442a12e9d48fe1a705f55a1adfc4.sdkstatcache -output-file-map /Users/admin/builder/spi-builder-workspace/.derivedData/Build/Intermediates.noindex/KyuGenericExtensions.build/Debug/KyuGenericExtensions-t.build/Objects-normal/arm64/KyuGenericExtensions-OutputFileMap.json -save-temps -no-color-diagnostics -explicit-module-build -module-cache-path /Users/admin/builder/spi-builder-workspace/.derivedData/Build/Intermediates.noindex/SwiftExplicitPrecompiledModules -clang-scanner-module-cache-path /Users/admin/builder/spi-builder-workspace/.derivedData/ModuleCache.noindex -sdk-module-cache-path /Users/admin/builder/spi-builder-workspace/.derivedData/SDKExplicitPrecompiledModules -emit-dependencies -emit-module -emit-module-path /Users/admin/builder/spi-builder-workspace/.derivedData/Build/Intermediates.noindex/KyuGenericExtensions.build/Debug/KyuGenericExtensions-t.build/Objects-normal/arm64/KyuGenericExtensions.swiftmodule -serialize-diagnostics -dependency-scan-serialize-diagnostics-path /Users/admin/builder/spi-builder-workspace/.derivedData/Build/Intermediates.noindex/KyuGenericExtensions.build/Debug/KyuGenericExtensions-t.build/Objects-normal/arm64/KyuGenericExtensions-dependency-scan.dia -validate-clang-modules-once -clang-build-session-file /Users/admin/builder/spi-builder-workspace/.derivedData/ModuleCache.noindex/Session.modulevalidation -Xcc -fmodules-prune-interval\=86400 -Xcc -fmodules-prune-after\=345600 -emit-const-values -const-gather-protocols-list /Users/admin/builder/spi-builder-workspace/.derivedData/Build/Intermediates.noindex/KyuGenericExtensions.build/Debug/KyuGenericExtensions-t.build/Objects-normal/arm64/KyuGenericExtensions_const_extract_protocols.json -Xcc -I/Users/admin/builder/spi-builder-workspace/.derivedData/Build/Products/Debug/include -Xcc -I/Users/admin/builder/spi-builder-workspace/.derivedData/Build/Intermediates.noindex/KyuGenericExtensions.build/Debug/KyuGenericExtensions-t.build/DerivedSources-normal/arm64 -Xcc -I/Users/admin/builder/spi-builder-workspace/.derivedData/Build/Intermediates.noindex/KyuGenericExtensions.build/Debug/KyuGenericExtensions-t.build/DerivedSources/arm64 -Xcc -I/Users/admin/builder/spi-builder-workspace/.derivedData/Build/Intermediates.noindex/KyuGenericExtensions.build/Debug/KyuGenericExtensions-t.build/DerivedSources -Xcc -DSWIFT_PACKAGE -Xcc -DDEBUG\=1 -emit-objc-header -emit-objc-header-path /Users/admin/builder/spi-builder-workspace/.derivedData/Build/Intermediates.noindex/KyuGenericExtensions.build/Debug/KyuGenericExtensions-t.build/Objects-normal/arm64/KyuGenericExtensions-Swift.h -working-directory /Users/admin/builder/spi-builder-workspace/.swiftpm/xcode -experimental-emit-module-separately -disable-cmo
SwiftCompile normal arm64 Compiling\ Container.swift,\ ModuleKey.swift,\ AssemblerProtocol.swift,\ ContainerProtocol.swift /Users/admin/builder/spi-builder-workspace/Sources/KyuGenericExtensions/Assembler/Container.swift /Users/admin/builder/spi-builder-workspace/Sources/KyuGenericExtensions/Assembler/ModuleKey.swift /Users/admin/builder/spi-builder-workspace/Sources/KyuGenericExtensions/Assembler/Protocol/AssemblerProtocol.swift /Users/admin/builder/spi-builder-workspace/Sources/KyuGenericExtensions/Assembler/Protocol/ContainerProtocol.swift (in target 'KyuGenericExtensions' from project 'KyuGenericExtensions')
SwiftCompile normal arm64 /Users/admin/builder/spi-builder-workspace/Sources/KyuGenericExtensions/Assembler/Container.swift (in target 'KyuGenericExtensions' from project 'KyuGenericExtensions')
    cd /Users/admin/builder/spi-builder-workspace/.swiftpm/xcode
    builtin-SwiftPerFileCompile Container.swift
SwiftCompile normal arm64 /Users/admin/builder/spi-builder-workspace/Sources/KyuGenericExtensions/Assembler/ModuleKey.swift (in target 'KyuGenericExtensions' from project 'KyuGenericExtensions')
    cd /Users/admin/builder/spi-builder-workspace/.swiftpm/xcode
    builtin-SwiftPerFileCompile ModuleKey.swift
SwiftCompile normal arm64 /Users/admin/builder/spi-builder-workspace/Sources/KyuGenericExtensions/Assembler/Protocol/AssemblerProtocol.swift (in target 'KyuGenericExtensions' from project 'KyuGenericExtensions')
    cd /Users/admin/builder/spi-builder-workspace/.swiftpm/xcode
    builtin-SwiftPerFileCompile AssemblerProtocol.swift
SwiftCompile normal arm64 /Users/admin/builder/spi-builder-workspace/Sources/KyuGenericExtensions/Assembler/Protocol/ContainerProtocol.swift (in target 'KyuGenericExtensions' from project 'KyuGenericExtensions')
    cd /Users/admin/builder/spi-builder-workspace/.swiftpm/xcode
    builtin-SwiftPerFileCompile ContainerProtocol.swift
SwiftCompile normal arm64 Compiling\ ModuleProtocol.swift,\ ResolverProtocol.swift,\ SceneModuleProtocol.swift,\ TransitionCoordinatorProtocol.swift /Users/admin/builder/spi-builder-workspace/Sources/KyuGenericExtensions/Assembler/Protocol/ModuleProtocol.swift /Users/admin/builder/spi-builder-workspace/Sources/KyuGenericExtensions/Assembler/Protocol/ResolverProtocol.swift /Users/admin/builder/spi-builder-workspace/Sources/KyuGenericExtensions/Assembler/Protocol/SceneModuleProtocol.swift /Users/admin/builder/spi-builder-workspace/Sources/KyuGenericExtensions/Assembler/Protocol/TransitionCoordinatorProtocol.swift (in target 'KyuGenericExtensions' from project 'KyuGenericExtensions')
SwiftCompile normal arm64 /Users/admin/builder/spi-builder-workspace/Sources/KyuGenericExtensions/Assembler/Protocol/ModuleProtocol.swift (in target 'KyuGenericExtensions' from project 'KyuGenericExtensions')
    cd /Users/admin/builder/spi-builder-workspace/.swiftpm/xcode
    builtin-SwiftPerFileCompile ModuleProtocol.swift
SwiftCompile normal arm64 /Users/admin/builder/spi-builder-workspace/Sources/KyuGenericExtensions/Assembler/Protocol/ResolverProtocol.swift (in target 'KyuGenericExtensions' from project 'KyuGenericExtensions')
    cd /Users/admin/builder/spi-builder-workspace/.swiftpm/xcode
    builtin-SwiftPerFileCompile ResolverProtocol.swift
SwiftCompile normal arm64 /Users/admin/builder/spi-builder-workspace/Sources/KyuGenericExtensions/Assembler/Protocol/SceneModuleProtocol.swift (in target 'KyuGenericExtensions' from project 'KyuGenericExtensions')
    cd /Users/admin/builder/spi-builder-workspace/.swiftpm/xcode
    builtin-SwiftPerFileCompile SceneModuleProtocol.swift
SwiftCompile normal arm64 /Users/admin/builder/spi-builder-workspace/Sources/KyuGenericExtensions/Assembler/Protocol/TransitionCoordinatorProtocol.swift (in target 'KyuGenericExtensions' from project 'KyuGenericExtensions')
    cd /Users/admin/builder/spi-builder-workspace/.swiftpm/xcode
    builtin-SwiftPerFileCompile TransitionCoordinatorProtocol.swift
SwiftCompile normal arm64 Compiling\ +UIButton.swift,\ +UICollectionView.swift,\ +UIColor.swift /Users/admin/builder/spi-builder-workspace/Sources/KyuGenericExtensions/Extensions/+UIButton.swift /Users/admin/builder/spi-builder-workspace/Sources/KyuGenericExtensions/Extensions/+UICollectionView.swift /Users/admin/builder/spi-builder-workspace/Sources/KyuGenericExtensions/Extensions/+UIColor.swift (in target 'KyuGenericExtensions' from project 'KyuGenericExtensions')
SwiftCompile normal arm64 /Users/admin/builder/spi-builder-workspace/Sources/KyuGenericExtensions/Extensions/+UIButton.swift (in target 'KyuGenericExtensions' from project 'KyuGenericExtensions')
    cd /Users/admin/builder/spi-builder-workspace/.swiftpm/xcode
    builtin-SwiftPerFileCompile +UIButton.swift
SwiftCompile normal arm64 /Users/admin/builder/spi-builder-workspace/Sources/KyuGenericExtensions/Extensions/+UICollectionView.swift (in target 'KyuGenericExtensions' from project 'KyuGenericExtensions')
    cd /Users/admin/builder/spi-builder-workspace/.swiftpm/xcode
    builtin-SwiftPerFileCompile +UICollectionView.swift
SwiftCompile normal arm64 /Users/admin/builder/spi-builder-workspace/Sources/KyuGenericExtensions/Extensions/+UIColor.swift (in target 'KyuGenericExtensions' from project 'KyuGenericExtensions')
    cd /Users/admin/builder/spi-builder-workspace/.swiftpm/xcode
    builtin-SwiftPerFileCompile +UIColor.swift
SwiftCompile normal arm64 Compiling\ +UISplitViewController.swift,\ +UITableView.swift,\ +UITableViewCell.swift /Users/admin/builder/spi-builder-workspace/Sources/KyuGenericExtensions/Extensions/+UISplitViewController.swift /Users/admin/builder/spi-builder-workspace/Sources/KyuGenericExtensions/Extensions/+UITableView.swift /Users/admin/builder/spi-builder-workspace/Sources/KyuGenericExtensions/Extensions/+UITableViewCell.swift (in target 'KyuGenericExtensions' from project 'KyuGenericExtensions')
SwiftCompile normal arm64 /Users/admin/builder/spi-builder-workspace/Sources/KyuGenericExtensions/Extensions/+UISplitViewController.swift (in target 'KyuGenericExtensions' from project 'KyuGenericExtensions')
    cd /Users/admin/builder/spi-builder-workspace/.swiftpm/xcode
    builtin-SwiftPerFileCompile +UISplitViewController.swift
SwiftCompile normal arm64 /Users/admin/builder/spi-builder-workspace/Sources/KyuGenericExtensions/Extensions/+UITableView.swift (in target 'KyuGenericExtensions' from project 'KyuGenericExtensions')
    cd /Users/admin/builder/spi-builder-workspace/.swiftpm/xcode
    builtin-SwiftPerFileCompile +UITableView.swift
SwiftCompile normal arm64 /Users/admin/builder/spi-builder-workspace/Sources/KyuGenericExtensions/Extensions/+UITableViewCell.swift (in target 'KyuGenericExtensions' from project 'KyuGenericExtensions')
    cd /Users/admin/builder/spi-builder-workspace/.swiftpm/xcode
    builtin-SwiftPerFileCompile +UITableViewCell.swift
SwiftCompile normal arm64 Compiling\ +UIFont.swift,\ +UIImage.swift,\ +UILabel.swift /Users/admin/builder/spi-builder-workspace/Sources/KyuGenericExtensions/Extensions/+UIFont.swift /Users/admin/builder/spi-builder-workspace/Sources/KyuGenericExtensions/Extensions/+UIImage.swift /Users/admin/builder/spi-builder-workspace/Sources/KyuGenericExtensions/Extensions/+UILabel.swift (in target 'KyuGenericExtensions' from project 'KyuGenericExtensions')
SwiftCompile normal arm64 /Users/admin/builder/spi-builder-workspace/Sources/KyuGenericExtensions/Extensions/+UIFont.swift (in target 'KyuGenericExtensions' from project 'KyuGenericExtensions')
    cd /Users/admin/builder/spi-builder-workspace/.swiftpm/xcode
    builtin-SwiftPerFileCompile +UIFont.swift
SwiftCompile normal arm64 /Users/admin/builder/spi-builder-workspace/Sources/KyuGenericExtensions/Extensions/+UIImage.swift (in target 'KyuGenericExtensions' from project 'KyuGenericExtensions')
    cd /Users/admin/builder/spi-builder-workspace/.swiftpm/xcode
    builtin-SwiftPerFileCompile +UIImage.swift
SwiftCompile normal arm64 /Users/admin/builder/spi-builder-workspace/Sources/KyuGenericExtensions/Extensions/+UILabel.swift (in target 'KyuGenericExtensions' from project 'KyuGenericExtensions')
    cd /Users/admin/builder/spi-builder-workspace/.swiftpm/xcode
    builtin-SwiftPerFileCompile +UILabel.swift
SwiftCompile normal arm64 Compiling\ +Array.swift,\ +Date.swift,\ +Encodable.swift /Users/admin/builder/spi-builder-workspace/Sources/KyuGenericExtensions/Extensions/+Array.swift /Users/admin/builder/spi-builder-workspace/Sources/KyuGenericExtensions/Extensions/+Date.swift /Users/admin/builder/spi-builder-workspace/Sources/KyuGenericExtensions/Extensions/+Encodable.swift (in target 'KyuGenericExtensions' from project 'KyuGenericExtensions')
SwiftCompile normal arm64 /Users/admin/builder/spi-builder-workspace/Sources/KyuGenericExtensions/Extensions/+Array.swift (in target 'KyuGenericExtensions' from project 'KyuGenericExtensions')
    cd /Users/admin/builder/spi-builder-workspace/.swiftpm/xcode
    builtin-SwiftPerFileCompile +Array.swift
SwiftCompile normal arm64 /Users/admin/builder/spi-builder-workspace/Sources/KyuGenericExtensions/Extensions/+Date.swift (in target 'KyuGenericExtensions' from project 'KyuGenericExtensions')
    cd /Users/admin/builder/spi-builder-workspace/.swiftpm/xcode
    builtin-SwiftPerFileCompile +Date.swift
SwiftCompile normal arm64 /Users/admin/builder/spi-builder-workspace/Sources/KyuGenericExtensions/Extensions/+Encodable.swift (in target 'KyuGenericExtensions' from project 'KyuGenericExtensions')
    cd /Users/admin/builder/spi-builder-workspace/.swiftpm/xcode
    builtin-SwiftPerFileCompile +Encodable.swift
SwiftCompile normal arm64 Compiling\ +View.swift,\ Duplicatable.swift,\ StoryboardInstantiable.swift /Users/admin/builder/spi-builder-workspace/Sources/KyuGenericExtensions/Extensions/+View.swift /Users/admin/builder/spi-builder-workspace/Sources/KyuGenericExtensions/Extensions/Duplicatable.swift /Users/admin/builder/spi-builder-workspace/Sources/KyuGenericExtensions/Extensions/StoryboardInstantiable.swift (in target 'KyuGenericExtensions' from project 'KyuGenericExtensions')
SwiftCompile normal arm64 /Users/admin/builder/spi-builder-workspace/Sources/KyuGenericExtensions/Extensions/+View.swift (in target 'KyuGenericExtensions' from project 'KyuGenericExtensions')
    cd /Users/admin/builder/spi-builder-workspace/.swiftpm/xcode
    builtin-SwiftPerFileCompile +View.swift
SwiftCompile normal arm64 /Users/admin/builder/spi-builder-workspace/Sources/KyuGenericExtensions/Extensions/Duplicatable.swift (in target 'KyuGenericExtensions' from project 'KyuGenericExtensions')
    cd /Users/admin/builder/spi-builder-workspace/.swiftpm/xcode
    builtin-SwiftPerFileCompile Duplicatable.swift
SwiftCompile normal arm64 /Users/admin/builder/spi-builder-workspace/Sources/KyuGenericExtensions/Extensions/StoryboardInstantiable.swift (in target 'KyuGenericExtensions' from project 'KyuGenericExtensions')
    cd /Users/admin/builder/spi-builder-workspace/.swiftpm/xcode
    builtin-SwiftPerFileCompile StoryboardInstantiable.swift
SwiftEmitModule normal arm64 Emitting\ module\ for\ KyuGenericExtensions (in target 'KyuGenericExtensions' from project 'KyuGenericExtensions')
/Users/admin/builder/spi-builder-workspace/Sources/KyuGenericExtensions/Extensions/+String.swift:98:9: error: cannot find type 'Date' in scope
 96 | 	///   - timeZone: The timezone for represented date. If unspecified, the system time zone is used.
 97 | 	init(
 98 | 		date: Date,
    |         `- error: cannot find type 'Date' in scope
 99 | 		format: String,
100 | 		locale: Locale = Locale(identifier: "en_US_POSIX"),
/Users/admin/builder/spi-builder-workspace/Sources/KyuGenericExtensions/Extensions/+String.swift:100:11: error: cannot find type 'Locale' in scope
 98 | 		date: Date,
 99 | 		format: String,
100 | 		locale: Locale = Locale(identifier: "en_US_POSIX"),
    |           `- error: cannot find type 'Locale' in scope
101 | 		calendar: Calendar = Calendar(identifier: .gregorian),
102 | 		timeZone: TimeZone = TimeZone(identifier: "UTC")!
/Users/admin/builder/spi-builder-workspace/Sources/KyuGenericExtensions/Extensions/+String.swift:101:13: error: cannot find type 'Calendar' in scope
 99 | 		format: String,
100 | 		locale: Locale = Locale(identifier: "en_US_POSIX"),
101 | 		calendar: Calendar = Calendar(identifier: .gregorian),
    |             `- error: cannot find type 'Calendar' in scope
102 | 		timeZone: TimeZone = TimeZone(identifier: "UTC")!
103 | 		// swiftlint:disable:previous force_unwrapping
/Users/admin/builder/spi-builder-workspace/Sources/KyuGenericExtensions/Extensions/+String.swift:102:13: error: cannot find type 'TimeZone' in scope
100 | 		locale: Locale = Locale(identifier: "en_US_POSIX"),
101 | 		calendar: Calendar = Calendar(identifier: .gregorian),
102 | 		timeZone: TimeZone = TimeZone(identifier: "UTC")!
    |             `- error: cannot find type 'TimeZone' in scope
103 | 		// swiftlint:disable:previous force_unwrapping
104 | 	) {
Failed frontend command:
/Applications/Xcode-27.0.0-Release.Candidate.app/Contents/Developer/Toolchains/XcodeDefault.xctoolchain/usr/bin/swift-frontend -frontend -emit-module -experimental-skip-non-inlinable-function-bodies-without-types /Users/admin/builder/spi-builder-workspace/Sources/KyuGenericExtensions/Assembler/Container.swift /Users/admin/builder/spi-builder-workspace/Sources/KyuGenericExtensions/Assembler/ModuleKey.swift /Users/admin/builder/spi-builder-workspace/Sources/KyuGenericExtensions/Assembler/Protocol/AssemblerProtocol.swift /Users/admin/builder/spi-builder-workspace/Sources/KyuGenericExtensions/Assembler/Protocol/ContainerProtocol.swift /Users/admin/builder/spi-builder-workspace/Sources/KyuGenericExtensions/Assembler/Protocol/ModuleProtocol.swift /Users/admin/builder/spi-builder-workspace/Sources/KyuGenericExtensions/Assembler/Protocol/ResolverProtocol.swift /Users/admin/builder/spi-builder-workspace/Sources/KyuGenericExtensions/Assembler/Protocol/SceneModuleProtocol.swift /Users/admin/builder/spi-builder-workspace/Sources/KyuGenericExtensions/Assembler/Protocol/TransitionCoordinatorProtocol.swift /Users/admin/builder/spi-builder-workspace/Sources/KyuGenericExtensions/Extensions/+Array.swift /Users/admin/builder/spi-builder-workspace/Sources/KyuGenericExtensions/Extensions/+Date.swift /Users/admin/builder/spi-builder-workspace/Sources/KyuGenericExtensions/Extensions/+Encodable.swift /Users/admin/builder/spi-builder-workspace/Sources/KyuGenericExtensions/Extensions/+Int.swift /Users/admin/builder/spi-builder-workspace/Sources/KyuGenericExtensions/Extensions/+String.swift /Users/admin/builder/spi-builder-workspace/Sources/KyuGenericExtensions/Extensions/+UIApplication.swift /Users/admin/builder/spi-builder-workspace/Sources/KyuGenericExtensions/Extensions/+UIButton.swift /Users/admin/builder/spi-builder-workspace/Sources/KyuGenericExtensions/Extensions/+UICollectionView.swift /Users/admin/builder/spi-builder-workspace/Sources/KyuGenericExtensions/Extensions/+UIColor.swift /Users/admin/builder/spi-builder-workspace/Sources/KyuGenericExtensions/Extensions/+UIFont.swift /Users/admin/builder/spi-builder-workspace/Sources/KyuGenericExtensions/Extensions/+UIImage.swift /Users/admin/builder/spi-builder-workspace/Sources/KyuGenericExtensions/Extensions/+UILabel.swift /Users/admin/builder/spi-builder-workspace/Sources/KyuGenericExtensions/Extensions/+UISplitViewController.swift /Users/admin/builder/spi-builder-workspace/Sources/KyuGenericExtensions/Extensions/+UITableView.swift /Users/admin/builder/spi-builder-workspace/Sources/KyuGenericExtensions/Extensions/+UITableViewCell.swift /Users/admin/builder/spi-builder-workspace/Sources/KyuGenericExtensions/Extensions/+UIView.swift /Users/admin/builder/spi-builder-workspace/Sources/KyuGenericExtensions/Extensions/+UIViewController.swift /Users/admin/builder/spi-builder-workspace/Sources/KyuGenericExtensions/Extensions/+UIWindow.swift /Users/admin/builder/spi-builder-workspace/Sources/KyuGenericExtensions/Extensions/+View.swift /Users/admin/builder/spi-builder-workspace/Sources/KyuGenericExtensions/Extensions/Duplicatable.swift /Users/admin/builder/spi-builder-workspace/Sources/KyuGenericExtensions/Extensions/StoryboardInstantiable.swift /Users/admin/builder/spi-builder-workspace/Sources/KyuGenericExtensions/PropertyWrapper/CodableIgnored.swift /Users/admin/builder/spi-builder-workspace/Sources/KyuGenericExtensions/PropertyWrapper/UserDefaultsStorable.swift /Users/admin/builder/spi-builder-workspace/Sources/KyuGenericExtensions/Views/LazyXGrid.swift -target arm64-apple-macos12.0 -module-can-import-version SwiftUI 8.0.84.1 8.0.84 -disable-cross-import-overlay-search -load-resolved-plugin /Applications/Xcode-27.0.0-Release.Candidate.app/Contents/Developer/Platforms/MacOSX.platform/Developer/usr/lib/swift/host/plugins/libFoundationMacros.dylib\#/Applications/Xcode-27.0.0-Release.Candidate.app/Contents/Developer/Platforms/MacOSX.platform/Developer/usr/bin/swift-plugin-server\#FoundationMacros -load-resolved-plugin /Applications/Xcode-27.0.0-Release.Candidate.app/Contents/Developer/Platforms/MacOSX.platform/Developer/usr/lib/swift/host/plugins/libObservationMacros.dylib\#/Applications/Xcode-27.0.0-Release.Candidate.app/Contents/Developer/Platforms/MacOSX.platform/Developer/usr/bin/swift-plugin-server\#ObservationMacros -load-resolved-plugin /Applications/Xcode-27.0.0-Release.Candidate.app/Contents/Developer/Platforms/MacOSX.platform/Developer/usr/lib/swift/host/plugins/libPreviewsMacros.dylib\#/Applications/Xcode-27.0.0-Release.Candidate.app/Contents/Developer/Platforms/MacOSX.platform/Developer/usr/bin/swift-plugin-server\#PreviewsMacros -load-resolved-plugin /Applications/Xcode-27.0.0-Release.Candidate.app/Contents/Developer/Platforms/MacOSX.platform/Developer/usr/lib/swift/host/plugins/libSwiftMacros.dylib\#/Applications/Xcode-27.0.0-Release.Candidate.app/Contents/Developer/Platforms/MacOSX.platform/Developer/usr/bin/swift-plugin-server\#SwiftMacros -load-resolved-plugin /Applications/Xcode-27.0.0-Release.Candidate.app/Contents/Developer/Platforms/MacOSX.platform/Developer/usr/lib/swift/host/plugins/libSwiftUIMacros.dylib\#/Applications/Xcode-27.0.0-Release.Candidate.app/Contents/Developer/Platforms/MacOSX.platform/Developer/usr/bin/swift-plugin-server\#SwiftUIMacros -disable-implicit-swift-modules -Xcc -fno-implicit-modules -Xcc -fno-implicit-module-maps -explicit-swift-module-map-file /Users/admin/builder/spi-builder-workspace/.derivedData/Build/Intermediates.noindex/KyuGenericExtensions.build/Debug/KyuGenericExtensions-t.build/Objects-normal/arm64/KyuGenericExtensions-dependencies-1.json -Xllvm -aarch64-use-tbi -enable-objc-interop -stack-check -sdk /Applications/Xcode-27.0.0-Release.Candidate.app/Contents/Developer/Platforms/MacOSX.platform/Developer/SDKs/MacOSX27.0.sdk -I /Users/admin/builder/spi-builder-workspace/.derivedData/Build/Products/Debug -Isystem /Applications/Xcode-27.0.0-Release.Candidate.app/Contents/Developer/Platforms/MacOSX.platform/Developer/usr/lib -F /Users/admin/builder/spi-builder-workspace/.derivedData/Build/Products/Debug -F /Applications/Xcode-27.0.0-Release.Candidate.app/Contents/Developer/Platforms/MacOSX.platform/Developer/Library/Frameworks -module-cache-path /Users/admin/builder/spi-builder-workspace/.derivedData/Build/Intermediates.noindex/SwiftExplicitPrecompiledModules -no-color-diagnostics -Xcc -fno-color-diagnostics -enable-testing -g -debug-info-format\=dwarf -dwarf-version\=4 -profile-generate -profile-coverage-mapping -swift-version 5 -Onone -D SWIFT_PACKAGE -D DEBUG -D SWIFT_MODULE_RESOURCE_BUNDLE_UNAVAILABLE -D Xcode -serialize-debugging-options -enable-experimental-feature DebugDescriptionMacro -empty-abi-descriptor -validate-clang-modules-once -clang-build-session-file /Users/admin/builder/spi-builder-workspace/.derivedData/ModuleCache.noindex/Session.modulevalidation -Xcc -working-directory -Xcc /Users/admin/builder/spi-builder-workspace/.swiftpm/xcode -enable-anonymous-context-mangled-names -file-compilation-dir /Users/admin/builder/spi-builder-workspace/.swiftpm/xcode -Xcc -D_LIBCPP_HARDENING_MODE\=_LIBCPP_HARDENING_MODE_DEBUG -Xcc -ivfsstatcache -Xcc /Users/admin/builder/spi-builder-workspace/.derivedData/SDKStatCaches.noindex/macosx27.0-26A425-e829b21a6f8c9b70876ba0858053c0446a22442a12e9d48fe1a705f55a1adfc4.sdkstatcache -Xcc -fmodules-prune-interval\=86400 -Xcc -fmodules-prune-after\=345600 -Xcc -I/Users/admin/builder/spi-builder-workspace/.derivedData/Build/Products/Debug/include -Xcc -I/Users/admin/builder/spi-builder-workspace/.derivedData/Build/Intermediates.noindex/KyuGenericExtensions.build/Debug/KyuGenericExtensions-t.build/DerivedSources-normal/arm64 -Xcc -I/Users/admin/builder/spi-builder-workspace/.derivedData/Build/Intermediates.noindex/KyuGenericExtensions.build/Debug/KyuGenericExtensions-t.build/DerivedSources/arm64 -Xcc -I/Users/admin/builder/spi-builder-workspace/.derivedData/Build/Intermediates.noindex/KyuGenericExtensions.build/Debug/KyuGenericExtensions-t.build/DerivedSources -Xcc -DSWIFT_PACKAGE -Xcc -DDEBUG\=1 -no-auto-bridging-header-chaining -module-name KyuGenericExtensions -const-gather-protocols-file /Users/admin/builder/spi-builder-workspace/.derivedData/Build/Intermediates.noindex/KyuGenericExtensions.build/Debug/KyuGenericExtensions-t.build/Objects-normal/arm64/KyuGenericExtensions_const_extract_protocols.json -disable-clang-spi -clang-target arm64-apple-macos27.0 -target-sdk-version 27.0 -target-sdk-name macosx27.0 -in-process-plugin-server-path /Applications/Xcode-27.0.0-Release.Candidate.app/Contents/Developer/Toolchains/XcodeDefault.xctoolchain/usr/lib/swift/host/libSwiftInProcPluginServer.dylib -emit-module-doc-path /Users/admin/builder/spi-builder-workspace/.derivedData/Build/Intermediates.noindex/KyuGenericExtensions.build/Debug/KyuGenericExtensions-t.build/Objects-normal/arm64/KyuGenericExtensions.swiftdoc -emit-module-source-info-path /Users/admin/builder/spi-builder-workspace/.derivedData/Build/Intermediates.noindex/KyuGenericExtensions.build/Debug/KyuGenericExtensions-t.build/Objects-normal/arm64/KyuGenericExtensions.swiftsourceinfo -emit-objc-header-path /Users/admin/builder/spi-builder-workspace/.derivedData/Build/Intermediates.noindex/KyuGenericExtensions.build/Debug/KyuGenericExtensions-t.build/Objects-normal/arm64/KyuGenericExtensions-Swift.h -serialize-diagnostics-path /Users/admin/builder/spi-builder-workspace/.derivedData/Build/Intermediates.noindex/KyuGenericExtensions.build/Debug/KyuGenericExtensions-t.build/Objects-normal/arm64/KyuGenericExtensions-primary-emit-module.dia -emit-dependencies-path /Users/admin/builder/spi-builder-workspace/.derivedData/Build/Intermediates.noindex/KyuGenericExtensions.build/Debug/KyuGenericExtensions-t.build/Objects-normal/arm64/KyuGenericExtensions-primary-emit-module.d -parse-as-library -o /Users/admin/builder/spi-builder-workspace/.derivedData/Build/Intermediates.noindex/KyuGenericExtensions.build/Debug/KyuGenericExtensions-t.build/Objects-normal/arm64/KyuGenericExtensions.swiftmodule -emit-abi-descriptor-path /Users/admin/builder/spi-builder-workspace/.derivedData/Build/Intermediates.noindex/KyuGenericExtensions.build/Debug/KyuGenericExtensions-t.build/Objects-normal/arm64/KyuGenericExtensions.abi.json
SwiftCompile normal arm64 (in target 'KyuGenericExtensions' from project 'KyuGenericExtensions')
    cd /Users/admin/builder/spi-builder-workspace/.swiftpm/xcode

SwiftCompile normal arm64 Compiling\ +UIView.swift,\ +UIViewController.swift,\ +UIWindow.swift /Users/admin/builder/spi-builder-workspace/Sources/KyuGenericExtensions/Extensions/+UIView.swift /Users/admin/builder/spi-builder-workspace/Sources/KyuGenericExtensions/Extensions/+UIViewController.swift /Users/admin/builder/spi-builder-workspace/Sources/KyuGenericExtensions/Extensions/+UIWindow.swift (in target 'KyuGenericExtensions' from project 'KyuGenericExtensions')
SwiftCompile normal arm64 /Users/admin/builder/spi-builder-workspace/Sources/KyuGenericExtensions/Extensions/+UIView.swift (in target 'KyuGenericExtensions' from project 'KyuGenericExtensions')
    cd /Users/admin/builder/spi-builder-workspace/.swiftpm/xcode
    builtin-SwiftPerFileCompile +UIView.swift
SwiftCompile normal arm64 /Users/admin/builder/spi-builder-workspace/Sources/KyuGenericExtensions/Extensions/+UIViewController.swift (in target 'KyuGenericExtensions' from project 'KyuGenericExtensions')
    cd /Users/admin/builder/spi-builder-workspace/.swiftpm/xcode
    builtin-SwiftPerFileCompile +UIViewController.swift
SwiftCompile normal arm64 /Users/admin/builder/spi-builder-workspace/Sources/KyuGenericExtensions/Extensions/+UIWindow.swift (in target 'KyuGenericExtensions' from project 'KyuGenericExtensions')
    cd /Users/admin/builder/spi-builder-workspace/.swiftpm/xcode
    builtin-SwiftPerFileCompile +UIWindow.swift
SwiftCompile normal arm64 Compiling\ CodableIgnored.swift,\ UserDefaultsStorable.swift,\ LazyXGrid.swift /Users/admin/builder/spi-builder-workspace/Sources/KyuGenericExtensions/PropertyWrapper/CodableIgnored.swift /Users/admin/builder/spi-builder-workspace/Sources/KyuGenericExtensions/PropertyWrapper/UserDefaultsStorable.swift /Users/admin/builder/spi-builder-workspace/Sources/KyuGenericExtensions/Views/LazyXGrid.swift (in target 'KyuGenericExtensions' from project 'KyuGenericExtensions')
SwiftCompile normal arm64 /Users/admin/builder/spi-builder-workspace/Sources/KyuGenericExtensions/PropertyWrapper/CodableIgnored.swift (in target 'KyuGenericExtensions' from project 'KyuGenericExtensions')
    cd /Users/admin/builder/spi-builder-workspace/.swiftpm/xcode
    builtin-SwiftPerFileCompile CodableIgnored.swift
SwiftCompile normal arm64 /Users/admin/builder/spi-builder-workspace/Sources/KyuGenericExtensions/PropertyWrapper/UserDefaultsStorable.swift (in target 'KyuGenericExtensions' from project 'KyuGenericExtensions')
    cd /Users/admin/builder/spi-builder-workspace/.swiftpm/xcode
    builtin-SwiftPerFileCompile UserDefaultsStorable.swift
SwiftCompile normal arm64 /Users/admin/builder/spi-builder-workspace/Sources/KyuGenericExtensions/Views/LazyXGrid.swift (in target 'KyuGenericExtensions' from project 'KyuGenericExtensions')
    cd /Users/admin/builder/spi-builder-workspace/.swiftpm/xcode
    builtin-SwiftPerFileCompile LazyXGrid.swift
SwiftCompile normal arm64 Compiling\ +Int.swift,\ +String.swift,\ +UIApplication.swift /Users/admin/builder/spi-builder-workspace/Sources/KyuGenericExtensions/Extensions/+Int.swift /Users/admin/builder/spi-builder-workspace/Sources/KyuGenericExtensions/Extensions/+String.swift /Users/admin/builder/spi-builder-workspace/Sources/KyuGenericExtensions/Extensions/+UIApplication.swift (in target 'KyuGenericExtensions' from project 'KyuGenericExtensions')
SwiftCompile normal arm64 /Users/admin/builder/spi-builder-workspace/Sources/KyuGenericExtensions/Extensions/+Int.swift (in target 'KyuGenericExtensions' from project 'KyuGenericExtensions')
    cd /Users/admin/builder/spi-builder-workspace/.swiftpm/xcode
    builtin-SwiftPerFileCompile +Int.swift
SwiftCompile normal arm64 /Users/admin/builder/spi-builder-workspace/Sources/KyuGenericExtensions/Extensions/+String.swift (in target 'KyuGenericExtensions' from project 'KyuGenericExtensions')
    cd /Users/admin/builder/spi-builder-workspace/.swiftpm/xcode
    builtin-SwiftPerFileCompile +String.swift
SwiftCompile normal arm64 /Users/admin/builder/spi-builder-workspace/Sources/KyuGenericExtensions/Extensions/+UIApplication.swift (in target 'KyuGenericExtensions' from project 'KyuGenericExtensions')
    cd /Users/admin/builder/spi-builder-workspace/.swiftpm/xcode
    builtin-SwiftPerFileCompile +UIApplication.swift
PruneExplicitPrecompiledModules /Users/admin/builder/spi-builder-workspace/.derivedData/Build/Intermediates.noindex/SwiftExplicitPrecompiledModules
PruneExplicitPrecompiledModules /Users/admin/builder/spi-builder-workspace/.derivedData/Build/Intermediates.noindex/ExplicitPrecompiledModules
PruneExplicitPrecompiledModules /Users/admin/builder/spi-builder-workspace/.derivedData/SDKExplicitPrecompiledModules
2026-09-19 17:56:19.952 xcodebuild[805:5028] [MT] IDERunDestination: Supported platforms for the buildables in the current scheme is empty.
--- xcodebuild: WARNING: Using the first of multiple matching destinations:
{ platform:macOS, arch:arm64, id:ad87d47b0f494756771b9e126cc5e239bbadfbf1, name:My Mac }
{ platform:macOS, arch:arm64, variant:Mac Catalyst, id:ad87d47b0f494756771b9e126cc5e239bbadfbf1, name:My Mac }
{ platform:macOS, arch:arm64, variant:DriverKit, id:ad87d47b0f494756771b9e126cc5e239bbadfbf1, name:My Mac }
{ platform:macOS, arch:arm64, variant:Designed for [iPad,iPhone], id:ad87d47b0f494756771b9e126cc5e239bbadfbf1, name:My Mac }
** BUILD FAILED **
The following build commands failed:
	SwiftEmitModule normal arm64 Emitting\ module\ for\ KyuGenericExtensions (in target 'KyuGenericExtensions' from project 'KyuGenericExtensions')
	SwiftCompile normal arm64 (in target 'KyuGenericExtensions' from project 'KyuGenericExtensions')
	Building workspace KyuGenericExtensions with scheme KyuGenericExtensions
(3 failures)
BUILD FAILURE 6.4 macosXcodebuild