Build Information
Failed to build AlgoChecker, reference master (1b3fc4), with Swift 6.4 for watchOS using Xcode 27.0 on 16 Sep 2026 21:13:25 UTC.
Build Command
env DEVELOPER_DIR=/Applications/Xcode-27.0.0-Release.Candidate.app xcrun xcodebuild -IDEClonedSourcePackagesDirPathOverride=$PWD/.dependencies -skipMacroValidation -skipPackagePluginValidation -derivedDataPath $PWD/.derivedData build -scheme AlgoChecker -destination generic/platform=watchOSBuild Log
========================================
RunAll
========================================
Builder version: 5.1.0
Interrupt handler set up.
========================================
Checkout
========================================
Clone URL: https://github.com/kandelvijaya/algorithmchecker.git
Reference: master
Initialized empty Git repository in /Users/admin/builder/spi-builder-workspace/.git/
From https://github.com/kandelvijaya/algorithmchecker
* branch master -> FETCH_HEAD
* [new branch] master -> origin/master
HEAD is now at 1b3fc42 refactored randomized collection based on function. Static property wont work.
Cloned https://github.com/kandelvijaya/algorithmchecker.git
Revision (git rev-parse @):
1b3fc4200c2d5855171846ebcb1093862dcd3b5d
SUCCESS checkout https://github.com/kandelvijaya/algorithmchecker.git at master
========================================
Build
========================================
Selected platform: watchOS
Swift version: 6.4
Building package at path: $PWD
https://github.com/kandelvijaya/algorithmchecker.git
Command line invocation:
/Applications/Xcode-27.0.0-Release.Candidate.app/Contents/Developer/usr/bin/xcodebuild -IDEClonedSourcePackagesDirPathOverride=/Users/admin/builder/spi-builder-workspace/.dependencies -resolvePackageDependencies
Resolve Package Graph
Resolve Package Graph
Resolved source packages:
AlgoChecker: /Users/admin/builder/spi-builder-workspace
resolved source packages: AlgoChecker
2026-09-16 17:12:34.835 xcodebuild[529:3017] [MT] IDERunDestination: Supported platforms for the buildables in the current scheme is empty.
{
"dependencies" : [
],
"manifest_display_name" : "AlgoChecker",
"name" : "AlgoChecker",
"path" : "/Users/admin/builder/spi-builder-workspace",
"platforms" : [
],
"products" : [
{
"name" : "AlgoChecker",
"targets" : [
"AlgoChecker"
],
"type" : {
"library" : [
"automatic"
]
}
}
],
"targets" : [
{
"c99name" : "AlgoCheckerTests",
"module_type" : "SwiftTarget",
"name" : "AlgoCheckerTests",
"path" : "Tests/AlgoCheckerTests",
"sources" : [
"AlgoCheckerTests.swift",
"XCTestManifests.swift"
],
"target_dependencies" : [
"AlgoChecker"
],
"type" : "test"
},
{
"c99name" : "AlgoChecker",
"module_type" : "SwiftTarget",
"name" : "AlgoChecker",
"path" : "Sources/AlgoChecker",
"product_memberships" : [
"AlgoChecker"
],
"sources" : [
"AlgoChecker.swift",
"Experimental.swift",
"RandomizableInput.swift"
],
"type" : "library"
}
],
"tools_version" : "4.2"
}
{
"workspace" : {
"name" : "AlgoChecker",
"schemes" : [
"AlgoChecker"
]
}
}
2026-09-16 17:13:16.174 xcodebuild[647:4129] [MT] IDERunDestination: Supported platforms for the buildables in the current scheme is empty.
Running build ...
env DEVELOPER_DIR=/Applications/Xcode-27.0.0-Release.Candidate.app xcrun xcodebuild -IDEClonedSourcePackagesDirPathOverride=$PWD/.dependencies -skipMacroValidation -skipPackagePluginValidation -derivedDataPath $PWD/.derivedData build -scheme AlgoChecker -destination generic/platform=watchOS
Command line invocation:
/Applications/Xcode-27.0.0-Release.Candidate.app/Contents/Developer/usr/bin/xcodebuild -IDEClonedSourcePackagesDirPathOverride=/Users/admin/builder/spi-builder-workspace/.dependencies -skipMacroValidation -skipPackagePluginValidation -derivedDataPath /Users/admin/builder/spi-builder-workspace/.derivedData build -scheme AlgoChecker -destination generic/platform=watchOS
Resolve Package Graph
Resolved source packages:
AlgoChecker: /Users/admin/builder/spi-builder-workspace
ComputePackagePrebuildTargetDependencyGraph
Prepare packages
CreateBuildRequest
SendProjectDescription
CreateBuildOperation
ComputeTargetDependencyGraph
note: Building targets in dependency order
note: Target dependency graph (2 targets)
Target 'AlgoChecker-product' in project 'AlgoChecker'
➜ Explicit dependency on target 'AlgoChecker' in project 'AlgoChecker'
Target 'AlgoChecker' in project 'AlgoChecker' (no dependencies)
GatherProvisioningInputs
CreateBuildDescription
ExecuteExternalTool /Applications/Xcode-27.0.0-Release.Candidate.app/Contents/Developer/Toolchains/XcodeDefault.xctoolchain/usr/bin/clang -v -E -dM -isysroot /Applications/Xcode-27.0.0-Release.Candidate.app/Contents/Developer/Platforms/WatchOS.platform/Developer/SDKs/WatchOS27.0.sdk -x c -c /dev/null
ExecuteExternalTool /Applications/Xcode-27.0.0-Release.Candidate.app/Contents/Developer/Toolchains/XcodeDefault.xctoolchain/usr/bin/swiftc --version
ExecuteExternalTool /Applications/Xcode-27.0.0-Release.Candidate.app/Contents/Developer/Toolchains/XcodeDefault.xctoolchain/usr/bin/ld -version_details
Build description signature: 2e2d05d33c8d2e64974d80f944121f08
Build description path: /Users/admin/builder/spi-builder-workspace/.derivedData/Build/Intermediates.noindex/XCBuildData/2e2d05d33c8d2e64974d80f944121f08.xcbuilddata
CreateBuildDirectory /Users/admin/builder/spi-builder-workspace/.derivedData/SDKExplicitPrecompiledModules
cd /Users/admin/builder/spi-builder-workspace/.swiftpm/xcode
builtin-create-build-directory /Users/admin/builder/spi-builder-workspace/.derivedData/SDKExplicitPrecompiledModules
CreateBuildDirectory /Users/admin/builder/spi-builder-workspace/.derivedData/ModuleCache.noindex
cd /Users/admin/builder/spi-builder-workspace/.swiftpm/xcode
builtin-create-build-directory /Users/admin/builder/spi-builder-workspace/.derivedData/ModuleCache.noindex
CreateBuildDirectory /Users/admin/builder/spi-builder-workspace/.derivedData/CompilationCache.noindex
cd /Users/admin/builder/spi-builder-workspace/.swiftpm/xcode
builtin-create-build-directory /Users/admin/builder/spi-builder-workspace/.derivedData/CompilationCache.noindex
CreateBuildDirectory /Users/admin/builder/spi-builder-workspace/.derivedData/Build/Products
cd /Users/admin/builder/spi-builder-workspace/.swiftpm/xcode
builtin-create-build-directory /Users/admin/builder/spi-builder-workspace/.derivedData/Build/Products
CreateBuildDirectory /Users/admin/builder/spi-builder-workspace/.derivedData/Build/Intermediates.noindex
cd /Users/admin/builder/spi-builder-workspace/.swiftpm/xcode
builtin-create-build-directory /Users/admin/builder/spi-builder-workspace/.derivedData/Build/Intermediates.noindex
ClangStatCache /Applications/Xcode-27.0.0-Release.Candidate.app/Contents/Developer/Toolchains/XcodeDefault.xctoolchain/usr/bin/clang-stat-cache /Applications/Xcode-27.0.0-Release.Candidate.app/Contents/Developer/Platforms/WatchOS.platform/Developer/SDKs/WatchOS27.0.sdk /Users/admin/builder/spi-builder-workspace/.derivedData/SDKStatCaches.noindex/watchos27.0-24R360-e829b21a6f8c9b70876ba0858053c04477534ef55a1706bf4c1112bbb242f0a2.sdkstatcache
cd /Users/admin/builder/spi-builder-workspace/.swiftpm/xcode
/Applications/Xcode-27.0.0-Release.Candidate.app/Contents/Developer/Toolchains/XcodeDefault.xctoolchain/usr/bin/clang-stat-cache /Applications/Xcode-27.0.0-Release.Candidate.app/Contents/Developer/Platforms/WatchOS.platform/Developer/SDKs/WatchOS27.0.sdk -o /Users/admin/builder/spi-builder-workspace/.derivedData/SDKStatCaches.noindex/watchos27.0-24R360-e829b21a6f8c9b70876ba0858053c04477534ef55a1706bf4c1112bbb242f0a2.sdkstatcache
CreateBuildDirectory /Users/admin/builder/spi-builder-workspace/.derivedData/Build/Intermediates.noindex/SwiftExplicitPrecompiledModules
cd /Users/admin/builder/spi-builder-workspace/.swiftpm/xcode
builtin-create-build-directory /Users/admin/builder/spi-builder-workspace/.derivedData/Build/Intermediates.noindex/SwiftExplicitPrecompiledModules
CreateBuildDirectory /Users/admin/builder/spi-builder-workspace/.derivedData/Build/Intermediates.noindex/PrecompiledHeaders
cd /Users/admin/builder/spi-builder-workspace/.swiftpm/xcode
builtin-create-build-directory /Users/admin/builder/spi-builder-workspace/.derivedData/Build/Intermediates.noindex/PrecompiledHeaders
CreateBuildDirectory /Users/admin/builder/spi-builder-workspace/.derivedData/Build/Intermediates.noindex/ExplicitPrecompiledModules
cd /Users/admin/builder/spi-builder-workspace/.swiftpm/xcode
builtin-create-build-directory /Users/admin/builder/spi-builder-workspace/.derivedData/Build/Intermediates.noindex/ExplicitPrecompiledModules
CreateBuildDirectory /Users/admin/builder/spi-builder-workspace/.derivedData/Build/Products/Debug-watchos
cd /Users/admin/builder/spi-builder-workspace/.swiftpm/xcode
builtin-create-build-directory /Users/admin/builder/spi-builder-workspace/.derivedData/Build/Products/Debug-watchos
CreateBuildDirectory /Users/admin/builder/spi-builder-workspace/.derivedData/Build/Intermediates.noindex/EagerLinkingTBDs/Debug-watchos
cd /Users/admin/builder/spi-builder-workspace/.swiftpm/xcode
builtin-create-build-directory /Users/admin/builder/spi-builder-workspace/.derivedData/Build/Intermediates.noindex/EagerLinkingTBDs/Debug-watchos
CreateBuildDirectory /Users/admin/builder/spi-builder-workspace/.derivedData/Build/Products/Debug-watchos/PackageFrameworks
cd /Users/admin/builder/spi-builder-workspace/.swiftpm/xcode
builtin-create-build-directory /Users/admin/builder/spi-builder-workspace/.derivedData/Build/Products/Debug-watchos/PackageFrameworks
WriteAuxiliaryFile /Users/admin/builder/spi-builder-workspace/.derivedData/Build/Intermediates.noindex/AlgoChecker.build/Debug-watchos/AlgoChecker-t.build/Objects-normal/arm64_32/AlgoChecker.LinkFileList (in target 'AlgoChecker' from project 'AlgoChecker')
cd /Users/admin/builder/spi-builder-workspace
write-file /Users/admin/builder/spi-builder-workspace/.derivedData/Build/Intermediates.noindex/AlgoChecker.build/Debug-watchos/AlgoChecker-t.build/Objects-normal/arm64_32/AlgoChecker.LinkFileList
WriteAuxiliaryFile /Users/admin/builder/spi-builder-workspace/.derivedData/Build/Intermediates.noindex/AlgoChecker.build/Debug-watchos/AlgoChecker-t.build/Objects-normal/arm64_32/AlgoChecker.SwiftFileList (in target 'AlgoChecker' from project 'AlgoChecker')
cd /Users/admin/builder/spi-builder-workspace
write-file /Users/admin/builder/spi-builder-workspace/.derivedData/Build/Intermediates.noindex/AlgoChecker.build/Debug-watchos/AlgoChecker-t.build/Objects-normal/arm64_32/AlgoChecker.SwiftFileList
WriteAuxiliaryFile /Users/admin/builder/spi-builder-workspace/.derivedData/Build/Intermediates.noindex/AlgoChecker.build/Debug-watchos/AlgoChecker-t.build/Objects-normal/arm64_32/AlgoChecker-OutputFileMap.json (in target 'AlgoChecker' from project 'AlgoChecker')
cd /Users/admin/builder/spi-builder-workspace
write-file /Users/admin/builder/spi-builder-workspace/.derivedData/Build/Intermediates.noindex/AlgoChecker.build/Debug-watchos/AlgoChecker-t.build/Objects-normal/arm64_32/AlgoChecker-OutputFileMap.json
WriteAuxiliaryFile /Users/admin/builder/spi-builder-workspace/.derivedData/Build/Intermediates.noindex/AlgoChecker.build/Debug-watchos/AlgoChecker-t.build/Objects-normal/arm64/AlgoChecker.SwiftFileList (in target 'AlgoChecker' from project 'AlgoChecker')
cd /Users/admin/builder/spi-builder-workspace
write-file /Users/admin/builder/spi-builder-workspace/.derivedData/Build/Intermediates.noindex/AlgoChecker.build/Debug-watchos/AlgoChecker-t.build/Objects-normal/arm64/AlgoChecker.SwiftFileList
WriteAuxiliaryFile /Users/admin/builder/spi-builder-workspace/.derivedData/Build/Intermediates.noindex/AlgoChecker.build/Debug-watchos/AlgoChecker-t.build/Objects-normal/arm64/AlgoChecker-OutputFileMap.json (in target 'AlgoChecker' from project 'AlgoChecker')
cd /Users/admin/builder/spi-builder-workspace
write-file /Users/admin/builder/spi-builder-workspace/.derivedData/Build/Intermediates.noindex/AlgoChecker.build/Debug-watchos/AlgoChecker-t.build/Objects-normal/arm64/AlgoChecker-OutputFileMap.json
WriteAuxiliaryFile /Users/admin/builder/spi-builder-workspace/.derivedData/Build/Intermediates.noindex/AlgoChecker.build/Debug-watchos/AlgoChecker-t.build/Objects-normal/arm64_32/AlgoChecker.SwiftConstValuesFileList (in target 'AlgoChecker' from project 'AlgoChecker')
cd /Users/admin/builder/spi-builder-workspace
write-file /Users/admin/builder/spi-builder-workspace/.derivedData/Build/Intermediates.noindex/AlgoChecker.build/Debug-watchos/AlgoChecker-t.build/Objects-normal/arm64_32/AlgoChecker.SwiftConstValuesFileList
WriteAuxiliaryFile /Users/admin/builder/spi-builder-workspace/.derivedData/Build/Intermediates.noindex/AlgoChecker.build/Debug-watchos/AlgoChecker-t.build/Objects-normal/arm64/AlgoChecker.SwiftConstValuesFileList (in target 'AlgoChecker' from project 'AlgoChecker')
cd /Users/admin/builder/spi-builder-workspace
write-file /Users/admin/builder/spi-builder-workspace/.derivedData/Build/Intermediates.noindex/AlgoChecker.build/Debug-watchos/AlgoChecker-t.build/Objects-normal/arm64/AlgoChecker.SwiftConstValuesFileList
WriteAuxiliaryFile /Users/admin/builder/spi-builder-workspace/.derivedData/Build/Intermediates.noindex/AlgoChecker.build/Debug-watchos/AlgoChecker-t.build/Objects-normal/arm64_32/AlgoChecker_const_extract_protocols.json (in target 'AlgoChecker' from project 'AlgoChecker')
cd /Users/admin/builder/spi-builder-workspace
write-file /Users/admin/builder/spi-builder-workspace/.derivedData/Build/Intermediates.noindex/AlgoChecker.build/Debug-watchos/AlgoChecker-t.build/Objects-normal/arm64_32/AlgoChecker_const_extract_protocols.json
WriteAuxiliaryFile /Users/admin/builder/spi-builder-workspace/.derivedData/Build/Intermediates.noindex/AlgoChecker.build/Debug-watchos/AlgoChecker-t.build/Objects-normal/arm64/AlgoChecker_const_extract_protocols.json (in target 'AlgoChecker' from project 'AlgoChecker')
cd /Users/admin/builder/spi-builder-workspace
write-file /Users/admin/builder/spi-builder-workspace/.derivedData/Build/Intermediates.noindex/AlgoChecker.build/Debug-watchos/AlgoChecker-t.build/Objects-normal/arm64/AlgoChecker_const_extract_protocols.json
WriteAuxiliaryFile /Users/admin/builder/spi-builder-workspace/.derivedData/Build/Intermediates.noindex/AlgoChecker.build/Debug-watchos/AlgoChecker-t.build/Objects-normal/arm64/AlgoChecker.LinkFileList (in target 'AlgoChecker' from project 'AlgoChecker')
cd /Users/admin/builder/spi-builder-workspace
write-file /Users/admin/builder/spi-builder-workspace/.derivedData/Build/Intermediates.noindex/AlgoChecker.build/Debug-watchos/AlgoChecker-t.build/Objects-normal/arm64/AlgoChecker.LinkFileList
WriteAuxiliaryFile /Users/admin/builder/spi-builder-workspace/.derivedData/Build/Intermediates.noindex/AlgoChecker.build/Debug-watchos/AlgoChecker-t.build/AlgoChecker.modulemap (in target 'AlgoChecker' from project 'AlgoChecker')
cd /Users/admin/builder/spi-builder-workspace
write-file /Users/admin/builder/spi-builder-workspace/.derivedData/Build/Intermediates.noindex/AlgoChecker.build/Debug-watchos/AlgoChecker-t.build/AlgoChecker.modulemap
WriteAuxiliaryFile /Users/admin/builder/spi-builder-workspace/.derivedData/Build/Intermediates.noindex/AlgoChecker.build/Debug-watchos/AlgoChecker-t.build/AlgoChecker.DependencyStaticMetadataFileList (in target 'AlgoChecker' from project 'AlgoChecker')
cd /Users/admin/builder/spi-builder-workspace
write-file /Users/admin/builder/spi-builder-workspace/.derivedData/Build/Intermediates.noindex/AlgoChecker.build/Debug-watchos/AlgoChecker-t.build/AlgoChecker.DependencyStaticMetadataFileList
WriteAuxiliaryFile /Users/admin/builder/spi-builder-workspace/.derivedData/Build/Intermediates.noindex/AlgoChecker.build/Debug-watchos/AlgoChecker-t.build/AlgoChecker.DependencyMetadataFileList (in target 'AlgoChecker' from project 'AlgoChecker')
cd /Users/admin/builder/spi-builder-workspace
write-file /Users/admin/builder/spi-builder-workspace/.derivedData/Build/Intermediates.noindex/AlgoChecker.build/Debug-watchos/AlgoChecker-t.build/AlgoChecker.DependencyMetadataFileList
Copy /Users/admin/builder/spi-builder-workspace/.derivedData/Build/Intermediates.noindex/GeneratedModuleMaps-watchos/AlgoChecker.modulemap /Users/admin/builder/spi-builder-workspace/.derivedData/Build/Intermediates.noindex/AlgoChecker.build/Debug-watchos/AlgoChecker-t.build/AlgoChecker.modulemap (in target 'AlgoChecker' from project 'AlgoChecker')
cd /Users/admin/builder/spi-builder-workspace
builtin-copy -exclude .DS_Store -exclude CVS -exclude .svn -exclude .git -exclude .hg -resolve-src-symlinks /Users/admin/builder/spi-builder-workspace/.derivedData/Build/Intermediates.noindex/AlgoChecker.build/Debug-watchos/AlgoChecker-t.build/AlgoChecker.modulemap /Users/admin/builder/spi-builder-workspace/.derivedData/Build/Intermediates.noindex/GeneratedModuleMaps-watchos
SwiftDriver AlgoChecker normal arm64 com.apple.xcode.tools.swift.compiler (in target 'AlgoChecker' from project 'AlgoChecker')
cd /Users/admin/builder/spi-builder-workspace/.swiftpm/xcode
builtin-SwiftDriver -- /Applications/Xcode-27.0.0-Release.Candidate.app/Contents/Developer/Toolchains/XcodeDefault.xctoolchain/usr/bin/swiftc -parse-as-library -module-name AlgoChecker -Onone @/Users/admin/builder/spi-builder-workspace/.derivedData/Build/Intermediates.noindex/AlgoChecker.build/Debug-watchos/AlgoChecker-t.build/Objects-normal/arm64/AlgoChecker.SwiftFileList -DSWIFT_PACKAGE -DDEBUG -DSWIFT_MODULE_RESOURCE_BUNDLE_UNAVAILABLE -DXcode -plugin-path /Applications/Xcode-27.0.0-Release.Candidate.app/Contents/Developer/Toolchains/XcodeDefault.xctoolchain/usr/lib/swift/host/plugins/testing -enable-experimental-feature DebugDescriptionMacro -sdk /Applications/Xcode-27.0.0-Release.Candidate.app/Contents/Developer/Platforms/WatchOS.platform/Developer/SDKs/WatchOS27.0.sdk -target arm64-apple-watchos9.0 -g -module-cache-path /Users/admin/builder/spi-builder-workspace/.derivedData/ModuleCache.noindex -Xfrontend -serialize-debugging-options -profile-coverage-mapping -profile-generate -enable-testing -index-store-path /Users/admin/builder/spi-builder-workspace/.derivedData/Index.noindex/DataStore -Xcc -D_LIBCPP_HARDENING_MODE\=_LIBCPP_HARDENING_MODE_DEBUG -swift-version 4.2 -I /Users/admin/builder/spi-builder-workspace/.derivedData/Build/Products/Debug-watchos -Isystem /Applications/Xcode-27.0.0-Release.Candidate.app/Contents/Developer/Platforms/WatchOS.platform/Developer/usr/lib -F /Users/admin/builder/spi-builder-workspace/.derivedData/Build/Products/Debug-watchos -F /Applications/Xcode-27.0.0-Release.Candidate.app/Contents/Developer/Platforms/WatchOS.platform/Developer/Library/Frameworks -F /Applications/Xcode-27.0.0-Release.Candidate.app/Contents/Developer/Platforms/WatchOS.platform/Developer/SDKs/WatchOS27.0.sdk/Developer/Library/Frameworks -c -j10 -enable-batch-mode -incremental -Xcc -ivfsstatcache -Xcc /Users/admin/builder/spi-builder-workspace/.derivedData/SDKStatCaches.noindex/watchos27.0-24R360-e829b21a6f8c9b70876ba0858053c04477534ef55a1706bf4c1112bbb242f0a2.sdkstatcache -output-file-map /Users/admin/builder/spi-builder-workspace/.derivedData/Build/Intermediates.noindex/AlgoChecker.build/Debug-watchos/AlgoChecker-t.build/Objects-normal/arm64/AlgoChecker-OutputFileMap.json -save-temps -no-color-diagnostics -emit-dependencies -emit-module -emit-module-path /Users/admin/builder/spi-builder-workspace/.derivedData/Build/Intermediates.noindex/AlgoChecker.build/Debug-watchos/AlgoChecker-t.build/Objects-normal/arm64/AlgoChecker.swiftmodule -serialize-diagnostics -validate-clang-modules-once -clang-build-session-file /Users/admin/builder/spi-builder-workspace/.derivedData/ModuleCache.noindex/Session.modulevalidation -Xcc -fmodules-prune-interval\=86400 -Xcc -fmodules-prune-after\=345600 -emit-const-values -const-gather-protocols-list /Users/admin/builder/spi-builder-workspace/.derivedData/Build/Intermediates.noindex/AlgoChecker.build/Debug-watchos/AlgoChecker-t.build/Objects-normal/arm64/AlgoChecker_const_extract_protocols.json -Xcc -I/Users/admin/builder/spi-builder-workspace/.derivedData/Build/Products/Debug-watchos/include -Xcc -I/Users/admin/builder/spi-builder-workspace/.derivedData/Build/Intermediates.noindex/AlgoChecker.build/Debug-watchos/AlgoChecker-t.build/DerivedSources-normal/arm64 -Xcc -I/Users/admin/builder/spi-builder-workspace/.derivedData/Build/Intermediates.noindex/AlgoChecker.build/Debug-watchos/AlgoChecker-t.build/DerivedSources/arm64 -Xcc -I/Users/admin/builder/spi-builder-workspace/.derivedData/Build/Intermediates.noindex/AlgoChecker.build/Debug-watchos/AlgoChecker-t.build/DerivedSources -Xcc -DSWIFT_PACKAGE -Xcc -DDEBUG\=1 -emit-objc-header -emit-objc-header-path /Users/admin/builder/spi-builder-workspace/.derivedData/Build/Intermediates.noindex/AlgoChecker.build/Debug-watchos/AlgoChecker-t.build/Objects-normal/arm64/AlgoChecker-Swift.h -working-directory /Users/admin/builder/spi-builder-workspace/.swiftpm/xcode -experimental-emit-module-separately -disable-cmo
SwiftDriver AlgoChecker normal arm64_32 com.apple.xcode.tools.swift.compiler (in target 'AlgoChecker' from project 'AlgoChecker')
cd /Users/admin/builder/spi-builder-workspace/.swiftpm/xcode
builtin-SwiftDriver -- /Applications/Xcode-27.0.0-Release.Candidate.app/Contents/Developer/Toolchains/XcodeDefault.xctoolchain/usr/bin/swiftc -parse-as-library -module-name AlgoChecker -Onone @/Users/admin/builder/spi-builder-workspace/.derivedData/Build/Intermediates.noindex/AlgoChecker.build/Debug-watchos/AlgoChecker-t.build/Objects-normal/arm64_32/AlgoChecker.SwiftFileList -DSWIFT_PACKAGE -DDEBUG -DSWIFT_MODULE_RESOURCE_BUNDLE_UNAVAILABLE -DXcode -plugin-path /Applications/Xcode-27.0.0-Release.Candidate.app/Contents/Developer/Toolchains/XcodeDefault.xctoolchain/usr/lib/swift/host/plugins/testing -enable-experimental-feature DebugDescriptionMacro -sdk /Applications/Xcode-27.0.0-Release.Candidate.app/Contents/Developer/Platforms/WatchOS.platform/Developer/SDKs/WatchOS27.0.sdk -target arm64_32-apple-watchos9.0 -g -module-cache-path /Users/admin/builder/spi-builder-workspace/.derivedData/ModuleCache.noindex -Xfrontend -serialize-debugging-options -profile-coverage-mapping -profile-generate -enable-testing -index-store-path /Users/admin/builder/spi-builder-workspace/.derivedData/Index.noindex/DataStore -Xcc -D_LIBCPP_HARDENING_MODE\=_LIBCPP_HARDENING_MODE_DEBUG -swift-version 4.2 -I /Users/admin/builder/spi-builder-workspace/.derivedData/Build/Products/Debug-watchos -Isystem /Applications/Xcode-27.0.0-Release.Candidate.app/Contents/Developer/Platforms/WatchOS.platform/Developer/usr/lib -F /Users/admin/builder/spi-builder-workspace/.derivedData/Build/Products/Debug-watchos -F /Applications/Xcode-27.0.0-Release.Candidate.app/Contents/Developer/Platforms/WatchOS.platform/Developer/Library/Frameworks -F /Applications/Xcode-27.0.0-Release.Candidate.app/Contents/Developer/Platforms/WatchOS.platform/Developer/SDKs/WatchOS27.0.sdk/Developer/Library/Frameworks -c -j10 -enable-batch-mode -incremental -Xcc -ivfsstatcache -Xcc /Users/admin/builder/spi-builder-workspace/.derivedData/SDKStatCaches.noindex/watchos27.0-24R360-e829b21a6f8c9b70876ba0858053c04477534ef55a1706bf4c1112bbb242f0a2.sdkstatcache -output-file-map /Users/admin/builder/spi-builder-workspace/.derivedData/Build/Intermediates.noindex/AlgoChecker.build/Debug-watchos/AlgoChecker-t.build/Objects-normal/arm64_32/AlgoChecker-OutputFileMap.json -save-temps -no-color-diagnostics -emit-dependencies -emit-module -emit-module-path /Users/admin/builder/spi-builder-workspace/.derivedData/Build/Intermediates.noindex/AlgoChecker.build/Debug-watchos/AlgoChecker-t.build/Objects-normal/arm64_32/AlgoChecker.swiftmodule -serialize-diagnostics -validate-clang-modules-once -clang-build-session-file /Users/admin/builder/spi-builder-workspace/.derivedData/ModuleCache.noindex/Session.modulevalidation -Xcc -fmodules-prune-interval\=86400 -Xcc -fmodules-prune-after\=345600 -emit-const-values -const-gather-protocols-list /Users/admin/builder/spi-builder-workspace/.derivedData/Build/Intermediates.noindex/AlgoChecker.build/Debug-watchos/AlgoChecker-t.build/Objects-normal/arm64_32/AlgoChecker_const_extract_protocols.json -Xcc -I/Users/admin/builder/spi-builder-workspace/.derivedData/Build/Products/Debug-watchos/include -Xcc -I/Users/admin/builder/spi-builder-workspace/.derivedData/Build/Intermediates.noindex/AlgoChecker.build/Debug-watchos/AlgoChecker-t.build/DerivedSources-normal/arm64_32 -Xcc -I/Users/admin/builder/spi-builder-workspace/.derivedData/Build/Intermediates.noindex/AlgoChecker.build/Debug-watchos/AlgoChecker-t.build/DerivedSources/arm64_32 -Xcc -I/Users/admin/builder/spi-builder-workspace/.derivedData/Build/Intermediates.noindex/AlgoChecker.build/Debug-watchos/AlgoChecker-t.build/DerivedSources -Xcc -DSWIFT_PACKAGE -Xcc -DDEBUG\=1 -emit-objc-header -emit-objc-header-path /Users/admin/builder/spi-builder-workspace/.derivedData/Build/Intermediates.noindex/AlgoChecker.build/Debug-watchos/AlgoChecker-t.build/Objects-normal/arm64_32/AlgoChecker-Swift.h -working-directory /Users/admin/builder/spi-builder-workspace/.swiftpm/xcode -experimental-emit-module-separately -disable-cmo
SwiftCompile normal arm64 Compiling\ Experimental.swift /Users/admin/builder/spi-builder-workspace/Sources/AlgoChecker/Experimental.swift (in target 'AlgoChecker' from project 'AlgoChecker')
SwiftCompile normal arm64 /Users/admin/builder/spi-builder-workspace/Sources/AlgoChecker/Experimental.swift (in target 'AlgoChecker' from project 'AlgoChecker')
cd /Users/admin/builder/spi-builder-workspace/.swiftpm/xcode
builtin-SwiftPerFileCompile Experimental.swift
SwiftEmitModule normal arm64 Emitting\ module\ for\ AlgoChecker (in target 'AlgoChecker' from project 'AlgoChecker')
SwiftCompile normal arm64 (in target 'AlgoChecker' from project 'AlgoChecker')
cd /Users/admin/builder/spi-builder-workspace/.swiftpm/xcode
SwiftEmitModule normal arm64_32 Emitting\ module\ for\ AlgoChecker (in target 'AlgoChecker' from project 'AlgoChecker')
SwiftCompile normal arm64_32 (in target 'AlgoChecker' from project 'AlgoChecker')
cd /Users/admin/builder/spi-builder-workspace/.swiftpm/xcode
SwiftCompile normal arm64 Compiling\ AlgoChecker.swift /Users/admin/builder/spi-builder-workspace/Sources/AlgoChecker/AlgoChecker.swift (in target 'AlgoChecker' from project 'AlgoChecker')
SwiftCompile normal arm64 /Users/admin/builder/spi-builder-workspace/Sources/AlgoChecker/AlgoChecker.swift (in target 'AlgoChecker' from project 'AlgoChecker')
cd /Users/admin/builder/spi-builder-workspace/.swiftpm/xcode
builtin-SwiftPerFileCompile AlgoChecker.swift
/Users/admin/builder/spi-builder-workspace/Sources/AlgoChecker/AlgoChecker.swift:211:29: error: 'CACurrentMediaTime()' is unavailable in watchOS
209 | var ip = InputProvider(state: timeKeeper)
210 | while ip != nil {
211 | let startTime = CACurrentMediaTime()
| `- error: 'CACurrentMediaTime()' is unavailable in watchOS
212 | let executingSize = ip!.currentSize
213 | algorithm.fnBlock(ip!) { result in
/Applications/Xcode-27.0.0-Release.Candidate.app/Contents/Developer/Platforms/WatchOS.platform/Developer/SDKs/WatchOS27.0.sdk/System/Library/Frameworks/QuartzCore.framework/Headers/CABase.h:127:26: note: 'CACurrentMediaTime()' has been explicitly marked unavailable here
125 | * calling mach_absolute_time () and converting the units to seconds. */
126 |
127 | CA_EXTERN CFTimeInterval CACurrentMediaTime (void)
| `- note: 'CACurrentMediaTime()' has been explicitly marked unavailable here
128 | API_AVAILABLE(macos(10.5), ios(2.0)) API_UNAVAILABLE(watchos);
129 |
/Users/admin/builder/spi-builder-workspace/Sources/AlgoChecker/AlgoChecker.swift:214:32: error: 'CACurrentMediaTime()' is unavailable in watchOS
212 | let executingSize = ip!.currentSize
213 | algorithm.fnBlock(ip!) { result in
214 | let stopTime = CACurrentMediaTime()
| `- error: 'CACurrentMediaTime()' is unavailable in watchOS
215 | let timePoint = ComputeTimePoint(size: executingSize, computeTime: stopTime - startTime)
216 | timeKeeper.addTimePoint(timePoint)
/Applications/Xcode-27.0.0-Release.Candidate.app/Contents/Developer/Platforms/WatchOS.platform/Developer/SDKs/WatchOS27.0.sdk/System/Library/Frameworks/QuartzCore.framework/Headers/CABase.h:127:26: note: 'CACurrentMediaTime()' has been explicitly marked unavailable here
125 | * calling mach_absolute_time () and converting the units to seconds. */
126 |
127 | CA_EXTERN CFTimeInterval CACurrentMediaTime (void)
| `- note: 'CACurrentMediaTime()' has been explicitly marked unavailable here
128 | API_AVAILABLE(macos(10.5), ios(2.0)) API_UNAVAILABLE(watchos);
129 |
Failed frontend command:
/Applications/Xcode-27.0.0-Release.Candidate.app/Contents/Developer/Toolchains/XcodeDefault.xctoolchain/usr/bin/swift-frontend -frontend -c -primary-file /Users/admin/builder/spi-builder-workspace/Sources/AlgoChecker/AlgoChecker.swift /Users/admin/builder/spi-builder-workspace/Sources/AlgoChecker/Experimental.swift /Users/admin/builder/spi-builder-workspace/Sources/AlgoChecker/RandomizableInput.swift -emit-dependencies-path /Users/admin/builder/spi-builder-workspace/.derivedData/Build/Intermediates.noindex/AlgoChecker.build/Debug-watchos/AlgoChecker-t.build/Objects-normal/arm64/AlgoChecker.d -emit-const-values-path /Users/admin/builder/spi-builder-workspace/.derivedData/Build/Intermediates.noindex/AlgoChecker.build/Debug-watchos/AlgoChecker-t.build/Objects-normal/arm64/AlgoChecker.swiftconstvalues -emit-reference-dependencies-path /Users/admin/builder/spi-builder-workspace/.derivedData/Build/Intermediates.noindex/AlgoChecker.build/Debug-watchos/AlgoChecker-t.build/Objects-normal/arm64/AlgoChecker.swiftdeps -serialize-diagnostics-path /Users/admin/builder/spi-builder-workspace/.derivedData/Build/Intermediates.noindex/AlgoChecker.build/Debug-watchos/AlgoChecker-t.build/Objects-normal/arm64/AlgoChecker.dia -target arm64-apple-watchos9.0 -Xllvm -aarch64-use-tbi -enable-objc-interop -stack-check -sdk /Applications/Xcode-27.0.0-Release.Candidate.app/Contents/Developer/Platforms/WatchOS.platform/Developer/SDKs/WatchOS27.0.sdk -I /Users/admin/builder/spi-builder-workspace/.derivedData/Build/Products/Debug-watchos -Isystem /Applications/Xcode-27.0.0-Release.Candidate.app/Contents/Developer/Platforms/WatchOS.platform/Developer/usr/lib -F /Users/admin/builder/spi-builder-workspace/.derivedData/Build/Products/Debug-watchos -F /Applications/Xcode-27.0.0-Release.Candidate.app/Contents/Developer/Platforms/WatchOS.platform/Developer/Library/Frameworks -F /Applications/Xcode-27.0.0-Release.Candidate.app/Contents/Developer/Platforms/WatchOS.platform/Developer/SDKs/WatchOS27.0.sdk/Developer/Library/Frameworks -module-cache-path /Users/admin/builder/spi-builder-workspace/.derivedData/ModuleCache.noindex -no-color-diagnostics -Xcc -fno-color-diagnostics -enable-testing -g -debug-info-format\=dwarf -dwarf-version\=4 -profile-generate -profile-coverage-mapping -swift-version 4.2 -Onone -D SWIFT_PACKAGE -D DEBUG -D SWIFT_MODULE_RESOURCE_BUNDLE_UNAVAILABLE -D Xcode -serialize-debugging-options -enable-experimental-feature DebugDescriptionMacro -empty-abi-descriptor -plugin-path /Applications/Xcode-27.0.0-Release.Candidate.app/Contents/Developer/Toolchains/XcodeDefault.xctoolchain/usr/lib/swift/host/plugins/testing -validate-clang-modules-once -clang-build-session-file /Users/admin/builder/spi-builder-workspace/.derivedData/ModuleCache.noindex/Session.modulevalidation -Xcc -working-directory -Xcc /Users/admin/builder/spi-builder-workspace/.swiftpm/xcode -enable-anonymous-context-mangled-names -file-compilation-dir /Users/admin/builder/spi-builder-workspace/.swiftpm/xcode -Xcc -D_LIBCPP_HARDENING_MODE\=_LIBCPP_HARDENING_MODE_DEBUG -Xcc -ivfsstatcache -Xcc /Users/admin/builder/spi-builder-workspace/.derivedData/SDKStatCaches.noindex/watchos27.0-24R360-e829b21a6f8c9b70876ba0858053c04477534ef55a1706bf4c1112bbb242f0a2.sdkstatcache -Xcc -fmodules-prune-interval\=86400 -Xcc -fmodules-prune-after\=345600 -Xcc -I/Users/admin/builder/spi-builder-workspace/.derivedData/Build/Products/Debug-watchos/include -Xcc -I/Users/admin/builder/spi-builder-workspace/.derivedData/Build/Intermediates.noindex/AlgoChecker.build/Debug-watchos/AlgoChecker-t.build/DerivedSources-normal/arm64 -Xcc -I/Users/admin/builder/spi-builder-workspace/.derivedData/Build/Intermediates.noindex/AlgoChecker.build/Debug-watchos/AlgoChecker-t.build/DerivedSources/arm64 -Xcc -I/Users/admin/builder/spi-builder-workspace/.derivedData/Build/Intermediates.noindex/AlgoChecker.build/Debug-watchos/AlgoChecker-t.build/DerivedSources -Xcc -DSWIFT_PACKAGE -Xcc -DDEBUG\=1 -no-auto-bridging-header-chaining -module-name AlgoChecker -const-gather-protocols-file /Users/admin/builder/spi-builder-workspace/.derivedData/Build/Intermediates.noindex/AlgoChecker.build/Debug-watchos/AlgoChecker-t.build/Objects-normal/arm64/AlgoChecker_const_extract_protocols.json -disable-clang-spi -target-sdk-version 27.0 -target-sdk-name watchos27.0 -external-plugin-path /Applications/Xcode-27.0.0-Release.Candidate.app/Contents/Developer/Platforms/WatchOS.platform/Developer/usr/lib/swift/host/plugins\#/Applications/Xcode-27.0.0-Release.Candidate.app/Contents/Developer/Platforms/WatchOS.platform/Developer/usr/bin/swift-plugin-server -external-plugin-path /Applications/Xcode-27.0.0-Release.Candidate.app/Contents/Developer/Platforms/WatchOS.platform/Developer/usr/local/lib/swift/host/plugins\#/Applications/Xcode-27.0.0-Release.Candidate.app/Contents/Developer/Platforms/WatchOS.platform/Developer/usr/bin/swift-plugin-server -in-process-plugin-server-path /Applications/Xcode-27.0.0-Release.Candidate.app/Contents/Developer/Toolchains/XcodeDefault.xctoolchain/usr/lib/swift/host/libSwiftInProcPluginServer.dylib -plugin-path /Applications/Xcode-27.0.0-Release.Candidate.app/Contents/Developer/Toolchains/XcodeDefault.xctoolchain/usr/lib/swift/host/plugins -plugin-path /Applications/Xcode-27.0.0-Release.Candidate.app/Contents/Developer/Toolchains/XcodeDefault.xctoolchain/usr/local/lib/swift/host/plugins -parse-as-library -o /Users/admin/builder/spi-builder-workspace/.derivedData/Build/Intermediates.noindex/AlgoChecker.build/Debug-watchos/AlgoChecker-t.build/Objects-normal/arm64/AlgoChecker.o -index-unit-output-path /AlgoChecker.build/Debug-watchos/AlgoChecker-t.build/Objects-normal/arm64/AlgoChecker.o -index-store-path /Users/admin/builder/spi-builder-workspace/.derivedData/Index.noindex/DataStore -index-system-modules
SwiftCompile normal arm64_32 Compiling\ RandomizableInput.swift /Users/admin/builder/spi-builder-workspace/Sources/AlgoChecker/RandomizableInput.swift (in target 'AlgoChecker' from project 'AlgoChecker')
SwiftCompile normal arm64_32 /Users/admin/builder/spi-builder-workspace/Sources/AlgoChecker/RandomizableInput.swift (in target 'AlgoChecker' from project 'AlgoChecker')
cd /Users/admin/builder/spi-builder-workspace/.swiftpm/xcode
builtin-SwiftPerFileCompile RandomizableInput.swift
SwiftCompile normal arm64 Compiling\ RandomizableInput.swift /Users/admin/builder/spi-builder-workspace/Sources/AlgoChecker/RandomizableInput.swift (in target 'AlgoChecker' from project 'AlgoChecker')
SwiftCompile normal arm64 /Users/admin/builder/spi-builder-workspace/Sources/AlgoChecker/RandomizableInput.swift (in target 'AlgoChecker' from project 'AlgoChecker')
cd /Users/admin/builder/spi-builder-workspace/.swiftpm/xcode
builtin-SwiftPerFileCompile RandomizableInput.swift
SwiftCompile normal arm64_32 Compiling\ AlgoChecker.swift /Users/admin/builder/spi-builder-workspace/Sources/AlgoChecker/AlgoChecker.swift (in target 'AlgoChecker' from project 'AlgoChecker')
/Users/admin/builder/spi-builder-workspace/Sources/AlgoChecker/AlgoChecker.swift:211:29: error: 'CACurrentMediaTime()' is unavailable in watchOS
209 | var ip = InputProvider(state: timeKeeper)
210 | while ip != nil {
211 | let startTime = CACurrentMediaTime()
| `- error: 'CACurrentMediaTime()' is unavailable in watchOS
212 | let executingSize = ip!.currentSize
213 | algorithm.fnBlock(ip!) { result in
/Applications/Xcode-27.0.0-Release.Candidate.app/Contents/Developer/Platforms/WatchOS.platform/Developer/SDKs/WatchOS27.0.sdk/System/Library/Frameworks/QuartzCore.framework/Headers/CABase.h:127:26: note: 'CACurrentMediaTime()' has been explicitly marked unavailable here
125 | * calling mach_absolute_time () and converting the units to seconds. */
126 |
127 | CA_EXTERN CFTimeInterval CACurrentMediaTime (void)
| `- note: 'CACurrentMediaTime()' has been explicitly marked unavailable here
128 | API_AVAILABLE(macos(10.5), ios(2.0)) API_UNAVAILABLE(watchos);
129 |
/Users/admin/builder/spi-builder-workspace/Sources/AlgoChecker/AlgoChecker.swift:214:32: error: 'CACurrentMediaTime()' is unavailable in watchOS
212 | let executingSize = ip!.currentSize
213 | algorithm.fnBlock(ip!) { result in
214 | let stopTime = CACurrentMediaTime()
| `- error: 'CACurrentMediaTime()' is unavailable in watchOS
215 | let timePoint = ComputeTimePoint(size: executingSize, computeTime: stopTime - startTime)
216 | timeKeeper.addTimePoint(timePoint)
/Applications/Xcode-27.0.0-Release.Candidate.app/Contents/Developer/Platforms/WatchOS.platform/Developer/SDKs/WatchOS27.0.sdk/System/Library/Frameworks/QuartzCore.framework/Headers/CABase.h:127:26: note: 'CACurrentMediaTime()' has been explicitly marked unavailable here
125 | * calling mach_absolute_time () and converting the units to seconds. */
126 |
127 | CA_EXTERN CFTimeInterval CACurrentMediaTime (void)
| `- note: 'CACurrentMediaTime()' has been explicitly marked unavailable here
128 | API_AVAILABLE(macos(10.5), ios(2.0)) API_UNAVAILABLE(watchos);
129 |
Failed frontend command:
/Applications/Xcode-27.0.0-Release.Candidate.app/Contents/Developer/Toolchains/XcodeDefault.xctoolchain/usr/bin/swift-frontend -frontend -c -primary-file /Users/admin/builder/spi-builder-workspace/Sources/AlgoChecker/AlgoChecker.swift /Users/admin/builder/spi-builder-workspace/Sources/AlgoChecker/Experimental.swift /Users/admin/builder/spi-builder-workspace/Sources/AlgoChecker/RandomizableInput.swift -emit-dependencies-path /Users/admin/builder/spi-builder-workspace/.derivedData/Build/Intermediates.noindex/AlgoChecker.build/Debug-watchos/AlgoChecker-t.build/Objects-normal/arm64_32/AlgoChecker.d -emit-const-values-path /Users/admin/builder/spi-builder-workspace/.derivedData/Build/Intermediates.noindex/AlgoChecker.build/Debug-watchos/AlgoChecker-t.build/Objects-normal/arm64_32/AlgoChecker.swiftconstvalues -emit-reference-dependencies-path /Users/admin/builder/spi-builder-workspace/.derivedData/Build/Intermediates.noindex/AlgoChecker.build/Debug-watchos/AlgoChecker-t.build/Objects-normal/arm64_32/AlgoChecker.swiftdeps -serialize-diagnostics-path /Users/admin/builder/spi-builder-workspace/.derivedData/Build/Intermediates.noindex/AlgoChecker.build/Debug-watchos/AlgoChecker-t.build/Objects-normal/arm64_32/AlgoChecker.dia -target arm64_32-apple-watchos9.0 -enable-objc-interop -sdk /Applications/Xcode-27.0.0-Release.Candidate.app/Contents/Developer/Platforms/WatchOS.platform/Developer/SDKs/WatchOS27.0.sdk -I /Users/admin/builder/spi-builder-workspace/.derivedData/Build/Products/Debug-watchos -Isystem /Applications/Xcode-27.0.0-Release.Candidate.app/Contents/Developer/Platforms/WatchOS.platform/Developer/usr/lib -F /Users/admin/builder/spi-builder-workspace/.derivedData/Build/Products/Debug-watchos -F /Applications/Xcode-27.0.0-Release.Candidate.app/Contents/Developer/Platforms/WatchOS.platform/Developer/Library/Frameworks -F /Applications/Xcode-27.0.0-Release.Candidate.app/Contents/Developer/Platforms/WatchOS.platform/Developer/SDKs/WatchOS27.0.sdk/Developer/Library/Frameworks -module-cache-path /Users/admin/builder/spi-builder-workspace/.derivedData/ModuleCache.noindex -no-color-diagnostics -Xcc -fno-color-diagnostics -enable-testing -g -debug-info-format\=dwarf -dwarf-version\=4 -profile-generate -profile-coverage-mapping -swift-version 4.2 -Onone -D SWIFT_PACKAGE -D DEBUG -D SWIFT_MODULE_RESOURCE_BUNDLE_UNAVAILABLE -D Xcode -serialize-debugging-options -enable-experimental-feature DebugDescriptionMacro -empty-abi-descriptor -plugin-path /Applications/Xcode-27.0.0-Release.Candidate.app/Contents/Developer/Toolchains/XcodeDefault.xctoolchain/usr/lib/swift/host/plugins/testing -validate-clang-modules-once -clang-build-session-file /Users/admin/builder/spi-builder-workspace/.derivedData/ModuleCache.noindex/Session.modulevalidation -Xcc -working-directory -Xcc /Users/admin/builder/spi-builder-workspace/.swiftpm/xcode -enable-anonymous-context-mangled-names -file-compilation-dir /Users/admin/builder/spi-builder-workspace/.swiftpm/xcode -Xcc -D_LIBCPP_HARDENING_MODE\=_LIBCPP_HARDENING_MODE_DEBUG -Xcc -ivfsstatcache -Xcc /Users/admin/builder/spi-builder-workspace/.derivedData/SDKStatCaches.noindex/watchos27.0-24R360-e829b21a6f8c9b70876ba0858053c04477534ef55a1706bf4c1112bbb242f0a2.sdkstatcache -Xcc -fmodules-prune-interval\=86400 -Xcc -fmodules-prune-after\=345600 -Xcc -I/Users/admin/builder/spi-builder-workspace/.derivedData/Build/Products/Debug-watchos/include -Xcc -I/Users/admin/builder/spi-builder-workspace/.derivedData/Build/Intermediates.noindex/AlgoChecker.build/Debug-watchos/AlgoChecker-t.build/DerivedSources-normal/arm64_32 -Xcc -I/Users/admin/builder/spi-builder-workspace/.derivedData/Build/Intermediates.noindex/AlgoChecker.build/Debug-watchos/AlgoChecker-t.build/DerivedSources/arm64_32 -Xcc -I/Users/admin/builder/spi-builder-workspace/.derivedData/Build/Intermediates.noindex/AlgoChecker.build/Debug-watchos/AlgoChecker-t.build/DerivedSources -Xcc -DSWIFT_PACKAGE -Xcc -DDEBUG\=1 -no-auto-bridging-header-chaining -module-name AlgoChecker -const-gather-protocols-file /Users/admin/builder/spi-builder-workspace/.derivedData/Build/Intermediates.noindex/AlgoChecker.build/Debug-watchos/AlgoChecker-t.build/Objects-normal/arm64_32/AlgoChecker_const_extract_protocols.json -disable-clang-spi -target-sdk-version 27.0 -target-sdk-name watchos27.0 -external-plugin-path /Applications/Xcode-27.0.0-Release.Candidate.app/Contents/Developer/Platforms/WatchOS.platform/Developer/usr/lib/swift/host/plugins\#/Applications/Xcode-27.0.0-Release.Candidate.app/Contents/Developer/Platforms/WatchOS.platform/Developer/usr/bin/swift-plugin-server -external-plugin-path /Applications/Xcode-27.0.0-Release.Candidate.app/Contents/Developer/Platforms/WatchOS.platform/Developer/usr/local/lib/swift/host/plugins\#/Applications/Xcode-27.0.0-Release.Candidate.app/Contents/Developer/Platforms/WatchOS.platform/Developer/usr/bin/swift-plugin-server -in-process-plugin-server-path /Applications/Xcode-27.0.0-Release.Candidate.app/Contents/Developer/Toolchains/XcodeDefault.xctoolchain/usr/lib/swift/host/libSwiftInProcPluginServer.dylib -plugin-path /Applications/Xcode-27.0.0-Release.Candidate.app/Contents/Developer/Toolchains/XcodeDefault.xctoolchain/usr/lib/swift/host/plugins -plugin-path /Applications/Xcode-27.0.0-Release.Candidate.app/Contents/Developer/Toolchains/XcodeDefault.xctoolchain/usr/local/lib/swift/host/plugins -parse-as-library -o /Users/admin/builder/spi-builder-workspace/.derivedData/Build/Intermediates.noindex/AlgoChecker.build/Debug-watchos/AlgoChecker-t.build/Objects-normal/arm64_32/AlgoChecker.o -index-unit-output-path /AlgoChecker.build/Debug-watchos/AlgoChecker-t.build/Objects-normal/arm64_32/AlgoChecker.o -index-store-path /Users/admin/builder/spi-builder-workspace/.derivedData/Index.noindex/DataStore -index-system-modules
SwiftCompile normal arm64_32 /Users/admin/builder/spi-builder-workspace/Sources/AlgoChecker/AlgoChecker.swift (in target 'AlgoChecker' from project 'AlgoChecker')
cd /Users/admin/builder/spi-builder-workspace/.swiftpm/xcode
builtin-SwiftPerFileCompile AlgoChecker.swift
SwiftCompile normal arm64_32 Compiling\ Experimental.swift /Users/admin/builder/spi-builder-workspace/Sources/AlgoChecker/Experimental.swift (in target 'AlgoChecker' from project 'AlgoChecker')
SwiftCompile normal arm64_32 /Users/admin/builder/spi-builder-workspace/Sources/AlgoChecker/Experimental.swift (in target 'AlgoChecker' from project 'AlgoChecker')
cd /Users/admin/builder/spi-builder-workspace/.swiftpm/xcode
builtin-SwiftPerFileCompile Experimental.swift
SwiftDriverJobDiscovery normal arm64 Emitting module for AlgoChecker (in target 'AlgoChecker' from project 'AlgoChecker')
SwiftDriver\ Compilation\ Requirements AlgoChecker normal arm64 com.apple.xcode.tools.swift.compiler (in target 'AlgoChecker' from project 'AlgoChecker')
cd /Users/admin/builder/spi-builder-workspace/.swiftpm/xcode
builtin-Swift-Compilation-Requirements -- /Applications/Xcode-27.0.0-Release.Candidate.app/Contents/Developer/Toolchains/XcodeDefault.xctoolchain/usr/bin/swiftc -parse-as-library -module-name AlgoChecker -Onone @/Users/admin/builder/spi-builder-workspace/.derivedData/Build/Intermediates.noindex/AlgoChecker.build/Debug-watchos/AlgoChecker-t.build/Objects-normal/arm64/AlgoChecker.SwiftFileList -DSWIFT_PACKAGE -DDEBUG -DSWIFT_MODULE_RESOURCE_BUNDLE_UNAVAILABLE -DXcode -plugin-path /Applications/Xcode-27.0.0-Release.Candidate.app/Contents/Developer/Toolchains/XcodeDefault.xctoolchain/usr/lib/swift/host/plugins/testing -enable-experimental-feature DebugDescriptionMacro -sdk /Applications/Xcode-27.0.0-Release.Candidate.app/Contents/Developer/Platforms/WatchOS.platform/Developer/SDKs/WatchOS27.0.sdk -target arm64-apple-watchos9.0 -g -module-cache-path /Users/admin/builder/spi-builder-workspace/.derivedData/ModuleCache.noindex -Xfrontend -serialize-debugging-options -profile-coverage-mapping -profile-generate -enable-testing -index-store-path /Users/admin/builder/spi-builder-workspace/.derivedData/Index.noindex/DataStore -Xcc -D_LIBCPP_HARDENING_MODE\=_LIBCPP_HARDENING_MODE_DEBUG -swift-version 4.2 -I /Users/admin/builder/spi-builder-workspace/.derivedData/Build/Products/Debug-watchos -Isystem /Applications/Xcode-27.0.0-Release.Candidate.app/Contents/Developer/Platforms/WatchOS.platform/Developer/usr/lib -F /Users/admin/builder/spi-builder-workspace/.derivedData/Build/Products/Debug-watchos -F /Applications/Xcode-27.0.0-Release.Candidate.app/Contents/Developer/Platforms/WatchOS.platform/Developer/Library/Frameworks -F /Applications/Xcode-27.0.0-Release.Candidate.app/Contents/Developer/Platforms/WatchOS.platform/Developer/SDKs/WatchOS27.0.sdk/Developer/Library/Frameworks -c -j10 -enable-batch-mode -incremental -Xcc -ivfsstatcache -Xcc /Users/admin/builder/spi-builder-workspace/.derivedData/SDKStatCaches.noindex/watchos27.0-24R360-e829b21a6f8c9b70876ba0858053c04477534ef55a1706bf4c1112bbb242f0a2.sdkstatcache -output-file-map /Users/admin/builder/spi-builder-workspace/.derivedData/Build/Intermediates.noindex/AlgoChecker.build/Debug-watchos/AlgoChecker-t.build/Objects-normal/arm64/AlgoChecker-OutputFileMap.json -save-temps -no-color-diagnostics -emit-dependencies -emit-module -emit-module-path /Users/admin/builder/spi-builder-workspace/.derivedData/Build/Intermediates.noindex/AlgoChecker.build/Debug-watchos/AlgoChecker-t.build/Objects-normal/arm64/AlgoChecker.swiftmodule -serialize-diagnostics -validate-clang-modules-once -clang-build-session-file /Users/admin/builder/spi-builder-workspace/.derivedData/ModuleCache.noindex/Session.modulevalidation -Xcc -fmodules-prune-interval\=86400 -Xcc -fmodules-prune-after\=345600 -emit-const-values -const-gather-protocols-list /Users/admin/builder/spi-builder-workspace/.derivedData/Build/Intermediates.noindex/AlgoChecker.build/Debug-watchos/AlgoChecker-t.build/Objects-normal/arm64/AlgoChecker_const_extract_protocols.json -Xcc -I/Users/admin/builder/spi-builder-workspace/.derivedData/Build/Products/Debug-watchos/include -Xcc -I/Users/admin/builder/spi-builder-workspace/.derivedData/Build/Intermediates.noindex/AlgoChecker.build/Debug-watchos/AlgoChecker-t.build/DerivedSources-normal/arm64 -Xcc -I/Users/admin/builder/spi-builder-workspace/.derivedData/Build/Intermediates.noindex/AlgoChecker.build/Debug-watchos/AlgoChecker-t.build/DerivedSources/arm64 -Xcc -I/Users/admin/builder/spi-builder-workspace/.derivedData/Build/Intermediates.noindex/AlgoChecker.build/Debug-watchos/AlgoChecker-t.build/DerivedSources -Xcc -DSWIFT_PACKAGE -Xcc -DDEBUG\=1 -emit-objc-header -emit-objc-header-path /Users/admin/builder/spi-builder-workspace/.derivedData/Build/Intermediates.noindex/AlgoChecker.build/Debug-watchos/AlgoChecker-t.build/Objects-normal/arm64/AlgoChecker-Swift.h -working-directory /Users/admin/builder/spi-builder-workspace/.swiftpm/xcode -experimental-emit-module-separately -disable-cmo
Copy /Users/admin/builder/spi-builder-workspace/.derivedData/Build/Products/Debug-watchos/AlgoChecker.swiftmodule/arm64-apple-watchos.swiftdoc /Users/admin/builder/spi-builder-workspace/.derivedData/Build/Intermediates.noindex/AlgoChecker.build/Debug-watchos/AlgoChecker-t.build/Objects-normal/arm64/AlgoChecker.swiftdoc (in target 'AlgoChecker' from project 'AlgoChecker')
cd /Users/admin/builder/spi-builder-workspace
builtin-copy -exclude .DS_Store -exclude CVS -exclude .svn -exclude .git -exclude .hg -resolve-src-symlinks -rename /Users/admin/builder/spi-builder-workspace/.derivedData/Build/Intermediates.noindex/AlgoChecker.build/Debug-watchos/AlgoChecker-t.build/Objects-normal/arm64/AlgoChecker.swiftdoc /Users/admin/builder/spi-builder-workspace/.derivedData/Build/Products/Debug-watchos/AlgoChecker.swiftmodule/arm64-apple-watchos.swiftdoc
Copy /Users/admin/builder/spi-builder-workspace/.derivedData/Build/Products/Debug-watchos/AlgoChecker.swiftmodule/arm64-apple-watchos.swiftmodule /Users/admin/builder/spi-builder-workspace/.derivedData/Build/Intermediates.noindex/AlgoChecker.build/Debug-watchos/AlgoChecker-t.build/Objects-normal/arm64/AlgoChecker.swiftmodule (in target 'AlgoChecker' from project 'AlgoChecker')
cd /Users/admin/builder/spi-builder-workspace
builtin-copy -exclude .DS_Store -exclude CVS -exclude .svn -exclude .git -exclude .hg -resolve-src-symlinks -rename /Users/admin/builder/spi-builder-workspace/.derivedData/Build/Intermediates.noindex/AlgoChecker.build/Debug-watchos/AlgoChecker-t.build/Objects-normal/arm64/AlgoChecker.swiftmodule /Users/admin/builder/spi-builder-workspace/.derivedData/Build/Products/Debug-watchos/AlgoChecker.swiftmodule/arm64-apple-watchos.swiftmodule
Copy /Users/admin/builder/spi-builder-workspace/.derivedData/Build/Products/Debug-watchos/AlgoChecker.swiftmodule/arm64-apple-watchos.abi.json /Users/admin/builder/spi-builder-workspace/.derivedData/Build/Intermediates.noindex/AlgoChecker.build/Debug-watchos/AlgoChecker-t.build/Objects-normal/arm64/AlgoChecker.abi.json (in target 'AlgoChecker' from project 'AlgoChecker')
cd /Users/admin/builder/spi-builder-workspace
builtin-copy -exclude .DS_Store -exclude CVS -exclude .svn -exclude .git -exclude .hg -resolve-src-symlinks -rename /Users/admin/builder/spi-builder-workspace/.derivedData/Build/Intermediates.noindex/AlgoChecker.build/Debug-watchos/AlgoChecker-t.build/Objects-normal/arm64/AlgoChecker.abi.json /Users/admin/builder/spi-builder-workspace/.derivedData/Build/Products/Debug-watchos/AlgoChecker.swiftmodule/arm64-apple-watchos.abi.json
Copy /Users/admin/builder/spi-builder-workspace/.derivedData/Build/Products/Debug-watchos/AlgoChecker.swiftmodule/Project/arm64-apple-watchos.swiftsourceinfo /Users/admin/builder/spi-builder-workspace/.derivedData/Build/Intermediates.noindex/AlgoChecker.build/Debug-watchos/AlgoChecker-t.build/Objects-normal/arm64/AlgoChecker.swiftsourceinfo (in target 'AlgoChecker' from project 'AlgoChecker')
cd /Users/admin/builder/spi-builder-workspace
builtin-copy -exclude .DS_Store -exclude CVS -exclude .svn -exclude .git -exclude .hg -resolve-src-symlinks -rename /Users/admin/builder/spi-builder-workspace/.derivedData/Build/Intermediates.noindex/AlgoChecker.build/Debug-watchos/AlgoChecker-t.build/Objects-normal/arm64/AlgoChecker.swiftsourceinfo /Users/admin/builder/spi-builder-workspace/.derivedData/Build/Products/Debug-watchos/AlgoChecker.swiftmodule/Project/arm64-apple-watchos.swiftsourceinfo
SwiftDriverJobDiscovery normal arm64_32 Emitting module for AlgoChecker (in target 'AlgoChecker' from project 'AlgoChecker')
SwiftDriver\ Compilation\ Requirements AlgoChecker normal arm64_32 com.apple.xcode.tools.swift.compiler (in target 'AlgoChecker' from project 'AlgoChecker')
cd /Users/admin/builder/spi-builder-workspace/.swiftpm/xcode
builtin-Swift-Compilation-Requirements -- /Applications/Xcode-27.0.0-Release.Candidate.app/Contents/Developer/Toolchains/XcodeDefault.xctoolchain/usr/bin/swiftc -parse-as-library -module-name AlgoChecker -Onone @/Users/admin/builder/spi-builder-workspace/.derivedData/Build/Intermediates.noindex/AlgoChecker.build/Debug-watchos/AlgoChecker-t.build/Objects-normal/arm64_32/AlgoChecker.SwiftFileList -DSWIFT_PACKAGE -DDEBUG -DSWIFT_MODULE_RESOURCE_BUNDLE_UNAVAILABLE -DXcode -plugin-path /Applications/Xcode-27.0.0-Release.Candidate.app/Contents/Developer/Toolchains/XcodeDefault.xctoolchain/usr/lib/swift/host/plugins/testing -enable-experimental-feature DebugDescriptionMacro -sdk /Applications/Xcode-27.0.0-Release.Candidate.app/Contents/Developer/Platforms/WatchOS.platform/Developer/SDKs/WatchOS27.0.sdk -target arm64_32-apple-watchos9.0 -g -module-cache-path /Users/admin/builder/spi-builder-workspace/.derivedData/ModuleCache.noindex -Xfrontend -serialize-debugging-options -profile-coverage-mapping -profile-generate -enable-testing -index-store-path /Users/admin/builder/spi-builder-workspace/.derivedData/Index.noindex/DataStore -Xcc -D_LIBCPP_HARDENING_MODE\=_LIBCPP_HARDENING_MODE_DEBUG -swift-version 4.2 -I /Users/admin/builder/spi-builder-workspace/.derivedData/Build/Products/Debug-watchos -Isystem /Applications/Xcode-27.0.0-Release.Candidate.app/Contents/Developer/Platforms/WatchOS.platform/Developer/usr/lib -F /Users/admin/builder/spi-builder-workspace/.derivedData/Build/Products/Debug-watchos -F /Applications/Xcode-27.0.0-Release.Candidate.app/Contents/Developer/Platforms/WatchOS.platform/Developer/Library/Frameworks -F /Applications/Xcode-27.0.0-Release.Candidate.app/Contents/Developer/Platforms/WatchOS.platform/Developer/SDKs/WatchOS27.0.sdk/Developer/Library/Frameworks -c -j10 -enable-batch-mode -incremental -Xcc -ivfsstatcache -Xcc /Users/admin/builder/spi-builder-workspace/.derivedData/SDKStatCaches.noindex/watchos27.0-24R360-e829b21a6f8c9b70876ba0858053c04477534ef55a1706bf4c1112bbb242f0a2.sdkstatcache -output-file-map /Users/admin/builder/spi-builder-workspace/.derivedData/Build/Intermediates.noindex/AlgoChecker.build/Debug-watchos/AlgoChecker-t.build/Objects-normal/arm64_32/AlgoChecker-OutputFileMap.json -save-temps -no-color-diagnostics -emit-dependencies -emit-module -emit-module-path /Users/admin/builder/spi-builder-workspace/.derivedData/Build/Intermediates.noindex/AlgoChecker.build/Debug-watchos/AlgoChecker-t.build/Objects-normal/arm64_32/AlgoChecker.swiftmodule -serialize-diagnostics -validate-clang-modules-once -clang-build-session-file /Users/admin/builder/spi-builder-workspace/.derivedData/ModuleCache.noindex/Session.modulevalidation -Xcc -fmodules-prune-interval\=86400 -Xcc -fmodules-prune-after\=345600 -emit-const-values -const-gather-protocols-list /Users/admin/builder/spi-builder-workspace/.derivedData/Build/Intermediates.noindex/AlgoChecker.build/Debug-watchos/AlgoChecker-t.build/Objects-normal/arm64_32/AlgoChecker_const_extract_protocols.json -Xcc -I/Users/admin/builder/spi-builder-workspace/.derivedData/Build/Products/Debug-watchos/include -Xcc -I/Users/admin/builder/spi-builder-workspace/.derivedData/Build/Intermediates.noindex/AlgoChecker.build/Debug-watchos/AlgoChecker-t.build/DerivedSources-normal/arm64_32 -Xcc -I/Users/admin/builder/spi-builder-workspace/.derivedData/Build/Intermediates.noindex/AlgoChecker.build/Debug-watchos/AlgoChecker-t.build/DerivedSources/arm64_32 -Xcc -I/Users/admin/builder/spi-builder-workspace/.derivedData/Build/Intermediates.noindex/AlgoChecker.build/Debug-watchos/AlgoChecker-t.build/DerivedSources -Xcc -DSWIFT_PACKAGE -Xcc -DDEBUG\=1 -emit-objc-header -emit-objc-header-path /Users/admin/builder/spi-builder-workspace/.derivedData/Build/Intermediates.noindex/AlgoChecker.build/Debug-watchos/AlgoChecker-t.build/Objects-normal/arm64_32/AlgoChecker-Swift.h -working-directory /Users/admin/builder/spi-builder-workspace/.swiftpm/xcode -experimental-emit-module-separately -disable-cmo
Copy /Users/admin/builder/spi-builder-workspace/.derivedData/Build/Products/Debug-watchos/AlgoChecker.swiftmodule/arm64_32-apple-watchos.swiftmodule /Users/admin/builder/spi-builder-workspace/.derivedData/Build/Intermediates.noindex/AlgoChecker.build/Debug-watchos/AlgoChecker-t.build/Objects-normal/arm64_32/AlgoChecker.swiftmodule (in target 'AlgoChecker' from project 'AlgoChecker')
cd /Users/admin/builder/spi-builder-workspace
builtin-copy -exclude .DS_Store -exclude CVS -exclude .svn -exclude .git -exclude .hg -resolve-src-symlinks -rename /Users/admin/builder/spi-builder-workspace/.derivedData/Build/Intermediates.noindex/AlgoChecker.build/Debug-watchos/AlgoChecker-t.build/Objects-normal/arm64_32/AlgoChecker.swiftmodule /Users/admin/builder/spi-builder-workspace/.derivedData/Build/Products/Debug-watchos/AlgoChecker.swiftmodule/arm64_32-apple-watchos.swiftmodule
Copy /Users/admin/builder/spi-builder-workspace/.derivedData/Build/Products/Debug-watchos/AlgoChecker.swiftmodule/arm64_32-apple-watchos.swiftdoc /Users/admin/builder/spi-builder-workspace/.derivedData/Build/Intermediates.noindex/AlgoChecker.build/Debug-watchos/AlgoChecker-t.build/Objects-normal/arm64_32/AlgoChecker.swiftdoc (in target 'AlgoChecker' from project 'AlgoChecker')
cd /Users/admin/builder/spi-builder-workspace
builtin-copy -exclude .DS_Store -exclude CVS -exclude .svn -exclude .git -exclude .hg -resolve-src-symlinks -rename /Users/admin/builder/spi-builder-workspace/.derivedData/Build/Intermediates.noindex/AlgoChecker.build/Debug-watchos/AlgoChecker-t.build/Objects-normal/arm64_32/AlgoChecker.swiftdoc /Users/admin/builder/spi-builder-workspace/.derivedData/Build/Products/Debug-watchos/AlgoChecker.swiftmodule/arm64_32-apple-watchos.swiftdoc
Copy /Users/admin/builder/spi-builder-workspace/.derivedData/Build/Products/Debug-watchos/AlgoChecker.swiftmodule/arm64_32-apple-watchos.abi.json /Users/admin/builder/spi-builder-workspace/.derivedData/Build/Intermediates.noindex/AlgoChecker.build/Debug-watchos/AlgoChecker-t.build/Objects-normal/arm64_32/AlgoChecker.abi.json (in target 'AlgoChecker' from project 'AlgoChecker')
cd /Users/admin/builder/spi-builder-workspace
builtin-copy -exclude .DS_Store -exclude CVS -exclude .svn -exclude .git -exclude .hg -resolve-src-symlinks -rename /Users/admin/builder/spi-builder-workspace/.derivedData/Build/Intermediates.noindex/AlgoChecker.build/Debug-watchos/AlgoChecker-t.build/Objects-normal/arm64_32/AlgoChecker.abi.json /Users/admin/builder/spi-builder-workspace/.derivedData/Build/Products/Debug-watchos/AlgoChecker.swiftmodule/arm64_32-apple-watchos.abi.json
SwiftMergeGeneratedHeaders /Users/admin/builder/spi-builder-workspace/.derivedData/Build/Intermediates.noindex/GeneratedModuleMaps-watchos/AlgoChecker-Swift.h /Users/admin/builder/spi-builder-workspace/.derivedData/Build/Intermediates.noindex/AlgoChecker.build/Debug-watchos/AlgoChecker-t.build/Objects-normal/arm64/AlgoChecker-Swift.h /Users/admin/builder/spi-builder-workspace/.derivedData/Build/Intermediates.noindex/AlgoChecker.build/Debug-watchos/AlgoChecker-t.build/Objects-normal/arm64_32/AlgoChecker-Swift.h (in target 'AlgoChecker' from project 'AlgoChecker')
cd /Users/admin/builder/spi-builder-workspace
builtin-swiftHeaderTool -arch arm64 /Users/admin/builder/spi-builder-workspace/.derivedData/Build/Intermediates.noindex/AlgoChecker.build/Debug-watchos/AlgoChecker-t.build/Objects-normal/arm64/AlgoChecker-Swift.h -arch arm64_32 /Users/admin/builder/spi-builder-workspace/.derivedData/Build/Intermediates.noindex/AlgoChecker.build/Debug-watchos/AlgoChecker-t.build/Objects-normal/arm64_32/AlgoChecker-Swift.h -o /Users/admin/builder/spi-builder-workspace/.derivedData/Build/Intermediates.noindex/GeneratedModuleMaps-watchos/AlgoChecker-Swift.h
Copy /Users/admin/builder/spi-builder-workspace/.derivedData/Build/Products/Debug-watchos/AlgoChecker.swiftmodule/Project/arm64_32-apple-watchos.swiftsourceinfo /Users/admin/builder/spi-builder-workspace/.derivedData/Build/Intermediates.noindex/AlgoChecker.build/Debug-watchos/AlgoChecker-t.build/Objects-normal/arm64_32/AlgoChecker.swiftsourceinfo (in target 'AlgoChecker' from project 'AlgoChecker')
cd /Users/admin/builder/spi-builder-workspace
builtin-copy -exclude .DS_Store -exclude CVS -exclude .svn -exclude .git -exclude .hg -resolve-src-symlinks -rename /Users/admin/builder/spi-builder-workspace/.derivedData/Build/Intermediates.noindex/AlgoChecker.build/Debug-watchos/AlgoChecker-t.build/Objects-normal/arm64_32/AlgoChecker.swiftsourceinfo /Users/admin/builder/spi-builder-workspace/.derivedData/Build/Products/Debug-watchos/AlgoChecker.swiftmodule/Project/arm64_32-apple-watchos.swiftsourceinfo
SwiftDriverJobDiscovery normal arm64 Compiling Experimental.swift (in target 'AlgoChecker' from project 'AlgoChecker')
SwiftDriverJobDiscovery normal arm64 Compiling RandomizableInput.swift (in target 'AlgoChecker' from project 'AlgoChecker')
SwiftDriverJobDiscovery normal arm64_32 Compiling Experimental.swift (in target 'AlgoChecker' from project 'AlgoChecker')
SwiftDriverJobDiscovery normal arm64_32 Compiling RandomizableInput.swift (in target 'AlgoChecker' from project 'AlgoChecker')
PruneExplicitPrecompiledModules /Users/admin/builder/spi-builder-workspace/.derivedData/Build/Intermediates.noindex/ExplicitPrecompiledModules
PruneExplicitPrecompiledModules /Users/admin/builder/spi-builder-workspace/.derivedData/Build/Intermediates.noindex/SwiftExplicitPrecompiledModules
PruneExplicitPrecompiledModules /Users/admin/builder/spi-builder-workspace/.derivedData/SDKExplicitPrecompiledModules
2026-09-16 17:13:17.778 xcodebuild[648:4168] [MT] IDERunDestination: Supported platforms for the buildables in the current scheme is empty.
** BUILD FAILED **
The following build commands failed:
SwiftCompile normal arm64 /Users/admin/builder/spi-builder-workspace/Sources/AlgoChecker/AlgoChecker.swift (in target 'AlgoChecker' from project 'AlgoChecker')
SwiftCompile normal arm64 Compiling\ AlgoChecker.swift /Users/admin/builder/spi-builder-workspace/Sources/AlgoChecker/AlgoChecker.swift (in target 'AlgoChecker' from project 'AlgoChecker')
SwiftCompile normal arm64_32 Compiling\ AlgoChecker.swift /Users/admin/builder/spi-builder-workspace/Sources/AlgoChecker/AlgoChecker.swift (in target 'AlgoChecker' from project 'AlgoChecker')
SwiftCompile normal arm64_32 /Users/admin/builder/spi-builder-workspace/Sources/AlgoChecker/AlgoChecker.swift (in target 'AlgoChecker' from project 'AlgoChecker')
Building workspace AlgoChecker with scheme AlgoChecker
(5 failures)
Command line invocation:
/Applications/Xcode-27.0.0-Release.Candidate.app/Contents/Developer/usr/bin/xcodebuild -IDEClonedSourcePackagesDirPathOverride=/Users/admin/builder/spi-builder-workspace/.dependencies -resolvePackageDependencies
Resolve Package Graph
Resolved source packages:
AlgoChecker: /Users/admin/builder/spi-builder-workspace
resolved source packages: AlgoChecker
2026-09-16 17:13:22.992 xcodebuild[671:4387] [MT] IDERunDestination: Supported platforms for the buildables in the current scheme is empty.
{
"dependencies" : [
],
"manifest_display_name" : "AlgoChecker",
"name" : "AlgoChecker",
"path" : "/Users/admin/builder/spi-builder-workspace",
"platforms" : [
],
"products" : [
{
"name" : "AlgoChecker",
"targets" : [
"AlgoChecker"
],
"type" : {
"library" : [
"automatic"
]
}
}
],
"targets" : [
{
"c99name" : "AlgoCheckerTests",
"module_type" : "SwiftTarget",
"name" : "AlgoCheckerTests",
"path" : "Tests/AlgoCheckerTests",
"sources" : [
"AlgoCheckerTests.swift",
"XCTestManifests.swift"
],
"target_dependencies" : [
"AlgoChecker"
],
"type" : "test"
},
{
"c99name" : "AlgoChecker",
"module_type" : "SwiftTarget",
"name" : "AlgoChecker",
"path" : "Sources/AlgoChecker",
"product_memberships" : [
"AlgoChecker"
],
"sources" : [
"AlgoChecker.swift",
"Experimental.swift",
"RandomizableInput.swift"
],
"type" : "library"
}
],
"tools_version" : "4.2"
}
{
"workspace" : {
"name" : "AlgoChecker",
"schemes" : [
"AlgoChecker"
]
}
}
2026-09-16 17:13:24.137 xcodebuild[679:4452] [MT] IDERunDestination: Supported platforms for the buildables in the current scheme is empty.
Running build ...
env DEVELOPER_DIR=/Applications/Xcode-27.0.0-Release.Candidate.app xcrun xcodebuild -IDEClonedSourcePackagesDirPathOverride=$PWD/.dependencies -skipMacroValidation -skipPackagePluginValidation -derivedDataPath $PWD/.derivedData build -scheme AlgoChecker -destination generic/platform=watchOS
Command line invocation:
/Applications/Xcode-27.0.0-Release.Candidate.app/Contents/Developer/usr/bin/xcodebuild -IDEClonedSourcePackagesDirPathOverride=/Users/admin/builder/spi-builder-workspace/.dependencies -skipMacroValidation -skipPackagePluginValidation -derivedDataPath /Users/admin/builder/spi-builder-workspace/.derivedData build -scheme AlgoChecker -destination generic/platform=watchOS
Resolve Package Graph
Resolved source packages:
AlgoChecker: /Users/admin/builder/spi-builder-workspace
ComputePackagePrebuildTargetDependencyGraph
Prepare packages
CreateBuildRequest
SendProjectDescription
CreateBuildOperation
ComputeTargetDependencyGraph
note: Building targets in dependency order
note: Target dependency graph (2 targets)
Target 'AlgoChecker-product' in project 'AlgoChecker'
➜ Explicit dependency on target 'AlgoChecker' in project 'AlgoChecker'
Target 'AlgoChecker' in project 'AlgoChecker' (no dependencies)
GatherProvisioningInputs
CreateBuildDescription
ClangStatCache /Applications/Xcode-27.0.0-Release.Candidate.app/Contents/Developer/Toolchains/XcodeDefault.xctoolchain/usr/bin/clang-stat-cache /Applications/Xcode-27.0.0-Release.Candidate.app/Contents/Developer/Platforms/WatchOS.platform/Developer/SDKs/WatchOS27.0.sdk /Users/admin/builder/spi-builder-workspace/.derivedData/SDKStatCaches.noindex/watchos27.0-24R360-e829b21a6f8c9b70876ba0858053c04477534ef55a1706bf4c1112bbb242f0a2.sdkstatcache
cd /Users/admin/builder/spi-builder-workspace/.swiftpm/xcode
/Applications/Xcode-27.0.0-Release.Candidate.app/Contents/Developer/Toolchains/XcodeDefault.xctoolchain/usr/bin/clang-stat-cache /Applications/Xcode-27.0.0-Release.Candidate.app/Contents/Developer/Platforms/WatchOS.platform/Developer/SDKs/WatchOS27.0.sdk -o /Users/admin/builder/spi-builder-workspace/.derivedData/SDKStatCaches.noindex/watchos27.0-24R360-e829b21a6f8c9b70876ba0858053c04477534ef55a1706bf4c1112bbb242f0a2.sdkstatcache
SwiftDriver AlgoChecker normal arm64_32 com.apple.xcode.tools.swift.compiler (in target 'AlgoChecker' from project 'AlgoChecker')
cd /Users/admin/builder/spi-builder-workspace/.swiftpm/xcode
builtin-SwiftDriver -- /Applications/Xcode-27.0.0-Release.Candidate.app/Contents/Developer/Toolchains/XcodeDefault.xctoolchain/usr/bin/swiftc -parse-as-library -module-name AlgoChecker -Onone @/Users/admin/builder/spi-builder-workspace/.derivedData/Build/Intermediates.noindex/AlgoChecker.build/Debug-watchos/AlgoChecker-t.build/Objects-normal/arm64_32/AlgoChecker.SwiftFileList -DSWIFT_PACKAGE -DDEBUG -DSWIFT_MODULE_RESOURCE_BUNDLE_UNAVAILABLE -DXcode -plugin-path /Applications/Xcode-27.0.0-Release.Candidate.app/Contents/Developer/Toolchains/XcodeDefault.xctoolchain/usr/lib/swift/host/plugins/testing -enable-experimental-feature DebugDescriptionMacro -sdk /Applications/Xcode-27.0.0-Release.Candidate.app/Contents/Developer/Platforms/WatchOS.platform/Developer/SDKs/WatchOS27.0.sdk -target arm64_32-apple-watchos9.0 -g -module-cache-path /Users/admin/builder/spi-builder-workspace/.derivedData/ModuleCache.noindex -Xfrontend -serialize-debugging-options -profile-coverage-mapping -profile-generate -enable-testing -index-store-path /Users/admin/builder/spi-builder-workspace/.derivedData/Index.noindex/DataStore -Xcc -D_LIBCPP_HARDENING_MODE\=_LIBCPP_HARDENING_MODE_DEBUG -swift-version 4.2 -I /Users/admin/builder/spi-builder-workspace/.derivedData/Build/Products/Debug-watchos -Isystem /Applications/Xcode-27.0.0-Release.Candidate.app/Contents/Developer/Platforms/WatchOS.platform/Developer/usr/lib -F /Users/admin/builder/spi-builder-workspace/.derivedData/Build/Products/Debug-watchos -F /Applications/Xcode-27.0.0-Release.Candidate.app/Contents/Developer/Platforms/WatchOS.platform/Developer/Library/Frameworks -F /Applications/Xcode-27.0.0-Release.Candidate.app/Contents/Developer/Platforms/WatchOS.platform/Developer/SDKs/WatchOS27.0.sdk/Developer/Library/Frameworks -c -j10 -enable-batch-mode -incremental -Xcc -ivfsstatcache -Xcc /Users/admin/builder/spi-builder-workspace/.derivedData/SDKStatCaches.noindex/watchos27.0-24R360-e829b21a6f8c9b70876ba0858053c04477534ef55a1706bf4c1112bbb242f0a2.sdkstatcache -output-file-map /Users/admin/builder/spi-builder-workspace/.derivedData/Build/Intermediates.noindex/AlgoChecker.build/Debug-watchos/AlgoChecker-t.build/Objects-normal/arm64_32/AlgoChecker-OutputFileMap.json -save-temps -no-color-diagnostics -emit-dependencies -emit-module -emit-module-path /Users/admin/builder/spi-builder-workspace/.derivedData/Build/Intermediates.noindex/AlgoChecker.build/Debug-watchos/AlgoChecker-t.build/Objects-normal/arm64_32/AlgoChecker.swiftmodule -serialize-diagnostics -validate-clang-modules-once -clang-build-session-file /Users/admin/builder/spi-builder-workspace/.derivedData/ModuleCache.noindex/Session.modulevalidation -Xcc -fmodules-prune-interval\=86400 -Xcc -fmodules-prune-after\=345600 -emit-const-values -const-gather-protocols-list /Users/admin/builder/spi-builder-workspace/.derivedData/Build/Intermediates.noindex/AlgoChecker.build/Debug-watchos/AlgoChecker-t.build/Objects-normal/arm64_32/AlgoChecker_const_extract_protocols.json -Xcc -I/Users/admin/builder/spi-builder-workspace/.derivedData/Build/Products/Debug-watchos/include -Xcc -I/Users/admin/builder/spi-builder-workspace/.derivedData/Build/Intermediates.noindex/AlgoChecker.build/Debug-watchos/AlgoChecker-t.build/DerivedSources-normal/arm64_32 -Xcc -I/Users/admin/builder/spi-builder-workspace/.derivedData/Build/Intermediates.noindex/AlgoChecker.build/Debug-watchos/AlgoChecker-t.build/DerivedSources/arm64_32 -Xcc -I/Users/admin/builder/spi-builder-workspace/.derivedData/Build/Intermediates.noindex/AlgoChecker.build/Debug-watchos/AlgoChecker-t.build/DerivedSources -Xcc -DSWIFT_PACKAGE -Xcc -DDEBUG\=1 -emit-objc-header -emit-objc-header-path /Users/admin/builder/spi-builder-workspace/.derivedData/Build/Intermediates.noindex/AlgoChecker.build/Debug-watchos/AlgoChecker-t.build/Objects-normal/arm64_32/AlgoChecker-Swift.h -working-directory /Users/admin/builder/spi-builder-workspace/.swiftpm/xcode -experimental-emit-module-separately -disable-cmo
SwiftDriver AlgoChecker normal arm64 com.apple.xcode.tools.swift.compiler (in target 'AlgoChecker' from project 'AlgoChecker')
cd /Users/admin/builder/spi-builder-workspace/.swiftpm/xcode
builtin-SwiftDriver -- /Applications/Xcode-27.0.0-Release.Candidate.app/Contents/Developer/Toolchains/XcodeDefault.xctoolchain/usr/bin/swiftc -parse-as-library -module-name AlgoChecker -Onone @/Users/admin/builder/spi-builder-workspace/.derivedData/Build/Intermediates.noindex/AlgoChecker.build/Debug-watchos/AlgoChecker-t.build/Objects-normal/arm64/AlgoChecker.SwiftFileList -DSWIFT_PACKAGE -DDEBUG -DSWIFT_MODULE_RESOURCE_BUNDLE_UNAVAILABLE -DXcode -plugin-path /Applications/Xcode-27.0.0-Release.Candidate.app/Contents/Developer/Toolchains/XcodeDefault.xctoolchain/usr/lib/swift/host/plugins/testing -enable-experimental-feature DebugDescriptionMacro -sdk /Applications/Xcode-27.0.0-Release.Candidate.app/Contents/Developer/Platforms/WatchOS.platform/Developer/SDKs/WatchOS27.0.sdk -target arm64-apple-watchos9.0 -g -module-cache-path /Users/admin/builder/spi-builder-workspace/.derivedData/ModuleCache.noindex -Xfrontend -serialize-debugging-options -profile-coverage-mapping -profile-generate -enable-testing -index-store-path /Users/admin/builder/spi-builder-workspace/.derivedData/Index.noindex/DataStore -Xcc -D_LIBCPP_HARDENING_MODE\=_LIBCPP_HARDENING_MODE_DEBUG -swift-version 4.2 -I /Users/admin/builder/spi-builder-workspace/.derivedData/Build/Products/Debug-watchos -Isystem /Applications/Xcode-27.0.0-Release.Candidate.app/Contents/Developer/Platforms/WatchOS.platform/Developer/usr/lib -F /Users/admin/builder/spi-builder-workspace/.derivedData/Build/Products/Debug-watchos -F /Applications/Xcode-27.0.0-Release.Candidate.app/Contents/Developer/Platforms/WatchOS.platform/Developer/Library/Frameworks -F /Applications/Xcode-27.0.0-Release.Candidate.app/Contents/Developer/Platforms/WatchOS.platform/Developer/SDKs/WatchOS27.0.sdk/Developer/Library/Frameworks -c -j10 -enable-batch-mode -incremental -Xcc -ivfsstatcache -Xcc /Users/admin/builder/spi-builder-workspace/.derivedData/SDKStatCaches.noindex/watchos27.0-24R360-e829b21a6f8c9b70876ba0858053c04477534ef55a1706bf4c1112bbb242f0a2.sdkstatcache -output-file-map /Users/admin/builder/spi-builder-workspace/.derivedData/Build/Intermediates.noindex/AlgoChecker.build/Debug-watchos/AlgoChecker-t.build/Objects-normal/arm64/AlgoChecker-OutputFileMap.json -save-temps -no-color-diagnostics -emit-dependencies -emit-module -emit-module-path /Users/admin/builder/spi-builder-workspace/.derivedData/Build/Intermediates.noindex/AlgoChecker.build/Debug-watchos/AlgoChecker-t.build/Objects-normal/arm64/AlgoChecker.swiftmodule -serialize-diagnostics -validate-clang-modules-once -clang-build-session-file /Users/admin/builder/spi-builder-workspace/.derivedData/ModuleCache.noindex/Session.modulevalidation -Xcc -fmodules-prune-interval\=86400 -Xcc -fmodules-prune-after\=345600 -emit-const-values -const-gather-protocols-list /Users/admin/builder/spi-builder-workspace/.derivedData/Build/Intermediates.noindex/AlgoChecker.build/Debug-watchos/AlgoChecker-t.build/Objects-normal/arm64/AlgoChecker_const_extract_protocols.json -Xcc -I/Users/admin/builder/spi-builder-workspace/.derivedData/Build/Products/Debug-watchos/include -Xcc -I/Users/admin/builder/spi-builder-workspace/.derivedData/Build/Intermediates.noindex/AlgoChecker.build/Debug-watchos/AlgoChecker-t.build/DerivedSources-normal/arm64 -Xcc -I/Users/admin/builder/spi-builder-workspace/.derivedData/Build/Intermediates.noindex/AlgoChecker.build/Debug-watchos/AlgoChecker-t.build/DerivedSources/arm64 -Xcc -I/Users/admin/builder/spi-builder-workspace/.derivedData/Build/Intermediates.noindex/AlgoChecker.build/Debug-watchos/AlgoChecker-t.build/DerivedSources -Xcc -DSWIFT_PACKAGE -Xcc -DDEBUG\=1 -emit-objc-header -emit-objc-header-path /Users/admin/builder/spi-builder-workspace/.derivedData/Build/Intermediates.noindex/AlgoChecker.build/Debug-watchos/AlgoChecker-t.build/Objects-normal/arm64/AlgoChecker-Swift.h -working-directory /Users/admin/builder/spi-builder-workspace/.swiftpm/xcode -experimental-emit-module-separately -disable-cmo
SwiftEmitModule normal arm64_32 Emitting\ module\ for\ AlgoChecker (in target 'AlgoChecker' from project 'AlgoChecker')
SwiftCompile normal arm64_32 (in target 'AlgoChecker' from project 'AlgoChecker')
cd /Users/admin/builder/spi-builder-workspace/.swiftpm/xcode
SwiftCompile normal arm64_32 Compiling\ AlgoChecker.swift /Users/admin/builder/spi-builder-workspace/Sources/AlgoChecker/AlgoChecker.swift (in target 'AlgoChecker' from project 'AlgoChecker')
SwiftCompile normal arm64_32 /Users/admin/builder/spi-builder-workspace/Sources/AlgoChecker/AlgoChecker.swift (in target 'AlgoChecker' from project 'AlgoChecker')
cd /Users/admin/builder/spi-builder-workspace/.swiftpm/xcode
builtin-SwiftPerFileCompile AlgoChecker.swift
/Users/admin/builder/spi-builder-workspace/Sources/AlgoChecker/AlgoChecker.swift:211:29: error: 'CACurrentMediaTime()' is unavailable in watchOS
209 | var ip = InputProvider(state: timeKeeper)
210 | while ip != nil {
211 | let startTime = CACurrentMediaTime()
| `- error: 'CACurrentMediaTime()' is unavailable in watchOS
212 | let executingSize = ip!.currentSize
213 | algorithm.fnBlock(ip!) { result in
/Applications/Xcode-27.0.0-Release.Candidate.app/Contents/Developer/Platforms/WatchOS.platform/Developer/SDKs/WatchOS27.0.sdk/System/Library/Frameworks/QuartzCore.framework/Headers/CABase.h:127:26: note: 'CACurrentMediaTime()' has been explicitly marked unavailable here
125 | * calling mach_absolute_time () and converting the units to seconds. */
126 |
127 | CA_EXTERN CFTimeInterval CACurrentMediaTime (void)
| `- note: 'CACurrentMediaTime()' has been explicitly marked unavailable here
128 | API_AVAILABLE(macos(10.5), ios(2.0)) API_UNAVAILABLE(watchos);
129 |
/Users/admin/builder/spi-builder-workspace/Sources/AlgoChecker/AlgoChecker.swift:214:32: error: 'CACurrentMediaTime()' is unavailable in watchOS
212 | let executingSize = ip!.currentSize
213 | algorithm.fnBlock(ip!) { result in
214 | let stopTime = CACurrentMediaTime()
| `- error: 'CACurrentMediaTime()' is unavailable in watchOS
215 | let timePoint = ComputeTimePoint(size: executingSize, computeTime: stopTime - startTime)
216 | timeKeeper.addTimePoint(timePoint)
/Applications/Xcode-27.0.0-Release.Candidate.app/Contents/Developer/Platforms/WatchOS.platform/Developer/SDKs/WatchOS27.0.sdk/System/Library/Frameworks/QuartzCore.framework/Headers/CABase.h:127:26: note: 'CACurrentMediaTime()' has been explicitly marked unavailable here
125 | * calling mach_absolute_time () and converting the units to seconds. */
126 |
127 | CA_EXTERN CFTimeInterval CACurrentMediaTime (void)
| `- note: 'CACurrentMediaTime()' has been explicitly marked unavailable here
128 | API_AVAILABLE(macos(10.5), ios(2.0)) API_UNAVAILABLE(watchos);
129 |
Failed frontend command:
/Applications/Xcode-27.0.0-Release.Candidate.app/Contents/Developer/Toolchains/XcodeDefault.xctoolchain/usr/bin/swift-frontend -frontend -c -primary-file /Users/admin/builder/spi-builder-workspace/Sources/AlgoChecker/AlgoChecker.swift /Users/admin/builder/spi-builder-workspace/Sources/AlgoChecker/Experimental.swift /Users/admin/builder/spi-builder-workspace/Sources/AlgoChecker/RandomizableInput.swift -emit-dependencies-path /Users/admin/builder/spi-builder-workspace/.derivedData/Build/Intermediates.noindex/AlgoChecker.build/Debug-watchos/AlgoChecker-t.build/Objects-normal/arm64_32/AlgoChecker.d -emit-const-values-path /Users/admin/builder/spi-builder-workspace/.derivedData/Build/Intermediates.noindex/AlgoChecker.build/Debug-watchos/AlgoChecker-t.build/Objects-normal/arm64_32/AlgoChecker.swiftconstvalues -emit-reference-dependencies-path /Users/admin/builder/spi-builder-workspace/.derivedData/Build/Intermediates.noindex/AlgoChecker.build/Debug-watchos/AlgoChecker-t.build/Objects-normal/arm64_32/AlgoChecker.swiftdeps -serialize-diagnostics-path /Users/admin/builder/spi-builder-workspace/.derivedData/Build/Intermediates.noindex/AlgoChecker.build/Debug-watchos/AlgoChecker-t.build/Objects-normal/arm64_32/AlgoChecker.dia -target arm64_32-apple-watchos9.0 -enable-objc-interop -sdk /Applications/Xcode-27.0.0-Release.Candidate.app/Contents/Developer/Platforms/WatchOS.platform/Developer/SDKs/WatchOS27.0.sdk -I /Users/admin/builder/spi-builder-workspace/.derivedData/Build/Products/Debug-watchos -Isystem /Applications/Xcode-27.0.0-Release.Candidate.app/Contents/Developer/Platforms/WatchOS.platform/Developer/usr/lib -F /Users/admin/builder/spi-builder-workspace/.derivedData/Build/Products/Debug-watchos -F /Applications/Xcode-27.0.0-Release.Candidate.app/Contents/Developer/Platforms/WatchOS.platform/Developer/Library/Frameworks -F /Applications/Xcode-27.0.0-Release.Candidate.app/Contents/Developer/Platforms/WatchOS.platform/Developer/SDKs/WatchOS27.0.sdk/Developer/Library/Frameworks -module-cache-path /Users/admin/builder/spi-builder-workspace/.derivedData/ModuleCache.noindex -no-color-diagnostics -Xcc -fno-color-diagnostics -enable-testing -g -debug-info-format\=dwarf -dwarf-version\=4 -profile-generate -profile-coverage-mapping -swift-version 4.2 -Onone -D SWIFT_PACKAGE -D DEBUG -D SWIFT_MODULE_RESOURCE_BUNDLE_UNAVAILABLE -D Xcode -serialize-debugging-options -enable-experimental-feature DebugDescriptionMacro -empty-abi-descriptor -plugin-path /Applications/Xcode-27.0.0-Release.Candidate.app/Contents/Developer/Toolchains/XcodeDefault.xctoolchain/usr/lib/swift/host/plugins/testing -validate-clang-modules-once -clang-build-session-file /Users/admin/builder/spi-builder-workspace/.derivedData/ModuleCache.noindex/Session.modulevalidation -Xcc -working-directory -Xcc /Users/admin/builder/spi-builder-workspace/.swiftpm/xcode -enable-anonymous-context-mangled-names -file-compilation-dir /Users/admin/builder/spi-builder-workspace/.swiftpm/xcode -Xcc -D_LIBCPP_HARDENING_MODE\=_LIBCPP_HARDENING_MODE_DEBUG -Xcc -ivfsstatcache -Xcc /Users/admin/builder/spi-builder-workspace/.derivedData/SDKStatCaches.noindex/watchos27.0-24R360-e829b21a6f8c9b70876ba0858053c04477534ef55a1706bf4c1112bbb242f0a2.sdkstatcache -Xcc -fmodules-prune-interval\=86400 -Xcc -fmodules-prune-after\=345600 -Xcc -I/Users/admin/builder/spi-builder-workspace/.derivedData/Build/Products/Debug-watchos/include -Xcc -I/Users/admin/builder/spi-builder-workspace/.derivedData/Build/Intermediates.noindex/AlgoChecker.build/Debug-watchos/AlgoChecker-t.build/DerivedSources-normal/arm64_32 -Xcc -I/Users/admin/builder/spi-builder-workspace/.derivedData/Build/Intermediates.noindex/AlgoChecker.build/Debug-watchos/AlgoChecker-t.build/DerivedSources/arm64_32 -Xcc -I/Users/admin/builder/spi-builder-workspace/.derivedData/Build/Intermediates.noindex/AlgoChecker.build/Debug-watchos/AlgoChecker-t.build/DerivedSources -Xcc -DSWIFT_PACKAGE -Xcc -DDEBUG\=1 -no-auto-bridging-header-chaining -module-name AlgoChecker -const-gather-protocols-file /Users/admin/builder/spi-builder-workspace/.derivedData/Build/Intermediates.noindex/AlgoChecker.build/Debug-watchos/AlgoChecker-t.build/Objects-normal/arm64_32/AlgoChecker_const_extract_protocols.json -disable-clang-spi -target-sdk-version 27.0 -target-sdk-name watchos27.0 -external-plugin-path /Applications/Xcode-27.0.0-Release.Candidate.app/Contents/Developer/Platforms/WatchOS.platform/Developer/usr/lib/swift/host/plugins\#/Applications/Xcode-27.0.0-Release.Candidate.app/Contents/Developer/Platforms/WatchOS.platform/Developer/usr/bin/swift-plugin-server -external-plugin-path /Applications/Xcode-27.0.0-Release.Candidate.app/Contents/Developer/Platforms/WatchOS.platform/Developer/usr/local/lib/swift/host/plugins\#/Applications/Xcode-27.0.0-Release.Candidate.app/Contents/Developer/Platforms/WatchOS.platform/Developer/usr/bin/swift-plugin-server -in-process-plugin-server-path /Applications/Xcode-27.0.0-Release.Candidate.app/Contents/Developer/Toolchains/XcodeDefault.xctoolchain/usr/lib/swift/host/libSwiftInProcPluginServer.dylib -plugin-path /Applications/Xcode-27.0.0-Release.Candidate.app/Contents/Developer/Toolchains/XcodeDefault.xctoolchain/usr/lib/swift/host/plugins -plugin-path /Applications/Xcode-27.0.0-Release.Candidate.app/Contents/Developer/Toolchains/XcodeDefault.xctoolchain/usr/local/lib/swift/host/plugins -parse-as-library -o /Users/admin/builder/spi-builder-workspace/.derivedData/Build/Intermediates.noindex/AlgoChecker.build/Debug-watchos/AlgoChecker-t.build/Objects-normal/arm64_32/AlgoChecker.o -index-unit-output-path /AlgoChecker.build/Debug-watchos/AlgoChecker-t.build/Objects-normal/arm64_32/AlgoChecker.o -index-store-path /Users/admin/builder/spi-builder-workspace/.derivedData/Index.noindex/DataStore -index-system-modules
SwiftEmitModule normal arm64 Emitting\ module\ for\ AlgoChecker (in target 'AlgoChecker' from project 'AlgoChecker')
SwiftCompile normal arm64 (in target 'AlgoChecker' from project 'AlgoChecker')
cd /Users/admin/builder/spi-builder-workspace/.swiftpm/xcode
SwiftCompile normal arm64 Compiling\ AlgoChecker.swift /Users/admin/builder/spi-builder-workspace/Sources/AlgoChecker/AlgoChecker.swift (in target 'AlgoChecker' from project 'AlgoChecker')
/Users/admin/builder/spi-builder-workspace/Sources/AlgoChecker/AlgoChecker.swift:211:29: error: 'CACurrentMediaTime()' is unavailable in watchOS
209 | var ip = InputProvider(state: timeKeeper)
210 | while ip != nil {
211 | let startTime = CACurrentMediaTime()
| `- error: 'CACurrentMediaTime()' is unavailable in watchOS
212 | let executingSize = ip!.currentSize
213 | algorithm.fnBlock(ip!) { result in
/Applications/Xcode-27.0.0-Release.Candidate.app/Contents/Developer/Platforms/WatchOS.platform/Developer/SDKs/WatchOS27.0.sdk/System/Library/Frameworks/QuartzCore.framework/Headers/CABase.h:127:26: note: 'CACurrentMediaTime()' has been explicitly marked unavailable here
125 | * calling mach_absolute_time () and converting the units to seconds. */
126 |
127 | CA_EXTERN CFTimeInterval CACurrentMediaTime (void)
| `- note: 'CACurrentMediaTime()' has been explicitly marked unavailable here
128 | API_AVAILABLE(macos(10.5), ios(2.0)) API_UNAVAILABLE(watchos);
129 |
/Users/admin/builder/spi-builder-workspace/Sources/AlgoChecker/AlgoChecker.swift:214:32: error: 'CACurrentMediaTime()' is unavailable in watchOS
212 | let executingSize = ip!.currentSize
213 | algorithm.fnBlock(ip!) { result in
214 | let stopTime = CACurrentMediaTime()
| `- error: 'CACurrentMediaTime()' is unavailable in watchOS
215 | let timePoint = ComputeTimePoint(size: executingSize, computeTime: stopTime - startTime)
216 | timeKeeper.addTimePoint(timePoint)
/Applications/Xcode-27.0.0-Release.Candidate.app/Contents/Developer/Platforms/WatchOS.platform/Developer/SDKs/WatchOS27.0.sdk/System/Library/Frameworks/QuartzCore.framework/Headers/CABase.h:127:26: note: 'CACurrentMediaTime()' has been explicitly marked unavailable here
125 | * calling mach_absolute_time () and converting the units to seconds. */
126 |
127 | CA_EXTERN CFTimeInterval CACurrentMediaTime (void)
| `- note: 'CACurrentMediaTime()' has been explicitly marked unavailable here
128 | API_AVAILABLE(macos(10.5), ios(2.0)) API_UNAVAILABLE(watchos);
129 |
Failed frontend command:
/Applications/Xcode-27.0.0-Release.Candidate.app/Contents/Developer/Toolchains/XcodeDefault.xctoolchain/usr/bin/swift-frontend -frontend -c -primary-file /Users/admin/builder/spi-builder-workspace/Sources/AlgoChecker/AlgoChecker.swift /Users/admin/builder/spi-builder-workspace/Sources/AlgoChecker/Experimental.swift /Users/admin/builder/spi-builder-workspace/Sources/AlgoChecker/RandomizableInput.swift -emit-dependencies-path /Users/admin/builder/spi-builder-workspace/.derivedData/Build/Intermediates.noindex/AlgoChecker.build/Debug-watchos/AlgoChecker-t.build/Objects-normal/arm64/AlgoChecker.d -emit-const-values-path /Users/admin/builder/spi-builder-workspace/.derivedData/Build/Intermediates.noindex/AlgoChecker.build/Debug-watchos/AlgoChecker-t.build/Objects-normal/arm64/AlgoChecker.swiftconstvalues -emit-reference-dependencies-path /Users/admin/builder/spi-builder-workspace/.derivedData/Build/Intermediates.noindex/AlgoChecker.build/Debug-watchos/AlgoChecker-t.build/Objects-normal/arm64/AlgoChecker.swiftdeps -serialize-diagnostics-path /Users/admin/builder/spi-builder-workspace/.derivedData/Build/Intermediates.noindex/AlgoChecker.build/Debug-watchos/AlgoChecker-t.build/Objects-normal/arm64/AlgoChecker.dia -target arm64-apple-watchos9.0 -Xllvm -aarch64-use-tbi -enable-objc-interop -stack-check -sdk /Applications/Xcode-27.0.0-Release.Candidate.app/Contents/Developer/Platforms/WatchOS.platform/Developer/SDKs/WatchOS27.0.sdk -I /Users/admin/builder/spi-builder-workspace/.derivedData/Build/Products/Debug-watchos -Isystem /Applications/Xcode-27.0.0-Release.Candidate.app/Contents/Developer/Platforms/WatchOS.platform/Developer/usr/lib -F /Users/admin/builder/spi-builder-workspace/.derivedData/Build/Products/Debug-watchos -F /Applications/Xcode-27.0.0-Release.Candidate.app/Contents/Developer/Platforms/WatchOS.platform/Developer/Library/Frameworks -F /Applications/Xcode-27.0.0-Release.Candidate.app/Contents/Developer/Platforms/WatchOS.platform/Developer/SDKs/WatchOS27.0.sdk/Developer/Library/Frameworks -module-cache-path /Users/admin/builder/spi-builder-workspace/.derivedData/ModuleCache.noindex -no-color-diagnostics -Xcc -fno-color-diagnostics -enable-testing -g -debug-info-format\=dwarf -dwarf-version\=4 -profile-generate -profile-coverage-mapping -swift-version 4.2 -Onone -D SWIFT_PACKAGE -D DEBUG -D SWIFT_MODULE_RESOURCE_BUNDLE_UNAVAILABLE -D Xcode -serialize-debugging-options -enable-experimental-feature DebugDescriptionMacro -empty-abi-descriptor -plugin-path /Applications/Xcode-27.0.0-Release.Candidate.app/Contents/Developer/Toolchains/XcodeDefault.xctoolchain/usr/lib/swift/host/plugins/testing -validate-clang-modules-once -clang-build-session-file /Users/admin/builder/spi-builder-workspace/.derivedData/ModuleCache.noindex/Session.modulevalidation -Xcc -working-directory -Xcc /Users/admin/builder/spi-builder-workspace/.swiftpm/xcode -enable-anonymous-context-mangled-names -file-compilation-dir /Users/admin/builder/spi-builder-workspace/.swiftpm/xcode -Xcc -D_LIBCPP_HARDENING_MODE\=_LIBCPP_HARDENING_MODE_DEBUG -Xcc -ivfsstatcache -Xcc /Users/admin/builder/spi-builder-workspace/.derivedData/SDKStatCaches.noindex/watchos27.0-24R360-e829b21a6f8c9b70876ba0858053c04477534ef55a1706bf4c1112bbb242f0a2.sdkstatcache -Xcc -fmodules-prune-interval\=86400 -Xcc -fmodules-prune-after\=345600 -Xcc -I/Users/admin/builder/spi-builder-workspace/.derivedData/Build/Products/Debug-watchos/include -Xcc -I/Users/admin/builder/spi-builder-workspace/.derivedData/Build/Intermediates.noindex/AlgoChecker.build/Debug-watchos/AlgoChecker-t.build/DerivedSources-normal/arm64 -Xcc -I/Users/admin/builder/spi-builder-workspace/.derivedData/Build/Intermediates.noindex/AlgoChecker.build/Debug-watchos/AlgoChecker-t.build/DerivedSources/arm64 -Xcc -I/Users/admin/builder/spi-builder-workspace/.derivedData/Build/Intermediates.noindex/AlgoChecker.build/Debug-watchos/AlgoChecker-t.build/DerivedSources -Xcc -DSWIFT_PACKAGE -Xcc -DDEBUG\=1 -no-auto-bridging-header-chaining -module-name AlgoChecker -const-gather-protocols-file /Users/admin/builder/spi-builder-workspace/.derivedData/Build/Intermediates.noindex/AlgoChecker.build/Debug-watchos/AlgoChecker-t.build/Objects-normal/arm64/AlgoChecker_const_extract_protocols.json -disable-clang-spi -target-sdk-version 27.0 -target-sdk-name watchos27.0 -external-plugin-path /Applications/Xcode-27.0.0-Release.Candidate.app/Contents/Developer/Platforms/WatchOS.platform/Developer/usr/lib/swift/host/plugins\#/Applications/Xcode-27.0.0-Release.Candidate.app/Contents/Developer/Platforms/WatchOS.platform/Developer/usr/bin/swift-plugin-server -external-plugin-path /Applications/Xcode-27.0.0-Release.Candidate.app/Contents/Developer/Platforms/WatchOS.platform/Developer/usr/local/lib/swift/host/plugins\#/Applications/Xcode-27.0.0-Release.Candidate.app/Contents/Developer/Platforms/WatchOS.platform/Developer/usr/bin/swift-plugin-server -in-process-plugin-server-path /Applications/Xcode-27.0.0-Release.Candidate.app/Contents/Developer/Toolchains/XcodeDefault.xctoolchain/usr/lib/swift/host/libSwiftInProcPluginServer.dylib -plugin-path /Applications/Xcode-27.0.0-Release.Candidate.app/Contents/Developer/Toolchains/XcodeDefault.xctoolchain/usr/lib/swift/host/plugins -plugin-path /Applications/Xcode-27.0.0-Release.Candidate.app/Contents/Developer/Toolchains/XcodeDefault.xctoolchain/usr/local/lib/swift/host/plugins -parse-as-library -o /Users/admin/builder/spi-builder-workspace/.derivedData/Build/Intermediates.noindex/AlgoChecker.build/Debug-watchos/AlgoChecker-t.build/Objects-normal/arm64/AlgoChecker.o -index-unit-output-path /AlgoChecker.build/Debug-watchos/AlgoChecker-t.build/Objects-normal/arm64/AlgoChecker.o -index-store-path /Users/admin/builder/spi-builder-workspace/.derivedData/Index.noindex/DataStore -index-system-modules
SwiftCompile normal arm64 /Users/admin/builder/spi-builder-workspace/Sources/AlgoChecker/AlgoChecker.swift (in target 'AlgoChecker' from project 'AlgoChecker')
cd /Users/admin/builder/spi-builder-workspace/.swiftpm/xcode
builtin-SwiftPerFileCompile AlgoChecker.swift
PruneExplicitPrecompiledModules /Users/admin/builder/spi-builder-workspace/.derivedData/Build/Intermediates.noindex/ExplicitPrecompiledModules
PruneExplicitPrecompiledModules /Users/admin/builder/spi-builder-workspace/.derivedData/Build/Intermediates.noindex/SwiftExplicitPrecompiledModules
PruneExplicitPrecompiledModules /Users/admin/builder/spi-builder-workspace/.derivedData/SDKExplicitPrecompiledModules
2026-09-16 17:13:25.020 xcodebuild[680:4477] [MT] IDERunDestination: Supported platforms for the buildables in the current scheme is empty.
** BUILD FAILED **
The following build commands failed:
SwiftCompile normal arm64_32 /Users/admin/builder/spi-builder-workspace/Sources/AlgoChecker/AlgoChecker.swift (in target 'AlgoChecker' from project 'AlgoChecker')
SwiftCompile normal arm64_32 Compiling\ AlgoChecker.swift /Users/admin/builder/spi-builder-workspace/Sources/AlgoChecker/AlgoChecker.swift (in target 'AlgoChecker' from project 'AlgoChecker')
SwiftCompile normal arm64 Compiling\ AlgoChecker.swift /Users/admin/builder/spi-builder-workspace/Sources/AlgoChecker/AlgoChecker.swift (in target 'AlgoChecker' from project 'AlgoChecker')
SwiftCompile normal arm64 /Users/admin/builder/spi-builder-workspace/Sources/AlgoChecker/AlgoChecker.swift (in target 'AlgoChecker' from project 'AlgoChecker')
Building workspace AlgoChecker with scheme AlgoChecker
(5 failures)
BUILD FAILURE 6.4 watchOS