The Swift Package Index logo.Swift Package Index

Build Information

Failed to build GoogleCloudWorkloadIdentityV1, reference 0.5.0 (21b765), with Swift 6.2 for Android on 12 Oct 2026 01:44:42 UTC.

Build Command

bash -c docker run --pull=always --rm -v "checkouts-54344845-2":/host -w "$PWD" -e JAVA_HOME="/root/.sdkman/candidates/java/current" -e SPI_BUILD="1" -e SPI_PROCESSING="1" registry.gitlab.com/saguaro1/spi-images:android-6.2-latest swift build --swift-sdk aarch64-unknown-linux-android28 2>&1

Build Log

========================================
RunAll
========================================
Builder version: 5.1.1
Interrupt handler set up.
========================================
Checkout
========================================
Clone URL: https://github.com/googleapis/swift-google-cloud-workloadidentity-v1.git
Reference: 0.5.0
Initialized empty Git repository in /host/spi-builder-workspace/.git/
hint: Using 'master' as the name for the initial branch. This default branch name
hint: is subject to change. To configure the initial branch name to use in all
hint: of your new repositories, which will suppress this warning, call:
hint:
hint: 	git config --global init.defaultBranch <name>
hint:
hint: Names commonly chosen instead of 'master' are 'main', 'trunk' and
hint: 'development'. The just-created branch can be renamed via this command:
hint:
hint: 	git branch -m <name>
From https://github.com/googleapis/swift-google-cloud-workloadidentity-v1
 * tag               0.5.0      -> FETCH_HEAD
HEAD is now at 21b765a chore: release circa 2026-10-07 (#1382)
Cloned https://github.com/googleapis/swift-google-cloud-workloadidentity-v1.git
Revision (git rev-parse @):
21b765a3b103914c5c183503f9f7005f47d8a0f5
SPI manifest file found: $PWD/.spi.yml
SUCCESS checkout https://github.com/googleapis/swift-google-cloud-workloadidentity-v1.git at 0.5.0
========================================
Build
========================================
Selected platform:         android
Swift version:             6.2
Building package at path:  $PWD
https://github.com/googleapis/swift-google-cloud-workloadidentity-v1.git
Running build ...
bash -c docker run --pull=always --rm -v "checkouts-54344845-2":/host -w "$PWD" -e JAVA_HOME="/root/.sdkman/candidates/java/current" -e SPI_BUILD="1" -e SPI_PROCESSING="1" registry.gitlab.com/saguaro1/spi-images:android-6.2-latest swift build --swift-sdk aarch64-unknown-linux-android28 2>&1
android-6.2-latest: Pulling from saguaro1/spi-images
Digest: sha256:a839c9ce201f1dacc8eb056626ec7ab0a1c6d53d7b77c83feda395f4507c51be
Status: Image is up to date for registry.gitlab.com/saguaro1/spi-images:android-6.2-latest
Fetching https://github.com/googleapis/swift-google-longrunning
Fetching https://github.com/googleapis/swift-google-wkt
Fetching https://github.com/googleapis/swift-google-gax
Fetching https://github.com/apple/swift-log
Fetching https://github.com/googleapis/swift-google-cloud-location
Fetching https://github.com/googleapis/swift-google-rpc
[1/552] Fetching swift-google-cloud-location
[272/1575] Fetching swift-google-cloud-location, swift-google-wkt
[555/3323] Fetching swift-google-cloud-location, swift-google-wkt, swift-google-gax
[628/3942] Fetching swift-google-cloud-location, swift-google-wkt, swift-google-gax, swift-google-longrunning
Fetched https://github.com/googleapis/swift-google-longrunning from cache (0.43s)
Fetching https://github.com/googleapis/swift-google-auth
[1/422] Fetching swift-google-rpc
[267/8679] Fetching swift-google-rpc, swift-log
Fetched https://github.com/googleapis/swift-google-rpc from cache (0.64s)
[3716/8257] Fetching swift-log
Fetched https://github.com/googleapis/swift-google-cloud-location from cache (0.74s)
Fetched https://github.com/googleapis/swift-google-wkt from cache (0.74s)
Fetched https://github.com/googleapis/swift-google-gax from cache (0.74s)
Fetched https://github.com/apple/swift-log from cache (0.74s)
[1/1023] Fetching swift-google-auth
Fetched https://github.com/googleapis/swift-google-auth from cache (0.41s)
Computing version for https://github.com/googleapis/swift-google-wkt
Computed https://github.com/googleapis/swift-google-wkt at 0.5.0 (1.00s)
Fetching https://github.com/swift-extras/swift-extras-base64
[1/954] Fetching swift-extras-base64
Fetched https://github.com/swift-extras/swift-extras-base64 from cache (0.50s)
Computing version for https://github.com/googleapis/swift-google-rpc
Computed https://github.com/googleapis/swift-google-rpc at 0.5.0 (0.66s)
Computing version for https://github.com/googleapis/swift-google-longrunning
Computed https://github.com/googleapis/swift-google-longrunning at 0.5.0 (0.16s)
Computing version for https://github.com/googleapis/swift-google-gax
Computed https://github.com/googleapis/swift-google-gax at 0.5.0 (0.17s)
Fetching https://github.com/swift-server/async-http-client.git
Fetching https://github.com/apple/swift-nio
[1/16464] Fetching async-http-client
[16465/102838] Fetching async-http-client, swift-nio
Fetched https://github.com/swift-server/async-http-client.git from cache (3.51s)
Fetched https://github.com/apple/swift-nio from cache (3.54s)
Computing version for https://github.com/googleapis/swift-google-cloud-location
Computed https://github.com/googleapis/swift-google-cloud-location at 0.5.0 (3.71s)
Computing version for https://github.com/googleapis/swift-google-auth
Computed https://github.com/googleapis/swift-google-auth at 0.5.0 (0.15s)
Fetching https://github.com/apple/swift-system.git
Fetching https://github.com/vapor/jwt-kit.git
[1/7241] Fetching swift-system
[2/17495] Fetching swift-system, jwt-kit
Fetched https://github.com/apple/swift-system.git from cache (0.90s)
Fetched https://github.com/vapor/jwt-kit.git from cache (0.91s)
Computing version for https://github.com/swift-extras/swift-extras-base64
Computed https://github.com/swift-extras/swift-extras-base64 at 1.2.0 (1.05s)
Computing version for https://github.com/swift-server/async-http-client.git
Computed https://github.com/swift-server/async-http-client.git at 1.36.2 (0.17s)
Fetching https://github.com/apple/swift-nio-ssl.git
Fetching https://github.com/apple/swift-algorithms.git
Fetching https://github.com/apple/swift-nio-extras.git
Fetching https://github.com/apple/swift-configuration.git
Fetching https://github.com/apple/swift-nio-transport-services.git
Fetching https://github.com/apple/swift-service-context.git
[1/3928] Fetching swift-configuration
[237/6795] Fetching swift-configuration, swift-nio-transport-services
[567/8296] Fetching swift-configuration, swift-nio-transport-services, swift-service-context
[1612/14460] Fetching swift-configuration, swift-nio-transport-services, swift-service-context, swift-algorithms
[4459/21163] Fetching swift-configuration, swift-nio-transport-services, swift-service-context, swift-algorithms, swift-nio-extras
[11316/38043] Fetching swift-configuration, swift-nio-transport-services, swift-service-context, swift-algorithms, swift-nio-extras, swift-nio-ssl
Fetched https://github.com/apple/swift-service-context.git from cache (0.48s)
[17865/36542] Fetching swift-configuration, swift-nio-transport-services, swift-algorithms, swift-nio-extras, swift-nio-ssl
Fetched https://github.com/apple/swift-nio-transport-services.git from cache (0.48s)
[15127/33675] Fetching swift-configuration, swift-algorithms, swift-nio-extras, swift-nio-ssl
Fetching https://github.com/apple/swift-atomics.git
Fetching https://github.com/apple/swift-nio-http2.git
Fetched https://github.com/apple/swift-configuration.git from cache (0.49s)
Fetching https://github.com/apple/swift-distributed-tracing.git
[11528/29747] Fetching swift-algorithms, swift-nio-extras, swift-nio-ssl
Fetched https://github.com/apple/swift-algorithms.git from cache (0.59s)
Fetched https://github.com/apple/swift-nio-extras.git from cache (0.59s)
[844/16880] Fetching swift-nio-ssl
[5572/18769] Fetching swift-nio-ssl, swift-atomics
[13538/25320] Fetching swift-nio-ssl, swift-atomics, swift-distributed-tracing
[21849/37614] Fetching swift-nio-ssl, swift-atomics, swift-distributed-tracing, swift-nio-http2
Fetched https://github.com/apple/swift-distributed-tracing.git from cache (0.61s)
[21474/31063] Fetching swift-nio-ssl, swift-atomics, swift-nio-http2
Fetched https://github.com/apple/swift-nio-ssl.git from cache (1.54s)
Fetched https://github.com/apple/swift-atomics.git from cache (1.14s)
Fetched https://github.com/apple/swift-nio-http2.git from cache (1.15s)
Computing version for https://github.com/apple/swift-service-context.git
Computed https://github.com/apple/swift-service-context.git at 1.3.0 (1.79s)
Computing version for https://github.com/apple/swift-algorithms.git
Computed https://github.com/apple/swift-algorithms.git at 1.2.1 (0.90s)
Fetching https://github.com/apple/swift-numerics.git
[1/6742] Fetching swift-numerics
Fetched https://github.com/apple/swift-numerics.git from cache (0.52s)
Computing version for https://github.com/apple/swift-log
Computed https://github.com/apple/swift-log at 1.16.1 (0.68s)
Computing version for https://github.com/apple/swift-distributed-tracing.git
Computed https://github.com/apple/swift-distributed-tracing.git at 1.5.0 (0.15s)
Computing version for https://github.com/apple/swift-atomics.git
Computed https://github.com/apple/swift-atomics.git at 1.3.1 (0.15s)
Computing version for https://github.com/apple/swift-numerics.git
Computed https://github.com/apple/swift-numerics.git at 1.1.1 (0.15s)
Computing version for https://github.com/apple/swift-nio
Computed https://github.com/apple/swift-nio at 2.104.0 (0.35s)
Fetching https://github.com/apple/swift-collections.git
[1/28703] Fetching swift-collections
Fetched https://github.com/apple/swift-collections.git from cache (1.19s)
Computing version for https://github.com/apple/swift-configuration.git
Computed https://github.com/apple/swift-configuration.git at 1.2.2 (2.04s)
Fetching https://github.com/swift-server/swift-service-lifecycle
[1/2867] Fetching swift-service-lifecycle
Fetched https://github.com/swift-server/swift-service-lifecycle from cache (0.83s)
Computing version for https://github.com/apple/swift-nio-transport-services.git
Computed https://github.com/apple/swift-nio-transport-services.git at 1.28.0 (1.00s)
Computing version for https://github.com/swift-server/swift-service-lifecycle
Computed https://github.com/swift-server/swift-service-lifecycle at 2.12.1 (0.15s)
Fetching https://github.com/apple/swift-async-algorithms.git
[1/6820] Fetching swift-async-algorithms
Fetched https://github.com/apple/swift-async-algorithms.git from cache (0.55s)
Computing version for https://github.com/apple/swift-async-algorithms.git
Computed https://github.com/apple/swift-async-algorithms.git at 1.1.7 (0.76s)
Computing version for https://github.com/apple/swift-collections.git
Computed https://github.com/apple/swift-collections.git at 1.7.2 (0.24s)
Computing version for https://github.com/apple/swift-nio-http2.git
Computed https://github.com/apple/swift-nio-http2.git at 1.46.0 (0.16s)
Computing version for https://github.com/vapor/jwt-kit.git
Computed https://github.com/vapor/jwt-kit.git at 5.7.1 (0.15s)
Fetching https://github.com/apple/swift-certificates.git
Fetching https://github.com/apple/swift-crypto.git
[1/18629] Fetching swift-crypto
[560/26242] Fetching swift-crypto, swift-certificates
Fetched https://github.com/apple/swift-certificates.git from cache (1.31s)
Fetched https://github.com/apple/swift-crypto.git from cache (1.32s)
Computing version for https://github.com/apple/swift-crypto.git
Computed https://github.com/apple/swift-crypto.git at 4.5.2 (1.96s)
Fetching https://github.com/apple/swift-asn1.git
[1/2009] Fetching swift-asn1
Fetched https://github.com/apple/swift-asn1.git from cache (0.40s)
Computing version for https://github.com/apple/swift-asn1.git
Computed https://github.com/apple/swift-asn1.git at 1.7.3 (0.60s)
Computing version for https://github.com/apple/swift-certificates.git
Computed https://github.com/apple/swift-certificates.git at 1.21.0 (0.21s)
Computing version for https://github.com/apple/swift-nio-ssl.git
Computed https://github.com/apple/swift-nio-ssl.git at 2.37.5 (0.19s)
Computing version for https://github.com/apple/swift-system.git
Computed https://github.com/apple/swift-system.git at 1.8.1 (0.18s)
Computing version for https://github.com/apple/swift-nio-extras.git
Computed https://github.com/apple/swift-nio-extras.git at 1.35.1 (0.27s)
Fetching https://github.com/apple/swift-http-structured-headers.git
Fetching https://github.com/apple/swift-http-types.git
[1/1253] Fetching swift-http-structured-headers
[941/3192] Fetching swift-http-structured-headers, swift-http-types
Fetched https://github.com/apple/swift-http-structured-headers.git from cache (0.42s)
Fetched https://github.com/apple/swift-http-types.git from cache (0.42s)
Computing version for https://github.com/apple/swift-http-structured-headers.git
Computed https://github.com/apple/swift-http-structured-headers.git at 1.7.0 (0.58s)
Computing version for https://github.com/apple/swift-http-types.git
Computed https://github.com/apple/swift-http-types.git at 1.8.0 (0.17s)
Creating working copy for https://github.com/apple/swift-service-context.git
Working copy of https://github.com/apple/swift-service-context.git resolved at 1.3.0
Creating working copy for https://github.com/googleapis/swift-google-wkt
Working copy of https://github.com/googleapis/swift-google-wkt resolved at 0.5.0
Creating working copy for https://github.com/apple/swift-crypto.git
Working copy of https://github.com/apple/swift-crypto.git resolved at 4.5.2
Creating working copy for https://github.com/apple/swift-http-structured-headers.git
Working copy of https://github.com/apple/swift-http-structured-headers.git resolved at 1.7.0
Creating working copy for https://github.com/apple/swift-log
Working copy of https://github.com/apple/swift-log resolved at 1.16.1
Creating working copy for https://github.com/vapor/jwt-kit.git
Working copy of https://github.com/vapor/jwt-kit.git resolved at 5.7.1
Creating working copy for https://github.com/apple/swift-nio-ssl.git
Working copy of https://github.com/apple/swift-nio-ssl.git resolved at 2.37.5
Creating working copy for https://github.com/swift-extras/swift-extras-base64
Working copy of https://github.com/swift-extras/swift-extras-base64 resolved at 1.2.0
Creating working copy for https://github.com/apple/swift-atomics.git
Working copy of https://github.com/apple/swift-atomics.git resolved at 1.3.1
Creating working copy for https://github.com/apple/swift-configuration.git
Working copy of https://github.com/apple/swift-configuration.git resolved at 1.2.2
Creating working copy for https://github.com/apple/swift-asn1.git
Working copy of https://github.com/apple/swift-asn1.git resolved at 1.7.3
Creating working copy for https://github.com/apple/swift-http-types.git
Working copy of https://github.com/apple/swift-http-types.git resolved at 1.8.0
Creating working copy for https://github.com/swift-server/async-http-client.git
Working copy of https://github.com/swift-server/async-http-client.git resolved at 1.36.2
Creating working copy for https://github.com/googleapis/swift-google-gax
Working copy of https://github.com/googleapis/swift-google-gax resolved at 0.5.0
Creating working copy for https://github.com/apple/swift-distributed-tracing.git
Working copy of https://github.com/apple/swift-distributed-tracing.git resolved at 1.5.0
Creating working copy for https://github.com/apple/swift-numerics.git
Working copy of https://github.com/apple/swift-numerics.git resolved at 1.1.1
Creating working copy for https://github.com/apple/swift-nio-extras.git
Working copy of https://github.com/apple/swift-nio-extras.git resolved at 1.35.1
Creating working copy for https://github.com/swift-server/swift-service-lifecycle
Working copy of https://github.com/swift-server/swift-service-lifecycle resolved at 2.12.1
Creating working copy for https://github.com/googleapis/swift-google-rpc
Working copy of https://github.com/googleapis/swift-google-rpc resolved at 0.5.0
Creating working copy for https://github.com/googleapis/swift-google-longrunning
Working copy of https://github.com/googleapis/swift-google-longrunning resolved at 0.5.0
Creating working copy for https://github.com/googleapis/swift-google-cloud-location
Working copy of https://github.com/googleapis/swift-google-cloud-location resolved at 0.5.0
Creating working copy for https://github.com/apple/swift-algorithms.git
Working copy of https://github.com/apple/swift-algorithms.git resolved at 1.2.1
Creating working copy for https://github.com/apple/swift-nio
Working copy of https://github.com/apple/swift-nio resolved at 2.104.0
Creating working copy for https://github.com/apple/swift-collections.git
Working copy of https://github.com/apple/swift-collections.git resolved at 1.7.2
Creating working copy for https://github.com/googleapis/swift-google-auth
Working copy of https://github.com/googleapis/swift-google-auth resolved at 0.5.0
Creating working copy for https://github.com/apple/swift-system.git
Working copy of https://github.com/apple/swift-system.git resolved at 1.8.1
Creating working copy for https://github.com/apple/swift-nio-http2.git
Working copy of https://github.com/apple/swift-nio-http2.git resolved at 1.46.0
Creating working copy for https://github.com/apple/swift-certificates.git
Working copy of https://github.com/apple/swift-certificates.git resolved at 1.21.0
Creating working copy for https://github.com/apple/swift-async-algorithms.git
Working copy of https://github.com/apple/swift-async-algorithms.git resolved at 1.1.7
Creating working copy for https://github.com/apple/swift-nio-transport-services.git
Working copy of https://github.com/apple/swift-nio-transport-services.git resolved at 1.28.0
Building for debugging...
[0/918] Write sources
[19/918] Compiling _NumericsShims _NumericsShims.c
[19/918] Write sources
[50/918] Compiling _AtomicsShims.c
[51/918] Compiling p256_beeu-x86_64-asm-apple.S
[52/918] Compiling p256_beeu-armv8-asm-apple.S
[53/918] Compiling aes-gcm-avx10-x86_64-linux.S
[54/918] Compiling chacha20_poly1305_armv8-win.S
[55/918] Compiling vpaes-x86_64-apple.S
[56/918] Compiling CXKCPShims shims.c
[57/918] Compiling KeccakHash.c
[57/918] Compiling CNIOWindows shim.c
[59/918] Compiling KeccakSponge.c
[60/918] Compiling SimpleFIPS202.c
[61/918] Compiling CNIOWindows WSAStartup.c
[61/918] Write swift-version--11D90AFD9DD3AB2.txt
[63/918] Compiling CNIOWASI CNIOWASI.c
[64/918] Compiling CNIOPosix event_loop_id.c
[65/918] Compiling CNIOOpenBSD shim.c
[66/918] Compiling CNIOLinux liburing_shims.c
[67/918] Compiling CSystem shims.c
[68/921] Compiling CNIOLinux shim.c
[69/994] Compiling KeccakP-1600-opt64.c
[71/1005] Emitting module Logging
[72/1006] Emitting module SystemPackage
[73/1011] Compiling Logging LogHandler.swift
[74/1011] Compiling Logging SwiftLogNoOpLogHandler.swift
[75/1013] Compiling SystemPackage SystemString.swift
[76/1013] Compiling SystemPackage Util+StringArray.swift
[77/1013] Compiling SystemPackage Util.swift
[78/1013] Compiling SystemPackage UtilConsumers.swift
[79/1013] Compiling SystemPackage WinSDK+Overlay.swift
[80/1013] Compiling Logging LogEvent.swift
[82/1013] Compiling SystemPackage FilePathSyntax.swift
[83/1013] Compiling SystemPackage FilePathTemp.swift
[84/1013] Compiling Logging LoggingSystem.swift
[85/1013] Compiling RealModule RealFunctions.swift
[86/1014] Compiling SystemPackage FilePathTempPosix.swift
[87/1014] Compiling SystemPackage FilePathTempWindows.swift
[88/1014] Compiling SystemPackage FilePathParsing.swift
[89/1014] Compiling SystemPackage FilePathString.swift
[90/1014] Compiling Logging Locks.swift
[91/1014] Compiling SystemPackage FilePathComponentView.swift
[92/1014] Compiling SystemPackage FilePathComponents.swift
[93/1014] Compiling ServiceContextModule ServiceContextKey.swift
[94/1014] Compiling RealModule Real.swift
[95/1014] Compiling Logging MultiplexLogHandler.swift
[96/1014] Compiling Logging StreamLogHandler.swift
[101/1014] Emitting module _NIOBase64
[102/1014] Compiling _NIOBase64 Base64.swift
[105/1014] Compiling RealModule RelaxedArithmetic.swift
[107/1015] Compiling _CertificateInternals _TinyArray.swift
[108/1015] Emitting module _CertificateInternals
[109/1016] Compiling RealModule Float80+Real.swift
[110/1016] Compiling _NIODataStructures PriorityQueue.swift
[111/1016] Compiling _NIODataStructures _TinyArray.swift
[112/1016] Compiling _NIODataStructures Heap.swift
[113/1016] Emitting module _NIODataStructures
[114/1017] Compiling ServiceContextModule ServiceContext.swift
[115/1017] Emitting module ServiceContextModule
[116/1018] Emitting module RealModule
[121/1037] Compiling InternalCollectionsUtilities FixedWidthInteger+roundUpToPowerOfTwo.swift
[122/1037] Compiling InternalCollectionsUtilities Integer rank.swift
[123/1038] Compiling RealModule Float16+Real.swift
[125/1047] Wrapping AST for _NIODataStructures for debugging
[126/1049] Wrapping AST for _NIOBase64 for debugging
[127/1052] Wrapping AST for _CertificateInternals for debugging
[129/1052] Compiling Logging Logger+With.swift
[130/1052] Compiling Logging Logger.swift
[131/1052] Compiling Logging Logger+Attributes.swift
[131/1052] Wrapping AST for ServiceContextModule for debugging
[132/1052] Wrapping AST for RealModule for debugging
[134/1058] Compiling InternalCollectionsUtilities BorrowingIteratorProtocol+Equality.swift
[135/1058] Compiling InternalCollectionsUtilities BorrowingIteratorProtocol+Extras.swift
[136/1058] Compiling InternalCollectionsUtilities Debugging.swift
[137/1058] Compiling InternalCollectionsUtilities Descriptions.swift
[138/1061] Compiling InternalCollectionsUtilities UnsafeMutablePointer+Extras.swift
[139/1061] Compiling InternalCollectionsUtilities UnsafeMutableRawBufferPointer+Extras.swift
[140/1061] Compiling InternalCollectionsUtilities UnsafePointer+Extras.swift
[140/1061] Compiling CNIOLLHTTP c_nio_http.c
[145/1061] Compiling Instrumentation NoOpInstrument.swift
[145/1061] Compiling CNIOLLHTTP c_nio_api.c
[146/1061] Compiling CNIOFreeBSD shim.c
[148/1061] Compiling Instrumentation MultiplexInstrument.swift
[149/1061] Compiling InternalCollectionsUtilities UnsafeRawBufferPointer+Extras.swift
[150/1061] Compiling InternalCollectionsUtilities _SortedCollection.swift
[151/1061] Compiling InternalCollectionsUtilities _UniqueCollection.swift
[151/1061] Compiling CNIOExtrasZlib zutil.c
[153/1061] Compiling Instrumentation Instrument.swift
[154/1061] Compiling Instrumentation InstrumentationSystem.swift
[154/1061] Compiling CNIOExtrasZlib trees.c
[155/1061] Compiling CNIOLLHTTP c_nio_llhttp.c
[157/1061] Compiling InternalCollectionsUtilities Strideable+LimitHelpers.swift
[158/1061] Compiling InternalCollectionsUtilities String+Padding.swift
[159/1061] Compiling InternalCollectionsUtilities TemporaryAllocation.swift
[160/1061] Compiling InternalCollectionsUtilities _UnsafeBitSet+Index.swift
[160/1061] Compiling CNIOExtrasZlib inftrees.c
[162/1061] Emitting module SwiftASN1
[165/1061] Compiling InternalCollectionsUtilities UInt+first and last set bit.swift
[166/1061] Compiling InternalCollectionsUtilities UInt+reversed.swift
[166/1061] Compiling CNIOExtrasZlib inffast.c
[167/1061] Compiling CNIOExtrasZlib inflate.c
[169/1061] Compiling InternalCollectionsUtilities MutableSpan+Extras.swift
[170/1061] Compiling InternalCollectionsUtilities OutputSpan+Extras.swift
[170/1061] Compiling CNIOExtrasZlib crc32.c
[171/1061] Compiling CNIOExtrasZlib adler32.c
[172/1061] Compiling CNIOExtrasZlib deflate.c
[173/1061] Compiling CNIODarwin shim.c
[174/1061] Compiling fiat_p256_adx_sqr.S
[175/1061] Compiling fiat_p256_adx_mul.S
[176/1061] Compiling fiat_curve25519_adx_square.S
[177/1061] Compiling fiat_curve25519_adx_mul.S
[179/1061] Emitting module InternalCollectionsUtilities
[179/1061] Compiling CNIOBoringSSLShims shims.c
[181/1061] Compiling InternalCollectionsUtilities Iterable+CopyContents.swift
[182/1061] Compiling InternalCollectionsUtilities Iterable+Equality.swift
[183/1061] Compiling InternalCollectionsUtilities LifetimeOverride.swift
[184/1061] Compiling InternalCollectionsUtilities MutableRef.swift
[185/1061] Compiling InternalCollectionsUtilities _UnsafeBitSet+_Word.swift
[186/1061] Compiling InternalCollectionsUtilities _UnsafeBitSet.swift
[187/1061] Compiling InternalCollectionsUtilities UnsafeBufferPointer+Extras.swift
[188/1061] Compiling InternalCollectionsUtilities UnsafeMutableBufferPointer+Extras.swift
[191/1061] Compiling InternalCollectionsUtilities RandomAccessCollection+Offsets.swift
[192/1061] Compiling InternalCollectionsUtilities Span+Extras.swift
[196/1062] Compiling SystemPackage RawBuffer.swift
[197/1062] Compiling SystemPackage Syscalls.swift
[198/1062] Compiling SystemPackage WindowsSyscallAdapters.swift
[199/1062] Compiling SystemPackage MachPort.swift
[200/1062] Compiling SystemPackage PlatformString.swift
[203/1062] Emitting module Instrumentation
[204/1062] Compiling Instrumentation Locks.swift
[210/1063] Compiling Logging MetadataProvider.swift
[235/1069] Compiling SystemPackage Mocking.swift
[236/1070] Emitting module SpanPreview
[237/1070] Compiling SpanPreview OutputSpan+InputSpanHelpers.swift
[239/1078] Compiling SpanPreview MutableSpan+InputSpanHelpers.swift
[240/1078] Compiling SpanPreview InputSpan.swift
[240/1078] Wrapping AST for Logging for debugging
[242/1079] Wrapping AST for SystemPackage for debugging
[243/1079] Wrapping AST for SwiftASN1 for debugging
[244/1079] Wrapping AST for Instrumentation for debugging
[245/1090] Wrapping AST for InternalCollectionsUtilities for debugging
[247/1107] Compiling Tracing TracingTime.swift
[247/1122] Wrapping AST for SpanPreview for debugging
[249/1122] Compiling Tracing InstrumentationSystem+Tracing.swift
[250/1122] Compiling Tracing NoOpTracer.swift
[251/1122] Compiling Tracing WithTracer.swift
[251/1122] Compiling tls_method.cc
[252/1122] Compiling tls_record.cc
[254/1122] Compiling DequeModule RigidDeque+Descriptions.swift
[255/1122] Compiling DequeModule RigidDeque+Equatable.swift
[256/1122] Compiling DequeModule RigidDeque+Hashable.swift
[257/1122] Compiling DequeModule RigidDeque+Initializers.swift
[258/1122] Compiling DequeModule RigidDeque+Insertions.swift
[259/1122] Compiling DequeModule RigidDeque+Iterable.swift
[260/1127] Emitting module Tracing
[261/1127] Compiling DequeModule UniqueDeque+Initializers.swift
[262/1127] Compiling DequeModule UniqueDeque+Insertions.swift
[263/1127] Compiling DequeModule UniqueDeque+Iterable.swift
[264/1127] Compiling DequeModule UniqueDeque+Prepend.swift
[265/1127] Compiling DequeModule UniqueDeque+Removals.swift
[266/1127] Compiling DequeModule UniqueDeque+Consumption.swift
[267/1127] Compiling DequeModule UniqueDeque+ContainerOperations.swift
[268/1127] Compiling DequeModule UniqueDeque+Deprecations.swift
[269/1127] Compiling DequeModule UniqueDeque+Descriptions.swift
[270/1127] Compiling DequeModule UniqueDeque+Equatable.swift
[271/1127] Compiling DequeModule UniqueDeque+Hashable.swift
[272/1127] Compiling Tracing TracerProtocol.swift
[273/1127] Compiling Tracing Tracer.swift
[274/1127] Compiling Tracing TracerProtocol+Legacy.swift
[274/1127] Compiling tls13_server.cc
[276/1127] Compiling DequeModule _DequeBuffer.swift
[277/1127] Compiling DequeModule _DequeBufferHeader.swift
[278/1127] Compiling DequeModule RigidDeque+Append.swift
[279/1127] Compiling DequeModule RigidDeque+Consumption.swift
[280/1127] Compiling DequeModule RigidDeque+ContainerOperations.swift
[281/1127] Compiling DequeModule RigidDeque+Deprecations.swift
[282/1127] Compiling Tracing SpanProtocol.swift
[284/1128] Compiling DequeModule RigidDeque+Prepend.swift
[285/1128] Compiling DequeModule RigidDeque+Removals.swift
[286/1128] Compiling DequeModule RigidDeque+Replacements.swift
[287/1128] Compiling DequeModule RigidDeque+Testing.swift
[288/1128] Compiling DequeModule RigidDeque.swift
[289/1128] Compiling DequeModule UniqueDeque+Append.swift
[289/1128] Compiling tls13_client.cc
[290/1128] Wrapping AST for Tracing for debugging
[292/1128] Compiling DequeModule Deque+Extras.swift
[293/1128] Compiling DequeModule Deque+Hashable.swift
[294/1128] Compiling DequeModule Deque+Testing.swift
[295/1128] Compiling DequeModule Deque._Storage.swift
[296/1128] Compiling DequeModule Deque._UnsafeHandle.swift
[297/1128] Compiling DequeModule Deque.swift
[298/1128] Compiling DequeModule Deque+Codable.swift
[299/1128] Compiling DequeModule Deque+Collection.swift
[300/1128] Compiling DequeModule Deque+CustomReflectable.swift
[301/1128] Compiling DequeModule Deque+Descriptions.swift
[302/1128] Compiling DequeModule Deque+Equatable.swift
[303/1128] Compiling DequeModule Deque+ExpressibleByArrayLiteral.swift
[303/1128] Compiling tls13_enc.cc
[304/1128] Compiling t1_enc.cc
[305/1128] Compiling tls13_both.cc
[306/1128] Compiling ssl_versions.cc
[307/1128] Compiling ssl_x509.cc
[308/1128] Compiling ssl_transcript.cc
[310/1128] Compiling DequeModule UniqueDeque+Replacements.swift
[311/1128] Compiling DequeModule UniqueDeque.swift
[312/1128] Compiling DequeModule _DequeSlot.swift
[313/1128] Compiling DequeModule _UnsafeDequeHandle.swift
[314/1128] Compiling DequeModule _UnsafeDequeSegments.swift
[314/1128] Compiling ssl_privkey.cc
[315/1128] Compiling ssl_session.cc
[316/1128] Compiling ssl_stat.cc
[318/1128] Emitting module DequeModule
[320/1129] Compiling ExtrasBase64 Base32.swift
[321/1129] Compiling ExtrasBase64 Base64+Span.swift
[322/1129] Emitting module ExtrasBase64
[323/1129] Compiling ExtrasBase64 Base32+Span.swift
[323/1129] Compiling ssl_key_share.cc
[324/1129] Compiling ssl_file.cc
[325/1172] Wrapping AST for DequeModule for debugging
[327/1172] Compiling ExtrasBase64 Base64.swift
[328/1173] Compiling ssl_lib.cc
[330/1173] Compiling Configuration JSONSnapshot.swift
[331/1173] Compiling Configuration PropertyListSnapshot.swift
[332/1173] Compiling Configuration ReloadingFileProvider.swift
[333/1173] Compiling Configuration ReloadingFileProviderMetrics.swift
[334/1173] Compiling Configuration YAMLSnapshot.swift
[335/1173] Compiling Configuration InMemoryProvider.swift
[336/1178] Compiling Configuration Deprecations.swift
[337/1178] Compiling Configuration ExpressibleByConfigInt.swift
[338/1178] Compiling Configuration ExpressibleByConfigString.swift
[339/1178] Compiling Configuration CLIKeyEncoder.swift
[340/1178] Compiling Configuration ConfigKeyEncoder.swift
[341/1178] Compiling Configuration DotSeparatorKeyDecoder.swift
[341/1209] Compiling ssl_cert.cc
[343/1209] Emitting module Configuration
[343/1209] Wrapping AST for ExtrasBase64 for debugging
[344/1209] Compiling ssl_credential.cc
[345/1209] Compiling ssl_cipher.cc
[346/1209] Compiling ssl_buffer.cc
[348/1209] Compiling GoogleWKT WKTField.swift
[349/1209] Compiling GoogleWKT WKTMethod.swift
[350/1209] Compiling GoogleWKT WKTMixin.swift
[351/1209] Compiling GoogleWKT WKTOption.swift
[352/1209] Compiling GoogleWKT WKTValue.swift
[353/1209] Compiling GoogleWKT WKTApi.swift
[353/1209] Compiling ssl_asn1.cc
[355/1209] Compiling GoogleWKT UnknownFields.swift
[356/1209] Compiling GoogleWKT WKTAny.swift
[357/1209] Compiling GoogleWKT WKTAnyError.swift
[358/1209] Compiling GoogleWKT WKTBoolValue.swift
[359/1209] Compiling GoogleWKT WKTBytesValue.swift
[360/1213] Compiling GoogleWKT WKTDoubleValue.swift
[361/1213] Compiling GoogleWKT WKTDuration.swift
[362/1213] Compiling GoogleWKT WKTEmpty.swift
[363/1213] Compiling GoogleWKT WKTFieldMask.swift
[364/1213] Compiling GoogleWKT WKTFloatValue.swift
[365/1213] Compiling GoogleWKT WKTInt32Value.swift
[366/1213] Compiling GoogleWKT WKTInt64Value.swift
[367/1213] Compiling GoogleWKT WKTRecursive.swift
[367/1213] Compiling ssl_aead_ctx.cc
[369/1213] Compiling GoogleWKT WKTStringValue.swift
[370/1213] Compiling GoogleWKT WKTTimestamp.swift
[371/1213] Compiling GoogleWKT WKTUInt32Value.swift
[372/1213] Compiling GoogleWKT WKTUInt64Value.swift
[379/1213] Compiling GoogleWKT WKTEnum.swift
[380/1213] Compiling GoogleWKT WKTEnumValue.swift
[380/1213] Compiling s3_pkt.cc
[381/1213] Compiling s3_lib.cc
[382/1213] Compiling s3_both.cc
[384/1213] Compiling GoogleWKT WKTSourceContext.swift
[385/1213] Compiling GoogleWKT WKTSyntax.swift
[386/1213] Compiling GoogleWKT WKTType.swift
[387/1213] Compiling GoogleWKT PackageVersion.swift
[388/1213] Compiling GoogleWKT AnyPackable.swift
[389/1213] Compiling GoogleWKT DecodeToDefault.swift
[390/1213] Compiling GoogleWKT DiscoveryBase64.swift
[391/1213] Compiling GoogleWKT ProtoJSONDecoder.swift
[392/1213] Compiling GoogleWKT ProtoJSONEncoder.swift
[393/1213] Emitting module GoogleWKT
[393/1214] Compiling handshake_server.cc
[402/1214] Compiling Configuration MutableInMemoryProvider.swift
[403/1214] Compiling Configuration ConfigProvider+Operators.swift
[404/1214] Compiling Configuration KeyMappingProvider.swift
[405/1214] Compiling Configuration SecretsSpecifier.swift
[406/1214] Compiling Configuration AsyncCombineLatestManySequence.swift
[407/1214] Compiling Configuration CombineLatestManyStateMachine.swift
[408/1214] Compiling Configuration CombineLatestManyStorage.swift
[409/1214] Compiling Configuration AsyncSequences.swift
[410/1214] Compiling Configuration FoundationExtensions.swift
[411/1214] Compiling Configuration Span.swift
[412/1214] Compiling Configuration ConfigBytesFromStringDecoder.swift
[418/1214] Compiling handshake_client.cc
[419/1229] Compiling handshake.cc
[420/1229] Wrapping AST for GoogleWKT for debugging
[422/1229] Compiling GoogleRpc RequestInfo.swift
[423/1229] Compiling GoogleRpc ResourceInfo.swift
[424/1231] Compiling GoogleRpc HttpRequest.swift
[425/1231] Compiling GoogleRpc HttpResponse.swift
[426/1231] Compiling GoogleRpc DebugInfo.swift
[427/1231] Compiling GoogleRpc ErrorInfo.swift
[427/1231] Compiling handoff.cc
[429/1231] Compiling GoogleRpc BadRequest.swift
[430/1231] Compiling GoogleRpc Code.swift
[431/1231] Emitting module GoogleRpc
[431/1231] Compiling encrypted_client_hello.cc
[432/1231] Compiling dtls_record.cc
[433/1231] Compiling extensions.cc
[435/1231] Compiling GoogleRpc RetryInfo.swift
[436/1231] Compiling GoogleRpc Status.swift
[437/1231] Compiling GoogleRpc PreconditionFailure.swift
[438/1231] Compiling GoogleRpc QuotaFailure.swift
[439/1231] Compiling GoogleRpc Help.swift
[440/1231] Compiling GoogleRpc HttpHeader.swift
[441/1231] Compiling GoogleRpc LocalizedMessage.swift
[442/1231] Compiling GoogleRpc PackageVersion.swift
[443/1232] Compiling dtls_method.cc
[444/1232] Compiling md5-x86_64-linux.S
[445/1232] Wrapping AST for GoogleRpc for debugging
[446/1232] Compiling md5-586-linux.S
[447/1232] Compiling md5-x86_64-apple.S
[448/1232] Compiling md5-586-apple.S
[449/1232] Compiling chacha20_poly1305_x86_64-linux.S
[450/1232] Compiling chacha20_poly1305_x86_64-apple.S
[451/1232] Compiling chacha20_poly1305_armv8-linux.S
[452/1232] Compiling chacha20_poly1305_armv8-apple.S
[453/1232] Compiling chacha-x86_64-linux.S
[454/1232] Compiling chacha-x86_64-apple.S
[461/1233] Compiling chacha-x86-linux.S
[463/1233] Compiling d1_lib.cc
[464/1233] Compiling d1_pkt.cc
[465/1233] Compiling chacha-x86-apple.S
[466/1233] Compiling chacha-armv8-win.S
[467/1233] Compiling err_data.cc
[468/1233] Compiling chacha-armv4-linux.S
[469/1233] Compiling chacha-armv8-apple.S
[470/1233] Compiling aes128gcmsiv-x86_64-linux.S
[471/1233] Wrapping AST for Configuration for debugging
[472/1233] Compiling aes128gcmsiv-x86_64-apple.S
[473/1233] Compiling chacha-armv8-linux.S
[474/1233] Compiling x86_64-mont5-linux.S
[475/1233] Compiling x86_64-mont5-apple.S
[476/1233] Compiling x86_64-mont-linux.S
[477/1233] Compiling x86_64-mont-apple.S
[478/1233] Compiling x86-mont-linux.S
[479/1233] Compiling x86-mont-apple.S
[480/1233] Compiling bio_ssl.cc
[481/1233] Compiling vpaes-x86-apple.S
[482/1233] Compiling vpaes-x86_64-linux.S
[483/1233] Compiling vpaes-x86-linux.S
[484/1233] Compiling vpaes-armv8-win.S
[485/1233] Compiling vpaes-armv8-linux.S
[486/1233] Compiling vpaes-armv7-linux.S
[487/1233] Compiling vpaes-armv8-apple.S
[488/1233] Compiling sha512-x86_64-apple.S
[489/1233] Compiling sha512-armv8-win.S
[490/1233] Compiling sha512-x86_64-linux.S
[491/1233] Compiling d1_srtp.cc
[492/1233] Compiling sha512-armv8-apple.S
[493/1233] Compiling sha512-586-linux.S
[494/1233] Compiling sha512-armv4-linux.S
[495/1233] Compiling sha512-armv8-linux.S
[496/1233] Compiling sha512-586-apple.S
[497/1233] Compiling sha256-x86_64-linux.S
[498/1233] Compiling sha256-x86_64-apple.S
[499/1233] Compiling sha256-armv8-win.S
[500/1233] Compiling sha256-armv8-apple.S
[501/1233] Compiling sha256-586-apple.S
[501/1233] Compiling sha256-586-linux.S
[503/1233] Compiling sha1-x86_64-linux.S
[504/1233] Compiling sha256-armv4-linux.S
[505/1233] Compiling sha1-x86_64-apple.S
[506/1233] Compiling sha256-armv8-linux.S
[507/1233] Compiling sha1-armv8-win.S
[508/1233] Compiling sha1-armv8-apple.S
[509/1233] Compiling sha1-armv4-large-linux.S
[510/1233] Compiling sha1-586-apple.S
[511/1233] Compiling rsaz-avx2-apple.S
[511/1233] Compiling sha1-586-linux.S
[513/1233] Compiling rdrand-x86_64-apple.S
[514/1233] Compiling sha1-armv8-linux.S
[515/1233] Compiling rsaz-avx2-linux.S
[516/1233] Compiling rdrand-x86_64-linux.S
[517/1233] Compiling p256-x86_64-asm-apple.S
[518/1233] Compiling p256_beeu-x86_64-asm-linux.S
[519/1233] Compiling p256_beeu-armv8-asm-win.S
[519/1233] Compiling p256-armv8-asm-win.S
[521/1233] Compiling p256_beeu-armv8-asm-linux.S
[522/1233] Compiling p256-x86_64-asm-linux.S
[523/1233] Compiling p256-armv8-asm-linux.S
[524/1233] Compiling p256-armv8-asm-apple.S
[525/1233] Compiling ghashv8-armv8-win.S
[526/1233] Compiling ghashv8-armv8-apple.S
[527/1233] Compiling ghash-x86_64-linux.S
[528/1233] Compiling ghashv8-armv8-linux.S
[529/1233] Compiling ghashv8-armv7-linux.S
[530/1233] Compiling ghash-x86_64-apple.S
[531/1233] Compiling ghash-x86-linux.S
[532/1233] Compiling ghash-x86-apple.S
[533/1233] Compiling ghash-ssse3-x86-linux.S
[534/1233] Compiling ghash-ssse3-x86_64-linux.S
[535/1233] Compiling ghash-ssse3-x86_64-apple.S
[536/1233] Compiling ghash-ssse3-x86-apple.S
[537/1233] Compiling ghash-neon-armv8-linux.S
[538/1233] Compiling ghash-neon-armv8-win.S
[539/1233] Compiling ghash-armv4-linux.S
[540/1233] Compiling ghash-neon-armv8-apple.S
[541/1233] Compiling co-586-apple.S
[542/1233] Compiling co-586-linux.S
[543/1233] Compiling bn-armv8-apple.S
[544/1233] Compiling bn-armv8-win.S
[545/1233] Compiling bsaes-armv7-linux.S
[546/1233] Compiling bn-586-apple.S
[547/1233] Compiling bn-586-linux.S
[548/1233] Compiling armv8-mont-win.S
[549/1233] Compiling bn-armv8-linux.S
[550/1233] Compiling aesv8-gcm-armv8-win.S
[551/1233] Compiling aesv8-gcm-armv8-apple.S
[552/1233] Compiling armv4-mont-linux.S
[553/1233] Compiling armv8-mont-apple.S
[554/1233] Compiling aesv8-gcm-armv8-linux.S
[555/1233] Compiling armv8-mont-linux.S
[556/1233] Compiling aesv8-armv8-win.S
[557/1233] Compiling aesv8-armv8-apple.S
[558/1233] Compiling aesni-x86_64-apple.S
[559/1233] Compiling aesni-x86-linux.S
[560/1233] Compiling aesv8-armv7-linux.S
[561/1233] Compiling aesv8-armv8-linux.S
[562/1233] Compiling aesni-x86_64-linux.S
[562/1233] Compiling aesni-x86-apple.S
[564/1233] Compiling aesni-gcm-x86_64-linux.S
[565/1233] Compiling aesni-gcm-x86_64-apple.S
[566/1233] Compiling aes-gcm-avx2-x86_64-linux.S
[567/1233] Compiling aes-gcm-avx10-x86_64-apple.S
[568/1233] Compiling aes-gcm-avx2-x86_64-apple.S
[569/1233] Compiling d1_both.cc
[570/1233] Compiling x_req.cc
[571/1233] Compiling x_sig.cc
[572/1233] Compiling x_x509a.cc
[573/1233] Compiling x_spki.cc
[574/1233] Compiling x_x509.cc
[575/1233] Compiling x_val.cc
[576/1233] Compiling x_pubkey.cc
[577/1233] Compiling x_name.cc
[578/1233] Compiling x_exten.cc
[579/1233] Compiling x509rset.cc
[580/1233] Compiling x_crl.cc
[581/1233] Compiling x_all.cc
[582/1233] Compiling x_attrib.cc
[583/1233] Compiling x509spki.cc
[584/1233] Compiling x_algor.cc
[585/1233] Compiling x509name.cc
[586/1233] Compiling x509cset.cc
[587/1233] Compiling x509_txt.cc
[588/1233] Compiling x509_vpm.cc
[589/1233] Compiling x509_trs.cc
[590/1233] Compiling x509_v3.cc
[591/1233] Compiling x509_vfy.cc
[592/1233] Compiling x509_set.cc
[593/1233] Compiling x509_req.cc
[594/1233] Compiling x509_obj.cc
[595/1233] Compiling x509_lu.cc
[596/1233] Compiling x509_ext.cc
[597/1233] Compiling x509_d2.cc
[598/1233] Compiling x509_def.cc
[599/1233] Compiling x509_cmp.cc
[600/1233] Compiling x509_att.cc
[601/1233] Compiling x509.cc
[602/1233] Compiling v3_utl.cc
[603/1233] Compiling v3_skey.cc
[604/1233] Compiling v3_prn.cc
[605/1233] Compiling v3_pmaps.cc
[606/1233] Compiling v3_purp.cc
[607/1233] Compiling v3_ncons.cc
[608/1233] Compiling v3_pcons.cc
[609/1233] Compiling v3_ocsp.cc
[610/1233] Compiling v3_lib.cc
[611/1233] Compiling v3_int.cc
[612/1233] Compiling v3_info.cc
[613/1233] Compiling v3_genn.cc
[614/1233] Compiling v3_ia5.cc
[615/1233] Compiling v3_extku.cc
[616/1233] Compiling v3_enum.cc
[617/1233] Compiling v3_crld.cc
[618/1233] Compiling v3_cpols.cc
[619/1233] Compiling v3_bitst.cc
[620/1233] Compiling v3_conf.cc
[621/1233] Compiling v3_akey.cc
[622/1233] Compiling v3_bcons.cc
[623/1233] Compiling v3_akeya.cc
[624/1233] Compiling t_x509a.cc
[625/1233] Compiling v3_alt.cc
[626/1233] Compiling t_x509.cc
[627/1233] Compiling t_req.cc
[628/1233] Compiling i2d_pr.cc
[629/1233] Compiling t_crl.cc
[630/1233] Compiling rsa_pss.cc
[631/1233] Compiling name_print.cc
[632/1233] Compiling policy.cc
[633/1233] Compiling by_file.cc
[634/1233] Compiling by_dir.cc
[635/1233] Compiling asn1_gen.cc
[636/1233] Compiling a_verify.cc
[637/1233] Compiling voprf.cc
[638/1233] Compiling algorithm.cc
[639/1233] Compiling a_sign.cc
[640/1233] Compiling a_digest.cc
[641/1233] Compiling trust_token.cc
[642/1233] Compiling thread_win.cc
[643/1233] Compiling thread_pthread.cc
[644/1233] Compiling pmbtoken.cc
[645/1233] Compiling thread_none.cc
[646/1233] Compiling thread.cc
[646/1233] Compiling stack.cc
[648/1233] Compiling slhdsa.cc
[649/1233] Compiling sha256.cc
[650/1233] Compiling siphash.cc
[651/1233] Compiling spake2plus.cc
[652/1233] Compiling sha512.cc
[653/1233] Compiling sha1.cc
[654/1233] Compiling rsa_print.cc
[655/1233] Compiling rsa_extra.cc
[656/1233] Compiling rsa_crypt.cc
[657/1233] Compiling windows.cc
[658/1233] Compiling rc4.cc
[659/1233] Compiling urandom.cc
[660/1233] Compiling refcount.cc
[661/1233] Compiling trusty.cc
[662/1233] Compiling rand.cc
[663/1233] Compiling rsa_asn1.cc
[664/1233] Compiling passive.cc
[665/1233] Compiling poly1305_arm_asm.S
[666/1233] Compiling getentropy.cc
[667/1233] Compiling ios.cc
[668/1233] Compiling fork_detect.cc
[669/1233] Compiling deterministic.cc
[670/1233] Compiling forkunsafe.cc
[671/1233] Compiling poly1305_vec.cc
[672/1233] Compiling poly1305_arm.cc
[673/1233] Compiling pool.cc
[674/1233] Compiling poly1305.cc
[675/1233] Compiling pkcs7.cc
[676/1233] Compiling pkcs8.cc
[677/1233] Compiling pkcs7_x509.cc
[677/1233] Compiling pkcs8_x509.cc
[677/1233] Compiling p5_pbev2.cc
[680/1233] Compiling pem_xaux.cc
[681/1233] Compiling pem_x509.cc
[682/1233] Compiling pem_pkey.cc
[683/1233] Compiling pem_pk8.cc
[684/1233] Compiling mlkem.cc
[684/1233] Compiling pem_oth.cc
[686/1233] Compiling obj_xref.cc
[687/1233] Compiling pem_info.cc
[688/1233] Compiling pem_all.cc
[689/1233] Compiling pem_lib.cc
[690/1233] Compiling obj.cc
[691/1233] Compiling poly_rq_mul.S
[692/1233] Compiling md4.cc
[693/1233] Compiling md5.cc
[694/1233] Compiling fips_shared_support.cc
[695/1233] Compiling mldsa.cc
[696/1233] Compiling lhash.cc
[697/1233] Compiling mem.cc
[698/1233] Compiling kyber.cc
[699/1233] Compiling ex_data.cc
[700/1233] Compiling scrypt.cc
[701/1233] Compiling hrss.cc
[702/1233] Compiling sign.cc
[703/1233] Compiling print.cc
[704/1233] Compiling hpke.cc
[705/1233] Compiling pbkdf.cc
[706/1233] Compiling p_x25519.cc
[707/1233] Compiling p_x25519_asn1.cc
[708/1233] Compiling p_rsa_asn1.cc
[709/1233] Compiling p_rsa.cc
[710/1233] Compiling p_ed25519_asn1.cc
[711/1233] Compiling p_ed25519.cc
[712/1233] Compiling p_hkdf.cc
[713/1233] Compiling p_ec_asn1.cc
[714/1233] Compiling p_ec.cc
[715/1233] Compiling p_dh.cc
[716/1233] Compiling p_dh_asn1.cc
[717/1233] Compiling evp_ctx.cc
[718/1233] Compiling p_dsa_asn1.cc
[719/1233] Compiling engine.cc
[720/1233] Compiling evp.cc
[721/1233] Compiling ecdh.cc
[722/1233] Compiling evp_asn1.cc
[723/1233] Compiling err.cc
[724/1233] Compiling ecdsa_asn1.cc
[725/1233] Compiling ec_derive.cc
[726/1233] Compiling hash_to_curve.cc
[727/1233] Compiling dsa.cc
[728/1233] Compiling bcm.cc
[729/1233] Compiling params.cc
[730/1233] Compiling dsa_asn1.cc
[731/1233] Compiling ec_asn1.cc
[732/1233] Compiling x25519-asm-arm.S
[733/1233] Compiling digest_extra.cc
[734/1233] Compiling des.cc
[735/1233] Compiling dh_asn1.cc
[736/1233] Compiling curve25519_64_adx.cc
[737/1233] Compiling cpu_arm_linux.cc
[738/1233] Compiling cpu_intel.cc
[739/1233] Compiling spake25519.cc
[740/1233] Compiling crypto.cc
[741/1233] Compiling cpu_arm_freebsd.cc
[742/1233] Compiling cpu_aarch64_win.cc
[743/1233] Compiling curve25519.cc
[744/1233] Compiling cpu_aarch64_sysreg.cc
[745/1233] Compiling cpu_aarch64_openbsd.cc
[746/1233] Compiling cpu_aarch64_apple.cc
[747/1233] Compiling cpu_aarch64_linux.cc
[748/1233] Compiling cpu_aarch64_fuchsia.cc
[749/1233] Compiling conf.cc
[750/1233] Compiling get_cipher.cc
[751/1233] Compiling tls_cbc.cc
[752/1233] Compiling e_rc4.cc
[753/1233] Compiling e_des.cc
[754/1233] Compiling e_tls.cc
[755/1233] Compiling e_null.cc
[756/1233] Compiling e_rc2.cc
[757/1233] Compiling e_aesgcmsiv.cc
[758/1233] Compiling e_chacha20poly1305.cc
[759/1233] Compiling e_aesctrhmac.cc
[760/1233] Compiling derive_key.cc
[761/1233] Compiling chacha.cc
[762/1233] Compiling buf.cc
[763/1233] Compiling unicode.cc
[764/1233] Compiling cbb.cc
[765/1233] Compiling ber.cc
[766/1233] Compiling cbs.cc
[767/1233] Compiling asn1_compat.cc
[768/1233] Compiling convert.cc
[769/1233] Compiling bn_asn1.cc
[770/1233] Compiling blake2.cc
[771/1233] Compiling socket_helper.cc
[772/1233] Compiling printf.cc
[773/1233] Compiling socket.cc
[774/1233] Compiling hexdump.cc
[775/1233] Compiling pair.cc
[776/1233] Compiling file.cc
[777/1233] Compiling fd.cc
[778/1233] Compiling errno.cc
[779/1233] Compiling connect.cc
[780/1233] Compiling base64.cc
[781/1233] Compiling bio_mem.cc
[782/1233] Compiling bio.cc
[783/1233] Compiling tasn_typ.cc
[784/1233] Compiling tasn_utl.cc
[785/1233] Compiling tasn_fre.cc
[786/1233] Compiling tasn_enc.cc
[787/1233] Compiling f_string.cc
[788/1233] Compiling tasn_new.cc
[789/1233] Compiling posix_time.cc
[790/1233] Compiling f_int.cc
[791/1233] Compiling asn1_par.cc
[792/1233] Compiling asn_pack.cc
[793/1233] Compiling tasn_dec.cc
[794/1233] Compiling asn1_lib.cc
[795/1233] Compiling a_time.cc
[796/1233] Compiling a_utctm.cc
[797/1233] Compiling a_type.cc
[798/1233] Compiling a_octet.cc
[799/1233] Compiling a_strnid.cc
[800/1233] Compiling a_object.cc
[801/1233] Compiling a_strex.cc
[802/1233] Compiling a_i2d_fp.cc
[803/1233] Compiling a_dup.cc
[804/1233] Compiling a_gentm.cc
[805/1233] Compiling a_mbstr.cc
[806/1233] Compiling CGoogleGaxCRC32C CGoogleGaxCRC32C.c
[807/1233] Compiling fiat_p256_adx_sqr.S
[808/1233] Compiling a_d2i_fp.cc
[809/1233] Compiling fiat_p256_adx_mul.S
[810/1233] Compiling a_int.cc
[811/1233] Compiling fiat_curve25519_adx_square.S
[812/1233] Compiling fiat_curve25519_adx_mul.S
[813/1233] Compiling md5-x86_64-linux.S
[814/1233] Compiling md5-x86_64-apple.S
[815/1233] Compiling md5-586-linux.S
[816/1233] Compiling md5-586-apple.S
[817/1233] Compiling CCryptoBoringSSLShims shims.c
[818/1233] Compiling chacha20_poly1305_x86_64-apple.S
[819/1233] Compiling chacha20_poly1305_x86_64-linux.S
[820/1233] Compiling a_bool.cc
[821/1233] Compiling chacha20_poly1305_armv8-win.S
[822/1233] Compiling chacha-x86_64-linux.S
[823/1233] Compiling chacha20_poly1305_armv8-apple.S
[824/1233] Compiling chacha20_poly1305_armv8-linux.S
[825/1233] Compiling chacha-x86-linux.S
[826/1233] Compiling chacha-x86_64-apple.S
[826/1233] Compiling chacha-x86-apple.S
[828/1233] Compiling a_bitstr.cc
[829/1233] Compiling chacha-armv8-win.S
[830/1233] Compiling chacha-armv4-linux.S
[831/1233] Compiling chacha-armv8-apple.S
[832/1233] Compiling aes128gcmsiv-x86_64-linux.S
[833/1233] Compiling chacha-armv8-linux.S
[834/1233] Compiling aes128gcmsiv-x86_64-apple.S
[835/1233] Compiling x86_64-mont5-linux.S
[836/1233] Compiling x86_64-mont5-apple.S
[836/1233] Compiling x86_64-mont-linux.S
[838/1233] Compiling x86_64-mont-apple.S
[839/1233] Compiling x86-mont-apple.S
[840/1233] Compiling x86-mont-linux.S
[841/1233] Compiling vpaes-x86_64-apple.S
[842/1233] Compiling vpaes-x86-apple.S
[843/1233] Compiling vpaes-x86_64-linux.S
[844/1233] Compiling vpaes-armv8-win.S
[845/1233] Compiling vpaes-x86-linux.S
[846/1233] Compiling vpaes-armv7-linux.S
[847/1233] Compiling vpaes-armv8-linux.S
[848/1233] Compiling vpaes-armv8-apple.S
[849/1233] Compiling sha512-armv8-win.S
[850/1233] Compiling sha512-x86_64-apple.S
[850/1233] Compiling sha512-x86_64-linux.S
[852/1233] Compiling sha512-armv8-apple.S
[853/1233] Compiling sha512-armv8-linux.S
[854/1233] Compiling sha512-586-linux.S
[855/1233] Compiling sha512-586-apple.S
[856/1233] Compiling sha512-armv4-linux.S
[857/1233] Compiling sha256-x86_64-linux.S
[858/1233] Compiling sha256-armv8-win.S
[859/1233] Compiling sha256-x86_64-apple.S
[860/1233] Compiling sha256-armv8-apple.S
[861/1233] Compiling sha256-armv8-linux.S
[862/1233] Compiling err_data.cc
[863/1233] Compiling sha256-armv4-linux.S
[864/1233] Compiling sha256-586-linux.S
[865/1233] Compiling sha1-x86_64-linux.S
[866/1233] Compiling sha256-586-apple.S
[867/1233] Compiling sha1-armv8-win.S
[868/1233] Compiling sha1-x86_64-apple.S
[869/1233] Compiling sha1-armv8-linux.S
[870/1233] Compiling sha1-armv4-large-linux.S
[871/1233] Compiling sha1-586-linux.S
[872/1233] Compiling sha1-armv8-apple.S
[873/1233] Compiling sha1-586-apple.S
[874/1233] Compiling rsaz-avx2-linux.S
[875/1233] Compiling rsaz-avx2-apple.S
[876/1233] Compiling rdrand-x86_64-linux.S
[877/1233] Compiling p256_beeu-x86_64-asm-linux.S
[878/1233] Compiling rdrand-x86_64-apple.S
[879/1233] Compiling p256_beeu-armv8-asm-linux.S
[880/1233] Compiling p256_beeu-x86_64-asm-apple.S
[881/1233] Compiling p256_beeu-armv8-asm-win.S
[882/1233] Compiling p256_beeu-armv8-asm-apple.S
[883/1233] Compiling p256-armv8-asm-win.S
[884/1233] Compiling p256-x86_64-asm-linux.S
[885/1233] Compiling p256-x86_64-asm-apple.S
[886/1233] Compiling p256-armv8-asm-apple.S
[887/1233] Compiling ghashv8-armv8-win.S
[887/1233] Compiling ghashv8-armv8-linux.S
[889/1233] Compiling ghashv8-armv7-linux.S
[890/1233] Compiling p256-armv8-asm-linux.S
[891/1233] Compiling ghashv8-armv8-apple.S
[892/1233] Compiling ghash-x86_64-apple.S
[893/1233] Compiling ghash-x86-linux.S
[894/1233] Compiling ghash-x86_64-linux.S
[895/1233] Compiling ghash-ssse3-x86_64-linux.S
[896/1233] Compiling ghash-x86-apple.S
[897/1233] Compiling ghash-ssse3-x86_64-apple.S
[898/1233] Compiling ghash-ssse3-x86-linux.S
[899/1233] Compiling ghash-ssse3-x86-apple.S
[900/1233] Compiling ghash-neon-armv8-win.S
[901/1233] Compiling ghash-neon-armv8-linux.S
[902/1233] Compiling ghash-neon-armv8-apple.S
[903/1233] Compiling co-586-apple.S
[904/1233] Compiling ghash-armv4-linux.S
[905/1233] Compiling co-586-linux.S
[906/1233] Compiling bsaes-armv7-linux.S
[907/1233] Compiling bn-armv8-win.S
[908/1233] Compiling bn-586-linux.S
[909/1233] Compiling bn-armv8-linux.S
[910/1233] Compiling bn-armv8-apple.S
[911/1233] Compiling bn-586-apple.S
[912/1233] Compiling armv8-mont-win.S
[913/1233] Compiling armv8-mont-linux.S
[914/1233] Compiling armv8-mont-apple.S
[915/1233] Compiling armv4-mont-linux.S
[916/1233] Compiling aesv8-gcm-armv8-win.S
[917/1233] Compiling aesv8-gcm-armv8-apple.S
[917/1233] Compiling aesv8-gcm-armv8-linux.S
[919/1233] Compiling aesv8-armv8-win.S
[920/1233] Compiling aesv8-armv8-apple.S
[921/1233] Compiling aesv8-armv7-linux.S
[922/1233] Compiling aesv8-armv8-linux.S
[923/1233] Compiling aesni-x86_64-linux.S
[924/1233] Compiling aesni-x86-linux.S
[925/1233] Compiling aesni-x86_64-apple.S
[926/1233] Compiling aesni-gcm-x86_64-linux.S
[927/1233] Compiling aesni-x86-apple.S
[928/1233] Compiling aesni-gcm-x86_64-apple.S
[929/1233] Compiling aes-gcm-avx512-x86_64-linux.S
[930/1233] Compiling aes-gcm-avx512-x86_64-apple.S
[931/1233] Compiling aes-gcm-avx2-x86_64-linux.S
[932/1233] Compiling aes-gcm-avx2-x86_64-apple.S
[933/1233] Compiling xwing.cc
[934/1233] Compiling x_sig.cc
[935/1233] Compiling x_req.cc
[936/1233] Compiling x_spki.cc
[937/1233] Compiling x_x509.cc
[938/1233] Compiling x_x509a.cc
[939/1233] Compiling c-nioatomics.c
[940/1233] Compiling c-atomics.c
[941/1233] Compiling x_attrib.cc
[942/1240] Compiling x_pubkey.cc
[943/1240] Compiling x_name.cc
[944/1240] Compiling x_exten.cc
[945/1240] Compiling x_crl.cc
[946/1240] Compiling x_all.cc
[948/1240] Compiling NIOConcurrencyHelpers NIOLockedValueBox.swift
[949/1240] Compiling NIOConcurrencyHelpers NIOLock.swift
[949/1240] Compiling x_algor.cc
[951/1240] Compiling NIOConcurrencyHelpers NIOAtomic.swift
[952/1240] Compiling NIOConcurrencyHelpers lock.swift
[953/1240] Emitting module NIOConcurrencyHelpers
[954/1240] Compiling NIOConcurrencyHelpers NIOThreadPoolWorkAvailable.swift
[955/1240] Compiling NIOConcurrencyHelpers atomics.swift
[956/1241] Compiling x509rset.cc
[957/1241] Compiling x509name.cc
[958/1241] Wrapping AST for NIOConcurrencyHelpers for debugging
[959/1241] Compiling x509spki.cc
[960/1241] Compiling x509cset.cc
[961/1241] Compiling x509_vpm.cc
[962/1241] Compiling x509_vfy.cc
[963/1241] Compiling x509_v3.cc
[964/1241] Compiling x509_txt.cc
[965/1241] Compiling x509_req.cc
[966/1241] Compiling x509_trs.cc
[967/1241] Compiling x509_obj.cc
[968/1241] Compiling x509_set.cc
[969/1241] Compiling x509_lu.cc
[970/1241] Compiling x509_ext.cc
[971/1241] Compiling x509_def.cc
[972/1241] Compiling x509_d2.cc
[973/1241] Compiling x509_att.cc
[974/1241] Compiling x509.cc
[975/1241] Compiling x509_cmp.cc
[976/1241] Compiling v3_prn.cc
[977/1241] Compiling v3_utl.cc
[978/1241] Compiling v3_skey.cc
[979/1241] Compiling v3_purp.cc
[980/1241] Compiling v3_pmaps.cc
[981/1241] Compiling v3_pcons.cc
[982/1241] Compiling v3_ocsp.cc
[983/1241] Compiling v3_ncons.cc
[984/1241] Compiling v3_lib.cc
[985/1241] Compiling v3_info.cc
[986/1241] Compiling v3_int.cc
[987/1241] Compiling v3_ia5.cc
[988/1241] Compiling v3_enum.cc
[989/1241] Compiling v3_genn.cc
[990/1241] Compiling v3_extku.cc
[991/1241] Compiling v3_crld.cc
[992/1241] Compiling v3_conf.cc
[993/1241] Compiling v3_cpols.cc
[994/1241] Compiling v3_alt.cc
[995/1241] Compiling v3_bcons.cc
[996/1241] Compiling v3_bitst.cc
[997/1241] Compiling v3_akeya.cc
[998/1241] Compiling v3_akey.cc
[999/1241] Compiling t_x509a.cc
[1000/1241] Compiling t_req.cc
[1001/1241] Compiling t_x509.cc
[1002/1241] Compiling i2d_pr.cc
[1003/1241] Compiling name_print.cc
[1004/1241] Compiling t_crl.cc
[1005/1241] Compiling rsa_pss.cc
[1006/1241] Compiling policy.cc
[1007/1241] Compiling by_file.cc
[1008/1241] Compiling by_dir.cc
[1009/1241] Compiling asn1_gen.cc
[1010/1241] Compiling a_verify.cc
[1011/1241] Compiling a_digest.cc
[1012/1241] Compiling algorithm.cc
[1013/1241] Compiling voprf.cc
[1014/1241] Compiling a_sign.cc
[1015/1241] Compiling thread_win.cc
[1016/1241] Compiling thread_pthread.cc
[1017/1241] Compiling pmbtoken.cc
[1018/1241] Compiling trust_token.cc
[1019/1241] Compiling thread_none.cc
[1020/1241] Compiling thread.cc
[1021/1241] Compiling stack.cc
[1022/1241] Compiling sha512.cc
[1023/1241] Compiling slhdsa.cc
[1024/1241] Compiling spake2plus.cc
[1025/1241] Compiling siphash.cc
[1026/1241] Compiling sha256.cc
[1027/1241] Compiling sha1.cc
[1028/1241] Compiling rsa_extra.cc
[1029/1241] Compiling rsa_print.cc
[1030/1241] Compiling rsa_crypt.cc
[1031/1241] Compiling refcount.cc
[1032/1241] Compiling rc4.cc
[1033/1241] Compiling trusty.cc
[1034/1241] Compiling windows.cc
[1035/1241] Compiling rand.cc
[1036/1241] Compiling urandom.cc
[1037/1241] Compiling passive.cc
[1038/1241] Compiling ios.cc
[1039/1241] Compiling rsa_asn1.cc
[1040/1241] Compiling getentropy.cc
[1041/1241] Compiling poly1305_arm_asm.S
[1042/1241] Compiling forkunsafe.cc
[1043/1241] Compiling fork_detect.cc
[1044/1241] Compiling deterministic.cc
[1045/1241] Compiling poly1305_vec.cc
[1046/1241] Compiling poly1305.cc
[1047/1241] Compiling poly1305_arm.cc
[1048/1241] Compiling pool.cc
[1049/1241] Compiling pkcs8.cc
[1050/1241] Compiling pkcs8_x509.cc
[1051/1241] Compiling pkcs7_x509.cc
[1052/1241] Compiling p5_pbev2.cc
[1053/1241] Compiling pkcs7.cc
[1054/1241] Compiling pem_xaux.cc
[1055/1241] Compiling pem_x509.cc
[1056/1241] Compiling pem_pkey.cc
[1057/1241] Compiling pem_oth.cc
[1058/1241] Compiling pem_pk8.cc
[1059/1241] Compiling pem_lib.cc
[1060/1241] Compiling mlkem.cc
[1061/1241] Compiling pem_info.cc
[1062/1241] Compiling obj_xref.cc
[1063/1241] Compiling pem_all.cc
[1064/1241] Compiling mem.cc
[1065/1241] Compiling mldsa.cc
[1066/1241] Compiling poly_rq_mul.S
[1067/1241] Compiling obj.cc
[1068/1241] Compiling fips_shared_support.cc
[1069/1241] Compiling lhash.cc
[1070/1241] Compiling md5.cc
[1071/1241] Compiling md4.cc
[1072/1241] Compiling fuzzer_mode.cc
[1073/1241] Compiling kyber.cc
[1074/1241] Compiling ex_data.cc
[1075/1241] Compiling hpke.cc
[1076/1241] Compiling hrss.cc
[1077/1241] Compiling pbkdf.cc
[1078/1241] Compiling print.cc
[1079/1241] Compiling sign.cc
[1080/1241] Compiling scrypt.cc
[1081/1241] Compiling p_x25519.cc
[1082/1241] Compiling p_rsa_asn1.cc
[1083/1241] Compiling p_x25519_asn1.cc
[1084/1241] Compiling p_ed25519_asn1.cc
[1085/1241] Compiling p_hkdf.cc
[1086/1241] Compiling p_ed25519.cc
[1087/1241] Compiling p_rsa.cc
[1088/1241] Compiling p_ec.cc
[1089/1241] Compiling p_ec_asn1.cc
[1090/1241] Compiling p_dsa_asn1.cc
[1091/1241] Compiling evp_ctx.cc
[1092/1241] Compiling p_dh.cc
[1093/1241] Compiling p_dh_asn1.cc
[1094/1241] Compiling evp_asn1.cc
[1095/1241] Compiling err.cc
[1096/1241] Compiling evp.cc
[1097/1241] Compiling engine.cc
[1098/1241] Compiling ecdsa_p1363.cc
[1099/1241] Compiling ecdh.cc
[1100/1241] Compiling ec_derive.cc
[1101/1241] Compiling ec_asn1.cc
[1102/1241] Compiling ecdsa_asn1.cc
[1103/1241] Compiling hash_to_curve.cc
[1104/1241] Compiling dsa.cc
[1105/1241] Compiling dsa_asn1.cc
[1106/1241] Compiling params.cc
[1107/1241] Compiling dh_asn1.cc
[1108/1241] Compiling x25519-asm-arm.S
[1109/1241] Compiling curve25519_64_adx.cc
[1110/1241] Compiling spake25519.cc
[1111/1241] Compiling des.cc
[1112/1241] Compiling digest_extra.cc
[1113/1241] Compiling crypto.cc
[1114/1241] Compiling cpu_aarch64_sysreg.cc
[1115/1241] Compiling cpu_arm_linux.cc
[1116/1241] Compiling curve25519.cc
[1117/1241] Compiling cpu_aarch64_win.cc
[1118/1241] Compiling cpu_arm_freebsd.cc
[1119/1241] Compiling cpu_intel.cc
[1120/1241] Compiling cpu_aarch64_openbsd.cc
[1121/1241] Compiling cpu_aarch64_apple.cc
[1122/1241] Compiling cpu_aarch64_fuchsia.cc
[1123/1241] Compiling cpu_aarch64_linux.cc
[1124/1241] Compiling conf.cc
[1125/1241] Compiling tls_cbc.cc
[1126/1241] Compiling cms.cc
[1127/1241] Compiling e_rc2.cc
[1128/1241] Compiling e_rc4.cc
[1129/1241] Compiling get_cipher.cc
[1130/1241] Compiling e_tls.cc
[1131/1241] Compiling e_null.cc
[1132/1241] Compiling e_des.cc
[1133/1241] Compiling e_aeseax.cc
[1134/1241] Compiling e_chacha20poly1305.cc
[1135/1241] Compiling derive_key.cc
[1136/1241] Compiling e_aesgcmsiv.cc
[1137/1241] Compiling e_aesctrhmac.cc
[1138/1241] Compiling chacha.cc
[1139/1241] Compiling unicode.cc
[1140/1241] Compiling buf.cc
[1141/1241] Compiling sqrt.cc
[1142/1241] Compiling ber.cc
[1143/1241] Compiling cbb.cc
[1144/1241] Compiling asn1_compat.cc
[1145/1241] Compiling cbs.cc
[1146/1241] Compiling exponentiation.cc
[1147/1241] Compiling div.cc
[1148/1241] Compiling blake2.cc
[1149/1241] Compiling printf.cc
[1150/1241] Compiling hexdump.cc
[1151/1241] Compiling pair.cc
[1152/1241] Compiling bn_asn1.cc
[1153/1241] Compiling convert.cc
[1154/1241] Compiling file.cc
[1155/1241] Compiling fd.cc
[1156/1241] Compiling errno.cc
[1157/1241] Compiling bio_mem.cc
[1158/1241] Compiling base64.cc
[1159/1241] Compiling bio.cc
[1160/1241] Compiling tasn_typ.cc
[1161/1241] Compiling tasn_fre.cc
[1162/1241] Compiling tasn_utl.cc
[1163/1241] Compiling tasn_enc.cc
[1164/1241] Compiling tasn_new.cc
[1165/1241] Compiling posix_time.cc
[1166/1241] Compiling tasn_dec.cc
[1167/1241] Compiling f_int.cc
[1168/1241] Compiling f_string.cc
[1169/1241] Compiling asn1_par.cc
[1170/1241] Compiling asn_pack.cc
[1171/1241] Compiling asn1_lib.cc
[1172/1241] Compiling a_utctm.cc
[1173/1241] Compiling a_octet.cc
[1174/1241] Compiling a_type.cc
[1175/1241] Compiling a_strex.cc
[1176/1241] Compiling a_strnid.cc
[1177/1241] Compiling a_time.cc
[1178/1241] Compiling bcm.cc
[1179/1241] Compiling a_object.cc
[1180/1241] Compiling a_mbstr.cc
[1181/1241] Compiling a_i2d_fp.cc
[1182/1241] Compiling CAsyncHTTPClient CAsyncHTTPClient.c
[1183/1241] Write sources
[1185/1241] Compiling a_int.cc
[1185/1241] Write sources
[1187/1255] Compiling a_dup.cc
[1188/1284] Compiling a_d2i_fp.cc
[1189/1284] Compiling aes.cc
[1190/1284] Compiling a_gentm.cc
[1192/1284] Compiling Algorithms Stride.swift
[1193/1284] Compiling Algorithms Suffix.swift
[1194/1286] Compiling Algorithms Product.swift
[1195/1286] Compiling Algorithms Split.swift
[1196/1286] Compiling Algorithms RandomSample.swift
[1197/1286] Compiling Algorithms Reductions.swift
[1198/1286] Compiling Algorithms EitherSequence.swift
[1199/1286] Compiling Algorithms FirstNonNil.swift
[1199/1286] Compiling a_bool.cc
[1200/1286] Compiling a_bitstr.cc
[1202/1286] Compiling Atomics IntegerOperations.swift
[1203/1286] Compiling Atomics Unmanaged extensions.swift
[1204/1286] Compiling Algorithms Rotate.swift
[1205/1286] Compiling Algorithms Partition.swift
[1206/1286] Compiling Algorithms Permutations.swift
[1213/1297] Compiling Algorithms Joined.swift
[1214/1297] Compiling Algorithms Keyed.swift
[1215/1297] Compiling Algorithms MinMax.swift
[1219/1297] Compiling Algorithms Trim.swift
[1220/1297] Compiling Algorithms Unique.swift
[1221/1297] Compiling Algorithms Windows.swift
[1224/1297] Compiling Algorithms Indexed.swift
[1225/1297] Compiling Algorithms Intersperse.swift
[1226/1297] Compiling Algorithms Compacted.swift
[1227/1297] Compiling Algorithms Cycle.swift
[1230/1297] Emitting module CryptoBoringWrapper
[1231/1297] Compiling CryptoBoringWrapper RandomBytes.swift
[1232/1297] Compiling CryptoBoringWrapper CryptoKitErrors_boring.swift
[1233/1297] Compiling Algorithms AdjacentPairs.swift
[1234/1297] Compiling Algorithms Chain.swift
[1235/1297] Compiling Algorithms Chunked.swift
[1236/1297] Compiling Algorithms Combinations.swift
[1237/1297] Compiling CryptoBoringWrapper BoringSSLAEAD.swift
[1238/1297] Compiling CryptoBoringWrapper EllipticCurve.swift
[1239/1297] Compiling CryptoBoringWrapper FiniteFieldArithmeticContext.swift
[1240/1297] Compiling CryptoBoringWrapper ArbitraryPrecisionInteger.swift
[1241/1297] Compiling CryptoBoringWrapper EllipticCurvePoint.swift
[1242/1298] Wrapping AST for CryptoBoringWrapper for debugging
[1244/1382] Compiling Crypto ChaChaPoly.swift
[1245/1382] Compiling Crypto Cipher.swift
[1246/1382] Compiling Crypto Nonces.swift
[1247/1382] Emitting module Atomics
[1248/1382] Compiling Crypto AES-GCM.swift
[1249/1382] Compiling Crypto AES-GCM_boring.swift
[1250/1382] Compiling Crypto ChaChaPoly_boring.swift
[1251/1383] Wrapping AST for Atomics for debugging
[1253/1447] Emitting module Algorithms
[1254/1448] Wrapping AST for Algorithms for debugging
[1256/1448] Compiling NIOCore NIOCoreSendableMetatype.swift
[1257/1448] Compiling NIOCore NIODecodedAsyncSequence.swift
[1258/1448] Compiling NIOCore NIOLoopBound.swift
[1259/1448] Compiling NIOCore NIOPooledRecvBufferAllocator.swift
[1260/1448] Compiling NIOCore NIOScheduledCallback.swift
[1261/1448] Compiling NIOCore NIOSendable.swift
[1262/1448] Compiling NIOCore NIOSplitLinesMessageDecoder.swift
[1263/1448] Compiling NIOCore NIOTransportAccessibleChannelCore.swift
[1264/1448] Compiling NIOCore RecvByteBufferAllocator.swift
[1265/1456] Emitting module Crypto
[1266/1467] Compiling NIOCore AddressedEnvelope.swift
[1267/1467] Compiling NIOCore AsyncAwaitSupport.swift
[1268/1467] Compiling NIOCore AsyncChannel.swift
[1269/1467] Compiling NIOCore AsyncChannelHandler.swift
[1270/1467] Compiling NIOCore AsyncChannelInboundStream.swift
[1271/1467] Compiling NIOCore AsyncChannelOutboundWriter.swift
[1272/1467] Compiling NIOCore NIOAsyncSequenceProducer.swift
[1273/1467] Compiling NIOCore NIOAsyncSequenceProducerStrategies.swift
[1274/1467] Compiling NIOCore NIOAsyncWriter.swift
[1275/1467] Compiling NIOCore NIOThrowingAsyncSequenceProducer.swift
[1276/1467] Compiling NIOCore BSDSocketAPI.swift
[1277/1467] Compiling NIOCore ByteBuffer-aux.swift
[1278/1467] Compiling NIOCore IPProtocol.swift
[1279/1467] Compiling NIOCore IntegerBitPacking.swift
[1280/1467] Compiling NIOCore IntegerTypes.swift
[1281/1467] Compiling NIOCore Interfaces.swift
[1282/1467] Compiling NIOCore Linux.swift
[1283/1467] Compiling NIOCore MarkedCircularBuffer.swift
[1284/1467] Compiling NIOCore MulticastChannel.swift
[1285/1467] Compiling NIOCore NIOAny.swift
[1286/1467] Compiling NIOCore NIOCloseOnErrorHandler.swift
[1287/1467] Compiling NIOCore EventLoopFuture+Deprecated.swift
[1288/1467] Compiling NIOCore EventLoopFuture+WithEventLoop.swift
[1289/1467] Compiling NIOCore EventLoopFuture.swift
[1290/1467] Compiling NIOCore FileDescriptor.swift
[1291/1467] Compiling NIOCore FileHandle.swift
[1292/1467] Compiling NIOCore FileRegion.swift
[1293/1467] Compiling NIOCore GlobalSingletons.swift
[1294/1467] Compiling NIOCore IO.swift
[1295/1467] Compiling NIOCore IOData.swift
[1296/1467] Compiling NIOCore ByteBuffer-binaryEncodedLengthPrefix.swift
[1297/1467] Compiling NIOCore ByteBuffer-conversions.swift
[1298/1467] Compiling NIOCore ByteBuffer-core.swift
[1299/1467] Compiling NIOCore ByteBuffer-hex.swift
[1300/1467] Compiling NIOCore ByteBuffer-int.swift
[1301/1467] Compiling NIOCore ByteBuffer-lengthPrefix.swift
[1302/1467] Compiling NIOCore ByteBuffer-multi-int.swift
[1303/1467] Compiling NIOCore ByteBuffer-quicBinaryEncodingStrategy.swift
[1304/1467] Compiling NIOCore ByteBuffer-views.swift
[1305/1467] Compiling NIOCore Channel.swift
[1306/1467] Compiling NIOCore ChannelHandler.swift
[1307/1467] Compiling NIOCore ChannelHandlers.swift
[1308/1467] Compiling NIOCore ChannelInvoker.swift
[1309/1467] Compiling NIOCore ChannelOption.swift
[1310/1467] Compiling NIOCore ChannelPipeline.swift
[1311/1467] Compiling NIOCore CircularBuffer.swift
[1312/1467] Compiling NIOCore Codec.swift
[1313/1467] Compiling NIOCore ConvenienceOptionSupport.swift
[1314/1467] Compiling NIOCore DeadChannel.swift
[1315/1467] Compiling NIOCore DispatchQueue+WithFuture.swift
[1316/1467] Compiling NIOCore EventLoop+Deprecated.swift
[1317/1467] Compiling NIOCore EventLoop+SerialExecutor.swift
[1318/1467] Compiling NIOCore EventLoop.swift
[1319/1467] Compiling NIOCore EventLoopFuture+AssumeIsolated.swift
[1320/1467] Compiling Crypto Insecure_HashFunctions.swift
[1321/1467] Compiling Crypto MLKEM_boring.swift
[1322/1467] Compiling Crypto MLKEM_wrapper.swift
[1323/1467] Compiling Crypto XWing_boring.swift
[1324/1467] Compiling Crypto KEM-Errors.swift
[1325/1467] Compiling Crypto KEM.swift
[1326/1467] Compiling Crypto MLKEM.swift
[1327/1467] Compiling Crypto XWing.swift
[1328/1467] Compiling Crypto ECDH_boring.swift
[1329/1467] Compiling Crypto DH.swift
[1330/1467] Compiling Crypto ECDH.swift
[1331/1467] Compiling Crypto ANSIx963.swift
[1347/1467] Compiling NIOCore SingleStepByteToMessageDecoder.swift
[1348/1467] Compiling NIOCore SocketAddresses.swift
[1349/1467] Compiling NIOCore SocketOptionProvider.swift
[1350/1467] Compiling NIOCore SystemCallHelpers.swift
[1351/1467] Compiling NIOCore TimeAmount+Duration.swift
[1352/1467] Compiling NIOCore TypeAssistedChannelHandler.swift
[1353/1467] Compiling NIOCore UniversalBootstrapSupport.swift
[1354/1467] Compiling NIOCore Utilities.swift
[1385/1467] Compiling Crypto Signature.swift
[1386/1467] Compiling Crypto CryptoKitErrors_boring.swift
[1387/1467] Compiling Crypto Optional+withUnsafeBytes_boring.swift
[1388/1467] Compiling Crypto RNG_boring.swift
[1389/1467] Compiling Crypto SafeCompare_boring.swift
[1390/1467] Compiling Crypto Zeroization_boring.swift
[1391/1467] Compiling Crypto _CryptoModuleAnchor.swift
[1392/1467] Compiling Crypto PrettyBytes.swift
[1393/1467] Compiling Crypto SafeCompare.swift
[1394/1467] Compiling Crypto SecureBytes.swift
[1395/1467] Compiling Crypto Zeroization.swift
[1404/1468] Wrapping AST for Crypto for debugging
[1406/1530] Compiling CryptoExtras ARCServer.swift
[1407/1530] Compiling CryptoExtras ChaCha20CTR_boring.swift
[1408/1530] Compiling CryptoExtras ChaCha20CTR.swift
[1409/1530] Compiling CryptoExtras BoringSSLSHA512256Context.swift
[1410/1530] Compiling CryptoExtras BoringSSLSHA512256HashFunction.swift
[1411/1530] Compiling CryptoExtras SHA512256.swift
[1412/1530] Compiling CryptoExtras SHA512256Digest.swift
[1413/1530] Compiling CryptoExtras Curve25519+PEM.swift
[1414/1530] Compiling CryptoExtras ObjectIdentifier.swift
[1415/1538] Compiling CryptoExtras Data+Extensions.swift
[1416/1538] Compiling CryptoExtras DigestType.swift
[1417/1538] Compiling CryptoExtras Error.swift
[1418/1538] Compiling CryptoExtras I2OSP.swift
[1419/1538] Compiling CryptoExtras IntegerEncoding.swift
[1420/1538] Compiling CryptoExtras PEMDocument.swift
[1421/1538] Compiling CryptoExtras PrettyBytes.swift
[1422/1538] Compiling CryptoExtras SubjectPublicKeyInfo.swift
[1423/1538] Emitting module CryptoExtras
[1424/1538] Compiling CryptoExtras CMAC.swift
[1425/1538] Compiling CryptoExtras ARC+API.swift
[1426/1538] Compiling CryptoExtras ARC.swift
[1427/1538] Compiling CryptoExtras ARCCredential.swift
[1428/1538] Compiling CryptoExtras ARCEncoding.swift
[1429/1538] Compiling CryptoExtras ARCPrecredential.swift
[1430/1538] Compiling CryptoExtras ARCPresentation.swift
[1431/1538] Compiling CryptoExtras ARCRequest.swift
[1432/1538] Compiling CryptoExtras ARCResponse.swift
[1433/1538] Compiling CryptoExtras AES_CBC.swift
[1434/1538] Compiling CryptoExtras AES_CFB.swift
[1435/1538] Compiling CryptoExtras AES_CTR.swift
[1436/1538] Compiling CryptoExtras AES_GCM_SIV.swift
[1437/1538] Compiling CryptoExtras Block Function.swift
[1438/1538] Compiling CryptoExtras AES_CBC_boring.swift
[1439/1538] Compiling CryptoExtras AES_CFB_boring.swift
[1440/1538] Compiling CryptoExtras AES_CTR_boring.swift
[1441/1538] Compiling CryptoExtras AES_GCM_SIV_boring.swift
[1442/1538] Compiling CryptoExtras ThreadOps.swift
[1443/1538] Compiling CryptoExtras ThreadPosix.swift
[1444/1538] Compiling CryptoExtras ThreadSpecific.swift
[1445/1538] Compiling CryptoExtras ThreadWindows.swift
[1446/1538] Compiling CryptoExtras DLEQ.swift
[1447/1538] Compiling CryptoExtras Prover.swift
[1448/1538] Compiling CryptoExtras Verifier.swift
[1449/1538] Compiling CryptoExtras ZKPToolbox.swift
[1450/1538] Compiling CryptoExtras PKCS8DERRepresentation.swift
[1451/1538] Compiling CryptoExtras PKCS8PrivateKey.swift
[1452/1538] Compiling CryptoExtras RFC8410AlgorithmIdentifier.swift
[1453/1538] Compiling CryptoExtras ECToolbox_boring.swift
[1454/1538] Compiling CryptoExtras ECToolbox.swift
[1455/1538] Compiling CryptoExtras HashToField.swift
[1456/1538] Compiling CryptoExtras KDF.swift
[1457/1538] Compiling CryptoExtras PBKDF2_boring.swift
[1458/1538] Compiling CryptoExtras PBKDF2_commoncrypto.swift
[1459/1538] Compiling CryptoExtras BoringSSLPassphraseCallbackManager.swift
[1460/1538] Compiling CryptoExtras RSA+BlindSigning.swift
[1461/1538] Compiling CryptoExtras RSA.swift
[1462/1538] Compiling CryptoExtras RSA_boring.swift
[1463/1538] Compiling CryptoExtras Reexport.swift
[1464/1538] Compiling CryptoExtras Zeroization_boring.swift
[1465/1538] Compiling CryptoExtras BoringSSLHelpers.swift
[1466/1538] Compiling CryptoExtras CryptoKitErrors_boring.swift
[1467/1538] Compiling CryptoExtras PBKDF2.swift
[1468/1538] Compiling CryptoExtras Scrypt_boring.swift
[1469/1538] Compiling CryptoExtras Scrypt.swift
[1470/1538] Compiling CryptoExtras OPRF.swift
[1471/1538] Compiling CryptoExtras OPRFClient.swift
[1472/1538] Compiling CryptoExtras OPRFServer.swift
[1473/1538] Compiling CryptoExtras VOPRF+API.swift
[1474/1538] Compiling CryptoExtras VOPRFClient.swift
[1475/1538] Compiling CryptoExtras VOPRFServer.swift
[1476/1539] Wrapping AST for CryptoExtras for debugging
[1478/1541] Emitting module _CryptoExtras
[1479/1541] Compiling _CryptoExtras Exports.swift
[1480/1542] Wrapping AST for _CryptoExtras for debugging
[1482/1637] Emitting module NIOCore
[1483/1637] Compiling X509 ExpiryPolicy.swift
[1484/1637] Compiling X509 IPConstraints.swift
[1485/1637] Compiling X509 NameConstraintsPolicy.swift
[1486/1637] Compiling X509 RFC5280Policy.swift
[1487/1637] Compiling X509 URIConstraints.swift
[1488/1637] Compiling X509 VersionPolicy.swift
[1489/1637] Compiling X509 ServerIdentityPolicy.swift
[1490/1637] Compiling X509 TrustRootLoading.swift
[1491/1637] Compiling X509 UnverifiedChain.swift
[1492/1637] Compiling X509 CertificateSerialNumber.swift
[1493/1637] Compiling X509 CertificateVersion.swift
[1494/1637] Compiling X509 CMSAttribute.swift
[1495/1637] Compiling X509 CMSContentInfo.swift
[1496/1637] Compiling X509 CMSEncapsulatedContentInfo.swift
[1497/1637] Compiling X509 OneOfPolicies.swift
[1498/1637] Compiling X509 PolicyBuilder.swift
[1499/1637] Compiling X509 BasicConstraintsPolicy.swift
[1500/1637] Compiling X509 DNSNames.swift
[1501/1646] Wrapping AST for NIOCore for debugging
[1503/1695] Compiling NIOFoundationEssentialsCompat Codable+ByteBuffer.swift
[1504/1695] Emitting module NIOFoundationEssentialsCompat
[1505/1695] Compiling NIOEmbedded AsyncTestingEventLoop.swift
[1506/1695] Compiling NIOFoundationEssentialsCompat ByteBuffer-foundation.swift
[1507/1696] Wrapping AST for NIOFoundationEssentialsCompat for debugging
[1509/1696] Emitting module NIOEmbedded
[1510/1696] Compiling NIOEmbedded Embedded.swift
[1511/1696] Compiling NIOEmbedded AsyncTestingChannel.swift
[1512/1697] Wrapping AST for NIOEmbedded for debugging
[1514/1697] Compiling X509 DomainComponent.swift
[1515/1697] Compiling X509 EmailAddress.swift
[1516/1697] Compiling X509 LocalityName.swift
[1517/1697] Compiling X509 OrganizationName.swift
[1518/1697] Compiling X509 OrganizationalUnitName.swift
[1519/1697] Compiling X509 StateOrProvinceName.swift
[1520/1697] Compiling X509 StreetAddress.swift
[1521/1697] Compiling X509 Error.swift
[1522/1697] Compiling X509 AuthorityInformationAccess.swift
[1523/1697] Compiling X509 AuthorityKeyIdentifier.swift
[1524/1697] Compiling X509 BasicConstraints.swift
[1525/1697] Compiling X509 ExtendedKeyUsage.swift
[1526/1697] Compiling X509 ExtensionIdentifiers.swift
[1527/1697] Compiling X509 KeyUsage.swift
[1528/1710] Compiling NIOPosix BaseStreamSocketChannel.swift
[1529/1710] Compiling NIOPosix Bootstrap.swift
[1530/1710] Compiling NIOPosix ControlMessage.swift
[1531/1710] Compiling NIOPosix DatagramVectorReadManager.swift
[1532/1710] Compiling NIOPosix Errors+Any.swift
[1533/1710] Compiling NIOPosix FileDescriptor.swift
[1534/1710] Compiling NIOPosix GetaddrinfoResolver.swift
[1535/1710] Compiling NIOPosix HappyEyeballs.swift
[1536/1710] Compiling NIOPosix IO.swift
[1537/1710] Compiling NIOPosix IntegerBitPacking.swift
[1538/1710] Compiling NIOPosix IntegerTypes.swift
[1539/1710] Compiling NIOPosix Linux.swift
[1540/1710] Compiling NIOPosix LinuxCPUSet.swift
[1541/1710] Compiling NIOPosix LinuxUring.swift
[1542/1710] Compiling NIOPosix SelectorUring.swift
[1543/1710] Compiling NIOPosix SelectorWSAPoll.swift
[1544/1710] Compiling NIOPosix ServerSocket.swift
[1545/1710] Compiling NIOPosix Socket.swift
[1546/1710] Compiling NIOPosix SocketChannel.swift
[1547/1710] Compiling NIOPosix SocketProtocols.swift
[1548/1710] Compiling NIOPosix StructuredConcurrencyHelpers.swift
[1549/1710] Compiling NIOPosix System.swift
[1550/1710] Compiling X509 OCSPSignature.swift
[1551/1710] Compiling X509 OCSPSingleRequest.swift
[1552/1710] Compiling X509 OCSPSingleResponse.swift
[1553/1710] Compiling X509 OCSPTBSRequest.swift
[1554/1710] Compiling X509 OCSPVersion.swift
[1555/1710] Compiling NIOPosix PendingWritesManager.swift
[1556/1710] Compiling NIOPosix PipeChannel.swift
[1557/1710] Compiling NIOPosix PipePair.swift
[1558/1710] Compiling NIOPosix Pool.swift
[1559/1710] Compiling NIOPosix PosixSingletons+ConcurrencyTakeOver.swift
[1560/1710] Compiling NIOPosix PosixSingletons.swift
[1561/1710] Compiling NIOPosix RawSocketBootstrap.swift
[1562/1710] Compiling NIOPosix Resolver.swift
[1563/1710] Compiling NIOPosix Selectable.swift
[1564/1710] Compiling NIOPosix SelectableChannel.swift
[1565/1710] Compiling NIOPosix SelectableEventLoop.swift
[1566/1710] Compiling NIOPosix SelectorEpoll.swift
[1567/1710] Compiling NIOPosix SelectorGeneric.swift
[1568/1710] Compiling NIOPosix SelectorKqueue.swift
[1569/1710] Compiling NIOPosix BSDSocketAPICommon.swift
[1570/1710] Compiling NIOPosix BSDSocketAPIPosix.swift
[1571/1710] Compiling NIOPosix BSDSocketAPIWindows.swift
[1572/1710] Compiling NIOPosix BaseSocket.swift
[1573/1710] Compiling NIOPosix BaseSocketChannel+AccessibleTransport.swift
[1574/1710] Compiling NIOPosix BaseSocketChannel+SocketOptionProvider.swift
[1575/1710] Compiling NIOPosix BaseSocketChannel.swift
[1576/1710] Compiling NIOPosix MultiThreadedEventLoopGroup.swift
[1577/1710] Compiling NIOPosix NIOPosixSendableMetatype.swift
[1578/1710] Compiling NIOPosix NIORandomizedDNSResolver.swift
[1579/1710] Compiling NIOPosix NIOThreadPool.swift
[1580/1710] Compiling NIOPosix NonBlockingFileIO.swift
[1581/1710] Compiling NIOPosix PendingDatagramWritesManager.swift
[1582/1710] Emitting module NIOPosix
[1604/1717] Compiling X509 NameConstraints.swift
[1605/1717] Compiling X509 SubjectAlternativeName.swift
[1606/1717] Compiling X509 SubjectKeyIdentifier.swift
[1607/1717] Compiling X509 Extension.swift
[1608/1717] Compiling X509 Extensions.swift
[1609/1717] Compiling X509 ExtensionsBuilder.swift
[1610/1717] Compiling X509 GeneralName.swift
[1611/1717] Compiling X509 Lock.swift
[1612/1717] Compiling X509 LockedValueBox.swift
[1613/1717] Compiling X509 BasicOCSPResponse.swift
[1614/1717] Compiling X509 DirectoryString.swift
[1615/1717] Compiling X509 OCSPCertID.swift
[1616/1717] Compiling X509 OCSPCertStatus.swift
[1617/1717] Compiling NIOPosix VsockChannelEvents.swift
[1618/1717] Compiling NIOPosix Windows.swift
[1619/1717] Compiling X509 RDNAttribute.swift
[1620/1717] Compiling X509 RandomNumberGenerator+bytes.swift
[1621/1717] Compiling X509 RelativeDistinguishedName.swift
[1622/1717] Compiling X509 SEC1PrivateKey.swift
[1623/1717] Compiling X509 SecKeyWrapper.swift
[1624/1717] Compiling X509 Signature.swift
[1625/1717] Compiling X509 SignatureAlgorithm.swift
[1626/1717] Compiling X509 AllOfPolicies.swift
[1627/1717] Compiling X509 AnyPolicy.swift
[1628/1717] Compiling X509 CertificateStore.swift
[1629/1717] Compiling X509 CustomCertificateStore.swift
[1637/1717] Compiling NIOPosix Thread.swift
[1638/1717] Compiling NIOPosix ThreadPosix.swift
[1639/1717] Compiling NIOPosix ThreadWindows.swift
[1640/1717] Compiling NIOPosix Utilities.swift
[1641/1717] Compiling NIOPosix VsockAddress.swift
[1644/1717] Emitting module X509
[1666/1718] Wrapping AST for NIOPosix for debugging
[1668/1720] Emitting module NIO
[1669/1720] Compiling NIO Exports.swift
[1670/1721] Wrapping AST for NIO for debugging
[1672/1760] Compiling NIOTLS TLSEvents.swift
[1673/1760] Compiling NIOFoundationCompat Exports.swift
[1674/1760] Emitting module NIOFoundationCompat
[1675/1760] Emitting module NIOTLS
[1676/1760] Compiling NIOTLS ApplicationProtocolNegotiationHandler.swift
[1677/1760] Compiling NIOFoundationCompat JSONSerialization+ByteBuffer.swift
[1678/1760] Compiling NIOFoundationCompat WaitSpinningRunLoop.swift
[1679/1761] Wrapping AST for NIOFoundationCompat for debugging
[1681/1761] Compiling NIOSOCKS SOCKSResponse.swift
[1682/1761] Compiling NIOSOCKS ClientStateMachine.swift
[1683/1761] Compiling NIOHTTP1 HTTPServerProtocolErrorHandler.swift
[1684/1761] Compiling NIOHTTP1 HTTPServerRequestMethodQueue.swift
[1685/1761] Compiling NIOHTTP1 HTTPTypes.swift
[1686/1761] Compiling NIOHTTP1 HTTPServerPipelineHandler.swift
[1687/1762] Compiling NIOSOCKS SelectedAuthenticationMethod.swift
[1688/1762] Compiling NIOHTTP1 HTTPPipelineSetup.swift
[1689/1762] Compiling NIOHTTP1 HTTPTypedPipelineSetup.swift
[1690/1762] Emitting module NIOSOCKS
[1691/1762] Compiling NIOHTTP1 HTTPHeaderValidator.swift
[1692/1762] Compiling NIOHTTP1 HTTPHeaders+Validation.swift
[1693/1762] Compiling NIOTLS NIOTypedApplicationProtocolNegotiationHandler.swift
[1694/1762] Compiling NIOTLS ProtocolNegotiationHandlerStateMachine.swift
[1695/1762] Compiling NIOTLS SNIHandler.swift
[1697/1763] Compiling NIOSOCKS ServerStateMachine.swift
[1697/1764] Wrapping AST for NIOTLS for debugging
[1699/1794] Wrapping AST for NIOSOCKS for debugging
[1701/1794] Compiling NIOSSL LinuxCABundle.swift
[1702/1794] Compiling NIOSSL NIOSSLClientHandler.swift
[1703/1794] Compiling NIOSSL NIOSSLHandler+Configuration.swift
[1704/1796] Compiling NIOSSL SSLCallbacks.swift
[1705/1796] Compiling NIOSSL SSLCertificate.swift
[1706/1796] Compiling NIOSSL SSLCertificateExtensions.swift
[1707/1796] Compiling NIOSSL SSLCertificateName.swift
[1708/1796] Compiling X509 ValidatedCertificateChain.swift
[1709/1796] Compiling X509 VerificationDiagnostic.swift
[1710/1796] Compiling X509 Verifier.swift
[1711/1796] Compiling X509 VerifierPolicy.swift
[1712/1796] Compiling X509 AlgorithmIdentifier.swift
[1713/1796] Compiling X509 ECDSASignature.swift
[1714/1796] Compiling X509 RSAPKCS1PublicKey.swift
[1715/1796] Compiling X509 SubjectPublicKeyInfo.swift
[1716/1796] Compiling X509 TBSCertificate.swift
[1717/1796] Compiling X509 Time.swift
[1718/1796] Compiling X509 TimeCalculations.swift
[1719/1796] Compiling X509 Validity.swift
[1720/1796] Compiling X509 X509SendableMetatype.swift
[1722/1797] Compiling NIOSSL ByteBufferBIO.swift
[1723/1797] Compiling NIOSSL CustomPrivateKey.swift
[1724/1797] Compiling NIOSSL FreeBSDCABundle.swift
[1725/1797] Compiling NIOSSL IdentityVerification.swift
[1726/1797] Compiling NIOSSL NIOSSLHandler.swift
[1727/1797] Compiling NIOSSL AndroidCABundle.swift
[1727/1797] Wrapping AST for X509 for debugging
[1729/1797] Compiling NIOHTTP1 NIOTypedHTTPServerUpgradeHandler.swift
[1730/1797] Compiling NIOHTTP1 NIOTypedHTTPServerUpgraderStateMachine.swift
[1731/1864] Compiling JWTKit JWTUnixEpochClaim.swift
[1732/1864] Compiling JWTKit LocaleClaim.swift
[1733/1864] Compiling JWTKit NotBeforeClaim.swift
[1734/1864] Emitting module NIOHTTP1
[1735/1865] Wrapping AST for NIOHTTP1 for debugging
[1737/1881] Emitting module NIOSSL
[1738/1886] Compiling NIOHPACK HPACKHeader.swift
[1739/1886] Compiling NIOHPACK HeaderTables.swift
[1740/1886] Compiling JWTKit IssuerClaim.swift
[1741/1886] Compiling JWTKit JWTClaim.swift
[1742/1886] Compiling JWTKit JWTMultiValueClaim.swift
[1743/1886] Compiling NIOHPACK DynamicHeaderTable.swift
[1744/1886] Compiling NIOHPACK HPACKDecoder.swift
[1745/1886] Compiling NIOHPACK HPACKEncoder.swift
[1746/1886] Compiling NIOHPACK HPACKErrors.swift
[1747/1886] Compiling JWTKit ECDSASigningAlgorithm.swift
[1748/1886] Compiling JWTKit JWTKeyCollection+ECDSA.swift
[1749/1886] Compiling JWTKit P256+CurveType.swift
[1750/1886] Compiling JWTKit P384+CurveType.swift
[1751/1886] Compiling JWTKit P521+CurveType.swift
[1752/1886] Compiling JWTKit EdDSA.swift
[1753/1886] Compiling JWTKit EdDSACurve.swift
[1754/1886] Compiling JWTKit EdDSAError.swift
[1755/1886] Compiling JWTKit EdDSASigner.swift
[1756/1886] Compiling NIOSSL Zeroization.swift
[1761/1895] Compiling JWTKit MLDSAType.swift
[1762/1895] Compiling JWTKit JWTKeyCollection+UnsecuredNone.swift
[1763/1895] Compiling JWTKit UnsecuredNoneSigner.swift
[1764/1895] Compiling JWTKit JWTKeyCollection+RSA.swift
[1765/1895] Compiling JWTKit RSA.swift
[1766/1895] Compiling JWTKit RSAError.swift
[1767/1895] Compiling JWTKit RSASigner.swift
[1768/1895] Compiling JWTKit Base64URL.swift
[1769/1895] Compiling JWTKit CryptoSigner.swift
[1770/1895] Compiling NIOHTTPCompression HTTPDecompression.swift
[1771/1895] Compiling NIOHTTPCompression HTTPDecompressor.swift
[1772/1895] Compiling JWTKit JWTSerializer.swift
[1773/1895] Compiling JWTKit JWTSigner.swift
[1774/1895] Compiling JWTKit JWTKeyCollection+MLDSA.swift
[1775/1895] Compiling JWTKit MLDSA.swift
[1776/1895] Compiling JWTKit MLDSA65+MLDSAKey.swift
[1777/1895] Compiling JWTKit MLDSA87+MLDSAKey.swift
[1778/1895] Compiling JWTKit MLDSAError.swift
[1779/1895] Compiling JWTKit MLDSAKey.swift
[1780/1895] Compiling JWTKit MLDSASigner.swift
[1781/1895] Compiling NIOHPACK IntegerCoding.swift
[1782/1895] Compiling NIOHPACK IndexedHeaderTable.swift
[1787/1896] Compiling JWTKit ECDSAError.swift
[1788/1896] Compiling JWTKit ECDSAKeyTypes.swift
[1789/1896] Compiling JWTKit ECDSASigner.swift
[1791/1896] Compiling NIOHPACK HuffmanCoding.swift
[1792/1896] Compiling NIOHPACK HuffmanTables.swift
[1793/1896] Compiling NIOHTTPCompression HTTPResponseCompressor.swift
[1794/1896] Compiling NIOHTTPCompression HTTPRequestCompressor.swift
[1797/1896] Emitting module NIOHPACK
[1798/1896] Compiling NIOHTTPCompression HTTPCompression.swift
[1799/1896] Emitting module NIOHTTPCompression
[1801/1897] Compiling NIOHPACK StaticHeaderTable.swift
[1804/1897] Compiling JWTKit SubjectClaim.swift
[1805/1897] Compiling JWTKit TenantIDClaim.swift
[1806/1897] Compiling JWTKit ECDSA.swift
[1807/1897] Compiling JWTKit ECDSACurve.swift
[1808/1897] Compiling JWTKit ECDSACurveType.swift
[1825/1897] Wrapping AST for NIOHTTPCompression for debugging
[1835/1898] Wrapping AST for NIOHPACK for debugging
[1837/1961] Compiling NIOHTTP2 SendingHeadersState.swift
[1838/1961] Compiling NIOHTTP2 SendingPushPromiseState.swift
[1839/1961] Compiling NIOHTTP2 SendingRstStreamState.swift
[1840/1961] Compiling NIOHTTP2 SendingWindowUpdateState.swift
[1841/1961] Compiling NIOHTTP2 HTTP2SettingsState.swift
[1842/1961] Compiling NIOHTTP2 HasExtendedConnectSettings.swift
[1843/1961] Compiling NIOHTTP2 DOSHeuristics.swift
[1844/1961] Compiling NIOHTTP2 Error+Any.swift
[1845/1961] Compiling NIOHTTP2 ConcurrentStreamBuffer.swift
[1846/1961] Emitting module JWTKit
[1847/1961] Compiling NIOHTTP2 ControlFrameBuffer.swift
[1848/1961] Compiling NIOHTTP2 OutboundFlowControlBuffer.swift
[1849/1961] Compiling NIOHTTP2 OutboundFrameBuffer.swift
[1850/1961] Compiling NIOHTTP2 GlitchesMonitor.swift
[1851/1961] Compiling NIOHTTP2 HPACKHeaders+Validation.swift
[1852/1961] Compiling NIOHTTP2 HTTP2ChannelHandler+InboundStreamMultiplexer.swift
[1853/1961] Compiling NIOHTTP2 HasFlowControlWindows.swift
[1854/1961] Compiling NIOHTTP2 HasLocalSettings.swift
[1855/1961] Compiling NIOHTTP2 HasRemoteSettings.swift
[1856/1961] Compiling JWTKit CustomizedJSONCoders.swift
[1857/1961] Compiling JWTKit Utilities.swift
[1858/1961] Compiling JWTKit AppleIdentityToken.swift
[1859/1961] Compiling JWTKit FirebaseAuthIdentityToken.swift
[1860/1961] Compiling JWTKit GoogleIdentityToken.swift
[1861/1961] Compiling JWTKit MicrosoftIdentityToken.swift
[1862/1961] Compiling JWTKit EmptyPolicy.swift
[1863/1961] Compiling JWTKit ValidationTimePayload.swift
[1864/1961] Compiling JWTKit X5CVerifier.swift
[1865/1962] Compiling NIOHTTP2 SendingGoawayState.swift
[1870/1963] Wrapping AST for JWTKit for debugging
[1871/1963] Wrapping AST for NIOSSL for debugging
[1873/1963] Emitting module NIOHTTP2
[1874/1971] Compiling NIOHTTP2 HTTP2StreamMultiplexer.swift
[1875/1971] Compiling NIOHTTP2 HTTP2ToHTTP1Codec.swift
[1876/1971] Compiling NIOHTTP2 HTTP2UserEvents.swift
[1877/1971] Compiling NIOHTTP2 InboundEventBuffer.swift
[1878/1971] Compiling NIOHTTP2 InboundWindowManager.swift
[1879/1971] Compiling NIOHTTP2 MultiplexerAbstractChannel.swift
[1880/1971] Compiling NIOHTTP2 NIOHTTP2FrameDelegate.swift
[1881/1971] Compiling NIOHTTP2 NIOHTTP2ServerConnectionManagementHandler+StateMachine.swift
[1882/1971] Compiling NIOHTTP2 ConnectionStateMachine.swift
[1883/1971] Compiling NIOHTTP2 ConnectionStreamsState.swift
[1884/1971] Compiling NIOHTTP2 MayReceiveFrames.swift
[1885/1971] Compiling NIOHTTP2 ReceivingDataState.swift
[1886/1971] Compiling NIOHTTP2 ReceivingGoAwayState.swift
[1887/1971] Compiling NIOHTTP2 ReceivingHeadersState.swift
[1888/1971] Compiling NIOHTTP2 ReceivingPushPromiseState.swift
[1889/1971] Compiling NIOHTTP2 ReceivingRstStreamState.swift
[1890/1971] Compiling NIOHTTP2 ReceivingWindowUpdateState.swift
[1891/1971] Compiling NIOHTTP2 NIOHTTP2ServerConnectionManagementHandler.swift
[1892/1971] Compiling NIOHTTP2 StreamChannelFlowController.swift
[1893/1971] Compiling NIOHTTP2 StreamChannelList.swift
[1894/1971] Compiling NIOHTTP2 StreamMap.swift
[1895/1971] Compiling NIOHTTP2 StreamStateMachine.swift
[1896/1971] Compiling NIOHTTP2 Timer.swift
[1897/1971] Compiling NIOHTTP2 UnsafeTransfer.swift
[1898/1971] Compiling NIOHTTP2 WatermarkedFlowController.swift
[1899/1971] Compiling NIOHTTP2 HTTP2FrameParser.swift
[1900/1971] Compiling NIOHTTP2 HTTP2PingData.swift
[1901/1971] Compiling NIOHTTP2 HTTP2PipelineHelpers.swift
[1902/1971] Compiling NIOHTTP2 HTTP2Settings.swift
[1903/1971] Compiling NIOHTTP2 HTTP2Stream.swift
[1904/1971] Compiling NIOHTTP2 HTTP2StreamChannel+OutboundStreamMultiplexer.swift
[1905/1971] Compiling NIOHTTP2 HTTP2StreamChannel.swift
[1906/1971] Compiling NIOHTTP2 HTTP2StreamDelegate.swift
[1907/1971] Compiling NIOHTTP2 HTTP2StreamID.swift
[1908/1971] Compiling NIOHTTP2 HTTP2ChannelHandler+InlineStreamMultiplexer.swift
[1909/1971] Compiling NIOHTTP2 HTTP2ChannelHandler.swift
[1910/1971] Compiling NIOHTTP2 HTTP2CommonInboundStreamMultiplexer.swift
[1911/1971] Compiling NIOHTTP2 HTTP2ConnectionStateChange.swift
[1912/1971] Compiling NIOHTTP2 HTTP2Error.swift
[1913/1971] Compiling NIOHTTP2 HTTP2ErrorCode.swift
[1914/1971] Compiling NIOHTTP2 HTTP2FlowControlWindow.swift
[1915/1971] Compiling NIOHTTP2 HTTP2Frame.swift
[1916/1971] Compiling NIOHTTP2 HTTP2FrameEncoder.swift
[1920/1971] Compiling NIOHTTP2 LocallyQuiescingState.swift
[1921/1971] Compiling NIOHTTP2 QuiescingState.swift
[1922/1971] Compiling NIOHTTP2 RemotelyQuiescingState.swift
[1923/1971] Compiling NIOHTTP2 SendAndReceiveGoawayState.swift
[1924/1971] Compiling NIOHTTP2 StateMachineResult.swift
[1925/1971] Compiling NIOHTTP2 ContentLengthVerifier.swift
[1926/1971] Compiling NIOHTTP2 MaySendFrames.swift
[1927/1971] Compiling NIOHTTP2 SendingDataState.swift
[1944/1972] Wrapping AST for NIOHTTP2 for debugging
[1946/2036] Compiling AsyncHTTPClient AnyAsyncSequence.swift
[1947/2036] Compiling AsyncHTTPClient AnyAsyncSequenceProucerDelete.swift
[1948/2036] Compiling AsyncHTTPClient AsyncLazySequence.swift
[1949/2036] Compiling AsyncHTTPClient HTTPClient+execute.swift
[1950/2036] Compiling AsyncHTTPClient HTTPClient+shutdown.swift
[1951/2036] Compiling AsyncHTTPClient HTTPClient+tracing.swift
[1952/2036] Compiling AsyncHTTPClient HTTPClientRequest+Prepared.swift
[1953/2036] Compiling AsyncHTTPClient HTTPClientRequest+auth.swift
[1954/2036] Compiling AsyncHTTPClient HTTPClientRequest.swift
[1955/2044] Emitting module AsyncHTTPClient
[1956/2044] Compiling AsyncHTTPClient LRUCache.swift
[1957/2044] Compiling AsyncHTTPClient NIOLoopBound+Execute.swift
[1958/2044] Compiling AsyncHTTPClient NWErrorHandler.swift
[1959/2044] Compiling AsyncHTTPClient NWWaitingHandler.swift
[1960/2044] Compiling AsyncHTTPClient TLSConfiguration.swift
[1961/2044] Compiling AsyncHTTPClient RedirectState.swift
[1962/2044] Compiling AsyncHTTPClient RequestBag+StateMachine.swift
[1963/2044] Compiling AsyncHTTPClient RequestBag+Tracing.swift
[1964/2044] Compiling AsyncHTTPClient RequestBag.swift
[1965/2044] Compiling AsyncHTTPClient HTTPClientResponse.swift
[1966/2044] Compiling AsyncHTTPClient SingleIteratorPrecondition.swift
[1967/2044] Compiling AsyncHTTPClient Transaction+StateMachine.swift
[1968/2044] Compiling AsyncHTTPClient Transaction.swift
[1969/2044] Compiling AsyncHTTPClient Base64.swift
[1970/2044] Compiling AsyncHTTPClient BasicAuth.swift
[1971/2044] Compiling AsyncHTTPClient BestEffortHashableTLSConfiguration.swift
[1972/2044] Compiling AsyncHTTPClient Configuration+BrowserLike.swift
[1973/2044] Compiling AsyncHTTPClient ConnectionPool.swift
[1974/2044] Compiling AsyncHTTPClient RequestValidation.swift
[1975/2044] Compiling AsyncHTTPClient SSLContextCache.swift
[1976/2044] Compiling AsyncHTTPClient Scheme.swift
[1977/2044] Compiling AsyncHTTPClient Singleton.swift
[1978/2044] Compiling AsyncHTTPClient StringConvertibleInstances.swift
[1979/2044] Compiling AsyncHTTPClient StructuredConcurrencyHelpers.swift
[1980/2044] Compiling AsyncHTTPClient TracingSupport.swift
[1981/2044] Compiling AsyncHTTPClient Utils.swift
[1982/2044] Compiling AsyncHTTPClient RequestOptions.swift
[1983/2044] Compiling AsyncHTTPClient HTTPConnectionPool+Backoff.swift
[1984/2044] Compiling AsyncHTTPClient HTTPConnectionPool+HTTP1Connections.swift
[1985/2044] Compiling AsyncHTTPClient HTTPConnectionPool+HTTP1StateMachine.swift
[1986/2044] Compiling AsyncHTTPClient HTTPConnectionPool+HTTP2Connections.swift
[1987/2044] Compiling AsyncHTTPClient HTTPConnectionPool+HTTP2StateMachine.swift
[1988/2044] Compiling AsyncHTTPClient HTTPConnectionPool+RequestQueue.swift
[1989/2044] Compiling AsyncHTTPClient HTTPConnectionPool+StateMachine.swift
[1990/2044] Compiling AsyncHTTPClient ConnectionTarget.swift
[1991/2044] Compiling AsyncHTTPClient HTTPConnectionEvent.swift
[1992/2044] Compiling AsyncHTTPClient HTTPConnectionPool+Factory.swift
[1993/2044] Compiling AsyncHTTPClient HTTPConnectionPool+Manager.swift
[1994/2044] Compiling AsyncHTTPClient HTTPConnectionPool.swift
[1995/2044] Compiling AsyncHTTPClient HTTPExecutableRequest.swift
[1996/2044] Compiling AsyncHTTPClient HTTPRequestStateMachine+Demand.swift
[1997/2044] Compiling AsyncHTTPClient HTTPRequestStateMachine.swift
[1998/2044] Compiling AsyncHTTPClient RequestBodyLength.swift
[1999/2044] Compiling AsyncHTTPClient RequestFramingMetadata.swift
[2000/2044] Compiling AsyncHTTPClient HTTP1ProxyConnectHandler.swift
[2001/2044] Compiling AsyncHTTPClient SOCKSEventsHandler.swift
[2002/2044] Compiling AsyncHTTPClient TLSEventsHandler.swift
[2003/2044] Compiling AsyncHTTPClient HTTP1ClientChannelHandler.swift
[2004/2044] Compiling AsyncHTTPClient HTTP1Connection.swift
[2005/2044] Compiling AsyncHTTPClient HTTP1ConnectionStateMachine.swift
[2006/2044] Compiling AsyncHTTPClient HTTP2ClientRequestHandler.swift
[2007/2044] Compiling AsyncHTTPClient HTTP2Connection.swift
[2008/2044] Compiling AsyncHTTPClient HTTP2IdleHandler.swift
[2009/2044] Compiling AsyncHTTPClient DeconstructedURL.swift
[2010/2044] Compiling AsyncHTTPClient FileDownloadDelegate.swift
[2011/2044] Compiling AsyncHTTPClient FoundationExtensions.swift
[2012/2044] Compiling AsyncHTTPClient HTTPClient+HTTPCookie.swift
[2013/2044] Compiling AsyncHTTPClient HTTPClient+Proxy.swift
[2014/2044] Compiling AsyncHTTPClient HTTPClient+StructuredConcurrency.swift
[2015/2044] Compiling AsyncHTTPClient HTTPClient.swift
[2016/2044] Compiling AsyncHTTPClient HTTPClientConfiguration+SwiftConfiguration.swift
[2017/2044] Compiling AsyncHTTPClient HTTPHandler.swift
[2018/2045] Wrapping AST for AsyncHTTPClient for debugging
[2020/2068] Emitting module GoogleAuth
[2021/2068] Compiling GoogleAuth ADC.swift
[2022/2068] Compiling GoogleAuth ADCPath.swift
[2023/2068] Compiling GoogleAuth ADCResolver.swift
[2024/2068] Compiling GoogleAuth AuthHeaders.swift
[2025/2071] Compiling GoogleAuth CredentialParserRegistry.swift
[2026/2071] Compiling GoogleAuth Credentials.swift
[2027/2071] Compiling GoogleAuth CredentialsError.swift
[2028/2071] Compiling GoogleAuth SubjectTokenProvider.swift
[2029/2071] Compiling GoogleAuth MDSAccessTokenProvider.swift
[2030/2071] Compiling GoogleAuth MDSCredentials.swift
[2031/2071] Compiling GoogleAuth AuthHTTPClient.swift
[2032/2071] Compiling GoogleAuth AuthHTTPError.swift
[2033/2071] Compiling GoogleAuth RetryEngine.swift
[2034/2071] Compiling GoogleAuth UserAccountData.swift
[2035/2071] Compiling GoogleAuth UserAccountTokenProvider.swift
[2036/2071] Compiling GoogleAuth UserCredentials.swift
[2037/2071] Compiling GoogleAuth AnonymousCredentials.swift
[2038/2071] Compiling GoogleAuth ApiKeyCredentials.swift
[2039/2071] Compiling GoogleAuth ExternalAccountCredentials.swift
[2040/2071] Compiling GoogleAuth ServiceAccountCredentials.swift
[2041/2071] Compiling GoogleAuth ServiceAccountData.swift
[2042/2071] Compiling GoogleAuth ServiceAccountTokenProvider.swift
[2043/2071] Compiling GoogleAuth STSHandler.swift
[2044/2071] Compiling GoogleAuth TokenCache.swift
[2045/2071] Compiling GoogleAuth PackageVersion.swift
[2046/2072] Wrapping AST for GoogleAuth for debugging
[2048/2130] Compiling GoogleGax AIP194+PollingErrorPolicy.swift
[2049/2130] Compiling GoogleGax AIP194+RetryPolicy.swift
[2050/2130] Compiling GoogleGax AIP194.swift
[2051/2130] Compiling GoogleGax AdaptiveThrottler.swift
[2052/2130] Compiling GoogleGax AlwaysPoll.swift
[2053/2130] Compiling GoogleGax AlwaysRetry.swift
[2054/2130] Compiling GoogleGax ApiClientHeader.swift
[2055/2130] Compiling GoogleGax BackoffPolicy.swift
[2056/2130] Compiling GoogleGax BasePollingErrorPolicy.swift
[2057/2138] Emitting module GoogleGax
[2058/2138] Compiling GoogleGax RequestOptions.swift
[2059/2138] Compiling GoogleGax RetryLoop.swift
[2060/2138] Compiling GoogleGax RetryPolicy.swift
[2061/2138] Compiling GoogleGax RetryResult.swift
[2062/2138] Compiling GoogleGax RetryState.swift
[2063/2138] Compiling GoogleGax RetryThrottler.swift
[2064/2138] Compiling GoogleGax RetryThrottlerError.swift
[2065/2138] Compiling GoogleGax RoutingMatcher.swift
[2066/2138] Compiling GoogleGax LimitedAttemptCount+PollingErrorPolicy.swift
[2067/2138] Compiling GoogleGax LimitedAttemptCount+RetryPolicy.swift
[2068/2138] Compiling GoogleGax LimitedAttemptCount.swift
[2069/2138] Compiling GoogleGax LimitedElapsedTime+PollingErrorPolicy.swift
[2070/2138] Compiling GoogleGax LimitedElapsedTime+RetryPolicy.swift
[2071/2138] Compiling GoogleGax LimitedElapsedTime.swift
[2072/2138] Compiling GoogleGax LongRunningOperations.swift
[2073/2138] Compiling GoogleGax NeverRetry.swift
[2074/2138] Compiling GoogleGax BaseRetryPolicy.swift
[2075/2138] Compiling GoogleGax BindingError.swift
[2076/2138] Compiling GoogleGax CRC32C.swift
[2077/2138] Compiling GoogleGax CircuitBreaker.swift
[2078/2138] Compiling GoogleGax ClientError.swift
[2079/2138] Compiling GoogleGax ClientOptions.swift
[2080/2138] Compiling GoogleGax ContinueOnIO+PollingErrorPolicy.swift
[2081/2138] Compiling GoogleGax ContinueOnIO+RetryPolicy.swift
[2082/2138] Compiling GoogleGax ContinueOnIO.swift
[2083/2138] Compiling GoogleGax CredentialsProtocol.swift
[2084/2138] Compiling GoogleGax ErrorWrapper.swift
[2085/2138] Compiling GoogleGax ExponentialBackoff+BackoffPolicy.swift
[2086/2138] Compiling GoogleGax ExponentialBackoff+PollingBackoffPolicy.swift
[2087/2138] Compiling GoogleGax ExponentialBackoff.swift
[2088/2138] Compiling GoogleGax HTTPClient.swift
[2089/2138] Compiling GoogleGax HTTPClientHolder.swift
[2090/2138] Compiling GoogleGax HTTPClientProtocol.swift
[2091/2138] Compiling GoogleGax HTTPClientRequest.swift
[2092/2138] Compiling GoogleGax HTTPClientResponse.swift
[2093/2138] Compiling GoogleGax HTTPHeaders.swift
[2094/2138] Compiling GoogleGax HTTPResponseBody.swift
[2095/2138] Compiling GoogleGax HeaderNames.swift
[2096/2138] Compiling GoogleGax Host.swift
[2097/2138] Compiling GoogleGax InProgressResult.swift
[2098/2138] Compiling GoogleGax Pagination.swift
/host/spi-builder-workspace/.build/checkouts/swift-google-gax/Sources/GoogleGax/Pagination.swift:44:22: error: cannot convert '@Sendable (String) async throws -> (response: ResponseType, items: [Item], nextToken: String)' to 'nonisolated(nonsending) @Sendable (String) async throws -> (response: ResponseType, items: [Item], nextToken: String)' because crossing of an isolation boundary requires parameter and result types to conform to 'Sendable' protocol
 42 |   ) where ResponseType: _PaginatedResponse<Item> {
 43 |     self.initialPageToken = initialPageToken ?? ""
 44 |     self.fetchPage = { token in
    |                      |- error: cannot convert '@Sendable (String) async throws -> (response: ResponseType, items: [Item], nextToken: String)' to 'nonisolated(nonsending) @Sendable (String) async throws -> (response: ResponseType, items: [Item], nextToken: String)' because crossing of an isolation boundary requires parameter and result types to conform to 'Sendable' protocol
    |                      `- note: type 'Item' does not conform to 'Sendable' protocol
 45 |       let response = try await listRpc(token)
 46 |       return (response, response._getPaginatedItems(), response._nextPageToken())
[2099/2138] Compiling GoogleGax PollingBackoffPolicy.swift
/host/spi-builder-workspace/.build/checkouts/swift-google-gax/Sources/GoogleGax/Pagination.swift:44:22: error: cannot convert '@Sendable (String) async throws -> (response: ResponseType, items: [Item], nextToken: String)' to 'nonisolated(nonsending) @Sendable (String) async throws -> (response: ResponseType, items: [Item], nextToken: String)' because crossing of an isolation boundary requires parameter and result types to conform to 'Sendable' protocol
 42 |   ) where ResponseType: _PaginatedResponse<Item> {
 43 |     self.initialPageToken = initialPageToken ?? ""
 44 |     self.fetchPage = { token in
    |                      |- error: cannot convert '@Sendable (String) async throws -> (response: ResponseType, items: [Item], nextToken: String)' to 'nonisolated(nonsending) @Sendable (String) async throws -> (response: ResponseType, items: [Item], nextToken: String)' because crossing of an isolation boundary requires parameter and result types to conform to 'Sendable' protocol
    |                      `- note: type 'Item' does not conform to 'Sendable' protocol
 45 |       let response = try await listRpc(token)
 46 |       return (response, response._getPaginatedItems(), response._nextPageToken())
[2100/2138] Compiling GoogleGax PollingErrorPolicy.swift
/host/spi-builder-workspace/.build/checkouts/swift-google-gax/Sources/GoogleGax/Pagination.swift:44:22: error: cannot convert '@Sendable (String) async throws -> (response: ResponseType, items: [Item], nextToken: String)' to 'nonisolated(nonsending) @Sendable (String) async throws -> (response: ResponseType, items: [Item], nextToken: String)' because crossing of an isolation boundary requires parameter and result types to conform to 'Sendable' protocol
 42 |   ) where ResponseType: _PaginatedResponse<Item> {
 43 |     self.initialPageToken = initialPageToken ?? ""
 44 |     self.fetchPage = { token in
    |                      |- error: cannot convert '@Sendable (String) async throws -> (response: ResponseType, items: [Item], nextToken: String)' to 'nonisolated(nonsending) @Sendable (String) async throws -> (response: ResponseType, items: [Item], nextToken: String)' because crossing of an isolation boundary requires parameter and result types to conform to 'Sendable' protocol
    |                      `- note: type 'Item' does not conform to 'Sendable' protocol
 45 |       let response = try await listRpc(token)
 46 |       return (response, response._getPaginatedItems(), response._nextPageToken())
[2101/2138] Compiling GoogleGax PollingResult.swift
/host/spi-builder-workspace/.build/checkouts/swift-google-gax/Sources/GoogleGax/Pagination.swift:44:22: error: cannot convert '@Sendable (String) async throws -> (response: ResponseType, items: [Item], nextToken: String)' to 'nonisolated(nonsending) @Sendable (String) async throws -> (response: ResponseType, items: [Item], nextToken: String)' because crossing of an isolation boundary requires parameter and result types to conform to 'Sendable' protocol
 42 |   ) where ResponseType: _PaginatedResponse<Item> {
 43 |     self.initialPageToken = initialPageToken ?? ""
 44 |     self.fetchPage = { token in
    |                      |- error: cannot convert '@Sendable (String) async throws -> (response: ResponseType, items: [Item], nextToken: String)' to 'nonisolated(nonsending) @Sendable (String) async throws -> (response: ResponseType, items: [Item], nextToken: String)' because crossing of an isolation boundary requires parameter and result types to conform to 'Sendable' protocol
    |                      `- note: type 'Item' does not conform to 'Sendable' protocol
 45 |       let response = try await listRpc(token)
 46 |       return (response, response._getPaginatedItems(), response._nextPageToken())
[2102/2138] Compiling GoogleGax PollingState.swift
/host/spi-builder-workspace/.build/checkouts/swift-google-gax/Sources/GoogleGax/Pagination.swift:44:22: error: cannot convert '@Sendable (String) async throws -> (response: ResponseType, items: [Item], nextToken: String)' to 'nonisolated(nonsending) @Sendable (String) async throws -> (response: ResponseType, items: [Item], nextToken: String)' because crossing of an isolation boundary requires parameter and result types to conform to 'Sendable' protocol
 42 |   ) where ResponseType: _PaginatedResponse<Item> {
 43 |     self.initialPageToken = initialPageToken ?? ""
 44 |     self.fetchPage = { token in
    |                      |- error: cannot convert '@Sendable (String) async throws -> (response: ResponseType, items: [Item], nextToken: String)' to 'nonisolated(nonsending) @Sendable (String) async throws -> (response: ResponseType, items: [Item], nextToken: String)' because crossing of an isolation boundary requires parameter and result types to conform to 'Sendable' protocol
    |                      `- note: type 'Item' does not conform to 'Sendable' protocol
 45 |       let response = try await listRpc(token)
 46 |       return (response, response._getPaginatedItems(), response._nextPageToken())
[2103/2138] Compiling GoogleGax ProtobufConversionError.swift
/host/spi-builder-workspace/.build/checkouts/swift-google-gax/Sources/GoogleGax/Pagination.swift:44:22: error: cannot convert '@Sendable (String) async throws -> (response: ResponseType, items: [Item], nextToken: String)' to 'nonisolated(nonsending) @Sendable (String) async throws -> (response: ResponseType, items: [Item], nextToken: String)' because crossing of an isolation boundary requires parameter and result types to conform to 'Sendable' protocol
 42 |   ) where ResponseType: _PaginatedResponse<Item> {
 43 |     self.initialPageToken = initialPageToken ?? ""
 44 |     self.fetchPage = { token in
    |                      |- error: cannot convert '@Sendable (String) async throws -> (response: ResponseType, items: [Item], nextToken: String)' to 'nonisolated(nonsending) @Sendable (String) async throws -> (response: ResponseType, items: [Item], nextToken: String)' because crossing of an isolation boundary requires parameter and result types to conform to 'Sendable' protocol
    |                      `- note: type 'Item' does not conform to 'Sendable' protocol
 45 |       let response = try await listRpc(token)
 46 |       return (response, response._getPaginatedItems(), response._nextPageToken())
[2104/2138] Compiling GoogleGax QueryParameter.swift
/host/spi-builder-workspace/.build/checkouts/swift-google-gax/Sources/GoogleGax/Pagination.swift:44:22: error: cannot convert '@Sendable (String) async throws -> (response: ResponseType, items: [Item], nextToken: String)' to 'nonisolated(nonsending) @Sendable (String) async throws -> (response: ResponseType, items: [Item], nextToken: String)' because crossing of an isolation boundary requires parameter and result types to conform to 'Sendable' protocol
 42 |   ) where ResponseType: _PaginatedResponse<Item> {
 43 |     self.initialPageToken = initialPageToken ?? ""
 44 |     self.fetchPage = { token in
    |                      |- error: cannot convert '@Sendable (String) async throws -> (response: ResponseType, items: [Item], nextToken: String)' to 'nonisolated(nonsending) @Sendable (String) async throws -> (response: ResponseType, items: [Item], nextToken: String)' because crossing of an isolation boundary requires parameter and result types to conform to 'Sendable' protocol
    |                      `- note: type 'Item' does not conform to 'Sendable' protocol
 45 |       let response = try await listRpc(token)
 46 |       return (response, response._getPaginatedItems(), response._nextPageToken())
[2105/2138] Compiling GoogleGax RequestError.swift
/host/spi-builder-workspace/.build/checkouts/swift-google-gax/Sources/GoogleGax/Pagination.swift:44:22: error: cannot convert '@Sendable (String) async throws -> (response: ResponseType, items: [Item], nextToken: String)' to 'nonisolated(nonsending) @Sendable (String) async throws -> (response: ResponseType, items: [Item], nextToken: String)' because crossing of an isolation boundary requires parameter and result types to conform to 'Sendable' protocol
 42 |   ) where ResponseType: _PaginatedResponse<Item> {
 43 |     self.initialPageToken = initialPageToken ?? ""
 44 |     self.fetchPage = { token in
    |                      |- error: cannot convert '@Sendable (String) async throws -> (response: ResponseType, items: [Item], nextToken: String)' to 'nonisolated(nonsending) @Sendable (String) async throws -> (response: ResponseType, items: [Item], nextToken: String)' because crossing of an isolation boundary requires parameter and result types to conform to 'Sendable' protocol
    |                      `- note: type 'Item' does not conform to 'Sendable' protocol
 45 |       let response = try await listRpc(token)
 46 |       return (response, response._getPaginatedItems(), response._nextPageToken())
[2106/2138] Compiling GoogleGax ServiceError.swift
[2107/2138] Compiling GoogleGax StatusDetail.swift
[2108/2138] Compiling GoogleGax StrictIdempotency.swift
[2109/2138] Compiling GoogleGax ThrottleResult.swift
[2110/2138] Compiling GoogleGax TooManyRequests+PollingErrorPolicy.swift
[2111/2138] Compiling GoogleGax TooManyRequests+RetryPolicy.swift
[2112/2138] Compiling GoogleGax TooManyRequests.swift
[2113/2138] Compiling GoogleGax PackageVersion.swift
BUILD FAILURE 6.2 android