Build Information
Failed to build WWScreenRecorder, reference 1.0.3 (2c93d1), with Swift 6.4 for watchOS using Xcode 27.0 on 21 Sep 2026 03:40:58 UTC.
Build Command
env DEVELOPER_DIR=/Applications/Xcode-27.0.0-Release.Candidate.app xcrun xcodebuild -IDEClonedSourcePackagesDirPathOverride=$PWD/.dependencies -skipMacroValidation -skipPackagePluginValidation -derivedDataPath $PWD/.derivedData build -scheme WWScreenRecorder -destination generic/platform=watchOSBuild Log
========================================
RunAll
========================================
Builder version: 5.1.0
Interrupt handler set up.
========================================
Checkout
========================================
Clone URL: https://github.com/William-Weng/WWScreenRecorder.git
Reference: 1.0.3
Initialized empty Git repository in /Users/admin/builder/spi-builder-workspace/.git/
From https://github.com/William-Weng/WWScreenRecorder
* tag 1.0.3 -> FETCH_HEAD
HEAD is now at 2c93d15 - 更新函數名稱
Cloned https://github.com/William-Weng/WWScreenRecorder.git
Revision (git rev-parse @):
2c93d157b7423e38802d124c7fcb13924142c834
SUCCESS checkout https://github.com/William-Weng/WWScreenRecorder.git at 1.0.3
========================================
Build
========================================
Selected platform: watchOS
Swift version: 6.4
Building package at path: $PWD
https://github.com/William-Weng/WWScreenRecorder.git
Command line invocation:
/Applications/Xcode-27.0.0-Release.Candidate.app/Contents/Developer/usr/bin/xcodebuild -IDEClonedSourcePackagesDirPathOverride=/Users/admin/builder/spi-builder-workspace/.dependencies -resolvePackageDependencies
Resolve Package Graph
Resolve Package Graph
Resolved source packages:
WWScreenRecorder: /Users/admin/builder/spi-builder-workspace
resolved source packages: WWScreenRecorder
2026-09-20 23:40:10.609 xcodebuild[529:3042] [MT] IDERunDestination: Supported platforms for the buildables in the current scheme is empty.
{
"dependencies" : [
],
"manifest_display_name" : "WWScreenRecorder",
"name" : "WWScreenRecorder",
"path" : "/Users/admin/builder/spi-builder-workspace",
"platforms" : [
{
"name" : "ios",
"version" : "14.0"
}
],
"products" : [
{
"name" : "WWScreenRecorder",
"targets" : [
"WWScreenRecorder"
],
"type" : {
"library" : [
"automatic"
]
}
}
],
"swift_languages_versions" : [
"5"
],
"targets" : [
{
"c99name" : "WWScreenRecorder",
"module_type" : "SwiftTarget",
"name" : "WWScreenRecorder",
"path" : "Sources/WWScreenRecorder",
"product_memberships" : [
"WWScreenRecorder"
],
"resources" : [
{
"path" : "/Users/admin/builder/spi-builder-workspace/Sources/WWScreenRecorder/Privacy",
"rule" : {
"copy" : {
}
}
}
],
"sources" : [
"WWScreenRecorder.swift"
],
"type" : "library"
}
],
"tools_version" : "5.6"
}
{
"workspace" : {
"name" : "WWScreenRecorder",
"schemes" : [
"WWScreenRecorder"
]
}
}
2026-09-20 23:40:51.609 xcodebuild[657:4215] [MT] IDERunDestination: Supported platforms for the buildables in the current scheme is empty.
Running build ...
env DEVELOPER_DIR=/Applications/Xcode-27.0.0-Release.Candidate.app xcrun xcodebuild -IDEClonedSourcePackagesDirPathOverride=$PWD/.dependencies -skipMacroValidation -skipPackagePluginValidation -derivedDataPath $PWD/.derivedData build -scheme WWScreenRecorder -destination generic/platform=watchOS
Command line invocation:
/Applications/Xcode-27.0.0-Release.Candidate.app/Contents/Developer/usr/bin/xcodebuild -IDEClonedSourcePackagesDirPathOverride=/Users/admin/builder/spi-builder-workspace/.dependencies -skipMacroValidation -skipPackagePluginValidation -derivedDataPath /Users/admin/builder/spi-builder-workspace/.derivedData build -scheme WWScreenRecorder -destination generic/platform=watchOS
Resolve Package Graph
Resolved source packages:
WWScreenRecorder: /Users/admin/builder/spi-builder-workspace
ComputePackagePrebuildTargetDependencyGraph
Prepare packages
CreateBuildRequest
SendProjectDescription
CreateBuildOperation
ComputeTargetDependencyGraph
note: Building targets in dependency order
note: Target dependency graph (3 targets)
Target 'WWScreenRecorder-product' in project 'WWScreenRecorder'
➜ Explicit dependency on target 'WWScreenRecorder' in project 'WWScreenRecorder'
➜ Explicit dependency on target 'WWScreenRecorder_WWScreenRecorder' in project 'WWScreenRecorder'
Target 'WWScreenRecorder' in project 'WWScreenRecorder'
➜ Explicit dependency on target 'WWScreenRecorder_WWScreenRecorder' in project 'WWScreenRecorder'
Target 'WWScreenRecorder_WWScreenRecorder' in project 'WWScreenRecorder' (no dependencies)
GatherProvisioningInputs
CreateBuildDescription
ExecuteExternalTool /Applications/Xcode-27.0.0-Release.Candidate.app/Contents/Developer/Toolchains/XcodeDefault.xctoolchain/usr/bin/clang -v -E -dM -isysroot /Applications/Xcode-27.0.0-Release.Candidate.app/Contents/Developer/Platforms/WatchOS.platform/Developer/SDKs/WatchOS27.0.sdk -x c -c /dev/null
ExecuteExternalTool /Applications/Xcode-27.0.0-Release.Candidate.app/Contents/Developer/Toolchains/XcodeDefault.xctoolchain/usr/bin/swiftc --version
ExecuteExternalTool /Applications/Xcode-27.0.0-Release.Candidate.app/Contents/Developer/Toolchains/XcodeDefault.xctoolchain/usr/bin/ld -version_details
Build description signature: c63203c3261314401c8f0d4fdbda602d
Build description path: /Users/admin/builder/spi-builder-workspace/.derivedData/Build/Intermediates.noindex/XCBuildData/c63203c3261314401c8f0d4fdbda602d.xcbuilddata
CreateBuildDirectory /Users/admin/builder/spi-builder-workspace/.derivedData/SDKExplicitPrecompiledModules
cd /Users/admin/builder/spi-builder-workspace/.swiftpm/xcode
builtin-create-build-directory /Users/admin/builder/spi-builder-workspace/.derivedData/SDKExplicitPrecompiledModules
CreateBuildDirectory /Users/admin/builder/spi-builder-workspace/.derivedData/CompilationCache.noindex
cd /Users/admin/builder/spi-builder-workspace/.swiftpm/xcode
builtin-create-build-directory /Users/admin/builder/spi-builder-workspace/.derivedData/CompilationCache.noindex
CreateBuildDirectory /Users/admin/builder/spi-builder-workspace/.derivedData/ModuleCache.noindex
cd /Users/admin/builder/spi-builder-workspace/.swiftpm/xcode
builtin-create-build-directory /Users/admin/builder/spi-builder-workspace/.derivedData/ModuleCache.noindex
CreateBuildDirectory /Users/admin/builder/spi-builder-workspace/.derivedData/Build/Intermediates.noindex
cd /Users/admin/builder/spi-builder-workspace/.swiftpm/xcode
builtin-create-build-directory /Users/admin/builder/spi-builder-workspace/.derivedData/Build/Intermediates.noindex
CreateBuildDirectory /Users/admin/builder/spi-builder-workspace/.derivedData/Build/Products
cd /Users/admin/builder/spi-builder-workspace/.swiftpm/xcode
builtin-create-build-directory /Users/admin/builder/spi-builder-workspace/.derivedData/Build/Products
ClangStatCache /Applications/Xcode-27.0.0-Release.Candidate.app/Contents/Developer/Toolchains/XcodeDefault.xctoolchain/usr/bin/clang-stat-cache /Applications/Xcode-27.0.0-Release.Candidate.app/Contents/Developer/Platforms/WatchOS.platform/Developer/SDKs/WatchOS27.0.sdk /Users/admin/builder/spi-builder-workspace/.derivedData/SDKStatCaches.noindex/watchos27.0-24R360-e829b21a6f8c9b70876ba0858053c04477534ef55a1706bf4c1112bbb242f0a2.sdkstatcache
cd /Users/admin/builder/spi-builder-workspace/.swiftpm/xcode
/Applications/Xcode-27.0.0-Release.Candidate.app/Contents/Developer/Toolchains/XcodeDefault.xctoolchain/usr/bin/clang-stat-cache /Applications/Xcode-27.0.0-Release.Candidate.app/Contents/Developer/Platforms/WatchOS.platform/Developer/SDKs/WatchOS27.0.sdk -o /Users/admin/builder/spi-builder-workspace/.derivedData/SDKStatCaches.noindex/watchos27.0-24R360-e829b21a6f8c9b70876ba0858053c04477534ef55a1706bf4c1112bbb242f0a2.sdkstatcache
CreateBuildDirectory /Users/admin/builder/spi-builder-workspace/.derivedData/Build/Intermediates.noindex/SwiftExplicitPrecompiledModules
cd /Users/admin/builder/spi-builder-workspace/.swiftpm/xcode
builtin-create-build-directory /Users/admin/builder/spi-builder-workspace/.derivedData/Build/Intermediates.noindex/SwiftExplicitPrecompiledModules
CreateBuildDirectory /Users/admin/builder/spi-builder-workspace/.derivedData/Build/Intermediates.noindex/PrecompiledHeaders
cd /Users/admin/builder/spi-builder-workspace/.swiftpm/xcode
builtin-create-build-directory /Users/admin/builder/spi-builder-workspace/.derivedData/Build/Intermediates.noindex/PrecompiledHeaders
CreateBuildDirectory /Users/admin/builder/spi-builder-workspace/.derivedData/Build/Intermediates.noindex/ExplicitPrecompiledModules
cd /Users/admin/builder/spi-builder-workspace/.swiftpm/xcode
builtin-create-build-directory /Users/admin/builder/spi-builder-workspace/.derivedData/Build/Intermediates.noindex/ExplicitPrecompiledModules
CreateBuildDirectory /Users/admin/builder/spi-builder-workspace/.derivedData/Build/Products/Debug-watchos
cd /Users/admin/builder/spi-builder-workspace/.swiftpm/xcode
builtin-create-build-directory /Users/admin/builder/spi-builder-workspace/.derivedData/Build/Products/Debug-watchos
CreateBuildDirectory /Users/admin/builder/spi-builder-workspace/.derivedData/Build/Intermediates.noindex/EagerLinkingTBDs/Debug-watchos
cd /Users/admin/builder/spi-builder-workspace/.swiftpm/xcode
builtin-create-build-directory /Users/admin/builder/spi-builder-workspace/.derivedData/Build/Intermediates.noindex/EagerLinkingTBDs/Debug-watchos
CreateBuildDirectory /Users/admin/builder/spi-builder-workspace/.derivedData/Build/Products/Debug-watchos/PackageFrameworks
cd /Users/admin/builder/spi-builder-workspace/.swiftpm/xcode
builtin-create-build-directory /Users/admin/builder/spi-builder-workspace/.derivedData/Build/Products/Debug-watchos/PackageFrameworks
WriteAuxiliaryFile /Users/admin/builder/spi-builder-workspace/.derivedData/Build/Intermediates.noindex/WWScreenRecorder.build/Debug-watchos/WWScreenRecorder-t.build/WWScreenRecorder.modulemap (in target 'WWScreenRecorder' from project 'WWScreenRecorder')
cd /Users/admin/builder/spi-builder-workspace
write-file /Users/admin/builder/spi-builder-workspace/.derivedData/Build/Intermediates.noindex/WWScreenRecorder.build/Debug-watchos/WWScreenRecorder-t.build/WWScreenRecorder.modulemap
WriteAuxiliaryFile /Users/admin/builder/spi-builder-workspace/.derivedData/Build/Intermediates.noindex/WWScreenRecorder.build/Debug-watchos/WWScreenRecorder_WWScreenRecorder-b.build/WWScreenRecorder_WWScreenRecorder.DependencyMetadataFileList (in target 'WWScreenRecorder_WWScreenRecorder' from project 'WWScreenRecorder')
cd /Users/admin/builder/spi-builder-workspace
write-file /Users/admin/builder/spi-builder-workspace/.derivedData/Build/Intermediates.noindex/WWScreenRecorder.build/Debug-watchos/WWScreenRecorder_WWScreenRecorder-b.build/WWScreenRecorder_WWScreenRecorder.DependencyMetadataFileList
WriteAuxiliaryFile /Users/admin/builder/spi-builder-workspace/.derivedData/Build/Intermediates.noindex/WWScreenRecorder.build/Debug-watchos/WWScreenRecorder_WWScreenRecorder-b.build/WWScreenRecorder_WWScreenRecorder.DependencyStaticMetadataFileList (in target 'WWScreenRecorder_WWScreenRecorder' from project 'WWScreenRecorder')
cd /Users/admin/builder/spi-builder-workspace
write-file /Users/admin/builder/spi-builder-workspace/.derivedData/Build/Intermediates.noindex/WWScreenRecorder.build/Debug-watchos/WWScreenRecorder_WWScreenRecorder-b.build/WWScreenRecorder_WWScreenRecorder.DependencyStaticMetadataFileList
WriteAuxiliaryFile /Users/admin/builder/spi-builder-workspace/.derivedData/Build/Intermediates.noindex/WWScreenRecorder.build/Debug-watchos/WWScreenRecorder_WWScreenRecorder-b.build/empty-WWScreenRecorder_WWScreenRecorder.plist (in target 'WWScreenRecorder_WWScreenRecorder' from project 'WWScreenRecorder')
cd /Users/admin/builder/spi-builder-workspace
write-file /Users/admin/builder/spi-builder-workspace/.derivedData/Build/Intermediates.noindex/WWScreenRecorder.build/Debug-watchos/WWScreenRecorder_WWScreenRecorder-b.build/empty-WWScreenRecorder_WWScreenRecorder.plist
WriteAuxiliaryFile /Users/admin/builder/spi-builder-workspace/.derivedData/Build/Intermediates.noindex/WWScreenRecorder.build/Debug-watchos/WWScreenRecorder-t.build/Objects-normal/arm64/WWScreenRecorder_const_extract_protocols.json (in target 'WWScreenRecorder' from project 'WWScreenRecorder')
cd /Users/admin/builder/spi-builder-workspace
write-file /Users/admin/builder/spi-builder-workspace/.derivedData/Build/Intermediates.noindex/WWScreenRecorder.build/Debug-watchos/WWScreenRecorder-t.build/Objects-normal/arm64/WWScreenRecorder_const_extract_protocols.json
WriteAuxiliaryFile /Users/admin/builder/spi-builder-workspace/.derivedData/Build/Intermediates.noindex/WWScreenRecorder.build/Debug-watchos/WWScreenRecorder-t.build/Objects-normal/arm64_32/WWScreenRecorder_const_extract_protocols.json (in target 'WWScreenRecorder' from project 'WWScreenRecorder')
cd /Users/admin/builder/spi-builder-workspace
write-file /Users/admin/builder/spi-builder-workspace/.derivedData/Build/Intermediates.noindex/WWScreenRecorder.build/Debug-watchos/WWScreenRecorder-t.build/Objects-normal/arm64_32/WWScreenRecorder_const_extract_protocols.json
WriteAuxiliaryFile /Users/admin/builder/spi-builder-workspace/.derivedData/Build/Intermediates.noindex/WWScreenRecorder.build/Debug-watchos/WWScreenRecorder-t.build/Objects-normal/arm64_32/WWScreenRecorder-OutputFileMap.json (in target 'WWScreenRecorder' from project 'WWScreenRecorder')
cd /Users/admin/builder/spi-builder-workspace
write-file /Users/admin/builder/spi-builder-workspace/.derivedData/Build/Intermediates.noindex/WWScreenRecorder.build/Debug-watchos/WWScreenRecorder-t.build/Objects-normal/arm64_32/WWScreenRecorder-OutputFileMap.json
WriteAuxiliaryFile /Users/admin/builder/spi-builder-workspace/.derivedData/Build/Intermediates.noindex/WWScreenRecorder.build/Debug-watchos/WWScreenRecorder-t.build/Objects-normal/arm64/WWScreenRecorder-OutputFileMap.json (in target 'WWScreenRecorder' from project 'WWScreenRecorder')
cd /Users/admin/builder/spi-builder-workspace
write-file /Users/admin/builder/spi-builder-workspace/.derivedData/Build/Intermediates.noindex/WWScreenRecorder.build/Debug-watchos/WWScreenRecorder-t.build/Objects-normal/arm64/WWScreenRecorder-OutputFileMap.json
WriteAuxiliaryFile /Users/admin/builder/spi-builder-workspace/.derivedData/Build/Intermediates.noindex/WWScreenRecorder.build/Debug-watchos/WWScreenRecorder-t.build/WWScreenRecorder.DependencyStaticMetadataFileList (in target 'WWScreenRecorder' from project 'WWScreenRecorder')
cd /Users/admin/builder/spi-builder-workspace
write-file /Users/admin/builder/spi-builder-workspace/.derivedData/Build/Intermediates.noindex/WWScreenRecorder.build/Debug-watchos/WWScreenRecorder-t.build/WWScreenRecorder.DependencyStaticMetadataFileList
WriteAuxiliaryFile /Users/admin/builder/spi-builder-workspace/.derivedData/Build/Intermediates.noindex/WWScreenRecorder.build/Debug-watchos/WWScreenRecorder-t.build/WWScreenRecorder.DependencyMetadataFileList (in target 'WWScreenRecorder' from project 'WWScreenRecorder')
cd /Users/admin/builder/spi-builder-workspace
write-file /Users/admin/builder/spi-builder-workspace/.derivedData/Build/Intermediates.noindex/WWScreenRecorder.build/Debug-watchos/WWScreenRecorder-t.build/WWScreenRecorder.DependencyMetadataFileList
WriteAuxiliaryFile /Users/admin/builder/spi-builder-workspace/.derivedData/Build/Intermediates.noindex/WWScreenRecorder.build/Debug-watchos/WWScreenRecorder-t.build/Objects-normal/arm64_32/WWScreenRecorder.SwiftFileList (in target 'WWScreenRecorder' from project 'WWScreenRecorder')
cd /Users/admin/builder/spi-builder-workspace
write-file /Users/admin/builder/spi-builder-workspace/.derivedData/Build/Intermediates.noindex/WWScreenRecorder.build/Debug-watchos/WWScreenRecorder-t.build/Objects-normal/arm64_32/WWScreenRecorder.SwiftFileList
WriteAuxiliaryFile /Users/admin/builder/spi-builder-workspace/.derivedData/Build/Intermediates.noindex/WWScreenRecorder.build/Debug-watchos/WWScreenRecorder-t.build/Objects-normal/arm64_32/WWScreenRecorder.LinkFileList (in target 'WWScreenRecorder' from project 'WWScreenRecorder')
cd /Users/admin/builder/spi-builder-workspace
write-file /Users/admin/builder/spi-builder-workspace/.derivedData/Build/Intermediates.noindex/WWScreenRecorder.build/Debug-watchos/WWScreenRecorder-t.build/Objects-normal/arm64_32/WWScreenRecorder.LinkFileList
WriteAuxiliaryFile /Users/admin/builder/spi-builder-workspace/.derivedData/Build/Intermediates.noindex/WWScreenRecorder.build/Debug-watchos/WWScreenRecorder-t.build/Objects-normal/arm64_32/WWScreenRecorder.SwiftConstValuesFileList (in target 'WWScreenRecorder' from project 'WWScreenRecorder')
cd /Users/admin/builder/spi-builder-workspace
write-file /Users/admin/builder/spi-builder-workspace/.derivedData/Build/Intermediates.noindex/WWScreenRecorder.build/Debug-watchos/WWScreenRecorder-t.build/Objects-normal/arm64_32/WWScreenRecorder.SwiftConstValuesFileList
WriteAuxiliaryFile /Users/admin/builder/spi-builder-workspace/.derivedData/Build/Intermediates.noindex/WWScreenRecorder.build/Debug-watchos/WWScreenRecorder-t.build/Objects-normal/arm64/WWScreenRecorder.SwiftFileList (in target 'WWScreenRecorder' from project 'WWScreenRecorder')
cd /Users/admin/builder/spi-builder-workspace
write-file /Users/admin/builder/spi-builder-workspace/.derivedData/Build/Intermediates.noindex/WWScreenRecorder.build/Debug-watchos/WWScreenRecorder-t.build/Objects-normal/arm64/WWScreenRecorder.SwiftFileList
WriteAuxiliaryFile /Users/admin/builder/spi-builder-workspace/.derivedData/Build/Intermediates.noindex/WWScreenRecorder.build/Debug-watchos/WWScreenRecorder-t.build/Objects-normal/arm64/WWScreenRecorder.SwiftConstValuesFileList (in target 'WWScreenRecorder' from project 'WWScreenRecorder')
cd /Users/admin/builder/spi-builder-workspace
write-file /Users/admin/builder/spi-builder-workspace/.derivedData/Build/Intermediates.noindex/WWScreenRecorder.build/Debug-watchos/WWScreenRecorder-t.build/Objects-normal/arm64/WWScreenRecorder.SwiftConstValuesFileList
WriteAuxiliaryFile /Users/admin/builder/spi-builder-workspace/.derivedData/Build/Intermediates.noindex/WWScreenRecorder.build/Debug-watchos/WWScreenRecorder-t.build/Objects-normal/arm64/WWScreenRecorder.LinkFileList (in target 'WWScreenRecorder' from project 'WWScreenRecorder')
cd /Users/admin/builder/spi-builder-workspace
write-file /Users/admin/builder/spi-builder-workspace/.derivedData/Build/Intermediates.noindex/WWScreenRecorder.build/Debug-watchos/WWScreenRecorder-t.build/Objects-normal/arm64/WWScreenRecorder.LinkFileList
WriteAuxiliaryFile /Users/admin/builder/spi-builder-workspace/.derivedData/Build/Intermediates.noindex/WWScreenRecorder.build/Debug-watchos/WWScreenRecorder-t.build/DerivedSources/resource_bundle_accessor.swift (in target 'WWScreenRecorder' from project 'WWScreenRecorder')
cd /Users/admin/builder/spi-builder-workspace
write-file /Users/admin/builder/spi-builder-workspace/.derivedData/Build/Intermediates.noindex/WWScreenRecorder.build/Debug-watchos/WWScreenRecorder-t.build/DerivedSources/resource_bundle_accessor.swift
Copy /Users/admin/builder/spi-builder-workspace/.derivedData/Build/Intermediates.noindex/GeneratedModuleMaps-watchos/WWScreenRecorder.modulemap /Users/admin/builder/spi-builder-workspace/.derivedData/Build/Intermediates.noindex/WWScreenRecorder.build/Debug-watchos/WWScreenRecorder-t.build/WWScreenRecorder.modulemap (in target 'WWScreenRecorder' from project 'WWScreenRecorder')
cd /Users/admin/builder/spi-builder-workspace
builtin-copy -exclude .DS_Store -exclude CVS -exclude .svn -exclude .git -exclude .hg -resolve-src-symlinks /Users/admin/builder/spi-builder-workspace/.derivedData/Build/Intermediates.noindex/WWScreenRecorder.build/Debug-watchos/WWScreenRecorder-t.build/WWScreenRecorder.modulemap /Users/admin/builder/spi-builder-workspace/.derivedData/Build/Intermediates.noindex/GeneratedModuleMaps-watchos
MkDir /Users/admin/builder/spi-builder-workspace/.derivedData/Build/Products/Debug-watchos/WWScreenRecorder_WWScreenRecorder.bundle (in target 'WWScreenRecorder_WWScreenRecorder' from project 'WWScreenRecorder')
cd /Users/admin/builder/spi-builder-workspace
/bin/mkdir -p /Users/admin/builder/spi-builder-workspace/.derivedData/Build/Products/Debug-watchos/WWScreenRecorder_WWScreenRecorder.bundle
ProcessInfoPlistFile /Users/admin/builder/spi-builder-workspace/.derivedData/Build/Products/Debug-watchos/WWScreenRecorder_WWScreenRecorder.bundle/Info.plist /Users/admin/builder/spi-builder-workspace/.derivedData/Build/Intermediates.noindex/WWScreenRecorder.build/Debug-watchos/WWScreenRecorder_WWScreenRecorder-b.build/empty-WWScreenRecorder_WWScreenRecorder.plist (in target 'WWScreenRecorder_WWScreenRecorder' from project 'WWScreenRecorder')
cd /Users/admin/builder/spi-builder-workspace
builtin-infoPlistUtility /Users/admin/builder/spi-builder-workspace/.derivedData/Build/Intermediates.noindex/WWScreenRecorder.build/Debug-watchos/WWScreenRecorder_WWScreenRecorder-b.build/empty-WWScreenRecorder_WWScreenRecorder.plist -producttype com.apple.product-type.bundle -expandbuildsettings -format binary -platform watchos -o /Users/admin/builder/spi-builder-workspace/.derivedData/Build/Products/Debug-watchos/WWScreenRecorder_WWScreenRecorder.bundle/Info.plist
CpResource /Users/admin/builder/spi-builder-workspace/.derivedData/Build/Products/Debug-watchos/WWScreenRecorder_WWScreenRecorder.bundle/Privacy /Users/admin/builder/spi-builder-workspace/Sources/WWScreenRecorder/Privacy (in target 'WWScreenRecorder_WWScreenRecorder' from project 'WWScreenRecorder')
cd /Users/admin/builder/spi-builder-workspace
builtin-copy -exclude .DS_Store -exclude CVS -exclude .svn -exclude .git -exclude .hg -resolve-src-symlinks /Users/admin/builder/spi-builder-workspace/Sources/WWScreenRecorder/Privacy /Users/admin/builder/spi-builder-workspace/.derivedData/Build/Products/Debug-watchos/WWScreenRecorder_WWScreenRecorder.bundle
RegisterExecutionPolicyException /Users/admin/builder/spi-builder-workspace/.derivedData/Build/Products/Debug-watchos/WWScreenRecorder_WWScreenRecorder.bundle (in target 'WWScreenRecorder_WWScreenRecorder' from project 'WWScreenRecorder')
cd /Users/admin/builder/spi-builder-workspace
builtin-RegisterExecutionPolicyException /Users/admin/builder/spi-builder-workspace/.derivedData/Build/Products/Debug-watchos/WWScreenRecorder_WWScreenRecorder.bundle
Touch /Users/admin/builder/spi-builder-workspace/.derivedData/Build/Products/Debug-watchos/WWScreenRecorder_WWScreenRecorder.bundle (in target 'WWScreenRecorder_WWScreenRecorder' from project 'WWScreenRecorder')
cd /Users/admin/builder/spi-builder-workspace
/usr/bin/touch -c /Users/admin/builder/spi-builder-workspace/.derivedData/Build/Products/Debug-watchos/WWScreenRecorder_WWScreenRecorder.bundle
SwiftDriver WWScreenRecorder normal arm64_32 com.apple.xcode.tools.swift.compiler (in target 'WWScreenRecorder' from project 'WWScreenRecorder')
cd /Users/admin/builder/spi-builder-workspace/.swiftpm/xcode
builtin-SwiftDriver -- /Applications/Xcode-27.0.0-Release.Candidate.app/Contents/Developer/Toolchains/XcodeDefault.xctoolchain/usr/bin/swiftc -parse-as-library -module-name WWScreenRecorder -Onone @/Users/admin/builder/spi-builder-workspace/.derivedData/Build/Intermediates.noindex/WWScreenRecorder.build/Debug-watchos/WWScreenRecorder-t.build/Objects-normal/arm64_32/WWScreenRecorder.SwiftFileList -DSWIFT_PACKAGE -DDEBUG -DSWIFT_MODULE_RESOURCE_BUNDLE_AVAILABLE -DXcode -plugin-path /Applications/Xcode-27.0.0-Release.Candidate.app/Contents/Developer/Toolchains/XcodeDefault.xctoolchain/usr/lib/swift/host/plugins/testing -enable-experimental-feature DebugDescriptionMacro -sdk /Applications/Xcode-27.0.0-Release.Candidate.app/Contents/Developer/Platforms/WatchOS.platform/Developer/SDKs/WatchOS27.0.sdk -target arm64_32-apple-watchos9.0 -g -module-cache-path /Users/admin/builder/spi-builder-workspace/.derivedData/ModuleCache.noindex -Xfrontend -serialize-debugging-options -enable-testing -index-store-path /Users/admin/builder/spi-builder-workspace/.derivedData/Index.noindex/DataStore -Xcc -D_LIBCPP_HARDENING_MODE\=_LIBCPP_HARDENING_MODE_DEBUG -swift-version 5 -I /Users/admin/builder/spi-builder-workspace/.derivedData/Build/Products/Debug-watchos -Isystem /Applications/Xcode-27.0.0-Release.Candidate.app/Contents/Developer/Platforms/WatchOS.platform/Developer/usr/lib -F /Users/admin/builder/spi-builder-workspace/.derivedData/Build/Products/Debug-watchos -F /Applications/Xcode-27.0.0-Release.Candidate.app/Contents/Developer/Platforms/WatchOS.platform/Developer/Library/Frameworks -F /Applications/Xcode-27.0.0-Release.Candidate.app/Contents/Developer/Platforms/WatchOS.platform/Developer/SDKs/WatchOS27.0.sdk/Developer/Library/Frameworks -c -j10 -enable-batch-mode -incremental -Xcc -ivfsstatcache -Xcc /Users/admin/builder/spi-builder-workspace/.derivedData/SDKStatCaches.noindex/watchos27.0-24R360-e829b21a6f8c9b70876ba0858053c04477534ef55a1706bf4c1112bbb242f0a2.sdkstatcache -output-file-map /Users/admin/builder/spi-builder-workspace/.derivedData/Build/Intermediates.noindex/WWScreenRecorder.build/Debug-watchos/WWScreenRecorder-t.build/Objects-normal/arm64_32/WWScreenRecorder-OutputFileMap.json -save-temps -no-color-diagnostics -explicit-module-build -module-cache-path /Users/admin/builder/spi-builder-workspace/.derivedData/Build/Intermediates.noindex/SwiftExplicitPrecompiledModules -clang-scanner-module-cache-path /Users/admin/builder/spi-builder-workspace/.derivedData/ModuleCache.noindex -sdk-module-cache-path /Users/admin/builder/spi-builder-workspace/.derivedData/SDKExplicitPrecompiledModules -emit-dependencies -emit-module -emit-module-path /Users/admin/builder/spi-builder-workspace/.derivedData/Build/Intermediates.noindex/WWScreenRecorder.build/Debug-watchos/WWScreenRecorder-t.build/Objects-normal/arm64_32/WWScreenRecorder.swiftmodule -serialize-diagnostics -dependency-scan-serialize-diagnostics-path /Users/admin/builder/spi-builder-workspace/.derivedData/Build/Intermediates.noindex/WWScreenRecorder.build/Debug-watchos/WWScreenRecorder-t.build/Objects-normal/arm64_32/WWScreenRecorder-dependency-scan.dia -validate-clang-modules-once -clang-build-session-file /Users/admin/builder/spi-builder-workspace/.derivedData/ModuleCache.noindex/Session.modulevalidation -Xcc -fmodules-prune-interval\=86400 -Xcc -fmodules-prune-after\=345600 -emit-const-values -const-gather-protocols-list /Users/admin/builder/spi-builder-workspace/.derivedData/Build/Intermediates.noindex/WWScreenRecorder.build/Debug-watchos/WWScreenRecorder-t.build/Objects-normal/arm64_32/WWScreenRecorder_const_extract_protocols.json -Xcc -I/Users/admin/builder/spi-builder-workspace/.derivedData/Build/Products/Debug-watchos/include -Xcc -I/Users/admin/builder/spi-builder-workspace/.derivedData/Build/Intermediates.noindex/WWScreenRecorder.build/Debug-watchos/WWScreenRecorder-t.build/DerivedSources-normal/arm64_32 -Xcc -I/Users/admin/builder/spi-builder-workspace/.derivedData/Build/Intermediates.noindex/WWScreenRecorder.build/Debug-watchos/WWScreenRecorder-t.build/DerivedSources/arm64_32 -Xcc -I/Users/admin/builder/spi-builder-workspace/.derivedData/Build/Intermediates.noindex/WWScreenRecorder.build/Debug-watchos/WWScreenRecorder-t.build/DerivedSources -Xcc -DSWIFT_PACKAGE -Xcc -DDEBUG\=1 -emit-objc-header -emit-objc-header-path /Users/admin/builder/spi-builder-workspace/.derivedData/Build/Intermediates.noindex/WWScreenRecorder.build/Debug-watchos/WWScreenRecorder-t.build/Objects-normal/arm64_32/WWScreenRecorder-Swift.h -working-directory /Users/admin/builder/spi-builder-workspace/.swiftpm/xcode -experimental-emit-module-separately -disable-cmo
/Users/admin/builder/spi-builder-workspace/Sources/WWScreenRecorder/WWScreenRecorder.swift:8:8: error: Unable to resolve module dependency: 'ReplayKit' (in target 'WWScreenRecorder' from project 'WWScreenRecorder')
note: A dependency of main module 'WWScreenRecorder'
/Users/admin/builder/spi-builder-workspace/Sources/WWScreenRecorder/WWScreenRecorder.swift:8:8: note: A dependency of main module 'WWScreenRecorder'
import ReplayKit
^ (in target 'WWScreenRecorder' from project 'WWScreenRecorder')
SwiftDriver WWScreenRecorder normal arm64 com.apple.xcode.tools.swift.compiler (in target 'WWScreenRecorder' from project 'WWScreenRecorder')
cd /Users/admin/builder/spi-builder-workspace/.swiftpm/xcode
builtin-SwiftDriver -- /Applications/Xcode-27.0.0-Release.Candidate.app/Contents/Developer/Toolchains/XcodeDefault.xctoolchain/usr/bin/swiftc -parse-as-library -module-name WWScreenRecorder -Onone @/Users/admin/builder/spi-builder-workspace/.derivedData/Build/Intermediates.noindex/WWScreenRecorder.build/Debug-watchos/WWScreenRecorder-t.build/Objects-normal/arm64/WWScreenRecorder.SwiftFileList -DSWIFT_PACKAGE -DDEBUG -DSWIFT_MODULE_RESOURCE_BUNDLE_AVAILABLE -DXcode -plugin-path /Applications/Xcode-27.0.0-Release.Candidate.app/Contents/Developer/Toolchains/XcodeDefault.xctoolchain/usr/lib/swift/host/plugins/testing -enable-experimental-feature DebugDescriptionMacro -sdk /Applications/Xcode-27.0.0-Release.Candidate.app/Contents/Developer/Platforms/WatchOS.platform/Developer/SDKs/WatchOS27.0.sdk -target arm64-apple-watchos9.0 -g -module-cache-path /Users/admin/builder/spi-builder-workspace/.derivedData/ModuleCache.noindex -Xfrontend -serialize-debugging-options -enable-testing -index-store-path /Users/admin/builder/spi-builder-workspace/.derivedData/Index.noindex/DataStore -Xcc -D_LIBCPP_HARDENING_MODE\=_LIBCPP_HARDENING_MODE_DEBUG -swift-version 5 -I /Users/admin/builder/spi-builder-workspace/.derivedData/Build/Products/Debug-watchos -Isystem /Applications/Xcode-27.0.0-Release.Candidate.app/Contents/Developer/Platforms/WatchOS.platform/Developer/usr/lib -F /Users/admin/builder/spi-builder-workspace/.derivedData/Build/Products/Debug-watchos -F /Applications/Xcode-27.0.0-Release.Candidate.app/Contents/Developer/Platforms/WatchOS.platform/Developer/Library/Frameworks -F /Applications/Xcode-27.0.0-Release.Candidate.app/Contents/Developer/Platforms/WatchOS.platform/Developer/SDKs/WatchOS27.0.sdk/Developer/Library/Frameworks -c -j10 -enable-batch-mode -incremental -Xcc -ivfsstatcache -Xcc /Users/admin/builder/spi-builder-workspace/.derivedData/SDKStatCaches.noindex/watchos27.0-24R360-e829b21a6f8c9b70876ba0858053c04477534ef55a1706bf4c1112bbb242f0a2.sdkstatcache -output-file-map /Users/admin/builder/spi-builder-workspace/.derivedData/Build/Intermediates.noindex/WWScreenRecorder.build/Debug-watchos/WWScreenRecorder-t.build/Objects-normal/arm64/WWScreenRecorder-OutputFileMap.json -save-temps -no-color-diagnostics -explicit-module-build -module-cache-path /Users/admin/builder/spi-builder-workspace/.derivedData/Build/Intermediates.noindex/SwiftExplicitPrecompiledModules -clang-scanner-module-cache-path /Users/admin/builder/spi-builder-workspace/.derivedData/ModuleCache.noindex -sdk-module-cache-path /Users/admin/builder/spi-builder-workspace/.derivedData/SDKExplicitPrecompiledModules -emit-dependencies -emit-module -emit-module-path /Users/admin/builder/spi-builder-workspace/.derivedData/Build/Intermediates.noindex/WWScreenRecorder.build/Debug-watchos/WWScreenRecorder-t.build/Objects-normal/arm64/WWScreenRecorder.swiftmodule -serialize-diagnostics -dependency-scan-serialize-diagnostics-path /Users/admin/builder/spi-builder-workspace/.derivedData/Build/Intermediates.noindex/WWScreenRecorder.build/Debug-watchos/WWScreenRecorder-t.build/Objects-normal/arm64/WWScreenRecorder-dependency-scan.dia -validate-clang-modules-once -clang-build-session-file /Users/admin/builder/spi-builder-workspace/.derivedData/ModuleCache.noindex/Session.modulevalidation -Xcc -fmodules-prune-interval\=86400 -Xcc -fmodules-prune-after\=345600 -emit-const-values -const-gather-protocols-list /Users/admin/builder/spi-builder-workspace/.derivedData/Build/Intermediates.noindex/WWScreenRecorder.build/Debug-watchos/WWScreenRecorder-t.build/Objects-normal/arm64/WWScreenRecorder_const_extract_protocols.json -Xcc -I/Users/admin/builder/spi-builder-workspace/.derivedData/Build/Products/Debug-watchos/include -Xcc -I/Users/admin/builder/spi-builder-workspace/.derivedData/Build/Intermediates.noindex/WWScreenRecorder.build/Debug-watchos/WWScreenRecorder-t.build/DerivedSources-normal/arm64 -Xcc -I/Users/admin/builder/spi-builder-workspace/.derivedData/Build/Intermediates.noindex/WWScreenRecorder.build/Debug-watchos/WWScreenRecorder-t.build/DerivedSources/arm64 -Xcc -I/Users/admin/builder/spi-builder-workspace/.derivedData/Build/Intermediates.noindex/WWScreenRecorder.build/Debug-watchos/WWScreenRecorder-t.build/DerivedSources -Xcc -DSWIFT_PACKAGE -Xcc -DDEBUG\=1 -emit-objc-header -emit-objc-header-path /Users/admin/builder/spi-builder-workspace/.derivedData/Build/Intermediates.noindex/WWScreenRecorder.build/Debug-watchos/WWScreenRecorder-t.build/Objects-normal/arm64/WWScreenRecorder-Swift.h -working-directory /Users/admin/builder/spi-builder-workspace/.swiftpm/xcode -experimental-emit-module-separately -disable-cmo
/Users/admin/builder/spi-builder-workspace/Sources/WWScreenRecorder/WWScreenRecorder.swift:8:8: error: Unable to resolve module dependency: 'ReplayKit' (in target 'WWScreenRecorder' from project 'WWScreenRecorder')
note: A dependency of main module 'WWScreenRecorder'
/Users/admin/builder/spi-builder-workspace/Sources/WWScreenRecorder/WWScreenRecorder.swift:8:8: note: A dependency of main module 'WWScreenRecorder'
import ReplayKit
^ (in target 'WWScreenRecorder' from project 'WWScreenRecorder')
PruneExplicitPrecompiledModules /Users/admin/builder/spi-builder-workspace/.derivedData/Build/Intermediates.noindex/SwiftExplicitPrecompiledModules
PruneExplicitPrecompiledModules /Users/admin/builder/spi-builder-workspace/.derivedData/SDKExplicitPrecompiledModules
PruneExplicitPrecompiledModules /Users/admin/builder/spi-builder-workspace/.derivedData/Build/Intermediates.noindex/ExplicitPrecompiledModules
2026-09-20 23:40:53.207 xcodebuild[658:4258] [MT] IDERunDestination: Supported platforms for the buildables in the current scheme is empty.
** BUILD FAILED **
The following build commands failed:
SwiftDriver WWScreenRecorder normal arm64_32 com.apple.xcode.tools.swift.compiler (in target 'WWScreenRecorder' from project 'WWScreenRecorder')
SwiftDriver WWScreenRecorder normal arm64 com.apple.xcode.tools.swift.compiler (in target 'WWScreenRecorder' from project 'WWScreenRecorder')
Building workspace WWScreenRecorder with scheme WWScreenRecorder
(3 failures)
Command line invocation:
/Applications/Xcode-27.0.0-Release.Candidate.app/Contents/Developer/usr/bin/xcodebuild -IDEClonedSourcePackagesDirPathOverride=/Users/admin/builder/spi-builder-workspace/.dependencies -resolvePackageDependencies
Resolve Package Graph
Resolved source packages:
WWScreenRecorder: /Users/admin/builder/spi-builder-workspace
resolved source packages: WWScreenRecorder
2026-09-20 23:40:56.177 xcodebuild[674:4449] [MT] IDERunDestination: Supported platforms for the buildables in the current scheme is empty.
{
"dependencies" : [
],
"manifest_display_name" : "WWScreenRecorder",
"name" : "WWScreenRecorder",
"path" : "/Users/admin/builder/spi-builder-workspace",
"platforms" : [
{
"name" : "ios",
"version" : "14.0"
}
],
"products" : [
{
"name" : "WWScreenRecorder",
"targets" : [
"WWScreenRecorder"
],
"type" : {
"library" : [
"automatic"
]
}
}
],
"swift_languages_versions" : [
"5"
],
"targets" : [
{
"c99name" : "WWScreenRecorder",
"module_type" : "SwiftTarget",
"name" : "WWScreenRecorder",
"path" : "Sources/WWScreenRecorder",
"product_memberships" : [
"WWScreenRecorder"
],
"resources" : [
{
"path" : "/Users/admin/builder/spi-builder-workspace/Sources/WWScreenRecorder/Privacy",
"rule" : {
"copy" : {
}
}
}
],
"sources" : [
"WWScreenRecorder.swift"
],
"type" : "library"
}
],
"tools_version" : "5.6"
}
{
"workspace" : {
"name" : "WWScreenRecorder",
"schemes" : [
"WWScreenRecorder"
]
}
}
2026-09-20 23:40:57.385 xcodebuild[682:4513] [MT] IDERunDestination: Supported platforms for the buildables in the current scheme is empty.
Running build ...
env DEVELOPER_DIR=/Applications/Xcode-27.0.0-Release.Candidate.app xcrun xcodebuild -IDEClonedSourcePackagesDirPathOverride=$PWD/.dependencies -skipMacroValidation -skipPackagePluginValidation -derivedDataPath $PWD/.derivedData build -scheme WWScreenRecorder -destination generic/platform=watchOS
Command line invocation:
/Applications/Xcode-27.0.0-Release.Candidate.app/Contents/Developer/usr/bin/xcodebuild -IDEClonedSourcePackagesDirPathOverride=/Users/admin/builder/spi-builder-workspace/.dependencies -skipMacroValidation -skipPackagePluginValidation -derivedDataPath /Users/admin/builder/spi-builder-workspace/.derivedData build -scheme WWScreenRecorder -destination generic/platform=watchOS
Resolve Package Graph
Resolved source packages:
WWScreenRecorder: /Users/admin/builder/spi-builder-workspace
ComputePackagePrebuildTargetDependencyGraph
Prepare packages
CreateBuildRequest
SendProjectDescription
CreateBuildOperation
ComputeTargetDependencyGraph
note: Building targets in dependency order
note: Target dependency graph (3 targets)
Target 'WWScreenRecorder-product' in project 'WWScreenRecorder'
➜ Explicit dependency on target 'WWScreenRecorder' in project 'WWScreenRecorder'
➜ Explicit dependency on target 'WWScreenRecorder_WWScreenRecorder' in project 'WWScreenRecorder'
Target 'WWScreenRecorder' in project 'WWScreenRecorder'
➜ Explicit dependency on target 'WWScreenRecorder_WWScreenRecorder' in project 'WWScreenRecorder'
Target 'WWScreenRecorder_WWScreenRecorder' in project 'WWScreenRecorder' (no dependencies)
GatherProvisioningInputs
CreateBuildDescription
ClangStatCache /Applications/Xcode-27.0.0-Release.Candidate.app/Contents/Developer/Toolchains/XcodeDefault.xctoolchain/usr/bin/clang-stat-cache /Applications/Xcode-27.0.0-Release.Candidate.app/Contents/Developer/Platforms/WatchOS.platform/Developer/SDKs/WatchOS27.0.sdk /Users/admin/builder/spi-builder-workspace/.derivedData/SDKStatCaches.noindex/watchos27.0-24R360-e829b21a6f8c9b70876ba0858053c04477534ef55a1706bf4c1112bbb242f0a2.sdkstatcache
cd /Users/admin/builder/spi-builder-workspace/.swiftpm/xcode
/Applications/Xcode-27.0.0-Release.Candidate.app/Contents/Developer/Toolchains/XcodeDefault.xctoolchain/usr/bin/clang-stat-cache /Applications/Xcode-27.0.0-Release.Candidate.app/Contents/Developer/Platforms/WatchOS.platform/Developer/SDKs/WatchOS27.0.sdk -o /Users/admin/builder/spi-builder-workspace/.derivedData/SDKStatCaches.noindex/watchos27.0-24R360-e829b21a6f8c9b70876ba0858053c04477534ef55a1706bf4c1112bbb242f0a2.sdkstatcache
SwiftDriver WWScreenRecorder normal arm64_32 com.apple.xcode.tools.swift.compiler (in target 'WWScreenRecorder' from project 'WWScreenRecorder')
cd /Users/admin/builder/spi-builder-workspace/.swiftpm/xcode
builtin-SwiftDriver -- /Applications/Xcode-27.0.0-Release.Candidate.app/Contents/Developer/Toolchains/XcodeDefault.xctoolchain/usr/bin/swiftc -parse-as-library -module-name WWScreenRecorder -Onone @/Users/admin/builder/spi-builder-workspace/.derivedData/Build/Intermediates.noindex/WWScreenRecorder.build/Debug-watchos/WWScreenRecorder-t.build/Objects-normal/arm64_32/WWScreenRecorder.SwiftFileList -DSWIFT_PACKAGE -DDEBUG -DSWIFT_MODULE_RESOURCE_BUNDLE_AVAILABLE -DXcode -plugin-path /Applications/Xcode-27.0.0-Release.Candidate.app/Contents/Developer/Toolchains/XcodeDefault.xctoolchain/usr/lib/swift/host/plugins/testing -enable-experimental-feature DebugDescriptionMacro -sdk /Applications/Xcode-27.0.0-Release.Candidate.app/Contents/Developer/Platforms/WatchOS.platform/Developer/SDKs/WatchOS27.0.sdk -target arm64_32-apple-watchos9.0 -g -module-cache-path /Users/admin/builder/spi-builder-workspace/.derivedData/ModuleCache.noindex -Xfrontend -serialize-debugging-options -enable-testing -index-store-path /Users/admin/builder/spi-builder-workspace/.derivedData/Index.noindex/DataStore -Xcc -D_LIBCPP_HARDENING_MODE\=_LIBCPP_HARDENING_MODE_DEBUG -swift-version 5 -I /Users/admin/builder/spi-builder-workspace/.derivedData/Build/Products/Debug-watchos -Isystem /Applications/Xcode-27.0.0-Release.Candidate.app/Contents/Developer/Platforms/WatchOS.platform/Developer/usr/lib -F /Users/admin/builder/spi-builder-workspace/.derivedData/Build/Products/Debug-watchos -F /Applications/Xcode-27.0.0-Release.Candidate.app/Contents/Developer/Platforms/WatchOS.platform/Developer/Library/Frameworks -F /Applications/Xcode-27.0.0-Release.Candidate.app/Contents/Developer/Platforms/WatchOS.platform/Developer/SDKs/WatchOS27.0.sdk/Developer/Library/Frameworks -c -j10 -enable-batch-mode -incremental -Xcc -ivfsstatcache -Xcc /Users/admin/builder/spi-builder-workspace/.derivedData/SDKStatCaches.noindex/watchos27.0-24R360-e829b21a6f8c9b70876ba0858053c04477534ef55a1706bf4c1112bbb242f0a2.sdkstatcache -output-file-map /Users/admin/builder/spi-builder-workspace/.derivedData/Build/Intermediates.noindex/WWScreenRecorder.build/Debug-watchos/WWScreenRecorder-t.build/Objects-normal/arm64_32/WWScreenRecorder-OutputFileMap.json -save-temps -no-color-diagnostics -explicit-module-build -module-cache-path /Users/admin/builder/spi-builder-workspace/.derivedData/Build/Intermediates.noindex/SwiftExplicitPrecompiledModules -clang-scanner-module-cache-path /Users/admin/builder/spi-builder-workspace/.derivedData/ModuleCache.noindex -sdk-module-cache-path /Users/admin/builder/spi-builder-workspace/.derivedData/SDKExplicitPrecompiledModules -emit-dependencies -emit-module -emit-module-path /Users/admin/builder/spi-builder-workspace/.derivedData/Build/Intermediates.noindex/WWScreenRecorder.build/Debug-watchos/WWScreenRecorder-t.build/Objects-normal/arm64_32/WWScreenRecorder.swiftmodule -serialize-diagnostics -dependency-scan-serialize-diagnostics-path /Users/admin/builder/spi-builder-workspace/.derivedData/Build/Intermediates.noindex/WWScreenRecorder.build/Debug-watchos/WWScreenRecorder-t.build/Objects-normal/arm64_32/WWScreenRecorder-dependency-scan.dia -validate-clang-modules-once -clang-build-session-file /Users/admin/builder/spi-builder-workspace/.derivedData/ModuleCache.noindex/Session.modulevalidation -Xcc -fmodules-prune-interval\=86400 -Xcc -fmodules-prune-after\=345600 -emit-const-values -const-gather-protocols-list /Users/admin/builder/spi-builder-workspace/.derivedData/Build/Intermediates.noindex/WWScreenRecorder.build/Debug-watchos/WWScreenRecorder-t.build/Objects-normal/arm64_32/WWScreenRecorder_const_extract_protocols.json -Xcc -I/Users/admin/builder/spi-builder-workspace/.derivedData/Build/Products/Debug-watchos/include -Xcc -I/Users/admin/builder/spi-builder-workspace/.derivedData/Build/Intermediates.noindex/WWScreenRecorder.build/Debug-watchos/WWScreenRecorder-t.build/DerivedSources-normal/arm64_32 -Xcc -I/Users/admin/builder/spi-builder-workspace/.derivedData/Build/Intermediates.noindex/WWScreenRecorder.build/Debug-watchos/WWScreenRecorder-t.build/DerivedSources/arm64_32 -Xcc -I/Users/admin/builder/spi-builder-workspace/.derivedData/Build/Intermediates.noindex/WWScreenRecorder.build/Debug-watchos/WWScreenRecorder-t.build/DerivedSources -Xcc -DSWIFT_PACKAGE -Xcc -DDEBUG\=1 -emit-objc-header -emit-objc-header-path /Users/admin/builder/spi-builder-workspace/.derivedData/Build/Intermediates.noindex/WWScreenRecorder.build/Debug-watchos/WWScreenRecorder-t.build/Objects-normal/arm64_32/WWScreenRecorder-Swift.h -working-directory /Users/admin/builder/spi-builder-workspace/.swiftpm/xcode -experimental-emit-module-separately -disable-cmo
/Users/admin/builder/spi-builder-workspace/Sources/WWScreenRecorder/WWScreenRecorder.swift:8:8: error: Unable to resolve module dependency: 'ReplayKit' (in target 'WWScreenRecorder' from project 'WWScreenRecorder')
note: A dependency of main module 'WWScreenRecorder'
/Users/admin/builder/spi-builder-workspace/Sources/WWScreenRecorder/WWScreenRecorder.swift:8:8: note: A dependency of main module 'WWScreenRecorder'
import ReplayKit
^ (in target 'WWScreenRecorder' from project 'WWScreenRecorder')
SwiftDriver WWScreenRecorder normal arm64 com.apple.xcode.tools.swift.compiler (in target 'WWScreenRecorder' from project 'WWScreenRecorder')
cd /Users/admin/builder/spi-builder-workspace/.swiftpm/xcode
builtin-SwiftDriver -- /Applications/Xcode-27.0.0-Release.Candidate.app/Contents/Developer/Toolchains/XcodeDefault.xctoolchain/usr/bin/swiftc -parse-as-library -module-name WWScreenRecorder -Onone @/Users/admin/builder/spi-builder-workspace/.derivedData/Build/Intermediates.noindex/WWScreenRecorder.build/Debug-watchos/WWScreenRecorder-t.build/Objects-normal/arm64/WWScreenRecorder.SwiftFileList -DSWIFT_PACKAGE -DDEBUG -DSWIFT_MODULE_RESOURCE_BUNDLE_AVAILABLE -DXcode -plugin-path /Applications/Xcode-27.0.0-Release.Candidate.app/Contents/Developer/Toolchains/XcodeDefault.xctoolchain/usr/lib/swift/host/plugins/testing -enable-experimental-feature DebugDescriptionMacro -sdk /Applications/Xcode-27.0.0-Release.Candidate.app/Contents/Developer/Platforms/WatchOS.platform/Developer/SDKs/WatchOS27.0.sdk -target arm64-apple-watchos9.0 -g -module-cache-path /Users/admin/builder/spi-builder-workspace/.derivedData/ModuleCache.noindex -Xfrontend -serialize-debugging-options -enable-testing -index-store-path /Users/admin/builder/spi-builder-workspace/.derivedData/Index.noindex/DataStore -Xcc -D_LIBCPP_HARDENING_MODE\=_LIBCPP_HARDENING_MODE_DEBUG -swift-version 5 -I /Users/admin/builder/spi-builder-workspace/.derivedData/Build/Products/Debug-watchos -Isystem /Applications/Xcode-27.0.0-Release.Candidate.app/Contents/Developer/Platforms/WatchOS.platform/Developer/usr/lib -F /Users/admin/builder/spi-builder-workspace/.derivedData/Build/Products/Debug-watchos -F /Applications/Xcode-27.0.0-Release.Candidate.app/Contents/Developer/Platforms/WatchOS.platform/Developer/Library/Frameworks -F /Applications/Xcode-27.0.0-Release.Candidate.app/Contents/Developer/Platforms/WatchOS.platform/Developer/SDKs/WatchOS27.0.sdk/Developer/Library/Frameworks -c -j10 -enable-batch-mode -incremental -Xcc -ivfsstatcache -Xcc /Users/admin/builder/spi-builder-workspace/.derivedData/SDKStatCaches.noindex/watchos27.0-24R360-e829b21a6f8c9b70876ba0858053c04477534ef55a1706bf4c1112bbb242f0a2.sdkstatcache -output-file-map /Users/admin/builder/spi-builder-workspace/.derivedData/Build/Intermediates.noindex/WWScreenRecorder.build/Debug-watchos/WWScreenRecorder-t.build/Objects-normal/arm64/WWScreenRecorder-OutputFileMap.json -save-temps -no-color-diagnostics -explicit-module-build -module-cache-path /Users/admin/builder/spi-builder-workspace/.derivedData/Build/Intermediates.noindex/SwiftExplicitPrecompiledModules -clang-scanner-module-cache-path /Users/admin/builder/spi-builder-workspace/.derivedData/ModuleCache.noindex -sdk-module-cache-path /Users/admin/builder/spi-builder-workspace/.derivedData/SDKExplicitPrecompiledModules -emit-dependencies -emit-module -emit-module-path /Users/admin/builder/spi-builder-workspace/.derivedData/Build/Intermediates.noindex/WWScreenRecorder.build/Debug-watchos/WWScreenRecorder-t.build/Objects-normal/arm64/WWScreenRecorder.swiftmodule -serialize-diagnostics -dependency-scan-serialize-diagnostics-path /Users/admin/builder/spi-builder-workspace/.derivedData/Build/Intermediates.noindex/WWScreenRecorder.build/Debug-watchos/WWScreenRecorder-t.build/Objects-normal/arm64/WWScreenRecorder-dependency-scan.dia -validate-clang-modules-once -clang-build-session-file /Users/admin/builder/spi-builder-workspace/.derivedData/ModuleCache.noindex/Session.modulevalidation -Xcc -fmodules-prune-interval\=86400 -Xcc -fmodules-prune-after\=345600 -emit-const-values -const-gather-protocols-list /Users/admin/builder/spi-builder-workspace/.derivedData/Build/Intermediates.noindex/WWScreenRecorder.build/Debug-watchos/WWScreenRecorder-t.build/Objects-normal/arm64/WWScreenRecorder_const_extract_protocols.json -Xcc -I/Users/admin/builder/spi-builder-workspace/.derivedData/Build/Products/Debug-watchos/include -Xcc -I/Users/admin/builder/spi-builder-workspace/.derivedData/Build/Intermediates.noindex/WWScreenRecorder.build/Debug-watchos/WWScreenRecorder-t.build/DerivedSources-normal/arm64 -Xcc -I/Users/admin/builder/spi-builder-workspace/.derivedData/Build/Intermediates.noindex/WWScreenRecorder.build/Debug-watchos/WWScreenRecorder-t.build/DerivedSources/arm64 -Xcc -I/Users/admin/builder/spi-builder-workspace/.derivedData/Build/Intermediates.noindex/WWScreenRecorder.build/Debug-watchos/WWScreenRecorder-t.build/DerivedSources -Xcc -DSWIFT_PACKAGE -Xcc -DDEBUG\=1 -emit-objc-header -emit-objc-header-path /Users/admin/builder/spi-builder-workspace/.derivedData/Build/Intermediates.noindex/WWScreenRecorder.build/Debug-watchos/WWScreenRecorder-t.build/Objects-normal/arm64/WWScreenRecorder-Swift.h -working-directory /Users/admin/builder/spi-builder-workspace/.swiftpm/xcode -experimental-emit-module-separately -disable-cmo
/Users/admin/builder/spi-builder-workspace/Sources/WWScreenRecorder/WWScreenRecorder.swift:8:8: error: Unable to resolve module dependency: 'ReplayKit' (in target 'WWScreenRecorder' from project 'WWScreenRecorder')
note: A dependency of main module 'WWScreenRecorder'
/Users/admin/builder/spi-builder-workspace/Sources/WWScreenRecorder/WWScreenRecorder.swift:8:8: note: A dependency of main module 'WWScreenRecorder'
import ReplayKit
^ (in target 'WWScreenRecorder' from project 'WWScreenRecorder')
PruneExplicitPrecompiledModules /Users/admin/builder/spi-builder-workspace/.derivedData/SDKExplicitPrecompiledModules
PruneExplicitPrecompiledModules /Users/admin/builder/spi-builder-workspace/.derivedData/Build/Intermediates.noindex/SwiftExplicitPrecompiledModules
PruneExplicitPrecompiledModules /Users/admin/builder/spi-builder-workspace/.derivedData/Build/Intermediates.noindex/ExplicitPrecompiledModules
2026-09-20 23:40:58.276 xcodebuild[683:4545] [MT] IDERunDestination: Supported platforms for the buildables in the current scheme is empty.
** BUILD FAILED **
The following build commands failed:
SwiftDriver WWScreenRecorder normal arm64_32 com.apple.xcode.tools.swift.compiler (in target 'WWScreenRecorder' from project 'WWScreenRecorder')
SwiftDriver WWScreenRecorder normal arm64 com.apple.xcode.tools.swift.compiler (in target 'WWScreenRecorder' from project 'WWScreenRecorder')
Building workspace WWScreenRecorder with scheme WWScreenRecorder
(3 failures)
BUILD FAILURE 6.4 watchOS