The Swift Package Index logo.Swift Package Index

Build Information

Failed to build swift-html-standard, reference 0.1.6 (8abcad), with Swift 6.4 for visionOS using Xcode 27.0 on 23 Sep 2026 16:40:37 UTC.

Build Command

No build command. This typically means the build failed at an early stage where we determine the build command.

Build Log

========================================
RunAll
========================================
Builder version: 5.1.0
Interrupt handler set up.
========================================
Checkout
========================================
Clone URL: https://github.com/swift-standards/swift-html-standard.git
Reference: 0.1.6
Initialized empty Git repository in /Users/admin/builder/spi-builder-workspace/.git/
From https://github.com/swift-standards/swift-html-standard
 * tag               0.1.6      -> FETCH_HEAD
HEAD is now at 8abcad5 Update swift-whatwg-html to 0.2.2 for element typealiases
Cloned https://github.com/swift-standards/swift-html-standard.git
Revision (git rev-parse @):
8abcad58f413aa7090ce6e6d4e6c3519102b25d9
SPI manifest file found: $PWD/.spi.yml
SUCCESS checkout https://github.com/swift-standards/swift-html-standard.git at 0.1.6
========================================
Build
========================================
Selected platform:         visionOS
Swift version:             6.4
Building package at path:  $PWD
https://github.com/swift-standards/swift-html-standard.git
Command line invocation:
    /Applications/Xcode-27.0.0-Release.Candidate.app/Contents/Developer/usr/bin/xcodebuild -IDEClonedSourcePackagesDirPathOverride=/Users/admin/builder/spi-builder-workspace/.dependencies -resolvePackageDependencies
Resolve Package Graph
Fetching from https://github.com/swift-standards/swift-standards
Fetching from https://github.com/swift-standards/swift-whatwg-html
skipping cache due to an error: Failed to clone repository https://github.com/swift-standards/swift-whatwg-html:
    Cloning into bare repository '/Users/admin/Library/Caches/org.swift.swiftpm/repositories/swift-whatwg-html-7fa53d1d'...
    fatal: could not read Username for 'https://github.com': terminal prompts disabled
Fetching from https://github.com/swift-standards/swift-whatwg-html
skipping cache due to an error: Failed to clone repository https://github.com/swift-standards/swift-whatwg-html:
    Cloning into bare repository '/Users/admin/Library/Caches/org.swift.swiftpm/repositories/swift-whatwg-html-7fa53d1d'...
    fatal: could not read Username for 'https://github.com': terminal prompts disabled
Resolve Package Graph
Fetching from https://github.com/swift-standards/swift-whatwg-html
skipping cache due to an error: Failed to clone repository https://github.com/swift-standards/swift-whatwg-html:
    Cloning into bare repository '/Users/admin/Library/Caches/org.swift.swiftpm/repositories/swift-whatwg-html-7fa53d1d'...
    fatal: could not read Username for 'https://github.com': terminal prompts disabled
Updating from https://github.com/swift-standards/swift-standards
Fetching from https://github.com/swift-standards/swift-whatwg-html
skipping cache due to an error: Failed to clone repository https://github.com/swift-standards/swift-whatwg-html:
    Cloning into bare repository '/Users/admin/Library/Caches/org.swift.swiftpm/repositories/swift-whatwg-html-7fa53d1d'...
    fatal: could not read Username for 'https://github.com': terminal prompts disabled
Resolve Package Graph
Fetching from https://github.com/swift-standards/swift-whatwg-html
skipping cache due to an error: Failed to clone repository https://github.com/swift-standards/swift-whatwg-html:
    Cloning into bare repository '/Users/admin/Library/Caches/org.swift.swiftpm/repositories/swift-whatwg-html-7fa53d1d'...
    fatal: could not read Username for 'https://github.com': terminal prompts disabled
Updating from https://github.com/swift-standards/swift-standards
Fetching from https://github.com/swift-standards/swift-whatwg-html
skipping cache due to an error: Failed to clone repository https://github.com/swift-standards/swift-whatwg-html:
    Cloning into bare repository '/Users/admin/Library/Caches/org.swift.swiftpm/repositories/swift-whatwg-html-7fa53d1d'...
    fatal: could not read Username for 'https://github.com': terminal prompts disabled
Resolve Package Graph
Fetching from https://github.com/swift-standards/swift-whatwg-html
skipping cache due to an error: Failed to clone repository https://github.com/swift-standards/swift-whatwg-html:
    Cloning into bare repository '/Users/admin/Library/Caches/org.swift.swiftpm/repositories/swift-whatwg-html-7fa53d1d'...
    fatal: could not read Username for 'https://github.com': terminal prompts disabled
Updating from https://github.com/swift-standards/swift-standards
Fetching from https://github.com/swift-standards/swift-whatwg-html
skipping cache due to an error: Failed to clone repository https://github.com/swift-standards/swift-whatwg-html:
    Cloning into bare repository '/Users/admin/Library/Caches/org.swift.swiftpm/repositories/swift-whatwg-html-7fa53d1d'...
    fatal: could not read Username for 'https://github.com': terminal prompts disabled
Resolve Package Graph
Fetching from https://github.com/swift-standards/swift-whatwg-html
skipping cache due to an error: Failed to clone repository https://github.com/swift-standards/swift-whatwg-html:
    Cloning into bare repository '/Users/admin/Library/Caches/org.swift.swiftpm/repositories/swift-whatwg-html-7fa53d1d'...
    fatal: could not read Username for 'https://github.com': terminal prompts disabled
Updating from https://github.com/swift-standards/swift-standards
Fetching from https://github.com/swift-standards/swift-whatwg-html
skipping cache due to an error: Failed to clone repository https://github.com/swift-standards/swift-whatwg-html:
    Cloning into bare repository '/Users/admin/Library/Caches/org.swift.swiftpm/repositories/swift-whatwg-html-7fa53d1d'...
    fatal: could not read Username for 'https://github.com': terminal prompts disabled
Resolved source packages:
  spi-builder-workspace: (null)
2026-09-23 12:40:34.954 xcodebuild[529:3061] Writing error result bundle to /var/folders/xq/y_g06wb113726d38xsyx71_h0000gn/T/ResultBundle_2026-23-09_12-40-0034.xcresult
xcodebuild: error: Could not resolve package dependencies:
  Failed to clone repository https://github.com/swift-standards/swift-whatwg-html:
    Cloning into bare repository '/Users/admin/builder/spi-builder-workspace/.dependencies/repositories/swift-whatwg-html-7fa53d1d'...
    fatal: could not read Username for 'https://github.com': terminal prompts disabled
Command line invocation:
    /Applications/Xcode-27.0.0-Release.Candidate.app/Contents/Developer/usr/bin/xcodebuild -IDEClonedSourcePackagesDirPathOverride=/Users/admin/builder/spi-builder-workspace/.dependencies -resolvePackageDependencies
Resolve Package Graph
Fetching from https://github.com/swift-standards/swift-whatwg-html
skipping cache due to an error: Failed to clone repository https://github.com/swift-standards/swift-whatwg-html:
    Cloning into bare repository '/Users/admin/Library/Caches/org.swift.swiftpm/repositories/swift-whatwg-html-7fa53d1d'...
    fatal: could not read Username for 'https://github.com': terminal prompts disabled
Updating from https://github.com/swift-standards/swift-standards
Fetching from https://github.com/swift-standards/swift-whatwg-html
skipping cache due to an error: Failed to clone repository https://github.com/swift-standards/swift-whatwg-html:
    Cloning into bare repository '/Users/admin/Library/Caches/org.swift.swiftpm/repositories/swift-whatwg-html-7fa53d1d'...
    fatal: could not read Username for 'https://github.com': terminal prompts disabled
Resolved source packages:
  spi-builder-workspace: (null)
2026-09-23 12:40:37.563 xcodebuild[773:4273] Writing error result bundle to /var/folders/xq/y_g06wb113726d38xsyx71_h0000gn/T/ResultBundle_2026-23-09_12-40-0037.xcresult
xcodebuild: error: Could not resolve package dependencies:
  Failed to clone repository https://github.com/swift-standards/swift-whatwg-html:
    Cloning into bare repository '/Users/admin/builder/spi-builder-workspace/.dependencies/repositories/swift-whatwg-html-7fa53d1d'...
    fatal: could not read Username for 'https://github.com': terminal prompts disabled
BUILD FAILURE 6.4 visionOS