The Swift Package Index logo.Swift Package Index

Build Information

Failed to build SKHelper, reference main (808060), with Swift 6.4 for watchOS using Xcode 27.0 on 26 Sep 2026 05:09:30 UTC.

Build Command

env DEVELOPER_DIR=/Applications/Xcode-27.0.0-Release.Candidate.app xcrun xcodebuild -IDEClonedSourcePackagesDirPathOverride=$PWD/.dependencies -skipMacroValidation -skipPackagePluginValidation -derivedDataPath $PWD/.derivedData build -scheme SKHelper-Package -destination generic/platform=watchOS

Build Log

========================================
RunAll
========================================
Builder version: 5.1.0
Interrupt handler set up.
========================================
Checkout
========================================
Clone URL: https://github.com/russell-archer/SKHelper.git
Reference: main
Initialized empty Git repository in /Users/admin/builder/spi-builder-workspace/.git/
From https://github.com/russell-archer/SKHelper
 * branch            main       -> FETCH_HEAD
 * [new branch]      main       -> origin/main
HEAD is now at 808060f Add CLAUDE.md with build commands and architecture overview
Cloned https://github.com/russell-archer/SKHelper.git
Revision (git rev-parse @):
808060fbc2803b0afb8c3e3674a2ff190f09a4dd
SUCCESS checkout https://github.com/russell-archer/SKHelper.git at main
========================================
Build
========================================
Selected platform:         watchOS
Swift version:             6.4
Building package at path:  $PWD
https://github.com/russell-archer/SKHelper.git
Command line invocation:
    /Applications/Xcode-27.0.0-Release.Candidate.app/Contents/Developer/usr/bin/xcodebuild -IDEClonedSourcePackagesDirPathOverride=/Users/admin/builder/spi-builder-workspace/.dependencies -resolvePackageDependencies
Resolve Package Graph
Fetching from https://github.com/apple/swift-docc-plugin.git
Fetching from https://github.com/swiftlang/swift-docc-symbolkit
Creating working copy of package ‘swift-docc-plugin’
Checking out 1.5.0 of package ‘swift-docc-plugin’
Creating working copy of package ‘swift-docc-symbolkit’
Checking out 1.0.0 of package ‘swift-docc-symbolkit’
Resolve Package Graph
Resolved source packages:
  SKHelper: /Users/admin/builder/spi-builder-workspace
  SwiftDocCPlugin: https://github.com/apple/swift-docc-plugin.git @ 1.5.0
  SymbolKit: https://github.com/swiftlang/swift-docc-symbolkit @ 1.0.0
resolved source packages: SKHelper, SwiftDocCPlugin, SymbolKit
2026-09-26 01:07:42.354 xcodebuild[529:3046] [MT] IDERunDestination: Supported platforms for the buildables in the current scheme is empty.
2026-09-26 01:07:42.501 xcodebuild[529:3046] [MT] IDERunDestination: Supported platforms for the buildables in the current scheme is empty.
2026-09-26 01:07:43.938 xcodebuild[529:3046] [MT] IDERunDestination: Supported platforms for the buildables in the current scheme is empty.
2026-09-26 01:08:01.855 xcodebuild[529:3046] [MT] IDERunDestination: Supported platforms for the buildables in the current scheme is empty.
{
  "dependencies" : [
    {
      "identity" : "swift-docc-plugin",
      "requirement" : {
        "range" : [
          {
            "lower_bound" : "1.4.0",
            "upper_bound" : "2.0.0"
          }
        ]
      },
      "type" : "sourceControl",
      "url" : "https://github.com/apple/swift-docc-plugin.git"
    }
  ],
  "manifest_display_name" : "SKHelper",
  "name" : "SKHelper",
  "path" : "/Users/admin/builder/spi-builder-workspace",
  "platforms" : [
    {
      "name" : "ios",
      "version" : "17.0"
    },
    {
      "name" : "macos",
      "version" : "14.6"
    }
  ],
  "products" : [
    {
      "name" : "SKHelperCore",
      "targets" : [
        "SKHelperCore"
      ],
      "type" : {
        "library" : [
          "automatic"
        ]
      }
    },
    {
      "name" : "SKHelperUI",
      "targets" : [
        "SKHelperUI"
      ],
      "type" : {
        "library" : [
          "automatic"
        ]
      }
    }
  ],
  "targets" : [
    {
      "c99name" : "SKHelperUITests",
      "module_type" : "SwiftTarget",
      "name" : "SKHelperUITests",
      "path" : "Tests/SKHelperUITests",
      "sources" : [
        "SKHelperUIImportTests.swift"
      ],
      "target_dependencies" : [
        "SKHelperUI"
      ],
      "type" : "test"
    },
    {
      "c99name" : "SKHelperUI",
      "module_type" : "SwiftTarget",
      "name" : "SKHelperUI",
      "path" : "Sources/SKHelperUI",
      "product_memberships" : [
        "SKHelperUI"
      ],
      "sources" : [
        "SKHelperUI.swift",
        "Styles/SKHelperButtons.swift",
        "Styles/SKHelperProductViewStyle.swift",
        "Styles/SKHelperTapGesture.swift",
        "ViewModifiers/OnProductsAvailable.swift",
        "ViewModifiers/OnSubscriptionChange.swift",
        "ViewModifiers/OnTransaction.swift",
        "Views/SKHelperManagePurchaseView.swift",
        "Views/SKHelperProductView.swift",
        "Views/SKHelperPurchaseInfoFieldText.swift",
        "Views/SKHelperPurchaseInfoFieldView.swift",
        "Views/SKHelperPurchaseInfoMain.swift",
        "Views/SKHelperPurchaseInfoManage.swift",
        "Views/SKHelperPurchasesView.swift",
        "Views/SKHelperSheetBarView.swift",
        "Views/SKHelperStoreView.swift",
        "Views/SKHelperStoreViewBody.swift",
        "Views/SKHelperSubscriptionInfoMain.swift",
        "Views/SKHelperSubscriptionInfoManage.swift",
        "Views/SKHelperSubscriptionStoreView.swift"
      ],
      "target_dependencies" : [
        "SKHelperCore"
      ],
      "type" : "library"
    },
    {
      "c99name" : "SKHelperCoreTests",
      "module_type" : "SwiftTarget",
      "name" : "SKHelperCoreTests",
      "path" : "Tests/SKHelperCoreTests",
      "sources" : [
        "SKHelperCoreImportTests.swift"
      ],
      "target_dependencies" : [
        "SKHelperCore"
      ],
      "type" : "test"
    },
    {
      "c99name" : "SKHelperCore",
      "module_type" : "SwiftTarget",
      "name" : "SKHelperCore",
      "path" : "Sources/SKHelperCore",
      "product_memberships" : [
        "SKHelperCore",
        "SKHelperUI"
      ],
      "resources" : [
        {
          "path" : "/Users/admin/builder/spi-builder-workspace/Sources/SKHelperCore/Resources/PrivacyInfo.xcprivacy",
          "rule" : {
            "process" : {
            }
          }
        }
      ],
      "sources" : [
        "Core/SKHelper+Extensions.swift",
        "Core/SKHelper.swift",
        "Core/SKHelperConfiguration.swift",
        "Core/SKHelperConstants.swift",
        "Core/SKHelperLog.swift",
        "Core/SKHelperNotification.swift",
        "Core/SKHelperProduct.swift",
        "Core/SKHelperPurchaseInfo.swift",
        "Core/SKHelperSubscriptionInfo.swift",
        "Support/SKHelperEntitlementState.swift",
        "Support/SKHelperPurchaseState.swift",
        "Support/SKHelperSubscriptionState.swift",
        "Support/SKHelperTransactionUpdateReason.swift",
        "Support/SKHelperUnwrappedVerificationResult.swift"
      ],
      "type" : "library"
    }
  ],
  "tools_version" : "6.1"
}
{
  "workspace" : {
    "name" : "SKHelper",
    "schemes" : [
      "SKHelper",
      "SKHelper-Package",
      "SKHelperCore",
      "SKHelperUI"
    ]
  }
}
2026-09-26 01:08:40.188 xcodebuild[889:5428] [MT] IDERunDestination: Supported platforms for the buildables in the current scheme is empty.
2026-09-26 01:08:40.288 xcodebuild[889:5428] [MT] IDERunDestination: Supported platforms for the buildables in the current scheme is empty.
Running build ...
env DEVELOPER_DIR=/Applications/Xcode-27.0.0-Release.Candidate.app xcrun xcodebuild -IDEClonedSourcePackagesDirPathOverride=$PWD/.dependencies -skipMacroValidation -skipPackagePluginValidation -derivedDataPath $PWD/.derivedData build -scheme SKHelper-Package -destination generic/platform=watchOS
Command line invocation:
    /Applications/Xcode-27.0.0-Release.Candidate.app/Contents/Developer/usr/bin/xcodebuild -IDEClonedSourcePackagesDirPathOverride=/Users/admin/builder/spi-builder-workspace/.dependencies -skipMacroValidation -skipPackagePluginValidation -derivedDataPath /Users/admin/builder/spi-builder-workspace/.derivedData build -scheme SKHelper-Package -destination generic/platform=watchOS
Resolve Package Graph
Resolve Package Graph
Resolved source packages:
  SymbolKit: https://github.com/swiftlang/swift-docc-symbolkit @ 1.0.0
  SwiftDocCPlugin: https://github.com/apple/swift-docc-plugin.git @ 1.5.0
  SKHelper: /Users/admin/builder/spi-builder-workspace
ComputePackagePrebuildTargetDependencyGraph
Prepare packages
CreateBuildRequest
SendProjectDescription
CreateBuildOperation
ComputeTargetDependencyGraph
note: Building targets in dependency order
note: Target dependency graph (5 targets)
    Target 'SKHelperUI-product' in project 'SKHelper'
        ➜ Explicit dependency on target 'SKHelperUI' in project 'SKHelper'
        ➜ Explicit dependency on target 'SKHelperCore' in project 'SKHelper'
    Target 'SKHelperUI' in project 'SKHelper'
        ➜ Explicit dependency on target 'SKHelperCore' in project 'SKHelper'
    Target 'SKHelperCore-product' in project 'SKHelper'
        ➜ Explicit dependency on target 'SKHelperCore' in project 'SKHelper'
        ➜ Explicit dependency on target 'SKHelper_SKHelperCore' in project 'SKHelper'
    Target 'SKHelperCore' in project 'SKHelper'
        ➜ Explicit dependency on target 'SKHelper_SKHelperCore' in project 'SKHelper'
    Target 'SKHelper_SKHelperCore' in project 'SKHelper' (no dependencies)
GatherProvisioningInputs
CreateBuildDescription
ExecuteExternalTool /Applications/Xcode-27.0.0-Release.Candidate.app/Contents/Developer/Toolchains/XcodeDefault.xctoolchain/usr/bin/clang -v -E -dM -isysroot /Applications/Xcode-27.0.0-Release.Candidate.app/Contents/Developer/Platforms/WatchOS.platform/Developer/SDKs/WatchOS27.0.sdk -x c -c /dev/null
ExecuteExternalTool /Applications/Xcode-27.0.0-Release.Candidate.app/Contents/Developer/Toolchains/XcodeDefault.xctoolchain/usr/bin/swiftc --version
ExecuteExternalTool /Applications/Xcode-27.0.0-Release.Candidate.app/Contents/Developer/Toolchains/XcodeDefault.xctoolchain/usr/bin/ld -version_details
ReadFileContents /Applications/Xcode-27.0.0-Release.Candidate.app/Contents/Developer/Toolchains/XcodeDefault.xctoolchain/usr/share/docc/features.json
Build description signature: 65b30626ddf55080467bbf4fd9b18c1a
Build description path: /Users/admin/builder/spi-builder-workspace/.derivedData/Build/Intermediates.noindex/XCBuildData/65b30626ddf55080467bbf4fd9b18c1a.xcbuilddata
CreateBuildDirectory /Users/admin/builder/spi-builder-workspace/.derivedData/ModuleCache.noindex
    cd /Users/admin/builder/spi-builder-workspace/.swiftpm/xcode
    builtin-create-build-directory /Users/admin/builder/spi-builder-workspace/.derivedData/ModuleCache.noindex
CreateBuildDirectory /Users/admin/builder/spi-builder-workspace/.derivedData/SDKExplicitPrecompiledModules
    cd /Users/admin/builder/spi-builder-workspace/.swiftpm/xcode
    builtin-create-build-directory /Users/admin/builder/spi-builder-workspace/.derivedData/SDKExplicitPrecompiledModules
CreateBuildDirectory /Users/admin/builder/spi-builder-workspace/.derivedData/CompilationCache.noindex
    cd /Users/admin/builder/spi-builder-workspace/.swiftpm/xcode
    builtin-create-build-directory /Users/admin/builder/spi-builder-workspace/.derivedData/CompilationCache.noindex
ClangStatCache /Applications/Xcode-27.0.0-Release.Candidate.app/Contents/Developer/Toolchains/XcodeDefault.xctoolchain/usr/bin/clang-stat-cache /Applications/Xcode-27.0.0-Release.Candidate.app/Contents/Developer/Platforms/WatchOS.platform/Developer/SDKs/WatchOS27.0.sdk /Users/admin/builder/spi-builder-workspace/.derivedData/SDKStatCaches.noindex/watchos27.0-24R360-e829b21a6f8c9b70876ba0858053c04477534ef55a1706bf4c1112bbb242f0a2.sdkstatcache
    cd /Users/admin/builder/spi-builder-workspace/.swiftpm/xcode
    /Applications/Xcode-27.0.0-Release.Candidate.app/Contents/Developer/Toolchains/XcodeDefault.xctoolchain/usr/bin/clang-stat-cache /Applications/Xcode-27.0.0-Release.Candidate.app/Contents/Developer/Platforms/WatchOS.platform/Developer/SDKs/WatchOS27.0.sdk -o /Users/admin/builder/spi-builder-workspace/.derivedData/SDKStatCaches.noindex/watchos27.0-24R360-e829b21a6f8c9b70876ba0858053c04477534ef55a1706bf4c1112bbb242f0a2.sdkstatcache
CreateBuildDirectory /Users/admin/builder/spi-builder-workspace/.derivedData/Build/Intermediates.noindex
    cd /Users/admin/builder/spi-builder-workspace/.swiftpm/xcode
    builtin-create-build-directory /Users/admin/builder/spi-builder-workspace/.derivedData/Build/Intermediates.noindex
CreateBuildDirectory /Users/admin/builder/spi-builder-workspace/.derivedData/Build/Products
    cd /Users/admin/builder/spi-builder-workspace/.swiftpm/xcode
    builtin-create-build-directory /Users/admin/builder/spi-builder-workspace/.derivedData/Build/Products
CreateBuildDirectory /Users/admin/builder/spi-builder-workspace/.derivedData/Build/Intermediates.noindex/PrecompiledHeaders
    cd /Users/admin/builder/spi-builder-workspace/.swiftpm/xcode
    builtin-create-build-directory /Users/admin/builder/spi-builder-workspace/.derivedData/Build/Intermediates.noindex/PrecompiledHeaders
CreateBuildDirectory /Users/admin/builder/spi-builder-workspace/.derivedData/Build/Intermediates.noindex/SwiftExplicitPrecompiledModules
    cd /Users/admin/builder/spi-builder-workspace/.swiftpm/xcode
    builtin-create-build-directory /Users/admin/builder/spi-builder-workspace/.derivedData/Build/Intermediates.noindex/SwiftExplicitPrecompiledModules
CreateBuildDirectory /Users/admin/builder/spi-builder-workspace/.derivedData/Build/Intermediates.noindex/ExplicitPrecompiledModules
    cd /Users/admin/builder/spi-builder-workspace/.swiftpm/xcode
    builtin-create-build-directory /Users/admin/builder/spi-builder-workspace/.derivedData/Build/Intermediates.noindex/ExplicitPrecompiledModules
CreateBuildDirectory /Users/admin/builder/spi-builder-workspace/.derivedData/Build/Intermediates.noindex/EagerLinkingTBDs/Debug-watchos
    cd /Users/admin/builder/spi-builder-workspace/.swiftpm/xcode
    builtin-create-build-directory /Users/admin/builder/spi-builder-workspace/.derivedData/Build/Intermediates.noindex/EagerLinkingTBDs/Debug-watchos
CreateBuildDirectory /Users/admin/builder/spi-builder-workspace/.derivedData/Build/Products/Debug-watchos
    cd /Users/admin/builder/spi-builder-workspace/.swiftpm/xcode
    builtin-create-build-directory /Users/admin/builder/spi-builder-workspace/.derivedData/Build/Products/Debug-watchos
CreateBuildDirectory /Users/admin/builder/spi-builder-workspace/.derivedData/Build/Products/Debug-watchos/PackageFrameworks
    cd /Users/admin/builder/spi-builder-workspace/.swiftpm/xcode
    builtin-create-build-directory /Users/admin/builder/spi-builder-workspace/.derivedData/Build/Products/Debug-watchos/PackageFrameworks
MkDir /Users/admin/builder/spi-builder-workspace/.derivedData/Build/Products/Debug-watchos/SKHelper_SKHelperCore.bundle (in target 'SKHelper_SKHelperCore' from project 'SKHelper')
    cd /Users/admin/builder/spi-builder-workspace
    /bin/mkdir -p /Users/admin/builder/spi-builder-workspace/.derivedData/Build/Products/Debug-watchos/SKHelper_SKHelperCore.bundle
WriteAuxiliaryFile /Users/admin/builder/spi-builder-workspace/.derivedData/Build/Intermediates.noindex/SKHelper.build/Debug-watchos/SKHelper_SKHelperCore-b.build/SKHelper_SKHelperCore.DependencyStaticMetadataFileList (in target 'SKHelper_SKHelperCore' from project 'SKHelper')
    cd /Users/admin/builder/spi-builder-workspace
    write-file /Users/admin/builder/spi-builder-workspace/.derivedData/Build/Intermediates.noindex/SKHelper.build/Debug-watchos/SKHelper_SKHelperCore-b.build/SKHelper_SKHelperCore.DependencyStaticMetadataFileList
WriteAuxiliaryFile /Users/admin/builder/spi-builder-workspace/.derivedData/Build/Intermediates.noindex/SKHelper.build/Debug-watchos/SKHelper_SKHelperCore-b.build/empty-SKHelper_SKHelperCore.plist (in target 'SKHelper_SKHelperCore' from project 'SKHelper')
    cd /Users/admin/builder/spi-builder-workspace
    write-file /Users/admin/builder/spi-builder-workspace/.derivedData/Build/Intermediates.noindex/SKHelper.build/Debug-watchos/SKHelper_SKHelperCore-b.build/empty-SKHelper_SKHelperCore.plist
WriteAuxiliaryFile /Users/admin/builder/spi-builder-workspace/.derivedData/Build/Intermediates.noindex/SKHelper.build/Debug-watchos/SKHelper_SKHelperCore-b.build/SKHelper_SKHelperCore.DependencyMetadataFileList (in target 'SKHelper_SKHelperCore' from project 'SKHelper')
    cd /Users/admin/builder/spi-builder-workspace
    write-file /Users/admin/builder/spi-builder-workspace/.derivedData/Build/Intermediates.noindex/SKHelper.build/Debug-watchos/SKHelper_SKHelperCore-b.build/SKHelper_SKHelperCore.DependencyMetadataFileList
WriteAuxiliaryFile /Users/admin/builder/spi-builder-workspace/.derivedData/Build/Intermediates.noindex/SKHelper.build/Debug-watchos/SKHelperUI-t.build/SKHelperUI.DependencyMetadataFileList (in target 'SKHelperUI' from project 'SKHelper')
    cd /Users/admin/builder/spi-builder-workspace
    write-file /Users/admin/builder/spi-builder-workspace/.derivedData/Build/Intermediates.noindex/SKHelper.build/Debug-watchos/SKHelperUI-t.build/SKHelperUI.DependencyMetadataFileList
WriteAuxiliaryFile /Users/admin/builder/spi-builder-workspace/.derivedData/Build/Intermediates.noindex/SKHelper.build/Debug-watchos/SKHelperUI-t.build/SKHelperUI.modulemap (in target 'SKHelperUI' from project 'SKHelper')
    cd /Users/admin/builder/spi-builder-workspace
    write-file /Users/admin/builder/spi-builder-workspace/.derivedData/Build/Intermediates.noindex/SKHelper.build/Debug-watchos/SKHelperUI-t.build/SKHelperUI.modulemap
WriteAuxiliaryFile /Users/admin/builder/spi-builder-workspace/.derivedData/Build/Intermediates.noindex/SKHelper.build/Debug-watchos/SKHelperUI-t.build/SKHelperUI.DependencyStaticMetadataFileList (in target 'SKHelperUI' from project 'SKHelper')
    cd /Users/admin/builder/spi-builder-workspace
    write-file /Users/admin/builder/spi-builder-workspace/.derivedData/Build/Intermediates.noindex/SKHelper.build/Debug-watchos/SKHelperUI-t.build/SKHelperUI.DependencyStaticMetadataFileList
WriteAuxiliaryFile /Users/admin/builder/spi-builder-workspace/.derivedData/Build/Intermediates.noindex/SKHelper.build/Debug-watchos/SKHelperUI-t.build/Objects-normal/arm64_32/SKHelperUI_const_extract_protocols.json (in target 'SKHelperUI' from project 'SKHelper')
    cd /Users/admin/builder/spi-builder-workspace
    write-file /Users/admin/builder/spi-builder-workspace/.derivedData/Build/Intermediates.noindex/SKHelper.build/Debug-watchos/SKHelperUI-t.build/Objects-normal/arm64_32/SKHelperUI_const_extract_protocols.json
WriteAuxiliaryFile /Users/admin/builder/spi-builder-workspace/.derivedData/Build/Intermediates.noindex/SKHelper.build/Debug-watchos/SKHelperUI-t.build/Objects-normal/arm64_32/SKHelperUI.SwiftFileList (in target 'SKHelperUI' from project 'SKHelper')
    cd /Users/admin/builder/spi-builder-workspace
    write-file /Users/admin/builder/spi-builder-workspace/.derivedData/Build/Intermediates.noindex/SKHelper.build/Debug-watchos/SKHelperUI-t.build/Objects-normal/arm64_32/SKHelperUI.SwiftFileList
WriteAuxiliaryFile /Users/admin/builder/spi-builder-workspace/.derivedData/Build/Intermediates.noindex/SKHelper.build/Debug-watchos/SKHelperUI-t.build/Objects-normal/arm64_32/SKHelperUI.SwiftConstValuesFileList (in target 'SKHelperUI' from project 'SKHelper')
    cd /Users/admin/builder/spi-builder-workspace
    write-file /Users/admin/builder/spi-builder-workspace/.derivedData/Build/Intermediates.noindex/SKHelper.build/Debug-watchos/SKHelperUI-t.build/Objects-normal/arm64_32/SKHelperUI.SwiftConstValuesFileList
WriteAuxiliaryFile /Users/admin/builder/spi-builder-workspace/.derivedData/Build/Intermediates.noindex/SKHelper.build/Debug-watchos/SKHelperUI-t.build/Objects-normal/arm64_32/SKHelperUI.LinkFileList (in target 'SKHelperUI' from project 'SKHelper')
    cd /Users/admin/builder/spi-builder-workspace
    write-file /Users/admin/builder/spi-builder-workspace/.derivedData/Build/Intermediates.noindex/SKHelper.build/Debug-watchos/SKHelperUI-t.build/Objects-normal/arm64_32/SKHelperUI.LinkFileList
WriteAuxiliaryFile /Users/admin/builder/spi-builder-workspace/.derivedData/Build/Intermediates.noindex/SKHelper.build/Debug-watchos/SKHelperUI-t.build/Objects-normal/arm64_32/SKHelperUI-OutputFileMap.json (in target 'SKHelperUI' from project 'SKHelper')
    cd /Users/admin/builder/spi-builder-workspace
    write-file /Users/admin/builder/spi-builder-workspace/.derivedData/Build/Intermediates.noindex/SKHelper.build/Debug-watchos/SKHelperUI-t.build/Objects-normal/arm64_32/SKHelperUI-OutputFileMap.json
WriteAuxiliaryFile /Users/admin/builder/spi-builder-workspace/.derivedData/Build/Intermediates.noindex/SKHelper.build/Debug-watchos/SKHelperUI-t.build/Objects-normal/arm64/SKHelperUI_const_extract_protocols.json (in target 'SKHelperUI' from project 'SKHelper')
    cd /Users/admin/builder/spi-builder-workspace
    write-file /Users/admin/builder/spi-builder-workspace/.derivedData/Build/Intermediates.noindex/SKHelper.build/Debug-watchos/SKHelperUI-t.build/Objects-normal/arm64/SKHelperUI_const_extract_protocols.json
WriteAuxiliaryFile /Users/admin/builder/spi-builder-workspace/.derivedData/Build/Intermediates.noindex/SKHelper.build/Debug-watchos/SKHelperUI-t.build/Objects-normal/arm64/SKHelperUI.SwiftFileList (in target 'SKHelperUI' from project 'SKHelper')
    cd /Users/admin/builder/spi-builder-workspace
    write-file /Users/admin/builder/spi-builder-workspace/.derivedData/Build/Intermediates.noindex/SKHelper.build/Debug-watchos/SKHelperUI-t.build/Objects-normal/arm64/SKHelperUI.SwiftFileList
WriteAuxiliaryFile /Users/admin/builder/spi-builder-workspace/.derivedData/Build/Intermediates.noindex/SKHelper.build/Debug-watchos/SKHelperUI-t.build/Objects-normal/arm64/SKHelperUI.SwiftConstValuesFileList (in target 'SKHelperUI' from project 'SKHelper')
    cd /Users/admin/builder/spi-builder-workspace
    write-file /Users/admin/builder/spi-builder-workspace/.derivedData/Build/Intermediates.noindex/SKHelper.build/Debug-watchos/SKHelperUI-t.build/Objects-normal/arm64/SKHelperUI.SwiftConstValuesFileList
WriteAuxiliaryFile /Users/admin/builder/spi-builder-workspace/.derivedData/Build/Intermediates.noindex/SKHelper.build/Debug-watchos/SKHelperUI-t.build/Objects-normal/arm64/SKHelperUI.LinkFileList (in target 'SKHelperUI' from project 'SKHelper')
    cd /Users/admin/builder/spi-builder-workspace
    write-file /Users/admin/builder/spi-builder-workspace/.derivedData/Build/Intermediates.noindex/SKHelper.build/Debug-watchos/SKHelperUI-t.build/Objects-normal/arm64/SKHelperUI.LinkFileList
WriteAuxiliaryFile /Users/admin/builder/spi-builder-workspace/.derivedData/Build/Intermediates.noindex/SKHelper.build/Debug-watchos/SKHelperUI-t.build/Objects-normal/arm64/SKHelperUI-OutputFileMap.json (in target 'SKHelperUI' from project 'SKHelper')
    cd /Users/admin/builder/spi-builder-workspace
    write-file /Users/admin/builder/spi-builder-workspace/.derivedData/Build/Intermediates.noindex/SKHelper.build/Debug-watchos/SKHelperUI-t.build/Objects-normal/arm64/SKHelperUI-OutputFileMap.json
Copy /Users/admin/builder/spi-builder-workspace/.derivedData/Build/Intermediates.noindex/GeneratedModuleMaps-watchos/SKHelperUI.modulemap /Users/admin/builder/spi-builder-workspace/.derivedData/Build/Intermediates.noindex/SKHelper.build/Debug-watchos/SKHelperUI-t.build/SKHelperUI.modulemap (in target 'SKHelperUI' from project 'SKHelper')
    cd /Users/admin/builder/spi-builder-workspace
    builtin-copy -exclude .DS_Store -exclude CVS -exclude .svn -exclude .git -exclude .hg -resolve-src-symlinks /Users/admin/builder/spi-builder-workspace/.derivedData/Build/Intermediates.noindex/SKHelper.build/Debug-watchos/SKHelperUI-t.build/SKHelperUI.modulemap /Users/admin/builder/spi-builder-workspace/.derivedData/Build/Intermediates.noindex/GeneratedModuleMaps-watchos
WriteAuxiliaryFile /Users/admin/builder/spi-builder-workspace/.derivedData/Build/Intermediates.noindex/SKHelper.build/Debug-watchos/SKHelperCore-t.build/SKHelperCore.DependencyStaticMetadataFileList (in target 'SKHelperCore' from project 'SKHelper')
    cd /Users/admin/builder/spi-builder-workspace
    write-file /Users/admin/builder/spi-builder-workspace/.derivedData/Build/Intermediates.noindex/SKHelper.build/Debug-watchos/SKHelperCore-t.build/SKHelperCore.DependencyStaticMetadataFileList
WriteAuxiliaryFile /Users/admin/builder/spi-builder-workspace/.derivedData/Build/Intermediates.noindex/SKHelper.build/Debug-watchos/SKHelperCore-t.build/SKHelperCore.modulemap (in target 'SKHelperCore' from project 'SKHelper')
    cd /Users/admin/builder/spi-builder-workspace
    write-file /Users/admin/builder/spi-builder-workspace/.derivedData/Build/Intermediates.noindex/SKHelper.build/Debug-watchos/SKHelperCore-t.build/SKHelperCore.modulemap
WriteAuxiliaryFile /Users/admin/builder/spi-builder-workspace/.derivedData/Build/Intermediates.noindex/SKHelper.build/Debug-watchos/SKHelperCore-t.build/SKHelperCore.DependencyMetadataFileList (in target 'SKHelperCore' from project 'SKHelper')
    cd /Users/admin/builder/spi-builder-workspace
    write-file /Users/admin/builder/spi-builder-workspace/.derivedData/Build/Intermediates.noindex/SKHelper.build/Debug-watchos/SKHelperCore-t.build/SKHelperCore.DependencyMetadataFileList
WriteAuxiliaryFile /Users/admin/builder/spi-builder-workspace/.derivedData/Build/Intermediates.noindex/SKHelper.build/Debug-watchos/SKHelperCore-t.build/Objects-normal/arm64_32/SKHelperCore_const_extract_protocols.json (in target 'SKHelperCore' from project 'SKHelper')
    cd /Users/admin/builder/spi-builder-workspace
    write-file /Users/admin/builder/spi-builder-workspace/.derivedData/Build/Intermediates.noindex/SKHelper.build/Debug-watchos/SKHelperCore-t.build/Objects-normal/arm64_32/SKHelperCore_const_extract_protocols.json
WriteAuxiliaryFile /Users/admin/builder/spi-builder-workspace/.derivedData/Build/Intermediates.noindex/SKHelper.build/Debug-watchos/SKHelperCore-t.build/Objects-normal/arm64_32/SKHelperCore.SwiftFileList (in target 'SKHelperCore' from project 'SKHelper')
    cd /Users/admin/builder/spi-builder-workspace
    write-file /Users/admin/builder/spi-builder-workspace/.derivedData/Build/Intermediates.noindex/SKHelper.build/Debug-watchos/SKHelperCore-t.build/Objects-normal/arm64_32/SKHelperCore.SwiftFileList
WriteAuxiliaryFile /Users/admin/builder/spi-builder-workspace/.derivedData/Build/Intermediates.noindex/SKHelper.build/Debug-watchos/SKHelperCore-t.build/Objects-normal/arm64_32/SKHelperCore.SwiftConstValuesFileList (in target 'SKHelperCore' from project 'SKHelper')
    cd /Users/admin/builder/spi-builder-workspace
    write-file /Users/admin/builder/spi-builder-workspace/.derivedData/Build/Intermediates.noindex/SKHelper.build/Debug-watchos/SKHelperCore-t.build/Objects-normal/arm64_32/SKHelperCore.SwiftConstValuesFileList
WriteAuxiliaryFile /Users/admin/builder/spi-builder-workspace/.derivedData/Build/Intermediates.noindex/SKHelper.build/Debug-watchos/SKHelperCore-t.build/Objects-normal/arm64_32/SKHelperCore.LinkFileList (in target 'SKHelperCore' from project 'SKHelper')
    cd /Users/admin/builder/spi-builder-workspace
    write-file /Users/admin/builder/spi-builder-workspace/.derivedData/Build/Intermediates.noindex/SKHelper.build/Debug-watchos/SKHelperCore-t.build/Objects-normal/arm64_32/SKHelperCore.LinkFileList
WriteAuxiliaryFile /Users/admin/builder/spi-builder-workspace/.derivedData/Build/Intermediates.noindex/SKHelper.build/Debug-watchos/SKHelperCore-t.build/Objects-normal/arm64_32/SKHelperCore-OutputFileMap.json (in target 'SKHelperCore' from project 'SKHelper')
    cd /Users/admin/builder/spi-builder-workspace
    write-file /Users/admin/builder/spi-builder-workspace/.derivedData/Build/Intermediates.noindex/SKHelper.build/Debug-watchos/SKHelperCore-t.build/Objects-normal/arm64_32/SKHelperCore-OutputFileMap.json
WriteAuxiliaryFile /Users/admin/builder/spi-builder-workspace/.derivedData/Build/Intermediates.noindex/SKHelper.build/Debug-watchos/SKHelperCore-t.build/Objects-normal/arm64/SKHelperCore_const_extract_protocols.json (in target 'SKHelperCore' from project 'SKHelper')
    cd /Users/admin/builder/spi-builder-workspace
    write-file /Users/admin/builder/spi-builder-workspace/.derivedData/Build/Intermediates.noindex/SKHelper.build/Debug-watchos/SKHelperCore-t.build/Objects-normal/arm64/SKHelperCore_const_extract_protocols.json
WriteAuxiliaryFile /Users/admin/builder/spi-builder-workspace/.derivedData/Build/Intermediates.noindex/SKHelper.build/Debug-watchos/SKHelperCore-t.build/Objects-normal/arm64/SKHelperCore.SwiftFileList (in target 'SKHelperCore' from project 'SKHelper')
    cd /Users/admin/builder/spi-builder-workspace
    write-file /Users/admin/builder/spi-builder-workspace/.derivedData/Build/Intermediates.noindex/SKHelper.build/Debug-watchos/SKHelperCore-t.build/Objects-normal/arm64/SKHelperCore.SwiftFileList
WriteAuxiliaryFile /Users/admin/builder/spi-builder-workspace/.derivedData/Build/Intermediates.noindex/SKHelper.build/Debug-watchos/SKHelperCore-t.build/Objects-normal/arm64/SKHelperCore.SwiftConstValuesFileList (in target 'SKHelperCore' from project 'SKHelper')
    cd /Users/admin/builder/spi-builder-workspace
    write-file /Users/admin/builder/spi-builder-workspace/.derivedData/Build/Intermediates.noindex/SKHelper.build/Debug-watchos/SKHelperCore-t.build/Objects-normal/arm64/SKHelperCore.SwiftConstValuesFileList
WriteAuxiliaryFile /Users/admin/builder/spi-builder-workspace/.derivedData/Build/Intermediates.noindex/SKHelper.build/Debug-watchos/SKHelperCore-t.build/Objects-normal/arm64/SKHelperCore.LinkFileList (in target 'SKHelperCore' from project 'SKHelper')
    cd /Users/admin/builder/spi-builder-workspace
    write-file /Users/admin/builder/spi-builder-workspace/.derivedData/Build/Intermediates.noindex/SKHelper.build/Debug-watchos/SKHelperCore-t.build/Objects-normal/arm64/SKHelperCore.LinkFileList
WriteAuxiliaryFile /Users/admin/builder/spi-builder-workspace/.derivedData/Build/Intermediates.noindex/SKHelper.build/Debug-watchos/SKHelperCore-t.build/Objects-normal/arm64/SKHelperCore-OutputFileMap.json (in target 'SKHelperCore' from project 'SKHelper')
    cd /Users/admin/builder/spi-builder-workspace
    write-file /Users/admin/builder/spi-builder-workspace/.derivedData/Build/Intermediates.noindex/SKHelper.build/Debug-watchos/SKHelperCore-t.build/Objects-normal/arm64/SKHelperCore-OutputFileMap.json
WriteAuxiliaryFile /Users/admin/builder/spi-builder-workspace/.derivedData/Build/Intermediates.noindex/SKHelper.build/Debug-watchos/SKHelperCore-t.build/DerivedSources/resource_bundle_accessor.swift (in target 'SKHelperCore' from project 'SKHelper')
    cd /Users/admin/builder/spi-builder-workspace
    write-file /Users/admin/builder/spi-builder-workspace/.derivedData/Build/Intermediates.noindex/SKHelper.build/Debug-watchos/SKHelperCore-t.build/DerivedSources/resource_bundle_accessor.swift
Copy /Users/admin/builder/spi-builder-workspace/.derivedData/Build/Intermediates.noindex/GeneratedModuleMaps-watchos/SKHelperCore.modulemap /Users/admin/builder/spi-builder-workspace/.derivedData/Build/Intermediates.noindex/SKHelper.build/Debug-watchos/SKHelperCore-t.build/SKHelperCore.modulemap (in target 'SKHelperCore' from project 'SKHelper')
    cd /Users/admin/builder/spi-builder-workspace
    builtin-copy -exclude .DS_Store -exclude CVS -exclude .svn -exclude .git -exclude .hg -resolve-src-symlinks /Users/admin/builder/spi-builder-workspace/.derivedData/Build/Intermediates.noindex/SKHelper.build/Debug-watchos/SKHelperCore-t.build/SKHelperCore.modulemap /Users/admin/builder/spi-builder-workspace/.derivedData/Build/Intermediates.noindex/GeneratedModuleMaps-watchos
ProcessInfoPlistFile /Users/admin/builder/spi-builder-workspace/.derivedData/Build/Products/Debug-watchos/SKHelper_SKHelperCore.bundle/Info.plist /Users/admin/builder/spi-builder-workspace/.derivedData/Build/Intermediates.noindex/SKHelper.build/Debug-watchos/SKHelper_SKHelperCore-b.build/empty-SKHelper_SKHelperCore.plist (in target 'SKHelper_SKHelperCore' from project 'SKHelper')
    cd /Users/admin/builder/spi-builder-workspace
    builtin-infoPlistUtility /Users/admin/builder/spi-builder-workspace/.derivedData/Build/Intermediates.noindex/SKHelper.build/Debug-watchos/SKHelper_SKHelperCore-b.build/empty-SKHelper_SKHelperCore.plist -producttype com.apple.product-type.bundle -expandbuildsettings -format binary -platform watchos -o /Users/admin/builder/spi-builder-workspace/.derivedData/Build/Products/Debug-watchos/SKHelper_SKHelperCore.bundle/Info.plist
CpResource /Users/admin/builder/spi-builder-workspace/.derivedData/Build/Products/Debug-watchos/SKHelper_SKHelperCore.bundle/PrivacyInfo.xcprivacy /Users/admin/builder/spi-builder-workspace/Sources/SKHelperCore/Resources/PrivacyInfo.xcprivacy (in target 'SKHelper_SKHelperCore' from project 'SKHelper')
    cd /Users/admin/builder/spi-builder-workspace
    builtin-copy -exclude .DS_Store -exclude CVS -exclude .svn -exclude .git -exclude .hg -resolve-src-symlinks /Users/admin/builder/spi-builder-workspace/Sources/SKHelperCore/Resources/PrivacyInfo.xcprivacy /Users/admin/builder/spi-builder-workspace/.derivedData/Build/Products/Debug-watchos/SKHelper_SKHelperCore.bundle
RegisterExecutionPolicyException /Users/admin/builder/spi-builder-workspace/.derivedData/Build/Products/Debug-watchos/SKHelper_SKHelperCore.bundle (in target 'SKHelper_SKHelperCore' from project 'SKHelper')
    cd /Users/admin/builder/spi-builder-workspace
    builtin-RegisterExecutionPolicyException /Users/admin/builder/spi-builder-workspace/.derivedData/Build/Products/Debug-watchos/SKHelper_SKHelperCore.bundle
Touch /Users/admin/builder/spi-builder-workspace/.derivedData/Build/Products/Debug-watchos/SKHelper_SKHelperCore.bundle (in target 'SKHelper_SKHelperCore' from project 'SKHelper')
    cd /Users/admin/builder/spi-builder-workspace
    /usr/bin/touch -c /Users/admin/builder/spi-builder-workspace/.derivedData/Build/Products/Debug-watchos/SKHelper_SKHelperCore.bundle
SwiftDriver SKHelperCore normal arm64_32 com.apple.xcode.tools.swift.compiler (in target 'SKHelperCore' from project 'SKHelper')
    cd /Users/admin/builder/spi-builder-workspace/.swiftpm/xcode
    builtin-SwiftDriver -- /Applications/Xcode-27.0.0-Release.Candidate.app/Contents/Developer/Toolchains/XcodeDefault.xctoolchain/usr/bin/swiftc -parse-as-library -module-name SKHelperCore -Onone @/Users/admin/builder/spi-builder-workspace/.derivedData/Build/Intermediates.noindex/SKHelper.build/Debug-watchos/SKHelperCore-t.build/Objects-normal/arm64_32/SKHelperCore.SwiftFileList -DSWIFT_PACKAGE -DDEBUG -DSWIFT_MODULE_RESOURCE_BUNDLE_AVAILABLE -DXcode -plugin-path /Applications/Xcode-27.0.0-Release.Candidate.app/Contents/Developer/Toolchains/XcodeDefault.xctoolchain/usr/lib/swift/host/plugins/testing -enable-experimental-feature DebugDescriptionMacro -sdk /Applications/Xcode-27.0.0-Release.Candidate.app/Contents/Developer/Platforms/WatchOS.platform/Developer/SDKs/WatchOS27.0.sdk -target arm64_32-apple-watchos10.0 -g -module-cache-path /Users/admin/builder/spi-builder-workspace/.derivedData/ModuleCache.noindex -Xfrontend -serialize-debugging-options -profile-coverage-mapping -profile-generate -enable-testing -index-store-path /Users/admin/builder/spi-builder-workspace/.derivedData/Index.noindex/DataStore -Xcc -D_LIBCPP_HARDENING_MODE\=_LIBCPP_HARDENING_MODE_DEBUG -swift-version 6 -I /Users/admin/builder/spi-builder-workspace/.derivedData/Build/Products/Debug-watchos -Isystem /Applications/Xcode-27.0.0-Release.Candidate.app/Contents/Developer/Platforms/WatchOS.platform/Developer/usr/lib -F /Users/admin/builder/spi-builder-workspace/.derivedData/Build/Products/Debug-watchos -F /Applications/Xcode-27.0.0-Release.Candidate.app/Contents/Developer/Platforms/WatchOS.platform/Developer/Library/Frameworks -F /Applications/Xcode-27.0.0-Release.Candidate.app/Contents/Developer/Platforms/WatchOS.platform/Developer/SDKs/WatchOS27.0.sdk/Developer/Library/Frameworks -c -j10 -enable-batch-mode -incremental -Xcc -ivfsstatcache -Xcc /Users/admin/builder/spi-builder-workspace/.derivedData/SDKStatCaches.noindex/watchos27.0-24R360-e829b21a6f8c9b70876ba0858053c04477534ef55a1706bf4c1112bbb242f0a2.sdkstatcache -output-file-map /Users/admin/builder/spi-builder-workspace/.derivedData/Build/Intermediates.noindex/SKHelper.build/Debug-watchos/SKHelperCore-t.build/Objects-normal/arm64_32/SKHelperCore-OutputFileMap.json -save-temps -no-color-diagnostics -explicit-module-build -module-cache-path /Users/admin/builder/spi-builder-workspace/.derivedData/Build/Intermediates.noindex/SwiftExplicitPrecompiledModules -clang-scanner-module-cache-path /Users/admin/builder/spi-builder-workspace/.derivedData/ModuleCache.noindex -sdk-module-cache-path /Users/admin/builder/spi-builder-workspace/.derivedData/SDKExplicitPrecompiledModules -emit-dependencies -emit-module -emit-module-path /Users/admin/builder/spi-builder-workspace/.derivedData/Build/Intermediates.noindex/SKHelper.build/Debug-watchos/SKHelperCore-t.build/Objects-normal/arm64_32/SKHelperCore.swiftmodule -serialize-diagnostics -dependency-scan-serialize-diagnostics-path /Users/admin/builder/spi-builder-workspace/.derivedData/Build/Intermediates.noindex/SKHelper.build/Debug-watchos/SKHelperCore-t.build/Objects-normal/arm64_32/SKHelperCore-dependency-scan.dia -validate-clang-modules-once -clang-build-session-file /Users/admin/builder/spi-builder-workspace/.derivedData/ModuleCache.noindex/Session.modulevalidation -Xcc -fmodules-prune-interval\=86400 -Xcc -fmodules-prune-after\=345600 -package-name spi_builder_workspace -emit-const-values -const-gather-protocols-list /Users/admin/builder/spi-builder-workspace/.derivedData/Build/Intermediates.noindex/SKHelper.build/Debug-watchos/SKHelperCore-t.build/Objects-normal/arm64_32/SKHelperCore_const_extract_protocols.json -Xcc -I/Users/admin/builder/spi-builder-workspace/.derivedData/Build/Products/Debug-watchos/include -Xcc -I/Users/admin/builder/spi-builder-workspace/.derivedData/Build/Intermediates.noindex/SKHelper.build/Debug-watchos/SKHelperCore-t.build/DerivedSources-normal/arm64_32 -Xcc -I/Users/admin/builder/spi-builder-workspace/.derivedData/Build/Intermediates.noindex/SKHelper.build/Debug-watchos/SKHelperCore-t.build/DerivedSources/arm64_32 -Xcc -I/Users/admin/builder/spi-builder-workspace/.derivedData/Build/Intermediates.noindex/SKHelper.build/Debug-watchos/SKHelperCore-t.build/DerivedSources -Xcc -DSWIFT_PACKAGE -Xcc -DDEBUG\=1 -emit-objc-header -emit-objc-header-path /Users/admin/builder/spi-builder-workspace/.derivedData/Build/Intermediates.noindex/SKHelper.build/Debug-watchos/SKHelperCore-t.build/Objects-normal/arm64_32/SKHelperCore-Swift.h -working-directory /Users/admin/builder/spi-builder-workspace/.swiftpm/xcode -experimental-emit-module-separately -disable-cmo
SwiftDriver SKHelperCore normal arm64 com.apple.xcode.tools.swift.compiler (in target 'SKHelperCore' from project 'SKHelper')
    cd /Users/admin/builder/spi-builder-workspace/.swiftpm/xcode
    builtin-SwiftDriver -- /Applications/Xcode-27.0.0-Release.Candidate.app/Contents/Developer/Toolchains/XcodeDefault.xctoolchain/usr/bin/swiftc -parse-as-library -module-name SKHelperCore -Onone @/Users/admin/builder/spi-builder-workspace/.derivedData/Build/Intermediates.noindex/SKHelper.build/Debug-watchos/SKHelperCore-t.build/Objects-normal/arm64/SKHelperCore.SwiftFileList -DSWIFT_PACKAGE -DDEBUG -DSWIFT_MODULE_RESOURCE_BUNDLE_AVAILABLE -DXcode -plugin-path /Applications/Xcode-27.0.0-Release.Candidate.app/Contents/Developer/Toolchains/XcodeDefault.xctoolchain/usr/lib/swift/host/plugins/testing -enable-experimental-feature DebugDescriptionMacro -sdk /Applications/Xcode-27.0.0-Release.Candidate.app/Contents/Developer/Platforms/WatchOS.platform/Developer/SDKs/WatchOS27.0.sdk -target arm64-apple-watchos10.0 -g -module-cache-path /Users/admin/builder/spi-builder-workspace/.derivedData/ModuleCache.noindex -Xfrontend -serialize-debugging-options -profile-coverage-mapping -profile-generate -enable-testing -index-store-path /Users/admin/builder/spi-builder-workspace/.derivedData/Index.noindex/DataStore -Xcc -D_LIBCPP_HARDENING_MODE\=_LIBCPP_HARDENING_MODE_DEBUG -swift-version 6 -I /Users/admin/builder/spi-builder-workspace/.derivedData/Build/Products/Debug-watchos -Isystem /Applications/Xcode-27.0.0-Release.Candidate.app/Contents/Developer/Platforms/WatchOS.platform/Developer/usr/lib -F /Users/admin/builder/spi-builder-workspace/.derivedData/Build/Products/Debug-watchos -F /Applications/Xcode-27.0.0-Release.Candidate.app/Contents/Developer/Platforms/WatchOS.platform/Developer/Library/Frameworks -F /Applications/Xcode-27.0.0-Release.Candidate.app/Contents/Developer/Platforms/WatchOS.platform/Developer/SDKs/WatchOS27.0.sdk/Developer/Library/Frameworks -c -j10 -enable-batch-mode -incremental -Xcc -ivfsstatcache -Xcc /Users/admin/builder/spi-builder-workspace/.derivedData/SDKStatCaches.noindex/watchos27.0-24R360-e829b21a6f8c9b70876ba0858053c04477534ef55a1706bf4c1112bbb242f0a2.sdkstatcache -output-file-map /Users/admin/builder/spi-builder-workspace/.derivedData/Build/Intermediates.noindex/SKHelper.build/Debug-watchos/SKHelperCore-t.build/Objects-normal/arm64/SKHelperCore-OutputFileMap.json -save-temps -no-color-diagnostics -explicit-module-build -module-cache-path /Users/admin/builder/spi-builder-workspace/.derivedData/Build/Intermediates.noindex/SwiftExplicitPrecompiledModules -clang-scanner-module-cache-path /Users/admin/builder/spi-builder-workspace/.derivedData/ModuleCache.noindex -sdk-module-cache-path /Users/admin/builder/spi-builder-workspace/.derivedData/SDKExplicitPrecompiledModules -emit-dependencies -emit-module -emit-module-path /Users/admin/builder/spi-builder-workspace/.derivedData/Build/Intermediates.noindex/SKHelper.build/Debug-watchos/SKHelperCore-t.build/Objects-normal/arm64/SKHelperCore.swiftmodule -serialize-diagnostics -dependency-scan-serialize-diagnostics-path /Users/admin/builder/spi-builder-workspace/.derivedData/Build/Intermediates.noindex/SKHelper.build/Debug-watchos/SKHelperCore-t.build/Objects-normal/arm64/SKHelperCore-dependency-scan.dia -validate-clang-modules-once -clang-build-session-file /Users/admin/builder/spi-builder-workspace/.derivedData/ModuleCache.noindex/Session.modulevalidation -Xcc -fmodules-prune-interval\=86400 -Xcc -fmodules-prune-after\=345600 -package-name spi_builder_workspace -emit-const-values -const-gather-protocols-list /Users/admin/builder/spi-builder-workspace/.derivedData/Build/Intermediates.noindex/SKHelper.build/Debug-watchos/SKHelperCore-t.build/Objects-normal/arm64/SKHelperCore_const_extract_protocols.json -Xcc -I/Users/admin/builder/spi-builder-workspace/.derivedData/Build/Products/Debug-watchos/include -Xcc -I/Users/admin/builder/spi-builder-workspace/.derivedData/Build/Intermediates.noindex/SKHelper.build/Debug-watchos/SKHelperCore-t.build/DerivedSources-normal/arm64 -Xcc -I/Users/admin/builder/spi-builder-workspace/.derivedData/Build/Intermediates.noindex/SKHelper.build/Debug-watchos/SKHelperCore-t.build/DerivedSources/arm64 -Xcc -I/Users/admin/builder/spi-builder-workspace/.derivedData/Build/Intermediates.noindex/SKHelper.build/Debug-watchos/SKHelperCore-t.build/DerivedSources -Xcc -DSWIFT_PACKAGE -Xcc -DDEBUG\=1 -emit-objc-header -emit-objc-header-path /Users/admin/builder/spi-builder-workspace/.derivedData/Build/Intermediates.noindex/SKHelper.build/Debug-watchos/SKHelperCore-t.build/Objects-normal/arm64/SKHelperCore-Swift.h -working-directory /Users/admin/builder/spi-builder-workspace/.swiftpm/xcode -experimental-emit-module-separately -disable-cmo
SwiftExplicitDependencyGeneratePcm arm64_32 /Users/admin/builder/spi-builder-workspace/.derivedData/SDKExplicitPrecompiledModules/_Builtin_stddef-2F9BFIPBQ5EWNSK5G7G7V4EKL.pcm
SwiftExplicitDependencyGeneratePcm arm64_32 /Users/admin/builder/spi-builder-workspace/.derivedData/SDKExplicitPrecompiledModules/_Builtin_stdarg-EYJP6DFYQL9GJLH1TJ84A8MHV.pcm
SwiftExplicitDependencyGeneratePcm arm64_32 /Users/admin/builder/spi-builder-workspace/.derivedData/SDKExplicitPrecompiledModules/_Builtin_stdbool-84ZA1VDW90AGWZ2LF5KOCM8DZ.pcm
SwiftExplicitDependencyGeneratePcm arm64_32 /Users/admin/builder/spi-builder-workspace/.derivedData/SDKExplicitPrecompiledModules/_Builtin_float-372PLGDQ1U3B6Z5EA5DJMDORJ.pcm
SwiftExplicitDependencyGeneratePcm arm64_32 /Users/admin/builder/spi-builder-workspace/.derivedData/SDKExplicitPrecompiledModules/DeveloperToolsSupport-3FQKKPF3BW0SWE1YUZ86OZWIB.pcm
SwiftExplicitDependencyGeneratePcm arm64_32 /Users/admin/builder/spi-builder-workspace/.derivedData/SDKExplicitPrecompiledModules/ptrcheck-EAZ3I917ZFA9H6ZCL6PGLG4TR.pcm
SwiftExplicitDependencyGeneratePcm arm64_32 /Users/admin/builder/spi-builder-workspace/.derivedData/SDKExplicitPrecompiledModules/ptrauth-EW7YZZ7LEZE1QZF2T8148IPSA.pcm
SwiftExplicitDependencyGeneratePcm arm64_32 /Users/admin/builder/spi-builder-workspace/.derivedData/SDKExplicitPrecompiledModules/_AvailabilityInternal-22ZP1ILSQW16KHXZS5GBZHOCS.pcm
SwiftExplicitDependencyGeneratePcm arm64_32 /Users/admin/builder/spi-builder-workspace/.derivedData/SDKExplicitPrecompiledModules/SwiftShims-D9VBB138U50XYYGW2C2V21N3L.pcm
SwiftExplicitDependencyGeneratePcm arm64_32 /Users/admin/builder/spi-builder-workspace/.derivedData/SDKExplicitPrecompiledModules/_SwiftConcurrencyShims-58G4ISYSYDV3AT1DDGEE0QCUF.pcm
SwiftExplicitDependencyGeneratePcm arm64 /Users/admin/builder/spi-builder-workspace/.derivedData/SDKExplicitPrecompiledModules/_AvailabilityInternal-42EVAC8Q6P1ZT6G3A168N97G4.pcm
SwiftExplicitDependencyGeneratePcm arm64 /Users/admin/builder/spi-builder-workspace/.derivedData/SDKExplicitPrecompiledModules/ptrcheck-8K07997SIHO7YGY7UQ3LOQ3TJ.pcm
SwiftExplicitDependencyGeneratePcm arm64 /Users/admin/builder/spi-builder-workspace/.derivedData/SDKExplicitPrecompiledModules/SwiftShims-AJ4AZYHQNC33R5RLN7AGEIOMP.pcm
SwiftExplicitDependencyGeneratePcm arm64 /Users/admin/builder/spi-builder-workspace/.derivedData/SDKExplicitPrecompiledModules/_Builtin_stdbool-B692L2PMR118794VVYBG37897.pcm
SwiftExplicitDependencyGeneratePcm arm64 /Users/admin/builder/spi-builder-workspace/.derivedData/SDKExplicitPrecompiledModules/DeveloperToolsSupport-CL5QT3CW0ZM498PFTWG64QMLA.pcm
SwiftExplicitDependencyGeneratePcm arm64 /Users/admin/builder/spi-builder-workspace/.derivedData/SDKExplicitPrecompiledModules/_SwiftConcurrencyShims-CTPSFSTDCBVSSQFHL6I305U72.pcm
SwiftExplicitDependencyGeneratePcm arm64 /Users/admin/builder/spi-builder-workspace/.derivedData/SDKExplicitPrecompiledModules/ptrauth-C7VQASAJ967Q4Q6SRD4I3CFWZ.pcm
SwiftExplicitDependencyGeneratePcm arm64 /Users/admin/builder/spi-builder-workspace/.derivedData/SDKExplicitPrecompiledModules/_Builtin_stdarg-3X4KLXUYEI0UGBILP4X7D0CYW.pcm
SwiftExplicitDependencyGeneratePcm arm64 /Users/admin/builder/spi-builder-workspace/.derivedData/SDKExplicitPrecompiledModules/_Builtin_stddef-5OH846KKUPSJJT7GCX9XU1TKG.pcm
SwiftExplicitDependencyGeneratePcm arm64_32 /Users/admin/builder/spi-builder-workspace/.derivedData/SDKExplicitPrecompiledModules/_DarwinFoundation1-5SNIO0SFHX9KJZTLQGIPAPXUZ.pcm
SwiftExplicitDependencyGeneratePcm arm64 /Users/admin/builder/spi-builder-workspace/.derivedData/SDKExplicitPrecompiledModules/_Builtin_float-E4M4A8689VXF1T7P7BV56IKBT.pcm
SwiftExplicitDependencyGeneratePcm arm64_32 /Users/admin/builder/spi-builder-workspace/.derivedData/SDKExplicitPrecompiledModules/_DarwinFoundation2-FP2Q8F1Q2HR151SBYKTU6Q8B.pcm
SwiftExplicitDependencyGeneratePcm arm64_32 /Users/admin/builder/spi-builder-workspace/.derivedData/SDKExplicitPrecompiledModules/_Builtin_limits-AQMEC9CLG0FZQN6TLGDQ6WF78.pcm
SwiftExplicitDependencyGeneratePcm arm64 /Users/admin/builder/spi-builder-workspace/.derivedData/SDKExplicitPrecompiledModules/_DarwinFoundation1-7YQ9TVI7XTOGQU9OADRXP33D1.pcm
SwiftExplicitDependencyGeneratePcm arm64 /Users/admin/builder/spi-builder-workspace/.derivedData/SDKExplicitPrecompiledModules/_DarwinFoundation2-CUPL4FH2SA95GMALQP4M6O8UA.pcm
SwiftExplicitDependencyGeneratePcm arm64 /Users/admin/builder/spi-builder-workspace/.derivedData/SDKExplicitPrecompiledModules/_Builtin_limits-75TRA1C7IHYOFCG3KJXQVTHJ4.pcm
SwiftExplicitDependencyGeneratePcm arm64_32 /Users/admin/builder/spi-builder-workspace/.derivedData/SDKExplicitPrecompiledModules/_Builtin_tgmath-414CVW1GW3IL0HRLCNNCS6Q0U.pcm
SwiftExplicitDependencyGeneratePcm arm64_32 /Users/admin/builder/spi-builder-workspace/.derivedData/SDKExplicitPrecompiledModules/string_h-8QY7P4ZQXQAF14WVDITTM4R70.pcm
SwiftExplicitDependencyGeneratePcm arm64_32 /Users/admin/builder/spi-builder-workspace/.derivedData/SDKExplicitPrecompiledModules/sys_types-65NN51P1G7GN2GUAUPC53JJ7N.pcm
SwiftExplicitDependencyGeneratePcm arm64_32 /Users/admin/builder/spi-builder-workspace/.derivedData/SDKExplicitPrecompiledModules/_Builtin_stdint-6IWJLTRH2WB6RCG4THPA65RDS.pcm
SwiftExplicitDependencyGeneratePcm arm64_32 /Users/admin/builder/spi-builder-workspace/.derivedData/SDKExplicitPrecompiledModules/_DarwinFoundation3-3YOBOPIW2MF1LRNQH7JBUBY4G.pcm
SwiftExplicitDependencyGeneratePcm arm64_32 /Users/admin/builder/spi-builder-workspace/.derivedData/SDKExplicitPrecompiledModules/_Builtin_stdatomic-D2FE5M7JS5NQA5JDADVERWJM4.pcm
SwiftExplicitDependencyGeneratePcm arm64_32 /Users/admin/builder/spi-builder-workspace/.derivedData/SDKExplicitPrecompiledModules/_Builtin_intrinsics-2K07JIG9ZANIKHSNPO3O6L1K6.pcm
SwiftExplicitDependencyGeneratePcm arm64 /Users/admin/builder/spi-builder-workspace/.derivedData/SDKExplicitPrecompiledModules/string_h-4N9Z22C0HUO8GV7GFPCLZRZA2.pcm
SwiftExplicitDependencyGeneratePcm arm64 /Users/admin/builder/spi-builder-workspace/.derivedData/SDKExplicitPrecompiledModules/sys_types-9KPVYINL86WUSHF45TU8PWZZ1.pcm
SwiftExplicitDependencyGeneratePcm arm64 /Users/admin/builder/spi-builder-workspace/.derivedData/SDKExplicitPrecompiledModules/_Builtin_stdint-6TUACK4YPMARFT56PLIO388SJ.pcm
SwiftExplicitDependencyGeneratePcm arm64 /Users/admin/builder/spi-builder-workspace/.derivedData/SDKExplicitPrecompiledModules/_Builtin_tgmath-7JP2AE1NQHA1DV5JYP2OHQ3BF.pcm
SwiftExplicitDependencyGeneratePcm arm64 /Users/admin/builder/spi-builder-workspace/.derivedData/SDKExplicitPrecompiledModules/_Builtin_intrinsics-SQV576LJA0QE7RW5HF7CQ1BX.pcm
SwiftExplicitDependencyGeneratePcm arm64 /Users/admin/builder/spi-builder-workspace/.derivedData/SDKExplicitPrecompiledModules/_Builtin_stdatomic-25T9UW3XDYID74302F31PX0RP.pcm
SwiftExplicitDependencyGeneratePcm arm64 /Users/admin/builder/spi-builder-workspace/.derivedData/SDKExplicitPrecompiledModules/_DarwinFoundation3-EJXZKD8LN9EYM9OWP9VLJ49PK.pcm
SwiftExplicitDependencyGeneratePcm arm64_32 /Users/admin/builder/spi-builder-workspace/.derivedData/SDKExplicitPrecompiledModules/_Builtin_inttypes-BPZJ68HW1IMYWSHROAZ0IMUJP.pcm
SwiftExplicitDependencyGeneratePcm arm64_32 /Users/admin/builder/spi-builder-workspace/.derivedData/SDKExplicitPrecompiledModules/Darwin-10D35ZJWCWG7LJAF579U7I5V7.pcm
SwiftExplicitDependencyGeneratePcm arm64 /Users/admin/builder/spi-builder-workspace/.derivedData/SDKExplicitPrecompiledModules/_Builtin_inttypes-86YTNV5YADPJXFMJ82N3R4GWQ.pcm
SwiftExplicitDependencyGeneratePcm arm64_32 /Users/admin/builder/spi-builder-workspace/.derivedData/SDKExplicitPrecompiledModules/simd-1W6O8NR1QUSWJGAN44DNNWVHX.pcm
SwiftExplicitDependencyGeneratePcm arm64 /Users/admin/builder/spi-builder-workspace/.derivedData/SDKExplicitPrecompiledModules/Darwin-CSB8C43KELVSFIQVR0803IZPN.pcm
SwiftExplicitDependencyGeneratePcm arm64 /Users/admin/builder/spi-builder-workspace/.derivedData/SDKExplicitPrecompiledModules/simd-2C11HKTI5TJB05T724EWNFZXD.pcm
SwiftExplicitDependencyGeneratePcm arm64_32 /Users/admin/builder/spi-builder-workspace/.derivedData/SDKExplicitPrecompiledModules/ObjectiveC-71AGZNHLBMR2QK817EJNUN54E.pcm
SwiftExplicitDependencyGeneratePcm arm64_32 /Users/admin/builder/spi-builder-workspace/.derivedData/SDKExplicitPrecompiledModules/MachO-F47JQRYVH1SLPOQSJD8RK9MSX.pcm
SwiftExplicitDependencyGeneratePcm arm64_32 /Users/admin/builder/spi-builder-workspace/.derivedData/SDKExplicitPrecompiledModules/os_object-CTXVQBCWDOH6JHUXIFDUOWFRL.pcm
SwiftExplicitDependencyGeneratePcm arm64 /Users/admin/builder/spi-builder-workspace/.derivedData/SDKExplicitPrecompiledModules/MachO-4RYXFVY68ZDEUZYFMVL57WEKU.pcm
SwiftExplicitDependencyGeneratePcm arm64 /Users/admin/builder/spi-builder-workspace/.derivedData/SDKExplicitPrecompiledModules/ObjectiveC-22CZPC4WYQC9G8T393WT2KKLW.pcm
SwiftExplicitDependencyGeneratePcm arm64_32 /Users/admin/builder/spi-builder-workspace/.derivedData/SDKExplicitPrecompiledModules/os_workgroup-9L9R05BT5LTFRZ2NM68BZTVV2.pcm
SwiftExplicitDependencyGeneratePcm arm64 /Users/admin/builder/spi-builder-workspace/.derivedData/SDKExplicitPrecompiledModules/os_object-6KYGGZ4DPVZ3BBAZ6QICZN8LI.pcm
SwiftExplicitDependencyGeneratePcm arm64_32 /Users/admin/builder/spi-builder-workspace/.derivedData/SDKExplicitPrecompiledModules/Spatial-4XS0QRL16224ZE9KE9TMKASKT.pcm
SwiftExplicitDependencyGeneratePcm arm64_32 /Users/admin/builder/spi-builder-workspace/.derivedData/SDKExplicitPrecompiledModules/Dispatch-CGIMI9KQKHNRQHR2IECIPRG14.pcm
SwiftExplicitDependencyGeneratePcm arm64 /Users/admin/builder/spi-builder-workspace/.derivedData/SDKExplicitPrecompiledModules/os_workgroup-AHE7ULDQBKER38CYPIKDTZF4M.pcm
SwiftExplicitDependencyGeneratePcm arm64_32 /Users/admin/builder/spi-builder-workspace/.derivedData/SDKExplicitPrecompiledModules/XPC-7SLKI45KYLKXH9QET2WYS3UZ4.pcm
SwiftExplicitDependencyGeneratePcm arm64_32 /Users/admin/builder/spi-builder-workspace/.derivedData/SDKExplicitPrecompiledModules/CoreFoundation-76B9WJP9MDYT33HZQVSNNZQZD.pcm
SwiftExplicitDependencyGeneratePcm arm64 /Users/admin/builder/spi-builder-workspace/.derivedData/SDKExplicitPrecompiledModules/Dispatch-39VR0G01IUJ09PQKMFGOHXZ4L.pcm
SwiftExplicitDependencyGeneratePcm arm64 /Users/admin/builder/spi-builder-workspace/.derivedData/SDKExplicitPrecompiledModules/Spatial-EZKKX4XFW72RZCTOIG80Z93AP.pcm
SwiftExplicitDependencyGeneratePcm arm64_32 /Users/admin/builder/spi-builder-workspace/.derivedData/SDKExplicitPrecompiledModules/os-D9NWGT7PQGY2OD43XMA2KGLJK.pcm
SwiftExplicitDependencyGeneratePcm arm64 /Users/admin/builder/spi-builder-workspace/.derivedData/SDKExplicitPrecompiledModules/CoreFoundation-59XKO8YNRGGYNC5U5LK8B4EM.pcm
SwiftExplicitDependencyGeneratePcm arm64 /Users/admin/builder/spi-builder-workspace/.derivedData/SDKExplicitPrecompiledModules/XPC-650JAZBTM6I0OMHYO6CKM0CWJ.pcm
SwiftExplicitDependencyGeneratePcm arm64_32 /Users/admin/builder/spi-builder-workspace/.derivedData/SDKExplicitPrecompiledModules/CoreGraphics-A4WOQTM8SYZAQP223LI6RRPEK.pcm
SwiftExplicitDependencyGeneratePcm arm64_32 /Users/admin/builder/spi-builder-workspace/.derivedData/SDKExplicitPrecompiledModules/Security-1W411BS4UH2UNMNII2341429S.pcm
SwiftExplicitDependencyGeneratePcm arm64 /Users/admin/builder/spi-builder-workspace/.derivedData/SDKExplicitPrecompiledModules/os-6BCTB8I5DCBBKFJ0Y0G4WQDDJ.pcm
SwiftExplicitDependencyGeneratePcm arm64 /Users/admin/builder/spi-builder-workspace/.derivedData/SDKExplicitPrecompiledModules/CoreGraphics-5488DA9QVJJ7QOFXPYOYIYFUX.pcm
SwiftExplicitDependencyGeneratePcm arm64 /Users/admin/builder/spi-builder-workspace/.derivedData/SDKExplicitPrecompiledModules/Security-69WNGEAVQP55EDBQHP3BLE8QU.pcm
SwiftExplicitDependencyGeneratePcm arm64_32 /Users/admin/builder/spi-builder-workspace/.derivedData/SDKExplicitPrecompiledModules/Foundation-AIQ30TCDC2B0LBUU6FPQZ0HWI.pcm
SwiftExplicitDependencyGeneratePcm arm64_32 /Users/admin/builder/spi-builder-workspace/.derivedData/SDKExplicitPrecompiledModules/CoreText-34U50N378SZT64826L0B62MN6.pcm
SwiftExplicitDependencyGeneratePcm arm64_32 /Users/admin/builder/spi-builder-workspace/.derivedData/SDKExplicitPrecompiledModules/CoreVideo-BX0NALWCB2F1YOTF0NZGV9FWU.pcm
SwiftExplicitDependencyGeneratePcm arm64 /Users/admin/builder/spi-builder-workspace/.derivedData/SDKExplicitPrecompiledModules/Foundation-B3IXODHI7VO4VRX2RWRXLVJZT.pcm
SwiftExplicitDependencyGeneratePcm arm64 /Users/admin/builder/spi-builder-workspace/.derivedData/SDKExplicitPrecompiledModules/CoreVideo-2YRZ292TS6QDW2V2V92NZMPWM.pcm
SwiftExplicitDependencyGeneratePcm arm64 /Users/admin/builder/spi-builder-workspace/.derivedData/SDKExplicitPrecompiledModules/CoreText-BEC0M2J7FJN53VXNFDZDKL9U2.pcm
SwiftExplicitDependencyGeneratePcm arm64_32 /Users/admin/builder/spi-builder-workspace/.derivedData/SDKExplicitPrecompiledModules/OSLog-DXCLJ0K1EEBRV5MFYJOV1HIUX.pcm
SwiftExplicitDependencyGeneratePcm arm64_32 /Users/admin/builder/spi-builder-workspace/.derivedData/SDKExplicitPrecompiledModules/LocalAuthentication-1XZC5548OHHHWETB1RPNV8QDG.pcm
SwiftExplicitDependencyGeneratePcm arm64_32 /Users/admin/builder/spi-builder-workspace/.derivedData/SDKExplicitPrecompiledModules/UserNotifications-F5AOMF9V2Y10QV8U00QNX8B7Q.pcm
SwiftExplicitDependencyGeneratePcm arm64_32 /Users/admin/builder/spi-builder-workspace/.derivedData/SDKExplicitPrecompiledModules/UIUtilities-ABH83C7CSGMIJAARTF384TV0L.pcm
SwiftExplicitDependencyGeneratePcm arm64_32 /Users/admin/builder/spi-builder-workspace/.derivedData/SDKExplicitPrecompiledModules/Accessibility-BBXP8Z81UOB3UBBTO3GG9FEEO.pcm
SwiftExplicitDependencyGeneratePcm arm64_32 /Users/admin/builder/spi-builder-workspace/.derivedData/SDKExplicitPrecompiledModules/DataDetection-8EDL8T61430CB5CU94L1E3L0C.pcm
SwiftExplicitDependencyGeneratePcm arm64_32 /Users/admin/builder/spi-builder-workspace/.derivedData/SDKExplicitPrecompiledModules/StoreKit-E9RBAFGLOIACW3EM63MA7NGAB.pcm
SwiftExplicitDependencyGeneratePcm arm64_32 /Users/admin/builder/spi-builder-workspace/.derivedData/SDKExplicitPrecompiledModules/UniformTypeIdentifiers-EH256724QTCKT0XATY095QHVP.pcm
SwiftExplicitDependencyGeneratePcm arm64_32 /Users/admin/builder/spi-builder-workspace/.derivedData/SDKExplicitPrecompiledModules/CoreTransferable-DSXZOKFM7XQLZ0FRNNKFDWZT0.pcm
SwiftExplicitDependencyGeneratePcm arm64_32 /Users/admin/builder/spi-builder-workspace/.derivedData/SDKExplicitPrecompiledModules/Symbols-DP67QJL9W7VSYP70ZVEBE3KRT.pcm
SwiftExplicitDependencyGeneratePcm arm64_32 /Users/admin/builder/spi-builder-workspace/.derivedData/SDKExplicitPrecompiledModules/_LocationEssentials-1XWTF8V96VX3IAHKJO7PJZDU0.pcm
SwiftExplicitDependencyGeneratePcm arm64_32 /Users/admin/builder/spi-builder-workspace/.derivedData/SDKExplicitPrecompiledModules/QuartzCore-72UYR37X0O2APTD1XMSJ20X5X.pcm
SwiftExplicitDependencyGeneratePcm arm64 /Users/admin/builder/spi-builder-workspace/.derivedData/SDKExplicitPrecompiledModules/CoreTransferable-EULYJN53RZTIP2D6F171CT1YZ.pcm
SwiftExplicitDependencyGeneratePcm arm64 /Users/admin/builder/spi-builder-workspace/.derivedData/SDKExplicitPrecompiledModules/_LocationEssentials-C3HYVW8P89QAUDLD9VRHUF48Q.pcm
SwiftExplicitDependencyGeneratePcm arm64 /Users/admin/builder/spi-builder-workspace/.derivedData/SDKExplicitPrecompiledModules/Accessibility-DB0V1GY4JDAXG2CZ5MW826DDE.pcm
SwiftExplicitDependencyGeneratePcm arm64 /Users/admin/builder/spi-builder-workspace/.derivedData/SDKExplicitPrecompiledModules/LocalAuthentication-B2TFMTPZVFFVZ7Y4SFJ4HJEBL.pcm
SwiftExplicitDependencyGeneratePcm arm64 /Users/admin/builder/spi-builder-workspace/.derivedData/SDKExplicitPrecompiledModules/StoreKit-2T6I8Y0VBC11UMC6KK6P2CTB.pcm
SwiftExplicitDependencyGeneratePcm arm64 /Users/admin/builder/spi-builder-workspace/.derivedData/SDKExplicitPrecompiledModules/UniformTypeIdentifiers-47SS6PHE8KOUZX5UOQUNKH397.pcm
SwiftExplicitDependencyGeneratePcm arm64 /Users/admin/builder/spi-builder-workspace/.derivedData/SDKExplicitPrecompiledModules/OSLog-ESJZZ70KT229YQNKF5CWYQVLA.pcm
SwiftExplicitDependencyGeneratePcm arm64 /Users/admin/builder/spi-builder-workspace/.derivedData/SDKExplicitPrecompiledModules/QuartzCore-BRDP6VIMJ6A6HG4W4NYXZ8BI3.pcm
SwiftExplicitDependencyGeneratePcm arm64 /Users/admin/builder/spi-builder-workspace/.derivedData/SDKExplicitPrecompiledModules/UserNotifications-7VIERZPAA371031RT8VBKFYKJ.pcm
SwiftExplicitDependencyGeneratePcm arm64 /Users/admin/builder/spi-builder-workspace/.derivedData/SDKExplicitPrecompiledModules/Symbols-B8SNL2YULCKW9SYIL0T5QLMV.pcm
SwiftExplicitDependencyGeneratePcm arm64 /Users/admin/builder/spi-builder-workspace/.derivedData/SDKExplicitPrecompiledModules/UIUtilities-AR3EDJH6PMDGNUXQGV2JND65S.pcm
SwiftExplicitDependencyGeneratePcm arm64 /Users/admin/builder/spi-builder-workspace/.derivedData/SDKExplicitPrecompiledModules/CoreLocation-B0A9Z3B1UDU8OLBQROLWD03N3.pcm
SwiftExplicitDependencyGeneratePcm arm64_32 /Users/admin/builder/spi-builder-workspace/.derivedData/SDKExplicitPrecompiledModules/CoreLocation-4AZRAZ8X3W0CS36SZ1GS4LT05.pcm
SwiftExplicitDependencyGeneratePcm arm64 /Users/admin/builder/spi-builder-workspace/.derivedData/SDKExplicitPrecompiledModules/DataDetection-8RQ09UCIV0XSYRF8TQQD54MWN.pcm
SwiftExplicitDependencyGeneratePcm arm64_32 /Users/admin/builder/spi-builder-workspace/.derivedData/SDKExplicitPrecompiledModules/SwiftUICore-TURER010MQ2QH6SN4BGDJJKP.pcm
SwiftExplicitDependencyGeneratePcm arm64 /Users/admin/builder/spi-builder-workspace/.derivedData/SDKExplicitPrecompiledModules/SwiftUICore-D4BOUT6VJWDXKNATG8P2F95W3.pcm
SwiftExplicitDependencyGeneratePcm arm64 /Users/admin/builder/spi-builder-workspace/.derivedData/SDKExplicitPrecompiledModules/CoreMotion-70RNUQRT1QM2F8WR42WPP4KQV.pcm
SwiftExplicitDependencyGeneratePcm arm64_32 /Users/admin/builder/spi-builder-workspace/.derivedData/SDKExplicitPrecompiledModules/CoreMotion-E9C6K7MOTJF3RC93DULCZ130U.pcm
SwiftExplicitDependencyGeneratePcm arm64_32 /Users/admin/builder/spi-builder-workspace/.derivedData/SDKExplicitPrecompiledModules/UIKit-BGAQE5HOOTG6M9C46O1HHPCDR.pcm
SwiftExplicitDependencyGeneratePcm arm64 /Users/admin/builder/spi-builder-workspace/.derivedData/SDKExplicitPrecompiledModules/UIKit-2XWL6VFNA7WRWSTXI42YLU909.pcm
SwiftEmitModule normal arm64 Emitting\ module\ for\ SKHelperCore (in target 'SKHelperCore' from project 'SKHelper')
SwiftCompile normal arm64 (in target 'SKHelperCore' from project 'SKHelper')
    cd /Users/admin/builder/spi-builder-workspace/.swiftpm/xcode

SwiftCompile normal arm64 Compiling\ SKHelperTransactionUpdateReason.swift /Users/admin/builder/spi-builder-workspace/Sources/SKHelperCore/Support/SKHelperTransactionUpdateReason.swift (in target 'SKHelperCore' from project 'SKHelper')
SwiftCompile normal arm64 /Users/admin/builder/spi-builder-workspace/Sources/SKHelperCore/Support/SKHelperTransactionUpdateReason.swift (in target 'SKHelperCore' from project 'SKHelper')
    cd /Users/admin/builder/spi-builder-workspace/.swiftpm/xcode
    builtin-SwiftPerFileCompile SKHelperTransactionUpdateReason.swift
SwiftCompile normal arm64 Compiling\ resource_bundle_accessor.swift,\ SKHelper+Extensions.swift /Users/admin/builder/spi-builder-workspace/.derivedData/Build/Intermediates.noindex/SKHelper.build/Debug-watchos/SKHelperCore-t.build/DerivedSources/resource_bundle_accessor.swift /Users/admin/builder/spi-builder-workspace/Sources/SKHelperCore/Core/SKHelper+Extensions.swift (in target 'SKHelperCore' from project 'SKHelper')
SwiftCompile normal arm64 /Users/admin/builder/spi-builder-workspace/.derivedData/Build/Intermediates.noindex/SKHelper.build/Debug-watchos/SKHelperCore-t.build/DerivedSources/resource_bundle_accessor.swift (in target 'SKHelperCore' from project 'SKHelper')
    cd /Users/admin/builder/spi-builder-workspace/.swiftpm/xcode
    builtin-SwiftPerFileCompile resource_bundle_accessor.swift
SwiftCompile normal arm64 /Users/admin/builder/spi-builder-workspace/Sources/SKHelperCore/Core/SKHelper+Extensions.swift (in target 'SKHelperCore' from project 'SKHelper')
    cd /Users/admin/builder/spi-builder-workspace/.swiftpm/xcode
    builtin-SwiftPerFileCompile SKHelper+Extensions.swift
SwiftCompile normal arm64 Compiling\ SKHelperEntitlementState.swift /Users/admin/builder/spi-builder-workspace/Sources/SKHelperCore/Support/SKHelperEntitlementState.swift (in target 'SKHelperCore' from project 'SKHelper')
SwiftCompile normal arm64 /Users/admin/builder/spi-builder-workspace/Sources/SKHelperCore/Support/SKHelperEntitlementState.swift (in target 'SKHelperCore' from project 'SKHelper')
    cd /Users/admin/builder/spi-builder-workspace/.swiftpm/xcode
    builtin-SwiftPerFileCompile SKHelperEntitlementState.swift
SwiftCompile normal arm64 Compiling\ SKHelperPurchaseState.swift /Users/admin/builder/spi-builder-workspace/Sources/SKHelperCore/Support/SKHelperPurchaseState.swift (in target 'SKHelperCore' from project 'SKHelper')
SwiftCompile normal arm64 /Users/admin/builder/spi-builder-workspace/Sources/SKHelperCore/Support/SKHelperPurchaseState.swift (in target 'SKHelperCore' from project 'SKHelper')
    cd /Users/admin/builder/spi-builder-workspace/.swiftpm/xcode
    builtin-SwiftPerFileCompile SKHelperPurchaseState.swift
SwiftCompile normal arm64 Compiling\ SKHelperUnwrappedVerificationResult.swift /Users/admin/builder/spi-builder-workspace/Sources/SKHelperCore/Support/SKHelperUnwrappedVerificationResult.swift (in target 'SKHelperCore' from project 'SKHelper')
SwiftCompile normal arm64 /Users/admin/builder/spi-builder-workspace/Sources/SKHelperCore/Support/SKHelperUnwrappedVerificationResult.swift (in target 'SKHelperCore' from project 'SKHelper')
    cd /Users/admin/builder/spi-builder-workspace/.swiftpm/xcode
    builtin-SwiftPerFileCompile SKHelperUnwrappedVerificationResult.swift
SwiftCompile normal arm64 Compiling\ SKHelperNotification.swift,\ SKHelperProduct.swift /Users/admin/builder/spi-builder-workspace/Sources/SKHelperCore/Core/SKHelperNotification.swift /Users/admin/builder/spi-builder-workspace/Sources/SKHelperCore/Core/SKHelperProduct.swift (in target 'SKHelperCore' from project 'SKHelper')
SwiftCompile normal arm64 /Users/admin/builder/spi-builder-workspace/Sources/SKHelperCore/Core/SKHelperNotification.swift (in target 'SKHelperCore' from project 'SKHelper')
    cd /Users/admin/builder/spi-builder-workspace/.swiftpm/xcode
    builtin-SwiftPerFileCompile SKHelperNotification.swift
SwiftCompile normal arm64 /Users/admin/builder/spi-builder-workspace/Sources/SKHelperCore/Core/SKHelperProduct.swift (in target 'SKHelperCore' from project 'SKHelper')
    cd /Users/admin/builder/spi-builder-workspace/.swiftpm/xcode
    builtin-SwiftPerFileCompile SKHelperProduct.swift
SwiftCompile normal arm64 Compiling\ SKHelperPurchaseInfo.swift,\ SKHelperSubscriptionInfo.swift /Users/admin/builder/spi-builder-workspace/Sources/SKHelperCore/Core/SKHelperPurchaseInfo.swift /Users/admin/builder/spi-builder-workspace/Sources/SKHelperCore/Core/SKHelperSubscriptionInfo.swift (in target 'SKHelperCore' from project 'SKHelper')
SwiftCompile normal arm64 /Users/admin/builder/spi-builder-workspace/Sources/SKHelperCore/Core/SKHelperPurchaseInfo.swift (in target 'SKHelperCore' from project 'SKHelper')
    cd /Users/admin/builder/spi-builder-workspace/.swiftpm/xcode
    builtin-SwiftPerFileCompile SKHelperPurchaseInfo.swift
SwiftCompile normal arm64 /Users/admin/builder/spi-builder-workspace/Sources/SKHelperCore/Core/SKHelperSubscriptionInfo.swift (in target 'SKHelperCore' from project 'SKHelper')
    cd /Users/admin/builder/spi-builder-workspace/.swiftpm/xcode
    builtin-SwiftPerFileCompile SKHelperSubscriptionInfo.swift
SwiftCompile normal arm64 Compiling\ SKHelperSubscriptionState.swift /Users/admin/builder/spi-builder-workspace/Sources/SKHelperCore/Support/SKHelperSubscriptionState.swift (in target 'SKHelperCore' from project 'SKHelper')
SwiftCompile normal arm64 /Users/admin/builder/spi-builder-workspace/Sources/SKHelperCore/Support/SKHelperSubscriptionState.swift (in target 'SKHelperCore' from project 'SKHelper')
    cd /Users/admin/builder/spi-builder-workspace/.swiftpm/xcode
    builtin-SwiftPerFileCompile SKHelperSubscriptionState.swift
SwiftCompile normal arm64 Compiling\ SKHelper.swift,\ SKHelperConfiguration.swift /Users/admin/builder/spi-builder-workspace/Sources/SKHelperCore/Core/SKHelper.swift /Users/admin/builder/spi-builder-workspace/Sources/SKHelperCore/Core/SKHelperConfiguration.swift (in target 'SKHelperCore' from project 'SKHelper')
/Users/admin/builder/spi-builder-workspace/Sources/SKHelperCore/Core/SKHelper.swift:302:61: error: 'currentEntitlements(for:)' is only available in watchOS 11.4 or newer
  46 | @Observable
  47 | @available(iOS 17.0, macOS 14.6, *)
  48 | public class SKHelper {
     |              `- note: add '@available' attribute to enclosing class
  49 |
  50 |     // MARK: - Public properties
     :
 288 |     /// - Returns: Returns true if user is entitled to use the product, false otherwise.
 289 |     ///
 290 |     public func isPurchased(productId: ProductId) async -> Bool {
     |                 `- note: add '@available' attribute to enclosing instance method
 291 |         var latestTransaction: VerificationResult<StoreKit.Transaction>?
 292 |
     :
 300 |             if #available(iOS 18.4, macOS 15.4, *) {
 301 |                 // Note that use of Transaction.currentEntitlement(for:) has been deprecated with iOS 18.4 and higher
 302 |                 for await verificationResult in Transaction.currentEntitlements(for: productId) { latestTransaction = verificationResult }
     |                                                             |- error: 'currentEntitlements(for:)' is only available in watchOS 11.4 or newer
     |                                                             `- note: add 'if #available' version check
 303 |             } else {
 304 |                 latestTransaction = await Transaction.currentEntitlement(for: productId)
/Users/admin/builder/spi-builder-workspace/Sources/SKHelperCore/Core/SKHelper.swift:987:41: error: 'PurchaseIntent' is unavailable in watchOS
 985 |     private func handlePurchaseIntents() -> Task<Void, any Error> {
 986 |         return Task { @MainActor [self] in
 987 |             for await purchaseIntent in PurchaseIntent.intents {
     |                                         `- error: 'PurchaseIntent' is unavailable in watchOS
 988 |                 SKHelperLog.event(.purchaseIntentRecieved, productId: purchaseIntent.product.id)
 989 |                 let purchaseResult = await purchase(purchaseIntent.product)  // Proceed with the normal product purchase flow
StoreKit.PurchaseIntent:5:15: note: 'PurchaseIntent' has been explicitly marked unavailable here
 3 | @available(watchOS, unavailable)
 4 | @available(visionOS, unavailable)
 5 | public struct PurchaseIntent : Equatable, Sendable {
   |               `- note: 'PurchaseIntent' has been explicitly marked unavailable here
 6 |     public let product: Product
 7 |     @available(iOS 18.0, macOS 15.0, *)
Assertion failed: (Range.hasLowerEndpoint()), function getVersionString at AvailabilityRange.h:337.
(to display assertion configuration options: -Xllvm -assert-help)
Please submit a bug report (https://swift.org/contributing/#reporting-bugs) and include the crash backtrace.
Stack dump:
0.	Program arguments: /Applications/Xcode-27.0.0-Release.Candidate.app/Contents/Developer/Toolchains/XcodeDefault.xctoolchain/usr/bin/swift-frontend -frontend -c /Users/admin/builder/spi-builder-workspace/.derivedData/Build/Intermediates.noindex/SKHelper.build/Debug-watchos/SKHelperCore-t.build/DerivedSources/resource_bundle_accessor.swift /Users/admin/builder/spi-builder-workspace/Sources/SKHelperCore/Core/SKHelper+Extensions.swift -primary-file /Users/admin/builder/spi-builder-workspace/Sources/SKHelperCore/Core/SKHelper.swift -primary-file /Users/admin/builder/spi-builder-workspace/Sources/SKHelperCore/Core/SKHelperConfiguration.swift /Users/admin/builder/spi-builder-workspace/Sources/SKHelperCore/Core/SKHelperConstants.swift /Users/admin/builder/spi-builder-workspace/Sources/SKHelperCore/Core/SKHelperLog.swift /Users/admin/builder/spi-builder-workspace/Sources/SKHelperCore/Core/SKHelperNotification.swift /Users/admin/builder/spi-builder-workspace/Sources/SKHelperCore/Core/SKHelperProduct.swift /Users/admin/builder/spi-builder-workspace/Sources/SKHelperCore/Core/SKHelperPurchaseInfo.swift /Users/admin/builder/spi-builder-workspace/Sources/SKHelperCore/Core/SKHelperSubscriptionInfo.swift /Users/admin/builder/spi-builder-workspace/Sources/SKHelperCore/Support/SKHelperEntitlementState.swift /Users/admin/builder/spi-builder-workspace/Sources/SKHelperCore/Support/SKHelperPurchaseState.swift /Users/admin/builder/spi-builder-workspace/Sources/SKHelperCore/Support/SKHelperSubscriptionState.swift /Users/admin/builder/spi-builder-workspace/Sources/SKHelperCore/Support/SKHelperTransactionUpdateReason.swift /Users/admin/builder/spi-builder-workspace/Sources/SKHelperCore/Support/SKHelperUnwrappedVerificationResult.swift -emit-dependencies-path /Users/admin/builder/spi-builder-workspace/.derivedData/Build/Intermediates.noindex/SKHelper.build/Debug-watchos/SKHelperCore-t.build/Objects-normal/arm64/SKHelper.d -emit-const-values-path /Users/admin/builder/spi-builder-workspace/.derivedData/Build/Intermediates.noindex/SKHelper.build/Debug-watchos/SKHelperCore-t.build/Objects-normal/arm64/SKHelper.swiftconstvalues -emit-reference-dependencies-path /Users/admin/builder/spi-builder-workspace/.derivedData/Build/Intermediates.noindex/SKHelper.build/Debug-watchos/SKHelperCore-t.build/Objects-normal/arm64/SKHelper.swiftdeps -serialize-diagnostics-path /Users/admin/builder/spi-builder-workspace/.derivedData/Build/Intermediates.noindex/SKHelper.build/Debug-watchos/SKHelperCore-t.build/Objects-normal/arm64/SKHelper.dia -emit-dependencies-path /Users/admin/builder/spi-builder-workspace/.derivedData/Build/Intermediates.noindex/SKHelper.build/Debug-watchos/SKHelperCore-t.build/Objects-normal/arm64/SKHelperConfiguration.d -emit-const-values-path /Users/admin/builder/spi-builder-workspace/.derivedData/Build/Intermediates.noindex/SKHelper.build/Debug-watchos/SKHelperCore-t.build/Objects-normal/arm64/SKHelperConfiguration.swiftconstvalues -emit-reference-dependencies-path /Users/admin/builder/spi-builder-workspace/.derivedData/Build/Intermediates.noindex/SKHelper.build/Debug-watchos/SKHelperCore-t.build/Objects-normal/arm64/SKHelperConfiguration.swiftdeps -serialize-diagnostics-path /Users/admin/builder/spi-builder-workspace/.derivedData/Build/Intermediates.noindex/SKHelper.build/Debug-watchos/SKHelperCore-t.build/Objects-normal/arm64/SKHelperConfiguration.dia -target arm64-apple-watchos10.0 -disable-cross-import-overlay-search -swift-module-cross-import StoreKit /Applications/Xcode-27.0.0-Release.Candidate.app/Contents/Developer/Platforms/WatchOS.platform/Developer/SDKs/WatchOS.sdk/System/Library/Frameworks/StoreKit.framework/Modules/StoreKit.swiftcrossimport/SwiftUI.swiftoverlay -swift-module-cross-import StoreKit /Applications/Xcode-27.0.0-Release.Candidate.app/Contents/Developer/Platforms/WatchOS.platform/Developer/SDKs/WatchOS27.0.sdk/System/Library/Frameworks/StoreKit.framework/Modules/StoreKit.swiftcrossimport/SwiftUI.swiftoverlay -load-resolved-plugin /Applications/Xcode-27.0.0-Release.Candidate.app/Contents/Developer/Platforms/WatchOS.platform/Developer/usr/lib/swift/host/plugins/libFoundationMacros.dylib#/Applications/Xcode-27.0.0-Release.Candidate.app/Contents/Developer/Platforms/WatchOS.platform/Developer/usr/bin/swift-plugin-server#FoundationMacros -load-resolved-plugin /Applications/Xcode-27.0.0-Release.Candidate.app/Contents/Developer/Platforms/WatchOS.platform/Developer/usr/lib/swift/host/plugins/libObservationMacros.dylib#/Applications/Xcode-27.0.0-Release.Candidate.app/Contents/Developer/Platforms/WatchOS.platform/Developer/usr/bin/swift-plugin-server#ObservationMacros -load-resolved-plugin /Applications/Xcode-27.0.0-Release.Candidate.app/Contents/Developer/Platforms/WatchOS.platform/Developer/usr/lib/swift/host/plugins/libSwiftMacros.dylib#/Applications/Xcode-27.0.0-Release.Candidate.app/Contents/Developer/Platforms/WatchOS.platform/Developer/usr/bin/swift-plugin-server#SwiftMacros -load-resolved-plugin /Applications/Xcode-27.0.0-Release.Candidate.app/Contents/Developer/Platforms/WatchOS.platform/Developer/usr/lib/swift/host/plugins/libSwiftUIMacros.dylib#/Applications/Xcode-27.0.0-Release.Candidate.app/Contents/Developer/Platforms/WatchOS.platform/Developer/usr/bin/swift-plugin-server#SwiftUIMacros -disable-implicit-swift-modules -Xcc -fno-implicit-modules -Xcc -fno-implicit-module-maps -explicit-swift-module-map-file /Users/admin/builder/spi-builder-workspace/.derivedData/Build/Intermediates.noindex/SKHelper.build/Debug-watchos/SKHelperCore-t.build/Objects-normal/arm64/SKHelperCore-dependencies-2.json -Xllvm -aarch64-use-tbi -enable-objc-interop -stack-check -sdk /Applications/Xcode-27.0.0-Release.Candidate.app/Contents/Developer/Platforms/WatchOS.platform/Developer/SDKs/WatchOS27.0.sdk -I /Users/admin/builder/spi-builder-workspace/.derivedData/Build/Products/Debug-watchos -Isystem /Applications/Xcode-27.0.0-Release.Candidate.app/Contents/Developer/Platforms/WatchOS.platform/Developer/usr/lib -F /Users/admin/builder/spi-builder-workspace/.derivedData/Build/Products/Debug-watchos -F /Applications/Xcode-27.0.0-Release.Candidate.app/Contents/Developer/Platforms/WatchOS.platform/Developer/Library/Frameworks -F /Applications/Xcode-27.0.0-Release.Candidate.app/Contents/Developer/Platforms/WatchOS.platform/Developer/SDKs/WatchOS27.0.sdk/Developer/Library/Frameworks -module-cache-path /Users/admin/builder/spi-builder-workspace/.derivedData/Build/Intermediates.noindex/SwiftExplicitPrecompiledModules -no-color-diagnostics -Xcc -fno-color-diagnostics -enable-testing -g -debug-info-format=dwarf -dwarf-version=4 -profile-generate -profile-coverage-mapping -swift-version 6 -Onone -D SWIFT_PACKAGE -D DEBUG -D SWIFT_MODULE_RESOURCE_BUNDLE_AVAILABLE -D Xcode -serialize-debugging-options -enable-experimental-feature DebugDescriptionMacro -empty-abi-descriptor -validate-clang-modules-once -clang-build-session-file /Users/admin/builder/spi-builder-workspace/.derivedData/ModuleCache.noindex/Session.modulevalidation -Xcc -working-directory -Xcc /Users/admin/builder/spi-builder-workspace/.swiftpm/xcode -enable-anonymous-context-mangled-names -file-compilation-dir /Users/admin/builder/spi-builder-workspace/.swiftpm/xcode -Xcc -D_LIBCPP_HARDENING_MODE=_LIBCPP_HARDENING_MODE_DEBUG -Xcc -ivfsstatcache -Xcc /Users/admin/builder/spi-builder-workspace/.derivedData/SDKStatCaches.noindex/watchos27.0-24R360-e829b21a6f8c9b70876ba0858053c04477534ef55a1706bf4c1112bbb242f0a2.sdkstatcache -Xcc -fmodules-prune-interval=86400 -Xcc -fmodules-prune-after=345600 -Xcc -I/Users/admin/builder/spi-builder-workspace/.derivedData/Build/Products/Debug-watchos/include -Xcc -I/Users/admin/builder/spi-builder-workspace/.derivedData/Build/Intermediates.noindex/SKHelper.build/Debug-watchos/SKHelperCore-t.build/DerivedSources-normal/arm64 -Xcc -I/Users/admin/builder/spi-builder-workspace/.derivedData/Build/Intermediates.noindex/SKHelper.build/Debug-watchos/SKHelperCore-t.build/DerivedSources/arm64 -Xcc -I/Users/admin/builder/spi-builder-workspace/.derivedData/Build/Intermediates.noindex/SKHelper.build/Debug-watchos/SKHelperCore-t.build/DerivedSources -Xcc -DSWIFT_PACKAGE -Xcc -DDEBUG=1 -no-auto-bridging-header-chaining -module-name SKHelperCore -package-name spi_builder_workspace -const-gather-protocols-file /Users/admin/builder/spi-builder-workspace/.derivedData/Build/Intermediates.noindex/SKHelper.build/Debug-watchos/SKHelperCore-t.build/Objects-normal/arm64/SKHelperCore_const_extract_protocols.json -disable-clang-spi -clang-target arm64-apple-watchos27.0 -target-sdk-version 27.0 -target-sdk-name watchos27.0 -in-process-plugin-server-path /Applications/Xcode-27.0.0-Release.Candidate.app/Contents/Developer/Toolchains/XcodeDefault.xctoolchain/usr/lib/swift/host/libSwiftInProcPluginServer.dylib -parse-as-library -o /Users/admin/builder/spi-builder-workspace/.derivedData/Build/Intermediates.noindex/SKHelper.build/Debug-watchos/SKHelperCore-t.build/Objects-normal/arm64/SKHelper.o -o /Users/admin/builder/spi-builder-workspace/.derivedData/Build/Intermediates.noindex/SKHelper.build/Debug-watchos/SKHelperCore-t.build/Objects-normal/arm64/SKHelperConfiguration.o -debug-module-path /Users/admin/builder/spi-builder-workspace/.derivedData/Build/Intermediates.noindex/SKHelper.build/Debug-watchos/SKHelperCore-t.build/Objects-normal/arm64/SKHelperCore.swiftmodule -index-unit-output-path /SKHelper.build/Debug-watchos/SKHelperCore-t.build/Objects-normal/arm64/SKHelper.o -index-unit-output-path /SKHelper.build/Debug-watchos/SKHelperCore-t.build/Objects-normal/arm64/SKHelperConfiguration.o -index-store-path /Users/admin/builder/spi-builder-workspace/.derivedData/Index.noindex/DataStore -index-system-modules
1.	Apple Swift version 6.4 (swiftlang-6.4.0.34.1 clang-2100.3.34.1)
2.	Compiling with the current language version
3.	While evaluating request TypeCheckPrimaryFileRequest(source_file "/Users/admin/builder/spi-builder-workspace/Sources/SKHelperCore/Core/SKHelper.swift")
4.	While evaluating request TypeCheckFunctionBodyRequest(SKHelperCore.(file).SKHelper.handlePurchaseIntents()@/Users/admin/builder/spi-builder-workspace/Sources/SKHelperCore/Core/SKHelper.swift:985:18)
5.	While evaluating request DesugarForEachStmtRequest(ForEach)
6.	Assertion failed: (Range.hasLowerEndpoint()), function getVersionString at AvailabilityRange.h:337.
| 	(to display assertion configuration options: -Xllvm -assert-help)
Stack dump without symbol names (ensure you have llvm-symbolizer in your PATH or set the environment var `LLVM_SYMBOLIZER_PATH` to point to it):
0  swift-frontend           0x0000000108c0fbd0 llvm::sys::PrintStackTrace(llvm::raw_ostream&, int) + 56
1  swift-frontend           0x0000000108c0d358 llvm::sys::RunSignalHandlers() + 172
2  swift-frontend           0x0000000108c101c8 SignalHandler(int, __siginfo*, void*) + 360
3  libsystem_platform.dylib 0x000000018976d744 _sigtramp + 56
4  libsystem_pthread.dylib  0x00000001897638d8 pthread_kill + 296
5  libsystem_c.dylib        0x0000000189669978 abort + 148
6  swift-frontend           0x00000001043bebc4 _ABORT(char const*, int, char const*, llvm::function_ref<void (llvm::raw_ostream&)>) + 0
7  swift-frontend           0x00000001043beb80 _abortWithMessage(llvm::StringRef) + 0
8  swift-frontend           0x0000000103d11a5c (anonymous namespace)::DesugarForEachStmt::emitDiagnosticsForUnavailableConformance(swift::Type, swift::AvailabilityConstraint) + 1268
9  swift-frontend           0x0000000103d08a40 swift::DesugarForEachStmtRequest::evaluate(swift::Evaluator&, swift::ForEachStmt*) const + 456
10 swift-frontend           0x00000001043505a8 swift::DesugarForEachStmtRequest::OutputType swift::Evaluator::getResultUncached<swift::DesugarForEachStmtRequest, swift::DesugarForEachStmtRequest::OutputType swift::evaluateOrDefault<swift::DesugarForEachStmtRequest>(swift::Evaluator&, swift::DesugarForEachStmtRequest, swift::DesugarForEachStmtRequest::OutputType)::'lambda'()>(swift::DesugarForEachStmtRequest const&, swift::DesugarForEachStmtRequest::OutputType swift::evaluateOrDefault<swift::DesugarForEachStmtRequest>(swift::Evaluator&, swift::DesugarForEachStmtRequest, swift::DesugarForEachStmtRequest::OutputType)::'lambda'()) + 656
11 swift-frontend           0x0000000103d0cdec (anonymous namespace)::ContextualizationWalker::walkToStmtPre(swift::Stmt*) + 340
12 swift-frontend           0x000000010400b034 (anonymous namespace)::Traversal::visit(swift::Stmt*) + 2732
13 swift-frontend           0x0000000103f930ec swift::ASTNode::walk(swift::ASTWalker&) + 288
14 swift-frontend           0x0000000103d0cab0 (anonymous namespace)::ContextualizationWalker::walkToExprPre(swift::Expr*) + 144
15 swift-frontend           0x0000000104008678 (anonymous namespace)::Traversal::visitCaptureListExpr(swift::CaptureListExpr*) + 116
16 swift-frontend           0x0000000104007954 (anonymous namespace)::Traversal::visit(swift::Expr*) + 616
17 swift-frontend           0x0000000104007f78 (anonymous namespace)::Traversal::visitDynamicMemberRefExpr(swift::DynamicMemberRefExpr*) + 84
18 swift-frontend           0x0000000104007b88 (anonymous namespace)::Traversal::visit(swift::Expr*) + 1180
19 swift-frontend           0x000000010400d7f4 (anonymous namespace)::Traversal::visit(swift::ArgumentList*) + 260
20 swift-frontend           0x000000010400a188 (anonymous namespace)::Traversal::visitApplyExpr(swift::ApplyExpr*) + 196
21 swift-frontend           0x0000000104007740 (anonymous namespace)::Traversal::visit(swift::Expr*) + 84
22 swift-frontend           0x000000010400ad6c (anonymous namespace)::Traversal::visit(swift::Stmt*) + 2020
23 swift-frontend           0x000000010400b05c (anonymous namespace)::Traversal::visit(swift::Stmt*) + 2772
24 swift-frontend           0x0000000103f930ec swift::ASTNode::walk(swift::ASTWalker&) + 288
25 swift-frontend           0x0000000103d06be4 swift::TypeCheckFunctionBodyRequest::evaluate(swift::Evaluator&, swift::AbstractFunctionDecl*) const + 2368
26 swift-frontend           0x000000010417e838 swift::TypeCheckFunctionBodyRequest::OutputType swift::Evaluator::getResultUncached<swift::TypeCheckFunctionBodyRequest, swift::TypeCheckFunctionBodyRequest::OutputType swift::evaluateOrDefault<swift::TypeCheckFunctionBodyRequest>(swift::Evaluator&, swift::TypeCheckFunctionBodyRequest, swift::TypeCheckFunctionBodyRequest::OutputType)::'lambda'()>(swift::TypeCheckFunctionBodyRequest const&, swift::TypeCheckFunctionBodyRequest::OutputType swift::evaluateOrDefault<swift::TypeCheckFunctionBodyRequest>(swift::Evaluator&, swift::TypeCheckFunctionBodyRequest, swift::TypeCheckFunctionBodyRequest::OutputType)::'lambda'()) + 680
27 swift-frontend           0x000000010417e474 swift::TypeCheckFunctionBodyRequest::OutputType swift::Evaluator::getResultCached<swift::TypeCheckFunctionBodyRequest, swift::TypeCheckFunctionBodyRequest::OutputType swift::evaluateOrDefault<swift::TypeCheckFunctionBodyRequest>(swift::Evaluator&, swift::TypeCheckFunctionBodyRequest, swift::TypeCheckFunctionBodyRequest::OutputType)::'lambda'(), (void*)0>(swift::TypeCheckFunctionBodyRequest const&, swift::TypeCheckFunctionBodyRequest::OutputType swift::evaluateOrDefault<swift::TypeCheckFunctionBodyRequest>(swift::Evaluator&, swift::TypeCheckFunctionBodyRequest, swift::TypeCheckFunctionBodyRequest::OutputType)::'lambda'()) + 76
28 swift-frontend           0x000000010424370c swift::SourceFile::typeCheckDelayedFunctions() + 72
29 swift-frontend           0x0000000103d62444 swift::TypeCheckPrimaryFileRequest::evaluate(swift::Evaluator&, swift::SourceFile*) const + 1248
30 swift-frontend           0x0000000103d6b244 swift::TypeCheckPrimaryFileRequest::OutputType swift::Evaluator::getResultUncached<swift::TypeCheckPrimaryFileRequest, swift::TypeCheckPrimaryFileRequest::OutputType swift::evaluateOrDefault<swift::TypeCheckPrimaryFileRequest>(swift::Evaluator&, swift::TypeCheckPrimaryFileRequest, swift::TypeCheckPrimaryFileRequest::OutputType)::'lambda'()>(swift::TypeCheckPrimaryFileRequest const&, swift::TypeCheckPrimaryFileRequest::OutputType swift::evaluateOrDefault<swift::TypeCheckPrimaryFileRequest>(swift::Evaluator&, swift::TypeCheckPrimaryFileRequest, swift::TypeCheckPrimaryFileRequest::OutputType)::'lambda'()) + 648
31 swift-frontend           0x0000000103d6afa8 swift::TypeCheckPrimaryFileRequest::OutputType swift::Evaluator::getResultCached<swift::TypeCheckPrimaryFileRequest, swift::TypeCheckPrimaryFileRequest::OutputType swift::evaluateOrDefault<swift::TypeCheckPrimaryFileRequest>(swift::Evaluator&, swift::TypeCheckPrimaryFileRequest, swift::TypeCheckPrimaryFileRequest::OutputType)::'lambda'(), (void*)0>(swift::TypeCheckPrimaryFileRequest const&, swift::TypeCheckPrimaryFileRequest::OutputType swift::evaluateOrDefault<swift::TypeCheckPrimaryFileRequest>(swift::Evaluator&, swift::TypeCheckPrimaryFileRequest, swift::TypeCheckPrimaryFileRequest::OutputType)::'lambda'()) + 184
32 swift-frontend           0x0000000102b641a4 bool llvm::function_ref<bool (swift::SourceFile&)>::callback_fn<swift::CompilerInstance::performSema()::$_0>(long, swift::SourceFile&) + 116
33 swift-frontend           0x0000000102b5d11c swift::CompilerInstance::forEachFileToTypeCheck(llvm::function_ref<bool (swift::SourceFile&)>) + 176
34 swift-frontend           0x0000000102b5d03c swift::CompilerInstance::performSema() + 456
35 swift-frontend           0x0000000102724918 performCompile(swift::CompilerInstance&, int&, swift::FrontendObserver*, llvm::ArrayRef<char const*>) + 556
36 swift-frontend           0x0000000102721dc4 swift::performFrontend(llvm::ArrayRef<char const*>, char const*, void*, swift::FrontendObserver*) + 3776
37 swift-frontend           0x00000001026a1008 swift::mainEntry(int, char const**) + 5600
38 dyld                     0x00000001893984e4 start + 6992
Failed frontend command:
/Applications/Xcode-27.0.0-Release.Candidate.app/Contents/Developer/Toolchains/XcodeDefault.xctoolchain/usr/bin/swift-frontend -frontend -c /Users/admin/builder/spi-builder-workspace/.derivedData/Build/Intermediates.noindex/SKHelper.build/Debug-watchos/SKHelperCore-t.build/DerivedSources/resource_bundle_accessor.swift /Users/admin/builder/spi-builder-workspace/Sources/SKHelperCore/Core/SKHelper+Extensions.swift -primary-file /Users/admin/builder/spi-builder-workspace/Sources/SKHelperCore/Core/SKHelper.swift -primary-file /Users/admin/builder/spi-builder-workspace/Sources/SKHelperCore/Core/SKHelperConfiguration.swift /Users/admin/builder/spi-builder-workspace/Sources/SKHelperCore/Core/SKHelperConstants.swift /Users/admin/builder/spi-builder-workspace/Sources/SKHelperCore/Core/SKHelperLog.swift /Users/admin/builder/spi-builder-workspace/Sources/SKHelperCore/Core/SKHelperNotification.swift /Users/admin/builder/spi-builder-workspace/Sources/SKHelperCore/Core/SKHelperProduct.swift /Users/admin/builder/spi-builder-workspace/Sources/SKHelperCore/Core/SKHelperPurchaseInfo.swift /Users/admin/builder/spi-builder-workspace/Sources/SKHelperCore/Core/SKHelperSubscriptionInfo.swift /Users/admin/builder/spi-builder-workspace/Sources/SKHelperCore/Support/SKHelperEntitlementState.swift /Users/admin/builder/spi-builder-workspace/Sources/SKHelperCore/Support/SKHelperPurchaseState.swift /Users/admin/builder/spi-builder-workspace/Sources/SKHelperCore/Support/SKHelperSubscriptionState.swift /Users/admin/builder/spi-builder-workspace/Sources/SKHelperCore/Support/SKHelperTransactionUpdateReason.swift /Users/admin/builder/spi-builder-workspace/Sources/SKHelperCore/Support/SKHelperUnwrappedVerificationResult.swift -emit-dependencies-path /Users/admin/builder/spi-builder-workspace/.derivedData/Build/Intermediates.noindex/SKHelper.build/Debug-watchos/SKHelperCore-t.build/Objects-normal/arm64/SKHelper.d -emit-const-values-path /Users/admin/builder/spi-builder-workspace/.derivedData/Build/Intermediates.noindex/SKHelper.build/Debug-watchos/SKHelperCore-t.build/Objects-normal/arm64/SKHelper.swiftconstvalues -emit-reference-dependencies-path /Users/admin/builder/spi-builder-workspace/.derivedData/Build/Intermediates.noindex/SKHelper.build/Debug-watchos/SKHelperCore-t.build/Objects-normal/arm64/SKHelper.swiftdeps -serialize-diagnostics-path /Users/admin/builder/spi-builder-workspace/.derivedData/Build/Intermediates.noindex/SKHelper.build/Debug-watchos/SKHelperCore-t.build/Objects-normal/arm64/SKHelper.dia -emit-dependencies-path /Users/admin/builder/spi-builder-workspace/.derivedData/Build/Intermediates.noindex/SKHelper.build/Debug-watchos/SKHelperCore-t.build/Objects-normal/arm64/SKHelperConfiguration.d -emit-const-values-path /Users/admin/builder/spi-builder-workspace/.derivedData/Build/Intermediates.noindex/SKHelper.build/Debug-watchos/SKHelperCore-t.build/Objects-normal/arm64/SKHelperConfiguration.swiftconstvalues -emit-reference-dependencies-path /Users/admin/builder/spi-builder-workspace/.derivedData/Build/Intermediates.noindex/SKHelper.build/Debug-watchos/SKHelperCore-t.build/Objects-normal/arm64/SKHelperConfiguration.swiftdeps -serialize-diagnostics-path /Users/admin/builder/spi-builder-workspace/.derivedData/Build/Intermediates.noindex/SKHelper.build/Debug-watchos/SKHelperCore-t.build/Objects-normal/arm64/SKHelperConfiguration.dia -target arm64-apple-watchos10.0 -disable-cross-import-overlay-search -swift-module-cross-import StoreKit /Applications/Xcode-27.0.0-Release.Candidate.app/Contents/Developer/Platforms/WatchOS.platform/Developer/SDKs/WatchOS.sdk/System/Library/Frameworks/StoreKit.framework/Modules/StoreKit.swiftcrossimport/SwiftUI.swiftoverlay -swift-module-cross-import StoreKit /Applications/Xcode-27.0.0-Release.Candidate.app/Contents/Developer/Platforms/WatchOS.platform/Developer/SDKs/WatchOS27.0.sdk/System/Library/Frameworks/StoreKit.framework/Modules/StoreKit.swiftcrossimport/SwiftUI.swiftoverlay -load-resolved-plugin /Applications/Xcode-27.0.0-Release.Candidate.app/Contents/Developer/Platforms/WatchOS.platform/Developer/usr/lib/swift/host/plugins/libFoundationMacros.dylib\#/Applications/Xcode-27.0.0-Release.Candidate.app/Contents/Developer/Platforms/WatchOS.platform/Developer/usr/bin/swift-plugin-server\#FoundationMacros -load-resolved-plugin /Applications/Xcode-27.0.0-Release.Candidate.app/Contents/Developer/Platforms/WatchOS.platform/Developer/usr/lib/swift/host/plugins/libObservationMacros.dylib\#/Applications/Xcode-27.0.0-Release.Candidate.app/Contents/Developer/Platforms/WatchOS.platform/Developer/usr/bin/swift-plugin-server\#ObservationMacros -load-resolved-plugin /Applications/Xcode-27.0.0-Release.Candidate.app/Contents/Developer/Platforms/WatchOS.platform/Developer/usr/lib/swift/host/plugins/libSwiftMacros.dylib\#/Applications/Xcode-27.0.0-Release.Candidate.app/Contents/Developer/Platforms/WatchOS.platform/Developer/usr/bin/swift-plugin-server\#SwiftMacros -load-resolved-plugin /Applications/Xcode-27.0.0-Release.Candidate.app/Contents/Developer/Platforms/WatchOS.platform/Developer/usr/lib/swift/host/plugins/libSwiftUIMacros.dylib\#/Applications/Xcode-27.0.0-Release.Candidate.app/Contents/Developer/Platforms/WatchOS.platform/Developer/usr/bin/swift-plugin-server\#SwiftUIMacros -disable-implicit-swift-modules -Xcc -fno-implicit-modules -Xcc -fno-implicit-module-maps -explicit-swift-module-map-file /Users/admin/builder/spi-builder-workspace/.derivedData/Build/Intermediates.noindex/SKHelper.build/Debug-watchos/SKHelperCore-t.build/Objects-normal/arm64/SKHelperCore-dependencies-2.json -Xllvm -aarch64-use-tbi -enable-objc-interop -stack-check -sdk /Applications/Xcode-27.0.0-Release.Candidate.app/Contents/Developer/Platforms/WatchOS.platform/Developer/SDKs/WatchOS27.0.sdk -I /Users/admin/builder/spi-builder-workspace/.derivedData/Build/Products/Debug-watchos -Isystem /Applications/Xcode-27.0.0-Release.Candidate.app/Contents/Developer/Platforms/WatchOS.platform/Developer/usr/lib -F /Users/admin/builder/spi-builder-workspace/.derivedData/Build/Products/Debug-watchos -F /Applications/Xcode-27.0.0-Release.Candidate.app/Contents/Developer/Platforms/WatchOS.platform/Developer/Library/Frameworks -F /Applications/Xcode-27.0.0-Release.Candidate.app/Contents/Developer/Platforms/WatchOS.platform/Developer/SDKs/WatchOS27.0.sdk/Developer/Library/Frameworks -module-cache-path /Users/admin/builder/spi-builder-workspace/.derivedData/Build/Intermediates.noindex/SwiftExplicitPrecompiledModules -no-color-diagnostics -Xcc -fno-color-diagnostics -enable-testing -g -debug-info-format\=dwarf -dwarf-version\=4 -profile-generate -profile-coverage-mapping -swift-version 6 -Onone -D SWIFT_PACKAGE -D DEBUG -D SWIFT_MODULE_RESOURCE_BUNDLE_AVAILABLE -D Xcode -serialize-debugging-options -enable-experimental-feature DebugDescriptionMacro -empty-abi-descriptor -validate-clang-modules-once -clang-build-session-file /Users/admin/builder/spi-builder-workspace/.derivedData/ModuleCache.noindex/Session.modulevalidation -Xcc -working-directory -Xcc /Users/admin/builder/spi-builder-workspace/.swiftpm/xcode -enable-anonymous-context-mangled-names -file-compilation-dir /Users/admin/builder/spi-builder-workspace/.swiftpm/xcode -Xcc -D_LIBCPP_HARDENING_MODE\=_LIBCPP_HARDENING_MODE_DEBUG -Xcc -ivfsstatcache -Xcc /Users/admin/builder/spi-builder-workspace/.derivedData/SDKStatCaches.noindex/watchos27.0-24R360-e829b21a6f8c9b70876ba0858053c04477534ef55a1706bf4c1112bbb242f0a2.sdkstatcache -Xcc -fmodules-prune-interval\=86400 -Xcc -fmodules-prune-after\=345600 -Xcc -I/Users/admin/builder/spi-builder-workspace/.derivedData/Build/Products/Debug-watchos/include -Xcc -I/Users/admin/builder/spi-builder-workspace/.derivedData/Build/Intermediates.noindex/SKHelper.build/Debug-watchos/SKHelperCore-t.build/DerivedSources-normal/arm64 -Xcc -I/Users/admin/builder/spi-builder-workspace/.derivedData/Build/Intermediates.noindex/SKHelper.build/Debug-watchos/SKHelperCore-t.build/DerivedSources/arm64 -Xcc -I/Users/admin/builder/spi-builder-workspace/.derivedData/Build/Intermediates.noindex/SKHelper.build/Debug-watchos/SKHelperCore-t.build/DerivedSources -Xcc -DSWIFT_PACKAGE -Xcc -DDEBUG\=1 -no-auto-bridging-header-chaining -module-name SKHelperCore -package-name spi_builder_workspace -const-gather-protocols-file /Users/admin/builder/spi-builder-workspace/.derivedData/Build/Intermediates.noindex/SKHelper.build/Debug-watchos/SKHelperCore-t.build/Objects-normal/arm64/SKHelperCore_const_extract_protocols.json -disable-clang-spi -clang-target arm64-apple-watchos27.0 -target-sdk-version 27.0 -target-sdk-name watchos27.0 -in-process-plugin-server-path /Applications/Xcode-27.0.0-Release.Candidate.app/Contents/Developer/Toolchains/XcodeDefault.xctoolchain/usr/lib/swift/host/libSwiftInProcPluginServer.dylib -parse-as-library -o /Users/admin/builder/spi-builder-workspace/.derivedData/Build/Intermediates.noindex/SKHelper.build/Debug-watchos/SKHelperCore-t.build/Objects-normal/arm64/SKHelper.o -o /Users/admin/builder/spi-builder-workspace/.derivedData/Build/Intermediates.noindex/SKHelper.build/Debug-watchos/SKHelperCore-t.build/Objects-normal/arm64/SKHelperConfiguration.o -debug-module-path /Users/admin/builder/spi-builder-workspace/.derivedData/Build/Intermediates.noindex/SKHelper.build/Debug-watchos/SKHelperCore-t.build/Objects-normal/arm64/SKHelperCore.swiftmodule -index-unit-output-path /SKHelper.build/Debug-watchos/SKHelperCore-t.build/Objects-normal/arm64/SKHelper.o -index-unit-output-path /SKHelper.build/Debug-watchos/SKHelperCore-t.build/Objects-normal/arm64/SKHelperConfiguration.o -index-store-path /Users/admin/builder/spi-builder-workspace/.derivedData/Index.noindex/DataStore -index-system-modules
Command SwiftCompile failed with a nonzero exit code
SwiftCompile normal arm64 /Users/admin/builder/spi-builder-workspace/Sources/SKHelperCore/Core/SKHelper.swift (in target 'SKHelperCore' from project 'SKHelper')
    cd /Users/admin/builder/spi-builder-workspace/.swiftpm/xcode
    builtin-SwiftPerFileCompile SKHelper.swift
/Users/admin/builder/spi-builder-workspace/.derivedData/Build/Intermediates.noindex/SKHelper.build/Debug-watchos/SKHelperCore-t.build/Objects-normal/arm64/SKHelper.dia:1:1: warning: Could not read serialized diagnostics file: Error Domain=NSCocoaErrorDomain Code=260 "The file “SKHelper.dia” couldn’t be opened because there is no such file." UserInfo={NSFilePath=/Users/admin/builder/spi-builder-workspace/.derivedData/Build/Intermediates.noindex/SKHelper.build/Debug-watchos/SKHelperCore-t.build/Objects-normal/arm64/SKHelper.dia, NSURL=file:///Users/admin/builder/spi-builder-workspace/.derivedData/Build/Intermediates.noindex/SKHelper.build/Debug-watchos/SKHelperCore-t.build/Objects-normal/arm64/SKHelper.dia, NSUnderlyingError=0x9f4ed9c50 {Error Domain=NSPOSIXErrorDomain Code=2 "No such file or directory"}} (in target 'SKHelperCore' from project 'SKHelper')
SwiftCompile normal arm64 /Users/admin/builder/spi-builder-workspace/Sources/SKHelperCore/Core/SKHelperConfiguration.swift (in target 'SKHelperCore' from project 'SKHelper')
    cd /Users/admin/builder/spi-builder-workspace/.swiftpm/xcode
    builtin-SwiftPerFileCompile SKHelperConfiguration.swift
/Users/admin/builder/spi-builder-workspace/.derivedData/Build/Intermediates.noindex/SKHelper.build/Debug-watchos/SKHelperCore-t.build/Objects-normal/arm64/SKHelperConfiguration.dia:1:1: warning: Could not read serialized diagnostics file: Error Domain=NSCocoaErrorDomain Code=260 "The file “SKHelperConfiguration.dia” couldn’t be opened because there is no such file." UserInfo={NSFilePath=/Users/admin/builder/spi-builder-workspace/.derivedData/Build/Intermediates.noindex/SKHelper.build/Debug-watchos/SKHelperCore-t.build/Objects-normal/arm64/SKHelperConfiguration.dia, NSURL=file:///Users/admin/builder/spi-builder-workspace/.derivedData/Build/Intermediates.noindex/SKHelper.build/Debug-watchos/SKHelperCore-t.build/Objects-normal/arm64/SKHelperConfiguration.dia, NSUnderlyingError=0x9f4edae50 {Error Domain=NSPOSIXErrorDomain Code=2 "No such file or directory"}} (in target 'SKHelperCore' from project 'SKHelper')
SwiftEmitModule normal arm64_32 Emitting\ module\ for\ SKHelperCore (in target 'SKHelperCore' from project 'SKHelper')
SwiftCompile normal arm64_32 (in target 'SKHelperCore' from project 'SKHelper')
    cd /Users/admin/builder/spi-builder-workspace/.swiftpm/xcode

SwiftDriverJobDiscovery normal arm64 Emitting module for SKHelperCore (in target 'SKHelperCore' from project 'SKHelper')
SwiftDriver\ Compilation\ Requirements SKHelperCore normal arm64 com.apple.xcode.tools.swift.compiler (in target 'SKHelperCore' from project 'SKHelper')
    cd /Users/admin/builder/spi-builder-workspace/.swiftpm/xcode
    builtin-Swift-Compilation-Requirements -- /Applications/Xcode-27.0.0-Release.Candidate.app/Contents/Developer/Toolchains/XcodeDefault.xctoolchain/usr/bin/swiftc -parse-as-library -module-name SKHelperCore -Onone @/Users/admin/builder/spi-builder-workspace/.derivedData/Build/Intermediates.noindex/SKHelper.build/Debug-watchos/SKHelperCore-t.build/Objects-normal/arm64/SKHelperCore.SwiftFileList -DSWIFT_PACKAGE -DDEBUG -DSWIFT_MODULE_RESOURCE_BUNDLE_AVAILABLE -DXcode -plugin-path /Applications/Xcode-27.0.0-Release.Candidate.app/Contents/Developer/Toolchains/XcodeDefault.xctoolchain/usr/lib/swift/host/plugins/testing -enable-experimental-feature DebugDescriptionMacro -sdk /Applications/Xcode-27.0.0-Release.Candidate.app/Contents/Developer/Platforms/WatchOS.platform/Developer/SDKs/WatchOS27.0.sdk -target arm64-apple-watchos10.0 -g -module-cache-path /Users/admin/builder/spi-builder-workspace/.derivedData/ModuleCache.noindex -Xfrontend -serialize-debugging-options -profile-coverage-mapping -profile-generate -enable-testing -index-store-path /Users/admin/builder/spi-builder-workspace/.derivedData/Index.noindex/DataStore -Xcc -D_LIBCPP_HARDENING_MODE\=_LIBCPP_HARDENING_MODE_DEBUG -swift-version 6 -I /Users/admin/builder/spi-builder-workspace/.derivedData/Build/Products/Debug-watchos -Isystem /Applications/Xcode-27.0.0-Release.Candidate.app/Contents/Developer/Platforms/WatchOS.platform/Developer/usr/lib -F /Users/admin/builder/spi-builder-workspace/.derivedData/Build/Products/Debug-watchos -F /Applications/Xcode-27.0.0-Release.Candidate.app/Contents/Developer/Platforms/WatchOS.platform/Developer/Library/Frameworks -F /Applications/Xcode-27.0.0-Release.Candidate.app/Contents/Developer/Platforms/WatchOS.platform/Developer/SDKs/WatchOS27.0.sdk/Developer/Library/Frameworks -c -j10 -enable-batch-mode -incremental -Xcc -ivfsstatcache -Xcc /Users/admin/builder/spi-builder-workspace/.derivedData/SDKStatCaches.noindex/watchos27.0-24R360-e829b21a6f8c9b70876ba0858053c04477534ef55a1706bf4c1112bbb242f0a2.sdkstatcache -output-file-map /Users/admin/builder/spi-builder-workspace/.derivedData/Build/Intermediates.noindex/SKHelper.build/Debug-watchos/SKHelperCore-t.build/Objects-normal/arm64/SKHelperCore-OutputFileMap.json -save-temps -no-color-diagnostics -explicit-module-build -module-cache-path /Users/admin/builder/spi-builder-workspace/.derivedData/Build/Intermediates.noindex/SwiftExplicitPrecompiledModules -clang-scanner-module-cache-path /Users/admin/builder/spi-builder-workspace/.derivedData/ModuleCache.noindex -sdk-module-cache-path /Users/admin/builder/spi-builder-workspace/.derivedData/SDKExplicitPrecompiledModules -emit-dependencies -emit-module -emit-module-path /Users/admin/builder/spi-builder-workspace/.derivedData/Build/Intermediates.noindex/SKHelper.build/Debug-watchos/SKHelperCore-t.build/Objects-normal/arm64/SKHelperCore.swiftmodule -serialize-diagnostics -dependency-scan-serialize-diagnostics-path /Users/admin/builder/spi-builder-workspace/.derivedData/Build/Intermediates.noindex/SKHelper.build/Debug-watchos/SKHelperCore-t.build/Objects-normal/arm64/SKHelperCore-dependency-scan.dia -validate-clang-modules-once -clang-build-session-file /Users/admin/builder/spi-builder-workspace/.derivedData/ModuleCache.noindex/Session.modulevalidation -Xcc -fmodules-prune-interval\=86400 -Xcc -fmodules-prune-after\=345600 -package-name spi_builder_workspace -emit-const-values -const-gather-protocols-list /Users/admin/builder/spi-builder-workspace/.derivedData/Build/Intermediates.noindex/SKHelper.build/Debug-watchos/SKHelperCore-t.build/Objects-normal/arm64/SKHelperCore_const_extract_protocols.json -Xcc -I/Users/admin/builder/spi-builder-workspace/.derivedData/Build/Products/Debug-watchos/include -Xcc -I/Users/admin/builder/spi-builder-workspace/.derivedData/Build/Intermediates.noindex/SKHelper.build/Debug-watchos/SKHelperCore-t.build/DerivedSources-normal/arm64 -Xcc -I/Users/admin/builder/spi-builder-workspace/.derivedData/Build/Intermediates.noindex/SKHelper.build/Debug-watchos/SKHelperCore-t.build/DerivedSources/arm64 -Xcc -I/Users/admin/builder/spi-builder-workspace/.derivedData/Build/Intermediates.noindex/SKHelper.build/Debug-watchos/SKHelperCore-t.build/DerivedSources -Xcc -DSWIFT_PACKAGE -Xcc -DDEBUG\=1 -emit-objc-header -emit-objc-header-path /Users/admin/builder/spi-builder-workspace/.derivedData/Build/Intermediates.noindex/SKHelper.build/Debug-watchos/SKHelperCore-t.build/Objects-normal/arm64/SKHelperCore-Swift.h -working-directory /Users/admin/builder/spi-builder-workspace/.swiftpm/xcode -experimental-emit-module-separately -disable-cmo
PruneExplicitPrecompiledModules /Users/admin/builder/spi-builder-workspace/.derivedData/SDKExplicitPrecompiledModules
PruneExplicitPrecompiledModules /Users/admin/builder/spi-builder-workspace/.derivedData/Build/Intermediates.noindex/SwiftExplicitPrecompiledModules
PruneExplicitPrecompiledModules /Users/admin/builder/spi-builder-workspace/.derivedData/Build/Intermediates.noindex/ExplicitPrecompiledModules
2026-09-26 01:08:47.385 xcodebuild[940:5790] [MT] IDERunDestination: Supported platforms for the buildables in the current scheme is empty.
2026-09-26 01:08:47.488 xcodebuild[940:5790] [MT] IDERunDestination: Supported platforms for the buildables in the current scheme is empty.
2026-09-26 01:08:55.813 xcodebuild[940:5790] [MT] IDERunDestination: Supported platforms for the buildables in the current scheme is empty.
** BUILD FAILED **
The following build commands failed:
	SwiftCompile normal arm64 Compiling\ SKHelper.swift,\ SKHelperConfiguration.swift /Users/admin/builder/spi-builder-workspace/Sources/SKHelperCore/Core/SKHelper.swift /Users/admin/builder/spi-builder-workspace/Sources/SKHelperCore/Core/SKHelperConfiguration.swift (in target 'SKHelperCore' from project 'SKHelper')
	Building workspace SKHelper with scheme SKHelper-Package
(2 failures)
Command line invocation:
    /Applications/Xcode-27.0.0-Release.Candidate.app/Contents/Developer/usr/bin/xcodebuild -IDEClonedSourcePackagesDirPathOverride=/Users/admin/builder/spi-builder-workspace/.dependencies -resolvePackageDependencies
Resolve Package Graph
Resolved source packages:
  SymbolKit: https://github.com/swiftlang/swift-docc-symbolkit @ 1.0.0
  SwiftDocCPlugin: https://github.com/apple/swift-docc-plugin.git @ 1.5.0
  SKHelper: /Users/admin/builder/spi-builder-workspace
resolved source packages: SymbolKit, SwiftDocCPlugin, SKHelper
2026-09-26 01:09:07.975 xcodebuild[1192:7034] [MT] IDERunDestination: Supported platforms for the buildables in the current scheme is empty.
2026-09-26 01:09:08.077 xcodebuild[1192:7034] [MT] IDERunDestination: Supported platforms for the buildables in the current scheme is empty.
{
  "dependencies" : [
    {
      "identity" : "swift-docc-plugin",
      "requirement" : {
        "range" : [
          {
            "lower_bound" : "1.4.0",
            "upper_bound" : "2.0.0"
          }
        ]
      },
      "type" : "sourceControl",
      "url" : "https://github.com/apple/swift-docc-plugin.git"
    }
  ],
  "manifest_display_name" : "SKHelper",
  "name" : "SKHelper",
  "path" : "/Users/admin/builder/spi-builder-workspace",
  "platforms" : [
    {
      "name" : "ios",
      "version" : "17.0"
    },
    {
      "name" : "macos",
      "version" : "14.6"
    }
  ],
  "products" : [
    {
      "name" : "SKHelperCore",
      "targets" : [
        "SKHelperCore"
      ],
      "type" : {
        "library" : [
          "automatic"
        ]
      }
    },
    {
      "name" : "SKHelperUI",
      "targets" : [
        "SKHelperUI"
      ],
      "type" : {
        "library" : [
          "automatic"
        ]
      }
    }
  ],
  "targets" : [
    {
      "c99name" : "SKHelperUITests",
      "module_type" : "SwiftTarget",
      "name" : "SKHelperUITests",
      "path" : "Tests/SKHelperUITests",
      "sources" : [
        "SKHelperUIImportTests.swift"
      ],
      "target_dependencies" : [
        "SKHelperUI"
      ],
      "type" : "test"
    },
    {
      "c99name" : "SKHelperUI",
      "module_type" : "SwiftTarget",
      "name" : "SKHelperUI",
      "path" : "Sources/SKHelperUI",
      "product_memberships" : [
        "SKHelperUI"
      ],
      "sources" : [
        "SKHelperUI.swift",
        "Styles/SKHelperButtons.swift",
        "Styles/SKHelperProductViewStyle.swift",
        "Styles/SKHelperTapGesture.swift",
        "ViewModifiers/OnProductsAvailable.swift",
        "ViewModifiers/OnSubscriptionChange.swift",
        "ViewModifiers/OnTransaction.swift",
        "Views/SKHelperManagePurchaseView.swift",
        "Views/SKHelperProductView.swift",
        "Views/SKHelperPurchaseInfoFieldText.swift",
        "Views/SKHelperPurchaseInfoFieldView.swift",
        "Views/SKHelperPurchaseInfoMain.swift",
        "Views/SKHelperPurchaseInfoManage.swift",
        "Views/SKHelperPurchasesView.swift",
        "Views/SKHelperSheetBarView.swift",
        "Views/SKHelperStoreView.swift",
        "Views/SKHelperStoreViewBody.swift",
        "Views/SKHelperSubscriptionInfoMain.swift",
        "Views/SKHelperSubscriptionInfoManage.swift",
        "Views/SKHelperSubscriptionStoreView.swift"
      ],
      "target_dependencies" : [
        "SKHelperCore"
      ],
      "type" : "library"
    },
    {
      "c99name" : "SKHelperCoreTests",
      "module_type" : "SwiftTarget",
      "name" : "SKHelperCoreTests",
      "path" : "Tests/SKHelperCoreTests",
      "sources" : [
        "SKHelperCoreImportTests.swift"
      ],
      "target_dependencies" : [
        "SKHelperCore"
      ],
      "type" : "test"
    },
    {
      "c99name" : "SKHelperCore",
      "module_type" : "SwiftTarget",
      "name" : "SKHelperCore",
      "path" : "Sources/SKHelperCore",
      "product_memberships" : [
        "SKHelperCore",
        "SKHelperUI"
      ],
      "resources" : [
        {
          "path" : "/Users/admin/builder/spi-builder-workspace/Sources/SKHelperCore/Resources/PrivacyInfo.xcprivacy",
          "rule" : {
            "process" : {
            }
          }
        }
      ],
      "sources" : [
        "Core/SKHelper+Extensions.swift",
        "Core/SKHelper.swift",
        "Core/SKHelperConfiguration.swift",
        "Core/SKHelperConstants.swift",
        "Core/SKHelperLog.swift",
        "Core/SKHelperNotification.swift",
        "Core/SKHelperProduct.swift",
        "Core/SKHelperPurchaseInfo.swift",
        "Core/SKHelperSubscriptionInfo.swift",
        "Support/SKHelperEntitlementState.swift",
        "Support/SKHelperPurchaseState.swift",
        "Support/SKHelperSubscriptionState.swift",
        "Support/SKHelperTransactionUpdateReason.swift",
        "Support/SKHelperUnwrappedVerificationResult.swift"
      ],
      "type" : "library"
    }
  ],
  "tools_version" : "6.1"
}
{
  "workspace" : {
    "name" : "SKHelper",
    "schemes" : [
      "SKHelper",
      "SKHelper-Package",
      "SKHelperCore",
      "SKHelperUI"
    ]
  }
}
2026-09-26 01:09:15.404 xcodebuild[1251:7451] [MT] IDERunDestination: Supported platforms for the buildables in the current scheme is empty.
2026-09-26 01:09:15.508 xcodebuild[1251:7451] [MT] IDERunDestination: Supported platforms for the buildables in the current scheme is empty.
Running build ...
env DEVELOPER_DIR=/Applications/Xcode-27.0.0-Release.Candidate.app xcrun xcodebuild -IDEClonedSourcePackagesDirPathOverride=$PWD/.dependencies -skipMacroValidation -skipPackagePluginValidation -derivedDataPath $PWD/.derivedData build -scheme SKHelper-Package -destination generic/platform=watchOS
Command line invocation:
    /Applications/Xcode-27.0.0-Release.Candidate.app/Contents/Developer/usr/bin/xcodebuild -IDEClonedSourcePackagesDirPathOverride=/Users/admin/builder/spi-builder-workspace/.dependencies -skipMacroValidation -skipPackagePluginValidation -derivedDataPath /Users/admin/builder/spi-builder-workspace/.derivedData build -scheme SKHelper-Package -destination generic/platform=watchOS
Resolve Package Graph
Resolved source packages:
  SKHelper: /Users/admin/builder/spi-builder-workspace
  SwiftDocCPlugin: https://github.com/apple/swift-docc-plugin.git @ 1.5.0
  SymbolKit: https://github.com/swiftlang/swift-docc-symbolkit @ 1.0.0
ComputePackagePrebuildTargetDependencyGraph
Prepare packages
CreateBuildRequest
SendProjectDescription
CreateBuildOperation
ComputeTargetDependencyGraph
note: Building targets in dependency order
note: Target dependency graph (5 targets)
    Target 'SKHelperUI-product' in project 'SKHelper'
        ➜ Explicit dependency on target 'SKHelperUI' in project 'SKHelper'
        ➜ Explicit dependency on target 'SKHelperCore' in project 'SKHelper'
    Target 'SKHelperUI' in project 'SKHelper'
        ➜ Explicit dependency on target 'SKHelperCore' in project 'SKHelper'
    Target 'SKHelperCore-product' in project 'SKHelper'
        ➜ Explicit dependency on target 'SKHelperCore' in project 'SKHelper'
        ➜ Explicit dependency on target 'SKHelper_SKHelperCore' in project 'SKHelper'
    Target 'SKHelperCore' in project 'SKHelper'
        ➜ Explicit dependency on target 'SKHelper_SKHelperCore' in project 'SKHelper'
    Target 'SKHelper_SKHelperCore' in project 'SKHelper' (no dependencies)
GatherProvisioningInputs
CreateBuildDescription
ClangStatCache /Applications/Xcode-27.0.0-Release.Candidate.app/Contents/Developer/Toolchains/XcodeDefault.xctoolchain/usr/bin/clang-stat-cache /Applications/Xcode-27.0.0-Release.Candidate.app/Contents/Developer/Platforms/WatchOS.platform/Developer/SDKs/WatchOS27.0.sdk /Users/admin/builder/spi-builder-workspace/.derivedData/SDKStatCaches.noindex/watchos27.0-24R360-e829b21a6f8c9b70876ba0858053c04477534ef55a1706bf4c1112bbb242f0a2.sdkstatcache
    cd /Users/admin/builder/spi-builder-workspace/.swiftpm/xcode
    /Applications/Xcode-27.0.0-Release.Candidate.app/Contents/Developer/Toolchains/XcodeDefault.xctoolchain/usr/bin/clang-stat-cache /Applications/Xcode-27.0.0-Release.Candidate.app/Contents/Developer/Platforms/WatchOS.platform/Developer/SDKs/WatchOS27.0.sdk -o /Users/admin/builder/spi-builder-workspace/.derivedData/SDKStatCaches.noindex/watchos27.0-24R360-e829b21a6f8c9b70876ba0858053c04477534ef55a1706bf4c1112bbb242f0a2.sdkstatcache
SwiftDriver SKHelperCore normal arm64_32 com.apple.xcode.tools.swift.compiler (in target 'SKHelperCore' from project 'SKHelper')
    cd /Users/admin/builder/spi-builder-workspace/.swiftpm/xcode
    builtin-SwiftDriver -- /Applications/Xcode-27.0.0-Release.Candidate.app/Contents/Developer/Toolchains/XcodeDefault.xctoolchain/usr/bin/swiftc -parse-as-library -module-name SKHelperCore -Onone @/Users/admin/builder/spi-builder-workspace/.derivedData/Build/Intermediates.noindex/SKHelper.build/Debug-watchos/SKHelperCore-t.build/Objects-normal/arm64_32/SKHelperCore.SwiftFileList -DSWIFT_PACKAGE -DDEBUG -DSWIFT_MODULE_RESOURCE_BUNDLE_AVAILABLE -DXcode -plugin-path /Applications/Xcode-27.0.0-Release.Candidate.app/Contents/Developer/Toolchains/XcodeDefault.xctoolchain/usr/lib/swift/host/plugins/testing -enable-experimental-feature DebugDescriptionMacro -sdk /Applications/Xcode-27.0.0-Release.Candidate.app/Contents/Developer/Platforms/WatchOS.platform/Developer/SDKs/WatchOS27.0.sdk -target arm64_32-apple-watchos10.0 -g -module-cache-path /Users/admin/builder/spi-builder-workspace/.derivedData/ModuleCache.noindex -Xfrontend -serialize-debugging-options -profile-coverage-mapping -profile-generate -enable-testing -index-store-path /Users/admin/builder/spi-builder-workspace/.derivedData/Index.noindex/DataStore -Xcc -D_LIBCPP_HARDENING_MODE\=_LIBCPP_HARDENING_MODE_DEBUG -swift-version 6 -I /Users/admin/builder/spi-builder-workspace/.derivedData/Build/Products/Debug-watchos -Isystem /Applications/Xcode-27.0.0-Release.Candidate.app/Contents/Developer/Platforms/WatchOS.platform/Developer/usr/lib -F /Users/admin/builder/spi-builder-workspace/.derivedData/Build/Products/Debug-watchos -F /Applications/Xcode-27.0.0-Release.Candidate.app/Contents/Developer/Platforms/WatchOS.platform/Developer/Library/Frameworks -F /Applications/Xcode-27.0.0-Release.Candidate.app/Contents/Developer/Platforms/WatchOS.platform/Developer/SDKs/WatchOS27.0.sdk/Developer/Library/Frameworks -c -j10 -enable-batch-mode -incremental -Xcc -ivfsstatcache -Xcc /Users/admin/builder/spi-builder-workspace/.derivedData/SDKStatCaches.noindex/watchos27.0-24R360-e829b21a6f8c9b70876ba0858053c04477534ef55a1706bf4c1112bbb242f0a2.sdkstatcache -output-file-map /Users/admin/builder/spi-builder-workspace/.derivedData/Build/Intermediates.noindex/SKHelper.build/Debug-watchos/SKHelperCore-t.build/Objects-normal/arm64_32/SKHelperCore-OutputFileMap.json -save-temps -no-color-diagnostics -explicit-module-build -module-cache-path /Users/admin/builder/spi-builder-workspace/.derivedData/Build/Intermediates.noindex/SwiftExplicitPrecompiledModules -clang-scanner-module-cache-path /Users/admin/builder/spi-builder-workspace/.derivedData/ModuleCache.noindex -sdk-module-cache-path /Users/admin/builder/spi-builder-workspace/.derivedData/SDKExplicitPrecompiledModules -emit-dependencies -emit-module -emit-module-path /Users/admin/builder/spi-builder-workspace/.derivedData/Build/Intermediates.noindex/SKHelper.build/Debug-watchos/SKHelperCore-t.build/Objects-normal/arm64_32/SKHelperCore.swiftmodule -serialize-diagnostics -dependency-scan-serialize-diagnostics-path /Users/admin/builder/spi-builder-workspace/.derivedData/Build/Intermediates.noindex/SKHelper.build/Debug-watchos/SKHelperCore-t.build/Objects-normal/arm64_32/SKHelperCore-dependency-scan.dia -validate-clang-modules-once -clang-build-session-file /Users/admin/builder/spi-builder-workspace/.derivedData/ModuleCache.noindex/Session.modulevalidation -Xcc -fmodules-prune-interval\=86400 -Xcc -fmodules-prune-after\=345600 -package-name spi_builder_workspace -emit-const-values -const-gather-protocols-list /Users/admin/builder/spi-builder-workspace/.derivedData/Build/Intermediates.noindex/SKHelper.build/Debug-watchos/SKHelperCore-t.build/Objects-normal/arm64_32/SKHelperCore_const_extract_protocols.json -Xcc -I/Users/admin/builder/spi-builder-workspace/.derivedData/Build/Products/Debug-watchos/include -Xcc -I/Users/admin/builder/spi-builder-workspace/.derivedData/Build/Intermediates.noindex/SKHelper.build/Debug-watchos/SKHelperCore-t.build/DerivedSources-normal/arm64_32 -Xcc -I/Users/admin/builder/spi-builder-workspace/.derivedData/Build/Intermediates.noindex/SKHelper.build/Debug-watchos/SKHelperCore-t.build/DerivedSources/arm64_32 -Xcc -I/Users/admin/builder/spi-builder-workspace/.derivedData/Build/Intermediates.noindex/SKHelper.build/Debug-watchos/SKHelperCore-t.build/DerivedSources -Xcc -DSWIFT_PACKAGE -Xcc -DDEBUG\=1 -emit-objc-header -emit-objc-header-path /Users/admin/builder/spi-builder-workspace/.derivedData/Build/Intermediates.noindex/SKHelper.build/Debug-watchos/SKHelperCore-t.build/Objects-normal/arm64_32/SKHelperCore-Swift.h -working-directory /Users/admin/builder/spi-builder-workspace/.swiftpm/xcode -experimental-emit-module-separately -disable-cmo
SwiftDriver SKHelperCore normal arm64 com.apple.xcode.tools.swift.compiler (in target 'SKHelperCore' from project 'SKHelper')
    cd /Users/admin/builder/spi-builder-workspace/.swiftpm/xcode
    builtin-SwiftDriver -- /Applications/Xcode-27.0.0-Release.Candidate.app/Contents/Developer/Toolchains/XcodeDefault.xctoolchain/usr/bin/swiftc -parse-as-library -module-name SKHelperCore -Onone @/Users/admin/builder/spi-builder-workspace/.derivedData/Build/Intermediates.noindex/SKHelper.build/Debug-watchos/SKHelperCore-t.build/Objects-normal/arm64/SKHelperCore.SwiftFileList -DSWIFT_PACKAGE -DDEBUG -DSWIFT_MODULE_RESOURCE_BUNDLE_AVAILABLE -DXcode -plugin-path /Applications/Xcode-27.0.0-Release.Candidate.app/Contents/Developer/Toolchains/XcodeDefault.xctoolchain/usr/lib/swift/host/plugins/testing -enable-experimental-feature DebugDescriptionMacro -sdk /Applications/Xcode-27.0.0-Release.Candidate.app/Contents/Developer/Platforms/WatchOS.platform/Developer/SDKs/WatchOS27.0.sdk -target arm64-apple-watchos10.0 -g -module-cache-path /Users/admin/builder/spi-builder-workspace/.derivedData/ModuleCache.noindex -Xfrontend -serialize-debugging-options -profile-coverage-mapping -profile-generate -enable-testing -index-store-path /Users/admin/builder/spi-builder-workspace/.derivedData/Index.noindex/DataStore -Xcc -D_LIBCPP_HARDENING_MODE\=_LIBCPP_HARDENING_MODE_DEBUG -swift-version 6 -I /Users/admin/builder/spi-builder-workspace/.derivedData/Build/Products/Debug-watchos -Isystem /Applications/Xcode-27.0.0-Release.Candidate.app/Contents/Developer/Platforms/WatchOS.platform/Developer/usr/lib -F /Users/admin/builder/spi-builder-workspace/.derivedData/Build/Products/Debug-watchos -F /Applications/Xcode-27.0.0-Release.Candidate.app/Contents/Developer/Platforms/WatchOS.platform/Developer/Library/Frameworks -F /Applications/Xcode-27.0.0-Release.Candidate.app/Contents/Developer/Platforms/WatchOS.platform/Developer/SDKs/WatchOS27.0.sdk/Developer/Library/Frameworks -c -j10 -enable-batch-mode -incremental -Xcc -ivfsstatcache -Xcc /Users/admin/builder/spi-builder-workspace/.derivedData/SDKStatCaches.noindex/watchos27.0-24R360-e829b21a6f8c9b70876ba0858053c04477534ef55a1706bf4c1112bbb242f0a2.sdkstatcache -output-file-map /Users/admin/builder/spi-builder-workspace/.derivedData/Build/Intermediates.noindex/SKHelper.build/Debug-watchos/SKHelperCore-t.build/Objects-normal/arm64/SKHelperCore-OutputFileMap.json -save-temps -no-color-diagnostics -explicit-module-build -module-cache-path /Users/admin/builder/spi-builder-workspace/.derivedData/Build/Intermediates.noindex/SwiftExplicitPrecompiledModules -clang-scanner-module-cache-path /Users/admin/builder/spi-builder-workspace/.derivedData/ModuleCache.noindex -sdk-module-cache-path /Users/admin/builder/spi-builder-workspace/.derivedData/SDKExplicitPrecompiledModules -emit-dependencies -emit-module -emit-module-path /Users/admin/builder/spi-builder-workspace/.derivedData/Build/Intermediates.noindex/SKHelper.build/Debug-watchos/SKHelperCore-t.build/Objects-normal/arm64/SKHelperCore.swiftmodule -serialize-diagnostics -dependency-scan-serialize-diagnostics-path /Users/admin/builder/spi-builder-workspace/.derivedData/Build/Intermediates.noindex/SKHelper.build/Debug-watchos/SKHelperCore-t.build/Objects-normal/arm64/SKHelperCore-dependency-scan.dia -validate-clang-modules-once -clang-build-session-file /Users/admin/builder/spi-builder-workspace/.derivedData/ModuleCache.noindex/Session.modulevalidation -Xcc -fmodules-prune-interval\=86400 -Xcc -fmodules-prune-after\=345600 -package-name spi_builder_workspace -emit-const-values -const-gather-protocols-list /Users/admin/builder/spi-builder-workspace/.derivedData/Build/Intermediates.noindex/SKHelper.build/Debug-watchos/SKHelperCore-t.build/Objects-normal/arm64/SKHelperCore_const_extract_protocols.json -Xcc -I/Users/admin/builder/spi-builder-workspace/.derivedData/Build/Products/Debug-watchos/include -Xcc -I/Users/admin/builder/spi-builder-workspace/.derivedData/Build/Intermediates.noindex/SKHelper.build/Debug-watchos/SKHelperCore-t.build/DerivedSources-normal/arm64 -Xcc -I/Users/admin/builder/spi-builder-workspace/.derivedData/Build/Intermediates.noindex/SKHelper.build/Debug-watchos/SKHelperCore-t.build/DerivedSources/arm64 -Xcc -I/Users/admin/builder/spi-builder-workspace/.derivedData/Build/Intermediates.noindex/SKHelper.build/Debug-watchos/SKHelperCore-t.build/DerivedSources -Xcc -DSWIFT_PACKAGE -Xcc -DDEBUG\=1 -emit-objc-header -emit-objc-header-path /Users/admin/builder/spi-builder-workspace/.derivedData/Build/Intermediates.noindex/SKHelper.build/Debug-watchos/SKHelperCore-t.build/Objects-normal/arm64/SKHelperCore-Swift.h -working-directory /Users/admin/builder/spi-builder-workspace/.swiftpm/xcode -experimental-emit-module-separately -disable-cmo
SwiftEmitModule normal arm64_32 Emitting\ module\ for\ SKHelperCore (in target 'SKHelperCore' from project 'SKHelper')
SwiftCompile normal arm64_32 (in target 'SKHelperCore' from project 'SKHelper')
    cd /Users/admin/builder/spi-builder-workspace/.swiftpm/xcode

SwiftCompile normal arm64_32 Compiling\ resource_bundle_accessor.swift,\ SKHelper+Extensions.swift /Users/admin/builder/spi-builder-workspace/.derivedData/Build/Intermediates.noindex/SKHelper.build/Debug-watchos/SKHelperCore-t.build/DerivedSources/resource_bundle_accessor.swift /Users/admin/builder/spi-builder-workspace/Sources/SKHelperCore/Core/SKHelper+Extensions.swift (in target 'SKHelperCore' from project 'SKHelper')
SwiftCompile normal arm64_32 /Users/admin/builder/spi-builder-workspace/.derivedData/Build/Intermediates.noindex/SKHelper.build/Debug-watchos/SKHelperCore-t.build/DerivedSources/resource_bundle_accessor.swift (in target 'SKHelperCore' from project 'SKHelper')
    cd /Users/admin/builder/spi-builder-workspace/.swiftpm/xcode
    builtin-SwiftPerFileCompile resource_bundle_accessor.swift
SwiftCompile normal arm64_32 /Users/admin/builder/spi-builder-workspace/Sources/SKHelperCore/Core/SKHelper+Extensions.swift (in target 'SKHelperCore' from project 'SKHelper')
    cd /Users/admin/builder/spi-builder-workspace/.swiftpm/xcode
    builtin-SwiftPerFileCompile SKHelper+Extensions.swift
SwiftCompile normal arm64_32 Compiling\ SKHelperPurchaseInfo.swift,\ SKHelperSubscriptionInfo.swift /Users/admin/builder/spi-builder-workspace/Sources/SKHelperCore/Core/SKHelperPurchaseInfo.swift /Users/admin/builder/spi-builder-workspace/Sources/SKHelperCore/Core/SKHelperSubscriptionInfo.swift (in target 'SKHelperCore' from project 'SKHelper')
SwiftCompile normal arm64_32 /Users/admin/builder/spi-builder-workspace/Sources/SKHelperCore/Core/SKHelperPurchaseInfo.swift (in target 'SKHelperCore' from project 'SKHelper')
    cd /Users/admin/builder/spi-builder-workspace/.swiftpm/xcode
    builtin-SwiftPerFileCompile SKHelperPurchaseInfo.swift
SwiftCompile normal arm64_32 /Users/admin/builder/spi-builder-workspace/Sources/SKHelperCore/Core/SKHelperSubscriptionInfo.swift (in target 'SKHelperCore' from project 'SKHelper')
    cd /Users/admin/builder/spi-builder-workspace/.swiftpm/xcode
    builtin-SwiftPerFileCompile SKHelperSubscriptionInfo.swift
SwiftCompile normal arm64_32 Compiling\ SKHelperConstants.swift,\ SKHelperLog.swift /Users/admin/builder/spi-builder-workspace/Sources/SKHelperCore/Core/SKHelperConstants.swift /Users/admin/builder/spi-builder-workspace/Sources/SKHelperCore/Core/SKHelperLog.swift (in target 'SKHelperCore' from project 'SKHelper')
SwiftCompile normal arm64_32 /Users/admin/builder/spi-builder-workspace/Sources/SKHelperCore/Core/SKHelperConstants.swift (in target 'SKHelperCore' from project 'SKHelper')
    cd /Users/admin/builder/spi-builder-workspace/.swiftpm/xcode
    builtin-SwiftPerFileCompile SKHelperConstants.swift
SwiftCompile normal arm64_32 /Users/admin/builder/spi-builder-workspace/Sources/SKHelperCore/Core/SKHelperLog.swift (in target 'SKHelperCore' from project 'SKHelper')
    cd /Users/admin/builder/spi-builder-workspace/.swiftpm/xcode
    builtin-SwiftPerFileCompile SKHelperLog.swift
SwiftCompile normal arm64_32 Compiling\ SKHelperNotification.swift,\ SKHelperProduct.swift /Users/admin/builder/spi-builder-workspace/Sources/SKHelperCore/Core/SKHelperNotification.swift /Users/admin/builder/spi-builder-workspace/Sources/SKHelperCore/Core/SKHelperProduct.swift (in target 'SKHelperCore' from project 'SKHelper')
SwiftCompile normal arm64_32 /Users/admin/builder/spi-builder-workspace/Sources/SKHelperCore/Core/SKHelperNotification.swift (in target 'SKHelperCore' from project 'SKHelper')
    cd /Users/admin/builder/spi-builder-workspace/.swiftpm/xcode
    builtin-SwiftPerFileCompile SKHelperNotification.swift
SwiftCompile normal arm64_32 /Users/admin/builder/spi-builder-workspace/Sources/SKHelperCore/Core/SKHelperProduct.swift (in target 'SKHelperCore' from project 'SKHelper')
    cd /Users/admin/builder/spi-builder-workspace/.swiftpm/xcode
    builtin-SwiftPerFileCompile SKHelperProduct.swift
SwiftCompile normal arm64_32 Compiling\ SKHelper.swift,\ SKHelperConfiguration.swift /Users/admin/builder/spi-builder-workspace/Sources/SKHelperCore/Core/SKHelper.swift /Users/admin/builder/spi-builder-workspace/Sources/SKHelperCore/Core/SKHelperConfiguration.swift (in target 'SKHelperCore' from project 'SKHelper')
/Users/admin/builder/spi-builder-workspace/Sources/SKHelperCore/Core/SKHelper.swift:302:61: error: 'currentEntitlements(for:)' is only available in watchOS 11.4 or newer
  46 | @Observable
  47 | @available(iOS 17.0, macOS 14.6, *)
  48 | public class SKHelper {
     |              `- note: add '@available' attribute to enclosing class
  49 |
  50 |     // MARK: - Public properties
     :
 288 |     /// - Returns: Returns true if user is entitled to use the product, false otherwise.
 289 |     ///
 290 |     public func isPurchased(productId: ProductId) async -> Bool {
     |                 `- note: add '@available' attribute to enclosing instance method
 291 |         var latestTransaction: VerificationResult<StoreKit.Transaction>?
 292 |
     :
 300 |             if #available(iOS 18.4, macOS 15.4, *) {
 301 |                 // Note that use of Transaction.currentEntitlement(for:) has been deprecated with iOS 18.4 and higher
 302 |                 for await verificationResult in Transaction.currentEntitlements(for: productId) { latestTransaction = verificationResult }
     |                                                             |- error: 'currentEntitlements(for:)' is only available in watchOS 11.4 or newer
     |                                                             `- note: add 'if #available' version check
 303 |             } else {
 304 |                 latestTransaction = await Transaction.currentEntitlement(for: productId)
/Users/admin/builder/spi-builder-workspace/Sources/SKHelperCore/Core/SKHelper.swift:987:41: error: 'PurchaseIntent' is unavailable in watchOS
 985 |     private func handlePurchaseIntents() -> Task<Void, any Error> {
 986 |         return Task { @MainActor [self] in
 987 |             for await purchaseIntent in PurchaseIntent.intents {
     |                                         `- error: 'PurchaseIntent' is unavailable in watchOS
 988 |                 SKHelperLog.event(.purchaseIntentRecieved, productId: purchaseIntent.product.id)
 989 |                 let purchaseResult = await purchase(purchaseIntent.product)  // Proceed with the normal product purchase flow
StoreKit.PurchaseIntent:5:15: note: 'PurchaseIntent' has been explicitly marked unavailable here
 3 | @available(watchOS, unavailable)
 4 | @available(visionOS, unavailable)
 5 | public struct PurchaseIntent : Equatable, Sendable {
   |               `- note: 'PurchaseIntent' has been explicitly marked unavailable here
 6 |     public let product: Product
 7 |     @available(iOS 18.0, macOS 15.0, *)
Assertion failed: (Range.hasLowerEndpoint()), function getVersionString at AvailabilityRange.h:337.
(to display assertion configuration options: -Xllvm -assert-help)
Please submit a bug report (https://swift.org/contributing/#reporting-bugs) and include the crash backtrace.
Stack dump:
0.	Program arguments: /Applications/Xcode-27.0.0-Release.Candidate.app/Contents/Developer/Toolchains/XcodeDefault.xctoolchain/usr/bin/swift-frontend -frontend -c /Users/admin/builder/spi-builder-workspace/.derivedData/Build/Intermediates.noindex/SKHelper.build/Debug-watchos/SKHelperCore-t.build/DerivedSources/resource_bundle_accessor.swift /Users/admin/builder/spi-builder-workspace/Sources/SKHelperCore/Core/SKHelper+Extensions.swift -primary-file /Users/admin/builder/spi-builder-workspace/Sources/SKHelperCore/Core/SKHelper.swift -primary-file /Users/admin/builder/spi-builder-workspace/Sources/SKHelperCore/Core/SKHelperConfiguration.swift /Users/admin/builder/spi-builder-workspace/Sources/SKHelperCore/Core/SKHelperConstants.swift /Users/admin/builder/spi-builder-workspace/Sources/SKHelperCore/Core/SKHelperLog.swift /Users/admin/builder/spi-builder-workspace/Sources/SKHelperCore/Core/SKHelperNotification.swift /Users/admin/builder/spi-builder-workspace/Sources/SKHelperCore/Core/SKHelperProduct.swift /Users/admin/builder/spi-builder-workspace/Sources/SKHelperCore/Core/SKHelperPurchaseInfo.swift /Users/admin/builder/spi-builder-workspace/Sources/SKHelperCore/Core/SKHelperSubscriptionInfo.swift /Users/admin/builder/spi-builder-workspace/Sources/SKHelperCore/Support/SKHelperEntitlementState.swift /Users/admin/builder/spi-builder-workspace/Sources/SKHelperCore/Support/SKHelperPurchaseState.swift /Users/admin/builder/spi-builder-workspace/Sources/SKHelperCore/Support/SKHelperSubscriptionState.swift /Users/admin/builder/spi-builder-workspace/Sources/SKHelperCore/Support/SKHelperTransactionUpdateReason.swift /Users/admin/builder/spi-builder-workspace/Sources/SKHelperCore/Support/SKHelperUnwrappedVerificationResult.swift -emit-dependencies-path /Users/admin/builder/spi-builder-workspace/.derivedData/Build/Intermediates.noindex/SKHelper.build/Debug-watchos/SKHelperCore-t.build/Objects-normal/arm64_32/SKHelper.d -emit-const-values-path /Users/admin/builder/spi-builder-workspace/.derivedData/Build/Intermediates.noindex/SKHelper.build/Debug-watchos/SKHelperCore-t.build/Objects-normal/arm64_32/SKHelper.swiftconstvalues -emit-reference-dependencies-path /Users/admin/builder/spi-builder-workspace/.derivedData/Build/Intermediates.noindex/SKHelper.build/Debug-watchos/SKHelperCore-t.build/Objects-normal/arm64_32/SKHelper.swiftdeps -serialize-diagnostics-path /Users/admin/builder/spi-builder-workspace/.derivedData/Build/Intermediates.noindex/SKHelper.build/Debug-watchos/SKHelperCore-t.build/Objects-normal/arm64_32/SKHelper.dia -emit-dependencies-path /Users/admin/builder/spi-builder-workspace/.derivedData/Build/Intermediates.noindex/SKHelper.build/Debug-watchos/SKHelperCore-t.build/Objects-normal/arm64_32/SKHelperConfiguration.d -emit-const-values-path /Users/admin/builder/spi-builder-workspace/.derivedData/Build/Intermediates.noindex/SKHelper.build/Debug-watchos/SKHelperCore-t.build/Objects-normal/arm64_32/SKHelperConfiguration.swiftconstvalues -emit-reference-dependencies-path /Users/admin/builder/spi-builder-workspace/.derivedData/Build/Intermediates.noindex/SKHelper.build/Debug-watchos/SKHelperCore-t.build/Objects-normal/arm64_32/SKHelperConfiguration.swiftdeps -serialize-diagnostics-path /Users/admin/builder/spi-builder-workspace/.derivedData/Build/Intermediates.noindex/SKHelper.build/Debug-watchos/SKHelperCore-t.build/Objects-normal/arm64_32/SKHelperConfiguration.dia -target arm64_32-apple-watchos10.0 -disable-cross-import-overlay-search -swift-module-cross-import StoreKit /Applications/Xcode-27.0.0-Release.Candidate.app/Contents/Developer/Platforms/WatchOS.platform/Developer/SDKs/WatchOS.sdk/System/Library/Frameworks/StoreKit.framework/Modules/StoreKit.swiftcrossimport/SwiftUI.swiftoverlay -swift-module-cross-import StoreKit /Applications/Xcode-27.0.0-Release.Candidate.app/Contents/Developer/Platforms/WatchOS.platform/Developer/SDKs/WatchOS27.0.sdk/System/Library/Frameworks/StoreKit.framework/Modules/StoreKit.swiftcrossimport/SwiftUI.swiftoverlay -load-resolved-plugin /Applications/Xcode-27.0.0-Release.Candidate.app/Contents/Developer/Platforms/WatchOS.platform/Developer/usr/lib/swift/host/plugins/libFoundationMacros.dylib#/Applications/Xcode-27.0.0-Release.Candidate.app/Contents/Developer/Platforms/WatchOS.platform/Developer/usr/bin/swift-plugin-server#FoundationMacros -load-resolved-plugin /Applications/Xcode-27.0.0-Release.Candidate.app/Contents/Developer/Platforms/WatchOS.platform/Developer/usr/lib/swift/host/plugins/libObservationMacros.dylib#/Applications/Xcode-27.0.0-Release.Candidate.app/Contents/Developer/Platforms/WatchOS.platform/Developer/usr/bin/swift-plugin-server#ObservationMacros -load-resolved-plugin /Applications/Xcode-27.0.0-Release.Candidate.app/Contents/Developer/Platforms/WatchOS.platform/Developer/usr/lib/swift/host/plugins/libSwiftMacros.dylib#/Applications/Xcode-27.0.0-Release.Candidate.app/Contents/Developer/Platforms/WatchOS.platform/Developer/usr/bin/swift-plugin-server#SwiftMacros -load-resolved-plugin /Applications/Xcode-27.0.0-Release.Candidate.app/Contents/Developer/Platforms/WatchOS.platform/Developer/usr/lib/swift/host/plugins/libSwiftUIMacros.dylib#/Applications/Xcode-27.0.0-Release.Candidate.app/Contents/Developer/Platforms/WatchOS.platform/Developer/usr/bin/swift-plugin-server#SwiftUIMacros -disable-implicit-swift-modules -Xcc -fno-implicit-modules -Xcc -fno-implicit-module-maps -explicit-swift-module-map-file /Users/admin/builder/spi-builder-workspace/.derivedData/Build/Intermediates.noindex/SKHelper.build/Debug-watchos/SKHelperCore-t.build/Objects-normal/arm64_32/SKHelperCore-dependencies-2.json -enable-objc-interop -sdk /Applications/Xcode-27.0.0-Release.Candidate.app/Contents/Developer/Platforms/WatchOS.platform/Developer/SDKs/WatchOS27.0.sdk -I /Users/admin/builder/spi-builder-workspace/.derivedData/Build/Products/Debug-watchos -Isystem /Applications/Xcode-27.0.0-Release.Candidate.app/Contents/Developer/Platforms/WatchOS.platform/Developer/usr/lib -F /Users/admin/builder/spi-builder-workspace/.derivedData/Build/Products/Debug-watchos -F /Applications/Xcode-27.0.0-Release.Candidate.app/Contents/Developer/Platforms/WatchOS.platform/Developer/Library/Frameworks -F /Applications/Xcode-27.0.0-Release.Candidate.app/Contents/Developer/Platforms/WatchOS.platform/Developer/SDKs/WatchOS27.0.sdk/Developer/Library/Frameworks -module-cache-path /Users/admin/builder/spi-builder-workspace/.derivedData/Build/Intermediates.noindex/SwiftExplicitPrecompiledModules -no-color-diagnostics -Xcc -fno-color-diagnostics -enable-testing -g -debug-info-format=dwarf -dwarf-version=4 -profile-generate -profile-coverage-mapping -swift-version 6 -Onone -D SWIFT_PACKAGE -D DEBUG -D SWIFT_MODULE_RESOURCE_BUNDLE_AVAILABLE -D Xcode -serialize-debugging-options -enable-experimental-feature DebugDescriptionMacro -empty-abi-descriptor -validate-clang-modules-once -clang-build-session-file /Users/admin/builder/spi-builder-workspace/.derivedData/ModuleCache.noindex/Session.modulevalidation -Xcc -working-directory -Xcc /Users/admin/builder/spi-builder-workspace/.swiftpm/xcode -enable-anonymous-context-mangled-names -file-compilation-dir /Users/admin/builder/spi-builder-workspace/.swiftpm/xcode -Xcc -D_LIBCPP_HARDENING_MODE=_LIBCPP_HARDENING_MODE_DEBUG -Xcc -ivfsstatcache -Xcc /Users/admin/builder/spi-builder-workspace/.derivedData/SDKStatCaches.noindex/watchos27.0-24R360-e829b21a6f8c9b70876ba0858053c04477534ef55a1706bf4c1112bbb242f0a2.sdkstatcache -Xcc -fmodules-prune-interval=86400 -Xcc -fmodules-prune-after=345600 -Xcc -I/Users/admin/builder/spi-builder-workspace/.derivedData/Build/Products/Debug-watchos/include -Xcc -I/Users/admin/builder/spi-builder-workspace/.derivedData/Build/Intermediates.noindex/SKHelper.build/Debug-watchos/SKHelperCore-t.build/DerivedSources-normal/arm64_32 -Xcc -I/Users/admin/builder/spi-builder-workspace/.derivedData/Build/Intermediates.noindex/SKHelper.build/Debug-watchos/SKHelperCore-t.build/DerivedSources/arm64_32 -Xcc -I/Users/admin/builder/spi-builder-workspace/.derivedData/Build/Intermediates.noindex/SKHelper.build/Debug-watchos/SKHelperCore-t.build/DerivedSources -Xcc -DSWIFT_PACKAGE -Xcc -DDEBUG=1 -no-auto-bridging-header-chaining -module-name SKHelperCore -package-name spi_builder_workspace -const-gather-protocols-file /Users/admin/builder/spi-builder-workspace/.derivedData/Build/Intermediates.noindex/SKHelper.build/Debug-watchos/SKHelperCore-t.build/Objects-normal/arm64_32/SKHelperCore_const_extract_protocols.json -disable-clang-spi -clang-target arm64_32-apple-watchos27.0 -target-sdk-version 27.0 -target-sdk-name watchos27.0 -in-process-plugin-server-path /Applications/Xcode-27.0.0-Release.Candidate.app/Contents/Developer/Toolchains/XcodeDefault.xctoolchain/usr/lib/swift/host/libSwiftInProcPluginServer.dylib -parse-as-library -o /Users/admin/builder/spi-builder-workspace/.derivedData/Build/Intermediates.noindex/SKHelper.build/Debug-watchos/SKHelperCore-t.build/Objects-normal/arm64_32/SKHelper.o -o /Users/admin/builder/spi-builder-workspace/.derivedData/Build/Intermediates.noindex/SKHelper.build/Debug-watchos/SKHelperCore-t.build/Objects-normal/arm64_32/SKHelperConfiguration.o -debug-module-path /Users/admin/builder/spi-builder-workspace/.derivedData/Build/Intermediates.noindex/SKHelper.build/Debug-watchos/SKHelperCore-t.build/Objects-normal/arm64_32/SKHelperCore.swiftmodule -index-unit-output-path /SKHelper.build/Debug-watchos/SKHelperCore-t.build/Objects-normal/arm64_32/SKHelper.o -index-unit-output-path /SKHelper.build/Debug-watchos/SKHelperCore-t.build/Objects-normal/arm64_32/SKHelperConfiguration.o -index-store-path /Users/admin/builder/spi-builder-workspace/.derivedData/Index.noindex/DataStore -index-system-modules
1.	Apple Swift version 6.4 (swiftlang-6.4.0.34.1 clang-2100.3.34.1)
2.	Compiling with the current language version
3.	While evaluating request TypeCheckPrimaryFileRequest(source_file "/Users/admin/builder/spi-builder-workspace/Sources/SKHelperCore/Core/SKHelper.swift")
4.	While evaluating request TypeCheckFunctionBodyRequest(SKHelperCore.(file).SKHelper.handlePurchaseIntents()@/Users/admin/builder/spi-builder-workspace/Sources/SKHelperCore/Core/SKHelper.swift:985:18)
5.	While evaluating request DesugarForEachStmtRequest(ForEach)
6.	Assertion failed: (Range.hasLowerEndpoint()), function getVersionString at AvailabilityRange.h:337.
| 	(to display assertion configuration options: -Xllvm -assert-help)
Stack dump without symbol names (ensure you have llvm-symbolizer in your PATH or set the environment var `LLVM_SYMBOLIZER_PATH` to point to it):
0  swift-frontend           0x0000000106d57bd0 llvm::sys::PrintStackTrace(llvm::raw_ostream&, int) + 56
1  swift-frontend           0x0000000106d55358 llvm::sys::RunSignalHandlers() + 172
2  swift-frontend           0x0000000106d581c8 SignalHandler(int, __siginfo*, void*) + 360
3  libsystem_platform.dylib 0x000000018976d744 _sigtramp + 56
4  libsystem_pthread.dylib  0x00000001897638d8 pthread_kill + 296
5  libsystem_c.dylib        0x0000000189669978 abort + 148
6  swift-frontend           0x0000000102506bc4 _ABORT(char const*, int, char const*, llvm::function_ref<void (llvm::raw_ostream&)>) + 0
7  swift-frontend           0x0000000102506b80 _abortWithMessage(llvm::StringRef) + 0
8  swift-frontend           0x0000000101e59a5c (anonymous namespace)::DesugarForEachStmt::emitDiagnosticsForUnavailableConformance(swift::Type, swift::AvailabilityConstraint) + 1268
9  swift-frontend           0x0000000101e50a40 swift::DesugarForEachStmtRequest::evaluate(swift::Evaluator&, swift::ForEachStmt*) const + 456
10 swift-frontend           0x00000001024985a8 swift::DesugarForEachStmtRequest::OutputType swift::Evaluator::getResultUncached<swift::DesugarForEachStmtRequest, swift::DesugarForEachStmtRequest::OutputType swift::evaluateOrDefault<swift::DesugarForEachStmtRequest>(swift::Evaluator&, swift::DesugarForEachStmtRequest, swift::DesugarForEachStmtRequest::OutputType)::'lambda'()>(swift::DesugarForEachStmtRequest const&, swift::DesugarForEachStmtRequest::OutputType swift::evaluateOrDefault<swift::DesugarForEachStmtRequest>(swift::Evaluator&, swift::DesugarForEachStmtRequest, swift::DesugarForEachStmtRequest::OutputType)::'lambda'()) + 656
11 swift-frontend           0x0000000101e54dec (anonymous namespace)::ContextualizationWalker::walkToStmtPre(swift::Stmt*) + 340
12 swift-frontend           0x0000000102153034 (anonymous namespace)::Traversal::visit(swift::Stmt*) + 2732
13 swift-frontend           0x00000001020db0ec swift::ASTNode::walk(swift::ASTWalker&) + 288
14 swift-frontend           0x0000000101e54ab0 (anonymous namespace)::ContextualizationWalker::walkToExprPre(swift::Expr*) + 144
15 swift-frontend           0x0000000102150678 (anonymous namespace)::Traversal::visitCaptureListExpr(swift::CaptureListExpr*) + 116
16 swift-frontend           0x000000010214f954 (anonymous namespace)::Traversal::visit(swift::Expr*) + 616
17 swift-frontend           0x000000010214ff78 (anonymous namespace)::Traversal::visitDynamicMemberRefExpr(swift::DynamicMemberRefExpr*) + 84
18 swift-frontend           0x000000010214fb88 (anonymous namespace)::Traversal::visit(swift::Expr*) + 1180
19 swift-frontend           0x00000001021557f4 (anonymous namespace)::Traversal::visit(swift::ArgumentList*) + 260
20 swift-frontend           0x0000000102152188 (anonymous namespace)::Traversal::visitApplyExpr(swift::ApplyExpr*) + 196
21 swift-frontend           0x000000010214f740 (anonymous namespace)::Traversal::visit(swift::Expr*) + 84
22 swift-frontend           0x0000000102152d6c (anonymous namespace)::Traversal::visit(swift::Stmt*) + 2020
23 swift-frontend           0x000000010215305c (anonymous namespace)::Traversal::visit(swift::Stmt*) + 2772
24 swift-frontend           0x00000001020db0ec swift::ASTNode::walk(swift::ASTWalker&) + 288
25 swift-frontend           0x0000000101e4ebe4 swift::TypeCheckFunctionBodyRequest::evaluate(swift::Evaluator&, swift::AbstractFunctionDecl*) const + 2368
26 swift-frontend           0x00000001022c6838 swift::TypeCheckFunctionBodyRequest::OutputType swift::Evaluator::getResultUncached<swift::TypeCheckFunctionBodyRequest, swift::TypeCheckFunctionBodyRequest::OutputType swift::evaluateOrDefault<swift::TypeCheckFunctionBodyRequest>(swift::Evaluator&, swift::TypeCheckFunctionBodyRequest, swift::TypeCheckFunctionBodyRequest::OutputType)::'lambda'()>(swift::TypeCheckFunctionBodyRequest const&, swift::TypeCheckFunctionBodyRequest::OutputType swift::evaluateOrDefault<swift::TypeCheckFunctionBodyRequest>(swift::Evaluator&, swift::TypeCheckFunctionBodyRequest, swift::TypeCheckFunctionBodyRequest::OutputType)::'lambda'()) + 680
27 swift-frontend           0x00000001022c6474 swift::TypeCheckFunctionBodyRequest::OutputType swift::Evaluator::getResultCached<swift::TypeCheckFunctionBodyRequest, swift::TypeCheckFunctionBodyRequest::OutputType swift::evaluateOrDefault<swift::TypeCheckFunctionBodyRequest>(swift::Evaluator&, swift::TypeCheckFunctionBodyRequest, swift::TypeCheckFunctionBodyRequest::OutputType)::'lambda'(), (void*)0>(swift::TypeCheckFunctionBodyRequest const&, swift::TypeCheckFunctionBodyRequest::OutputType swift::evaluateOrDefault<swift::TypeCheckFunctionBodyRequest>(swift::Evaluator&, swift::TypeCheckFunctionBodyRequest, swift::TypeCheckFunctionBodyRequest::OutputType)::'lambda'()) + 76
28 swift-frontend           0x000000010238b70c swift::SourceFile::typeCheckDelayedFunctions() + 72
29 swift-frontend           0x0000000101eaa444 swift::TypeCheckPrimaryFileRequest::evaluate(swift::Evaluator&, swift::SourceFile*) const + 1248
30 swift-frontend           0x0000000101eb3244 swift::TypeCheckPrimaryFileRequest::OutputType swift::Evaluator::getResultUncached<swift::TypeCheckPrimaryFileRequest, swift::TypeCheckPrimaryFileRequest::OutputType swift::evaluateOrDefault<swift::TypeCheckPrimaryFileRequest>(swift::Evaluator&, swift::TypeCheckPrimaryFileRequest, swift::TypeCheckPrimaryFileRequest::OutputType)::'lambda'()>(swift::TypeCheckPrimaryFileRequest const&, swift::TypeCheckPrimaryFileRequest::OutputType swift::evaluateOrDefault<swift::TypeCheckPrimaryFileRequest>(swift::Evaluator&, swift::TypeCheckPrimaryFileRequest, swift::TypeCheckPrimaryFileRequest::OutputType)::'lambda'()) + 648
31 swift-frontend           0x0000000101eb2fa8 swift::TypeCheckPrimaryFileRequest::OutputType swift::Evaluator::getResultCached<swift::TypeCheckPrimaryFileRequest, swift::TypeCheckPrimaryFileRequest::OutputType swift::evaluateOrDefault<swift::TypeCheckPrimaryFileRequest>(swift::Evaluator&, swift::TypeCheckPrimaryFileRequest, swift::TypeCheckPrimaryFileRequest::OutputType)::'lambda'(), (void*)0>(swift::TypeCheckPrimaryFileRequest const&, swift::TypeCheckPrimaryFileRequest::OutputType swift::evaluateOrDefault<swift::TypeCheckPrimaryFileRequest>(swift::Evaluator&, swift::TypeCheckPrimaryFileRequest, swift::TypeCheckPrimaryFileRequest::OutputType)::'lambda'()) + 184
32 swift-frontend           0x0000000100cac1a4 bool llvm::function_ref<bool (swift::SourceFile&)>::callback_fn<swift::CompilerInstance::performSema()::$_0>(long, swift::SourceFile&) + 116
33 swift-frontend           0x0000000100ca511c swift::CompilerInstance::forEachFileToTypeCheck(llvm::function_ref<bool (swift::SourceFile&)>) + 176
34 swift-frontend           0x0000000100ca503c swift::CompilerInstance::performSema() + 456
35 swift-frontend           0x000000010086c918 performCompile(swift::CompilerInstance&, int&, swift::FrontendObserver*, llvm::ArrayRef<char const*>) + 556
36 swift-frontend           0x0000000100869dc4 swift::performFrontend(llvm::ArrayRef<char const*>, char const*, void*, swift::FrontendObserver*) + 3776
37 swift-frontend           0x00000001007e9008 swift::mainEntry(int, char const**) + 5600
38 dyld                     0x00000001893984e4 start + 6992
Failed frontend command:
/Applications/Xcode-27.0.0-Release.Candidate.app/Contents/Developer/Toolchains/XcodeDefault.xctoolchain/usr/bin/swift-frontend -frontend -c /Users/admin/builder/spi-builder-workspace/.derivedData/Build/Intermediates.noindex/SKHelper.build/Debug-watchos/SKHelperCore-t.build/DerivedSources/resource_bundle_accessor.swift /Users/admin/builder/spi-builder-workspace/Sources/SKHelperCore/Core/SKHelper+Extensions.swift -primary-file /Users/admin/builder/spi-builder-workspace/Sources/SKHelperCore/Core/SKHelper.swift -primary-file /Users/admin/builder/spi-builder-workspace/Sources/SKHelperCore/Core/SKHelperConfiguration.swift /Users/admin/builder/spi-builder-workspace/Sources/SKHelperCore/Core/SKHelperConstants.swift /Users/admin/builder/spi-builder-workspace/Sources/SKHelperCore/Core/SKHelperLog.swift /Users/admin/builder/spi-builder-workspace/Sources/SKHelperCore/Core/SKHelperNotification.swift /Users/admin/builder/spi-builder-workspace/Sources/SKHelperCore/Core/SKHelperProduct.swift /Users/admin/builder/spi-builder-workspace/Sources/SKHelperCore/Core/SKHelperPurchaseInfo.swift /Users/admin/builder/spi-builder-workspace/Sources/SKHelperCore/Core/SKHelperSubscriptionInfo.swift /Users/admin/builder/spi-builder-workspace/Sources/SKHelperCore/Support/SKHelperEntitlementState.swift /Users/admin/builder/spi-builder-workspace/Sources/SKHelperCore/Support/SKHelperPurchaseState.swift /Users/admin/builder/spi-builder-workspace/Sources/SKHelperCore/Support/SKHelperSubscriptionState.swift /Users/admin/builder/spi-builder-workspace/Sources/SKHelperCore/Support/SKHelperTransactionUpdateReason.swift /Users/admin/builder/spi-builder-workspace/Sources/SKHelperCore/Support/SKHelperUnwrappedVerificationResult.swift -emit-dependencies-path /Users/admin/builder/spi-builder-workspace/.derivedData/Build/Intermediates.noindex/SKHelper.build/Debug-watchos/SKHelperCore-t.build/Objects-normal/arm64_32/SKHelper.d -emit-const-values-path /Users/admin/builder/spi-builder-workspace/.derivedData/Build/Intermediates.noindex/SKHelper.build/Debug-watchos/SKHelperCore-t.build/Objects-normal/arm64_32/SKHelper.swiftconstvalues -emit-reference-dependencies-path /Users/admin/builder/spi-builder-workspace/.derivedData/Build/Intermediates.noindex/SKHelper.build/Debug-watchos/SKHelperCore-t.build/Objects-normal/arm64_32/SKHelper.swiftdeps -serialize-diagnostics-path /Users/admin/builder/spi-builder-workspace/.derivedData/Build/Intermediates.noindex/SKHelper.build/Debug-watchos/SKHelperCore-t.build/Objects-normal/arm64_32/SKHelper.dia -emit-dependencies-path /Users/admin/builder/spi-builder-workspace/.derivedData/Build/Intermediates.noindex/SKHelper.build/Debug-watchos/SKHelperCore-t.build/Objects-normal/arm64_32/SKHelperConfiguration.d -emit-const-values-path /Users/admin/builder/spi-builder-workspace/.derivedData/Build/Intermediates.noindex/SKHelper.build/Debug-watchos/SKHelperCore-t.build/Objects-normal/arm64_32/SKHelperConfiguration.swiftconstvalues -emit-reference-dependencies-path /Users/admin/builder/spi-builder-workspace/.derivedData/Build/Intermediates.noindex/SKHelper.build/Debug-watchos/SKHelperCore-t.build/Objects-normal/arm64_32/SKHelperConfiguration.swiftdeps -serialize-diagnostics-path /Users/admin/builder/spi-builder-workspace/.derivedData/Build/Intermediates.noindex/SKHelper.build/Debug-watchos/SKHelperCore-t.build/Objects-normal/arm64_32/SKHelperConfiguration.dia -target arm64_32-apple-watchos10.0 -disable-cross-import-overlay-search -swift-module-cross-import StoreKit /Applications/Xcode-27.0.0-Release.Candidate.app/Contents/Developer/Platforms/WatchOS.platform/Developer/SDKs/WatchOS.sdk/System/Library/Frameworks/StoreKit.framework/Modules/StoreKit.swiftcrossimport/SwiftUI.swiftoverlay -swift-module-cross-import StoreKit /Applications/Xcode-27.0.0-Release.Candidate.app/Contents/Developer/Platforms/WatchOS.platform/Developer/SDKs/WatchOS27.0.sdk/System/Library/Frameworks/StoreKit.framework/Modules/StoreKit.swiftcrossimport/SwiftUI.swiftoverlay -load-resolved-plugin /Applications/Xcode-27.0.0-Release.Candidate.app/Contents/Developer/Platforms/WatchOS.platform/Developer/usr/lib/swift/host/plugins/libFoundationMacros.dylib\#/Applications/Xcode-27.0.0-Release.Candidate.app/Contents/Developer/Platforms/WatchOS.platform/Developer/usr/bin/swift-plugin-server\#FoundationMacros -load-resolved-plugin /Applications/Xcode-27.0.0-Release.Candidate.app/Contents/Developer/Platforms/WatchOS.platform/Developer/usr/lib/swift/host/plugins/libObservationMacros.dylib\#/Applications/Xcode-27.0.0-Release.Candidate.app/Contents/Developer/Platforms/WatchOS.platform/Developer/usr/bin/swift-plugin-server\#ObservationMacros -load-resolved-plugin /Applications/Xcode-27.0.0-Release.Candidate.app/Contents/Developer/Platforms/WatchOS.platform/Developer/usr/lib/swift/host/plugins/libSwiftMacros.dylib\#/Applications/Xcode-27.0.0-Release.Candidate.app/Contents/Developer/Platforms/WatchOS.platform/Developer/usr/bin/swift-plugin-server\#SwiftMacros -load-resolved-plugin /Applications/Xcode-27.0.0-Release.Candidate.app/Contents/Developer/Platforms/WatchOS.platform/Developer/usr/lib/swift/host/plugins/libSwiftUIMacros.dylib\#/Applications/Xcode-27.0.0-Release.Candidate.app/Contents/Developer/Platforms/WatchOS.platform/Developer/usr/bin/swift-plugin-server\#SwiftUIMacros -disable-implicit-swift-modules -Xcc -fno-implicit-modules -Xcc -fno-implicit-module-maps -explicit-swift-module-map-file /Users/admin/builder/spi-builder-workspace/.derivedData/Build/Intermediates.noindex/SKHelper.build/Debug-watchos/SKHelperCore-t.build/Objects-normal/arm64_32/SKHelperCore-dependencies-2.json -enable-objc-interop -sdk /Applications/Xcode-27.0.0-Release.Candidate.app/Contents/Developer/Platforms/WatchOS.platform/Developer/SDKs/WatchOS27.0.sdk -I /Users/admin/builder/spi-builder-workspace/.derivedData/Build/Products/Debug-watchos -Isystem /Applications/Xcode-27.0.0-Release.Candidate.app/Contents/Developer/Platforms/WatchOS.platform/Developer/usr/lib -F /Users/admin/builder/spi-builder-workspace/.derivedData/Build/Products/Debug-watchos -F /Applications/Xcode-27.0.0-Release.Candidate.app/Contents/Developer/Platforms/WatchOS.platform/Developer/Library/Frameworks -F /Applications/Xcode-27.0.0-Release.Candidate.app/Contents/Developer/Platforms/WatchOS.platform/Developer/SDKs/WatchOS27.0.sdk/Developer/Library/Frameworks -module-cache-path /Users/admin/builder/spi-builder-workspace/.derivedData/Build/Intermediates.noindex/SwiftExplicitPrecompiledModules -no-color-diagnostics -Xcc -fno-color-diagnostics -enable-testing -g -debug-info-format\=dwarf -dwarf-version\=4 -profile-generate -profile-coverage-mapping -swift-version 6 -Onone -D SWIFT_PACKAGE -D DEBUG -D SWIFT_MODULE_RESOURCE_BUNDLE_AVAILABLE -D Xcode -serialize-debugging-options -enable-experimental-feature DebugDescriptionMacro -empty-abi-descriptor -validate-clang-modules-once -clang-build-session-file /Users/admin/builder/spi-builder-workspace/.derivedData/ModuleCache.noindex/Session.modulevalidation -Xcc -working-directory -Xcc /Users/admin/builder/spi-builder-workspace/.swiftpm/xcode -enable-anonymous-context-mangled-names -file-compilation-dir /Users/admin/builder/spi-builder-workspace/.swiftpm/xcode -Xcc -D_LIBCPP_HARDENING_MODE\=_LIBCPP_HARDENING_MODE_DEBUG -Xcc -ivfsstatcache -Xcc /Users/admin/builder/spi-builder-workspace/.derivedData/SDKStatCaches.noindex/watchos27.0-24R360-e829b21a6f8c9b70876ba0858053c04477534ef55a1706bf4c1112bbb242f0a2.sdkstatcache -Xcc -fmodules-prune-interval\=86400 -Xcc -fmodules-prune-after\=345600 -Xcc -I/Users/admin/builder/spi-builder-workspace/.derivedData/Build/Products/Debug-watchos/include -Xcc -I/Users/admin/builder/spi-builder-workspace/.derivedData/Build/Intermediates.noindex/SKHelper.build/Debug-watchos/SKHelperCore-t.build/DerivedSources-normal/arm64_32 -Xcc -I/Users/admin/builder/spi-builder-workspace/.derivedData/Build/Intermediates.noindex/SKHelper.build/Debug-watchos/SKHelperCore-t.build/DerivedSources/arm64_32 -Xcc -I/Users/admin/builder/spi-builder-workspace/.derivedData/Build/Intermediates.noindex/SKHelper.build/Debug-watchos/SKHelperCore-t.build/DerivedSources -Xcc -DSWIFT_PACKAGE -Xcc -DDEBUG\=1 -no-auto-bridging-header-chaining -module-name SKHelperCore -package-name spi_builder_workspace -const-gather-protocols-file /Users/admin/builder/spi-builder-workspace/.derivedData/Build/Intermediates.noindex/SKHelper.build/Debug-watchos/SKHelperCore-t.build/Objects-normal/arm64_32/SKHelperCore_const_extract_protocols.json -disable-clang-spi -clang-target arm64_32-apple-watchos27.0 -target-sdk-version 27.0 -target-sdk-name watchos27.0 -in-process-plugin-server-path /Applications/Xcode-27.0.0-Release.Candidate.app/Contents/Developer/Toolchains/XcodeDefault.xctoolchain/usr/lib/swift/host/libSwiftInProcPluginServer.dylib -parse-as-library -o /Users/admin/builder/spi-builder-workspace/.derivedData/Build/Intermediates.noindex/SKHelper.build/Debug-watchos/SKHelperCore-t.build/Objects-normal/arm64_32/SKHelper.o -o /Users/admin/builder/spi-builder-workspace/.derivedData/Build/Intermediates.noindex/SKHelper.build/Debug-watchos/SKHelperCore-t.build/Objects-normal/arm64_32/SKHelperConfiguration.o -debug-module-path /Users/admin/builder/spi-builder-workspace/.derivedData/Build/Intermediates.noindex/SKHelper.build/Debug-watchos/SKHelperCore-t.build/Objects-normal/arm64_32/SKHelperCore.swiftmodule -index-unit-output-path /SKHelper.build/Debug-watchos/SKHelperCore-t.build/Objects-normal/arm64_32/SKHelper.o -index-unit-output-path /SKHelper.build/Debug-watchos/SKHelperCore-t.build/Objects-normal/arm64_32/SKHelperConfiguration.o -index-store-path /Users/admin/builder/spi-builder-workspace/.derivedData/Index.noindex/DataStore -index-system-modules
Command SwiftCompile failed with a nonzero exit code
SwiftCompile normal arm64_32 /Users/admin/builder/spi-builder-workspace/Sources/SKHelperCore/Core/SKHelper.swift (in target 'SKHelperCore' from project 'SKHelper')
    cd /Users/admin/builder/spi-builder-workspace/.swiftpm/xcode
    builtin-SwiftPerFileCompile SKHelper.swift
/Users/admin/builder/spi-builder-workspace/.derivedData/Build/Intermediates.noindex/SKHelper.build/Debug-watchos/SKHelperCore-t.build/Objects-normal/arm64_32/SKHelper.dia:1:1: warning: Could not read serialized diagnostics file: Error Domain=NSCocoaErrorDomain Code=260 "The file “SKHelper.dia” couldn’t be opened because there is no such file." UserInfo={NSFilePath=/Users/admin/builder/spi-builder-workspace/.derivedData/Build/Intermediates.noindex/SKHelper.build/Debug-watchos/SKHelperCore-t.build/Objects-normal/arm64_32/SKHelper.dia, NSURL=file:///Users/admin/builder/spi-builder-workspace/.derivedData/Build/Intermediates.noindex/SKHelper.build/Debug-watchos/SKHelperCore-t.build/Objects-normal/arm64_32/SKHelper.dia, NSUnderlyingError=0x77ce57c00 {Error Domain=NSPOSIXErrorDomain Code=2 "No such file or directory"}} (in target 'SKHelperCore' from project 'SKHelper')
SwiftCompile normal arm64_32 /Users/admin/builder/spi-builder-workspace/Sources/SKHelperCore/Core/SKHelperConfiguration.swift (in target 'SKHelperCore' from project 'SKHelper')
    cd /Users/admin/builder/spi-builder-workspace/.swiftpm/xcode
    builtin-SwiftPerFileCompile SKHelperConfiguration.swift
/Users/admin/builder/spi-builder-workspace/.derivedData/Build/Intermediates.noindex/SKHelper.build/Debug-watchos/SKHelperCore-t.build/Objects-normal/arm64_32/SKHelperConfiguration.dia:1:1: warning: Could not read serialized diagnostics file: Error Domain=NSCocoaErrorDomain Code=260 "The file “SKHelperConfiguration.dia” couldn’t be opened because there is no such file." UserInfo={NSFilePath=/Users/admin/builder/spi-builder-workspace/.derivedData/Build/Intermediates.noindex/SKHelper.build/Debug-watchos/SKHelperCore-t.build/Objects-normal/arm64_32/SKHelperConfiguration.dia, NSURL=file:///Users/admin/builder/spi-builder-workspace/.derivedData/Build/Intermediates.noindex/SKHelper.build/Debug-watchos/SKHelperCore-t.build/Objects-normal/arm64_32/SKHelperConfiguration.dia, NSUnderlyingError=0x77ce549c0 {Error Domain=NSPOSIXErrorDomain Code=2 "No such file or directory"}} (in target 'SKHelperCore' from project 'SKHelper')
SwiftCompile normal arm64_32 Compiling\ SKHelperPurchaseState.swift /Users/admin/builder/spi-builder-workspace/Sources/SKHelperCore/Support/SKHelperPurchaseState.swift (in target 'SKHelperCore' from project 'SKHelper')
SwiftCompile normal arm64_32 /Users/admin/builder/spi-builder-workspace/Sources/SKHelperCore/Support/SKHelperPurchaseState.swift (in target 'SKHelperCore' from project 'SKHelper')
    cd /Users/admin/builder/spi-builder-workspace/.swiftpm/xcode
    builtin-SwiftPerFileCompile SKHelperPurchaseState.swift
SwiftCompile normal arm64_32 Compiling\ SKHelperEntitlementState.swift /Users/admin/builder/spi-builder-workspace/Sources/SKHelperCore/Support/SKHelperEntitlementState.swift (in target 'SKHelperCore' from project 'SKHelper')
SwiftCompile normal arm64_32 /Users/admin/builder/spi-builder-workspace/Sources/SKHelperCore/Support/SKHelperEntitlementState.swift (in target 'SKHelperCore' from project 'SKHelper')
    cd /Users/admin/builder/spi-builder-workspace/.swiftpm/xcode
    builtin-SwiftPerFileCompile SKHelperEntitlementState.swift
SwiftEmitModule normal arm64 Emitting\ module\ for\ SKHelperCore (in target 'SKHelperCore' from project 'SKHelper')
SwiftCompile normal arm64 (in target 'SKHelperCore' from project 'SKHelper')
    cd /Users/admin/builder/spi-builder-workspace/.swiftpm/xcode

SwiftCompile normal arm64 Compiling\ SKHelperTransactionUpdateReason.swift /Users/admin/builder/spi-builder-workspace/Sources/SKHelperCore/Support/SKHelperTransactionUpdateReason.swift (in target 'SKHelperCore' from project 'SKHelper')
SwiftCompile normal arm64 /Users/admin/builder/spi-builder-workspace/Sources/SKHelperCore/Support/SKHelperTransactionUpdateReason.swift (in target 'SKHelperCore' from project 'SKHelper')
    cd /Users/admin/builder/spi-builder-workspace/.swiftpm/xcode
    builtin-SwiftPerFileCompile SKHelperTransactionUpdateReason.swift
SwiftCompile normal arm64 Compiling\ SKHelper.swift,\ SKHelperConfiguration.swift /Users/admin/builder/spi-builder-workspace/Sources/SKHelperCore/Core/SKHelper.swift /Users/admin/builder/spi-builder-workspace/Sources/SKHelperCore/Core/SKHelperConfiguration.swift (in target 'SKHelperCore' from project 'SKHelper')
SwiftCompile normal arm64 /Users/admin/builder/spi-builder-workspace/Sources/SKHelperCore/Core/SKHelper.swift (in target 'SKHelperCore' from project 'SKHelper')
    cd /Users/admin/builder/spi-builder-workspace/.swiftpm/xcode
    builtin-SwiftPerFileCompile SKHelper.swift
SwiftCompile normal arm64 /Users/admin/builder/spi-builder-workspace/Sources/SKHelperCore/Core/SKHelperConfiguration.swift (in target 'SKHelperCore' from project 'SKHelper')
    cd /Users/admin/builder/spi-builder-workspace/.swiftpm/xcode
    builtin-SwiftPerFileCompile SKHelperConfiguration.swift
SwiftDriverJobDiscovery normal arm64 Compiling SKHelperTransactionUpdateReason.swift (in target 'SKHelperCore' from project 'SKHelper')
SwiftCompile normal arm64 Compiling\ SKHelperSubscriptionState.swift /Users/admin/builder/spi-builder-workspace/Sources/SKHelperCore/Support/SKHelperSubscriptionState.swift (in target 'SKHelperCore' from project 'SKHelper')
SwiftCompile normal arm64 /Users/admin/builder/spi-builder-workspace/Sources/SKHelperCore/Support/SKHelperSubscriptionState.swift (in target 'SKHelperCore' from project 'SKHelper')
    cd /Users/admin/builder/spi-builder-workspace/.swiftpm/xcode
    builtin-SwiftPerFileCompile SKHelperSubscriptionState.swift
SwiftDriverJobDiscovery normal arm64_32 Emitting module for SKHelperCore (in target 'SKHelperCore' from project 'SKHelper')
SwiftCompile normal arm64 Compiling\ SKHelperConstants.swift,\ SKHelperLog.swift /Users/admin/builder/spi-builder-workspace/Sources/SKHelperCore/Core/SKHelperConstants.swift /Users/admin/builder/spi-builder-workspace/Sources/SKHelperCore/Core/SKHelperLog.swift (in target 'SKHelperCore' from project 'SKHelper')
SwiftCompile normal arm64 /Users/admin/builder/spi-builder-workspace/Sources/SKHelperCore/Core/SKHelperConstants.swift (in target 'SKHelperCore' from project 'SKHelper')
    cd /Users/admin/builder/spi-builder-workspace/.swiftpm/xcode
    builtin-SwiftPerFileCompile SKHelperConstants.swift
SwiftCompile normal arm64 /Users/admin/builder/spi-builder-workspace/Sources/SKHelperCore/Core/SKHelperLog.swift (in target 'SKHelperCore' from project 'SKHelper')
    cd /Users/admin/builder/spi-builder-workspace/.swiftpm/xcode
    builtin-SwiftPerFileCompile SKHelperLog.swift
SwiftDriverJobDiscovery normal arm64 Emitting module for SKHelperCore (in target 'SKHelperCore' from project 'SKHelper')
SwiftDriver\ Compilation\ Requirements SKHelperCore normal arm64_32 com.apple.xcode.tools.swift.compiler (in target 'SKHelperCore' from project 'SKHelper')
    cd /Users/admin/builder/spi-builder-workspace/.swiftpm/xcode
    builtin-Swift-Compilation-Requirements -- /Applications/Xcode-27.0.0-Release.Candidate.app/Contents/Developer/Toolchains/XcodeDefault.xctoolchain/usr/bin/swiftc -parse-as-library -module-name SKHelperCore -Onone @/Users/admin/builder/spi-builder-workspace/.derivedData/Build/Intermediates.noindex/SKHelper.build/Debug-watchos/SKHelperCore-t.build/Objects-normal/arm64_32/SKHelperCore.SwiftFileList -DSWIFT_PACKAGE -DDEBUG -DSWIFT_MODULE_RESOURCE_BUNDLE_AVAILABLE -DXcode -plugin-path /Applications/Xcode-27.0.0-Release.Candidate.app/Contents/Developer/Toolchains/XcodeDefault.xctoolchain/usr/lib/swift/host/plugins/testing -enable-experimental-feature DebugDescriptionMacro -sdk /Applications/Xcode-27.0.0-Release.Candidate.app/Contents/Developer/Platforms/WatchOS.platform/Developer/SDKs/WatchOS27.0.sdk -target arm64_32-apple-watchos10.0 -g -module-cache-path /Users/admin/builder/spi-builder-workspace/.derivedData/ModuleCache.noindex -Xfrontend -serialize-debugging-options -profile-coverage-mapping -profile-generate -enable-testing -index-store-path /Users/admin/builder/spi-builder-workspace/.derivedData/Index.noindex/DataStore -Xcc -D_LIBCPP_HARDENING_MODE\=_LIBCPP_HARDENING_MODE_DEBUG -swift-version 6 -I /Users/admin/builder/spi-builder-workspace/.derivedData/Build/Products/Debug-watchos -Isystem /Applications/Xcode-27.0.0-Release.Candidate.app/Contents/Developer/Platforms/WatchOS.platform/Developer/usr/lib -F /Users/admin/builder/spi-builder-workspace/.derivedData/Build/Products/Debug-watchos -F /Applications/Xcode-27.0.0-Release.Candidate.app/Contents/Developer/Platforms/WatchOS.platform/Developer/Library/Frameworks -F /Applications/Xcode-27.0.0-Release.Candidate.app/Contents/Developer/Platforms/WatchOS.platform/Developer/SDKs/WatchOS27.0.sdk/Developer/Library/Frameworks -c -j10 -enable-batch-mode -incremental -Xcc -ivfsstatcache -Xcc /Users/admin/builder/spi-builder-workspace/.derivedData/SDKStatCaches.noindex/watchos27.0-24R360-e829b21a6f8c9b70876ba0858053c04477534ef55a1706bf4c1112bbb242f0a2.sdkstatcache -output-file-map /Users/admin/builder/spi-builder-workspace/.derivedData/Build/Intermediates.noindex/SKHelper.build/Debug-watchos/SKHelperCore-t.build/Objects-normal/arm64_32/SKHelperCore-OutputFileMap.json -save-temps -no-color-diagnostics -explicit-module-build -module-cache-path /Users/admin/builder/spi-builder-workspace/.derivedData/Build/Intermediates.noindex/SwiftExplicitPrecompiledModules -clang-scanner-module-cache-path /Users/admin/builder/spi-builder-workspace/.derivedData/ModuleCache.noindex -sdk-module-cache-path /Users/admin/builder/spi-builder-workspace/.derivedData/SDKExplicitPrecompiledModules -emit-dependencies -emit-module -emit-module-path /Users/admin/builder/spi-builder-workspace/.derivedData/Build/Intermediates.noindex/SKHelper.build/Debug-watchos/SKHelperCore-t.build/Objects-normal/arm64_32/SKHelperCore.swiftmodule -serialize-diagnostics -dependency-scan-serialize-diagnostics-path /Users/admin/builder/spi-builder-workspace/.derivedData/Build/Intermediates.noindex/SKHelper.build/Debug-watchos/SKHelperCore-t.build/Objects-normal/arm64_32/SKHelperCore-dependency-scan.dia -validate-clang-modules-once -clang-build-session-file /Users/admin/builder/spi-builder-workspace/.derivedData/ModuleCache.noindex/Session.modulevalidation -Xcc -fmodules-prune-interval\=86400 -Xcc -fmodules-prune-after\=345600 -package-name spi_builder_workspace -emit-const-values -const-gather-protocols-list /Users/admin/builder/spi-builder-workspace/.derivedData/Build/Intermediates.noindex/SKHelper.build/Debug-watchos/SKHelperCore-t.build/Objects-normal/arm64_32/SKHelperCore_const_extract_protocols.json -Xcc -I/Users/admin/builder/spi-builder-workspace/.derivedData/Build/Products/Debug-watchos/include -Xcc -I/Users/admin/builder/spi-builder-workspace/.derivedData/Build/Intermediates.noindex/SKHelper.build/Debug-watchos/SKHelperCore-t.build/DerivedSources-normal/arm64_32 -Xcc -I/Users/admin/builder/spi-builder-workspace/.derivedData/Build/Intermediates.noindex/SKHelper.build/Debug-watchos/SKHelperCore-t.build/DerivedSources/arm64_32 -Xcc -I/Users/admin/builder/spi-builder-workspace/.derivedData/Build/Intermediates.noindex/SKHelper.build/Debug-watchos/SKHelperCore-t.build/DerivedSources -Xcc -DSWIFT_PACKAGE -Xcc -DDEBUG\=1 -emit-objc-header -emit-objc-header-path /Users/admin/builder/spi-builder-workspace/.derivedData/Build/Intermediates.noindex/SKHelper.build/Debug-watchos/SKHelperCore-t.build/Objects-normal/arm64_32/SKHelperCore-Swift.h -working-directory /Users/admin/builder/spi-builder-workspace/.swiftpm/xcode -experimental-emit-module-separately -disable-cmo
PruneExplicitPrecompiledModules /Users/admin/builder/spi-builder-workspace/.derivedData/SDKExplicitPrecompiledModules
PruneExplicitPrecompiledModules /Users/admin/builder/spi-builder-workspace/.derivedData/Build/Intermediates.noindex/SwiftExplicitPrecompiledModules
PruneExplicitPrecompiledModules /Users/admin/builder/spi-builder-workspace/.derivedData/Build/Intermediates.noindex/ExplicitPrecompiledModules
2026-09-26 01:09:22.418 xcodebuild[1302:7800] [MT] IDERunDestination: Supported platforms for the buildables in the current scheme is empty.
2026-09-26 01:09:22.522 xcodebuild[1302:7800] [MT] IDERunDestination: Supported platforms for the buildables in the current scheme is empty.
2026-09-26 01:09:28.649 xcodebuild[1302:7800] [MT] IDERunDestination: Supported platforms for the buildables in the current scheme is empty.
** BUILD FAILED **
The following build commands failed:
	SwiftCompile normal arm64_32 Compiling\ SKHelper.swift,\ SKHelperConfiguration.swift /Users/admin/builder/spi-builder-workspace/Sources/SKHelperCore/Core/SKHelper.swift /Users/admin/builder/spi-builder-workspace/Sources/SKHelperCore/Core/SKHelperConfiguration.swift (in target 'SKHelperCore' from project 'SKHelper')
	Building workspace SKHelper with scheme SKHelper-Package
(2 failures)
BUILD FAILURE 6.4 watchOS