Build Information
Failed to build Light, reference master (6c3557), with Swift 6.4 for watchOS using Xcode 27.0 on 19 Sep 2026 00:32:19 UTC.
Build Command
env DEVELOPER_DIR=/Applications/Xcode-27.0.0-Release.Candidate.app xcrun xcodebuild -IDEClonedSourcePackagesDirPathOverride=$PWD/.dependencies -skipMacroValidation -skipPackagePluginValidation -derivedDataPath $PWD/.derivedData build -scheme Light -destination generic/platform=watchOSBuild Log
========================================
RunAll
========================================
Builder version: 5.1.0
Interrupt handler set up.
========================================
Checkout
========================================
Clone URL: https://github.com/dreymonde/light.git
Reference: master
Initialized empty Git repository in /Users/admin/builder/spi-builder-workspace/.git/
From https://github.com/dreymonde/light
* branch master -> FETCH_HEAD
* [new branch] master -> origin/master
HEAD is now at 6c3557b rename to HTTPProxy
Cloned https://github.com/dreymonde/light.git
Revision (git rev-parse @):
6c3557b2618ac629160aa21bac85e6f44857c208
SUCCESS checkout https://github.com/dreymonde/light.git at master
========================================
Build
========================================
Selected platform: watchOS
Swift version: 6.4
Building package at path: $PWD
https://github.com/dreymonde/light.git
Command line invocation:
/Applications/Xcode-27.0.0-Release.Candidate.app/Contents/Developer/usr/bin/xcodebuild -IDEClonedSourcePackagesDirPathOverride=/Users/admin/builder/spi-builder-workspace/.dependencies -resolvePackageDependencies
Resolve Package Graph
Fetching from https://github.com/dreymonde/Shallows.git
Creating working copy of package ‘Shallows’
Checking out 0.13.4 of package ‘Shallows’
Resolve Package Graph
Resolved source packages:
Shallows: https://github.com/dreymonde/Shallows.git @ 0.13.4
Light: /Users/admin/builder/spi-builder-workspace
resolved source packages: Shallows, Light
2026-09-18 20:31:25.590 xcodebuild[529:3017] [MT] IDERunDestination: Supported platforms for the buildables in the current scheme is empty.
{
"dependencies" : [
{
"identity" : "shallows",
"requirement" : {
"range" : [
{
"lower_bound" : "0.11.0",
"upper_bound" : "1.0.0"
}
]
},
"type" : "sourceControl",
"url" : "https://github.com/dreymonde/Shallows.git"
}
],
"manifest_display_name" : "Light",
"name" : "Light",
"path" : "/Users/admin/builder/spi-builder-workspace",
"platforms" : [
],
"products" : [
{
"name" : "Light",
"targets" : [
"Light"
],
"type" : {
"library" : [
"automatic"
]
}
}
],
"targets" : [
{
"c99name" : "LightTests",
"module_type" : "SwiftTarget",
"name" : "LightTests",
"path" : "Tests/LightTests",
"sources" : [
"LightTests.swift"
],
"target_dependencies" : [
"Light"
],
"type" : "test"
},
{
"c99name" : "Light",
"module_type" : "SwiftTarget",
"name" : "Light",
"path" : "Sources/Light",
"product_dependencies" : [
"Shallows"
],
"product_memberships" : [
"Light"
],
"sources" : [
"Light.swift",
"URLSession+WebAPI.swift",
"WebAPI.swift",
"WebAPIProtocol.swift"
],
"type" : "library"
}
],
"tools_version" : "4.0"
}
{
"workspace" : {
"name" : "Light",
"schemes" : [
"Light"
]
}
}
2026-09-18 20:32:06.840 xcodebuild[684:4297] [MT] IDERunDestination: Supported platforms for the buildables in the current scheme is empty.
Running build ...
env DEVELOPER_DIR=/Applications/Xcode-27.0.0-Release.Candidate.app xcrun xcodebuild -IDEClonedSourcePackagesDirPathOverride=$PWD/.dependencies -skipMacroValidation -skipPackagePluginValidation -derivedDataPath $PWD/.derivedData build -scheme Light -destination generic/platform=watchOS
Command line invocation:
/Applications/Xcode-27.0.0-Release.Candidate.app/Contents/Developer/usr/bin/xcodebuild -IDEClonedSourcePackagesDirPathOverride=/Users/admin/builder/spi-builder-workspace/.dependencies -skipMacroValidation -skipPackagePluginValidation -derivedDataPath /Users/admin/builder/spi-builder-workspace/.derivedData build -scheme Light -destination generic/platform=watchOS
Resolve Package Graph
Resolve Package Graph
Resolved source packages:
Light: /Users/admin/builder/spi-builder-workspace
Shallows: https://github.com/dreymonde/Shallows.git @ 0.13.4
ComputePackagePrebuildTargetDependencyGraph
Prepare packages
CreateBuildRequest
SendProjectDescription
CreateBuildOperation
ComputeTargetDependencyGraph
note: Building targets in dependency order
note: Target dependency graph (4 targets)
Target 'Light-product' in project 'Light'
➜ Explicit dependency on target 'Light' in project 'Light'
➜ Explicit dependency on target 'Shallows-product' in project 'Shallows'
Target 'Light' in project 'Light'
➜ Explicit dependency on target 'Shallows-product' in project 'Shallows'
Target 'Shallows-product' in project 'Shallows'
➜ Explicit dependency on target 'Shallows' in project 'Shallows'
Target 'Shallows' in project 'Shallows' (no dependencies)
GatherProvisioningInputs
CreateBuildDescription
ExecuteExternalTool /Applications/Xcode-27.0.0-Release.Candidate.app/Contents/Developer/Toolchains/XcodeDefault.xctoolchain/usr/bin/clang -v -E -dM -isysroot /Applications/Xcode-27.0.0-Release.Candidate.app/Contents/Developer/Platforms/WatchOS.platform/Developer/SDKs/WatchOS27.0.sdk -x c -c /dev/null
ExecuteExternalTool /Applications/Xcode-27.0.0-Release.Candidate.app/Contents/Developer/Toolchains/XcodeDefault.xctoolchain/usr/bin/swiftc --version
ExecuteExternalTool /Applications/Xcode-27.0.0-Release.Candidate.app/Contents/Developer/Toolchains/XcodeDefault.xctoolchain/usr/bin/ld -version_details
Build description signature: d04df4a3571b73100b9e2871173c7c2e
Build description path: /Users/admin/builder/spi-builder-workspace/.derivedData/Build/Intermediates.noindex/XCBuildData/d04df4a3571b73100b9e2871173c7c2e.xcbuilddata
CreateBuildDirectory /Users/admin/builder/spi-builder-workspace/.derivedData/SDKExplicitPrecompiledModules
cd /Users/admin/builder/spi-builder-workspace/.swiftpm/xcode
builtin-create-build-directory /Users/admin/builder/spi-builder-workspace/.derivedData/SDKExplicitPrecompiledModules
CreateBuildDirectory /Users/admin/builder/spi-builder-workspace/.derivedData/Build/Intermediates.noindex
cd /Users/admin/builder/spi-builder-workspace/.swiftpm/xcode
builtin-create-build-directory /Users/admin/builder/spi-builder-workspace/.derivedData/Build/Intermediates.noindex
CreateBuildDirectory /Users/admin/builder/spi-builder-workspace/.derivedData/CompilationCache.noindex
cd /Users/admin/builder/spi-builder-workspace/.swiftpm/xcode
builtin-create-build-directory /Users/admin/builder/spi-builder-workspace/.derivedData/CompilationCache.noindex
CreateBuildDirectory /Users/admin/builder/spi-builder-workspace/.derivedData/ModuleCache.noindex
cd /Users/admin/builder/spi-builder-workspace/.swiftpm/xcode
builtin-create-build-directory /Users/admin/builder/spi-builder-workspace/.derivedData/ModuleCache.noindex
CreateBuildDirectory /Users/admin/builder/spi-builder-workspace/.derivedData/Build/Products
cd /Users/admin/builder/spi-builder-workspace/.swiftpm/xcode
builtin-create-build-directory /Users/admin/builder/spi-builder-workspace/.derivedData/Build/Products
ClangStatCache /Applications/Xcode-27.0.0-Release.Candidate.app/Contents/Developer/Toolchains/XcodeDefault.xctoolchain/usr/bin/clang-stat-cache /Applications/Xcode-27.0.0-Release.Candidate.app/Contents/Developer/Platforms/WatchOS.platform/Developer/SDKs/WatchOS27.0.sdk /Users/admin/builder/spi-builder-workspace/.derivedData/SDKStatCaches.noindex/watchos27.0-24R360-e829b21a6f8c9b70876ba0858053c04477534ef55a1706bf4c1112bbb242f0a2.sdkstatcache
cd /Users/admin/builder/spi-builder-workspace/.swiftpm/xcode
/Applications/Xcode-27.0.0-Release.Candidate.app/Contents/Developer/Toolchains/XcodeDefault.xctoolchain/usr/bin/clang-stat-cache /Applications/Xcode-27.0.0-Release.Candidate.app/Contents/Developer/Platforms/WatchOS.platform/Developer/SDKs/WatchOS27.0.sdk -o /Users/admin/builder/spi-builder-workspace/.derivedData/SDKStatCaches.noindex/watchos27.0-24R360-e829b21a6f8c9b70876ba0858053c04477534ef55a1706bf4c1112bbb242f0a2.sdkstatcache
CreateBuildDirectory /Users/admin/builder/spi-builder-workspace/.derivedData/Build/Intermediates.noindex/SwiftExplicitPrecompiledModules
cd /Users/admin/builder/spi-builder-workspace/.swiftpm/xcode
builtin-create-build-directory /Users/admin/builder/spi-builder-workspace/.derivedData/Build/Intermediates.noindex/SwiftExplicitPrecompiledModules
CreateBuildDirectory /Users/admin/builder/spi-builder-workspace/.derivedData/Build/Intermediates.noindex/ExplicitPrecompiledModules
cd /Users/admin/builder/spi-builder-workspace/.swiftpm/xcode
builtin-create-build-directory /Users/admin/builder/spi-builder-workspace/.derivedData/Build/Intermediates.noindex/ExplicitPrecompiledModules
CreateBuildDirectory /Users/admin/builder/spi-builder-workspace/.derivedData/Build/Intermediates.noindex/PrecompiledHeaders
cd /Users/admin/builder/spi-builder-workspace/.swiftpm/xcode
builtin-create-build-directory /Users/admin/builder/spi-builder-workspace/.derivedData/Build/Intermediates.noindex/PrecompiledHeaders
CreateBuildDirectory /Users/admin/builder/spi-builder-workspace/.derivedData/Build/Products/Debug-watchos
cd /Users/admin/builder/spi-builder-workspace/.swiftpm/xcode
builtin-create-build-directory /Users/admin/builder/spi-builder-workspace/.derivedData/Build/Products/Debug-watchos
CreateBuildDirectory /Users/admin/builder/spi-builder-workspace/.derivedData/Build/Intermediates.noindex/EagerLinkingTBDs/Debug-watchos
cd /Users/admin/builder/spi-builder-workspace/.swiftpm/xcode
builtin-create-build-directory /Users/admin/builder/spi-builder-workspace/.derivedData/Build/Intermediates.noindex/EagerLinkingTBDs/Debug-watchos
CreateBuildDirectory /Users/admin/builder/spi-builder-workspace/.derivedData/Build/Products/Debug-watchos/PackageFrameworks
cd /Users/admin/builder/spi-builder-workspace/.swiftpm/xcode
builtin-create-build-directory /Users/admin/builder/spi-builder-workspace/.derivedData/Build/Products/Debug-watchos/PackageFrameworks
WriteAuxiliaryFile /Users/admin/builder/spi-builder-workspace/.derivedData/Build/Intermediates.noindex/Shallows.build/Debug-watchos/Shallows-t.build/Shallows.DependencyMetadataFileList (in target 'Shallows' from project 'Shallows')
cd /Users/admin/builder/spi-builder-workspace/.dependencies/checkouts/Shallows
write-file /Users/admin/builder/spi-builder-workspace/.derivedData/Build/Intermediates.noindex/Shallows.build/Debug-watchos/Shallows-t.build/Shallows.DependencyMetadataFileList
WriteAuxiliaryFile /Users/admin/builder/spi-builder-workspace/.derivedData/Build/Intermediates.noindex/Shallows.build/Debug-watchos/Shallows-t.build/Shallows.DependencyStaticMetadataFileList (in target 'Shallows' from project 'Shallows')
cd /Users/admin/builder/spi-builder-workspace/.dependencies/checkouts/Shallows
write-file /Users/admin/builder/spi-builder-workspace/.derivedData/Build/Intermediates.noindex/Shallows.build/Debug-watchos/Shallows-t.build/Shallows.DependencyStaticMetadataFileList
WriteAuxiliaryFile /Users/admin/builder/spi-builder-workspace/.derivedData/Build/Intermediates.noindex/Shallows.build/Debug-watchos/Shallows-t.build/Shallows.modulemap (in target 'Shallows' from project 'Shallows')
cd /Users/admin/builder/spi-builder-workspace/.dependencies/checkouts/Shallows
write-file /Users/admin/builder/spi-builder-workspace/.derivedData/Build/Intermediates.noindex/Shallows.build/Debug-watchos/Shallows-t.build/Shallows.modulemap
WriteAuxiliaryFile /Users/admin/builder/spi-builder-workspace/.derivedData/Build/Intermediates.noindex/Shallows.build/Debug-watchos/Shallows-t.build/Objects-normal/arm64_32/Shallows.LinkFileList (in target 'Shallows' from project 'Shallows')
cd /Users/admin/builder/spi-builder-workspace/.dependencies/checkouts/Shallows
write-file /Users/admin/builder/spi-builder-workspace/.derivedData/Build/Intermediates.noindex/Shallows.build/Debug-watchos/Shallows-t.build/Objects-normal/arm64_32/Shallows.LinkFileList
WriteAuxiliaryFile /Users/admin/builder/spi-builder-workspace/.derivedData/Build/Intermediates.noindex/Shallows.build/Debug-watchos/Shallows-t.build/Objects-normal/arm64_32/Shallows-OutputFileMap.json (in target 'Shallows' from project 'Shallows')
cd /Users/admin/builder/spi-builder-workspace/.dependencies/checkouts/Shallows
write-file /Users/admin/builder/spi-builder-workspace/.derivedData/Build/Intermediates.noindex/Shallows.build/Debug-watchos/Shallows-t.build/Objects-normal/arm64_32/Shallows-OutputFileMap.json
WriteAuxiliaryFile /Users/admin/builder/spi-builder-workspace/.derivedData/Build/Intermediates.noindex/Shallows.build/Debug-watchos/Shallows-t.build/Objects-normal/arm64_32/Shallows_const_extract_protocols.json (in target 'Shallows' from project 'Shallows')
cd /Users/admin/builder/spi-builder-workspace/.dependencies/checkouts/Shallows
write-file /Users/admin/builder/spi-builder-workspace/.derivedData/Build/Intermediates.noindex/Shallows.build/Debug-watchos/Shallows-t.build/Objects-normal/arm64_32/Shallows_const_extract_protocols.json
WriteAuxiliaryFile /Users/admin/builder/spi-builder-workspace/.derivedData/Build/Intermediates.noindex/Shallows.build/Debug-watchos/Shallows-t.build/Objects-normal/arm64_32/Shallows.SwiftFileList (in target 'Shallows' from project 'Shallows')
cd /Users/admin/builder/spi-builder-workspace/.dependencies/checkouts/Shallows
write-file /Users/admin/builder/spi-builder-workspace/.derivedData/Build/Intermediates.noindex/Shallows.build/Debug-watchos/Shallows-t.build/Objects-normal/arm64_32/Shallows.SwiftFileList
WriteAuxiliaryFile /Users/admin/builder/spi-builder-workspace/.derivedData/Build/Intermediates.noindex/Shallows.build/Debug-watchos/Shallows-t.build/Objects-normal/arm64/Shallows_const_extract_protocols.json (in target 'Shallows' from project 'Shallows')
cd /Users/admin/builder/spi-builder-workspace/.dependencies/checkouts/Shallows
write-file /Users/admin/builder/spi-builder-workspace/.derivedData/Build/Intermediates.noindex/Shallows.build/Debug-watchos/Shallows-t.build/Objects-normal/arm64/Shallows_const_extract_protocols.json
WriteAuxiliaryFile /Users/admin/builder/spi-builder-workspace/.derivedData/Build/Intermediates.noindex/Shallows.build/Debug-watchos/Shallows-t.build/Objects-normal/arm64_32/Shallows.SwiftConstValuesFileList (in target 'Shallows' from project 'Shallows')
cd /Users/admin/builder/spi-builder-workspace/.dependencies/checkouts/Shallows
write-file /Users/admin/builder/spi-builder-workspace/.derivedData/Build/Intermediates.noindex/Shallows.build/Debug-watchos/Shallows-t.build/Objects-normal/arm64_32/Shallows.SwiftConstValuesFileList
WriteAuxiliaryFile /Users/admin/builder/spi-builder-workspace/.derivedData/Build/Intermediates.noindex/Shallows.build/Debug-watchos/Shallows-t.build/Objects-normal/arm64/Shallows.SwiftFileList (in target 'Shallows' from project 'Shallows')
cd /Users/admin/builder/spi-builder-workspace/.dependencies/checkouts/Shallows
write-file /Users/admin/builder/spi-builder-workspace/.derivedData/Build/Intermediates.noindex/Shallows.build/Debug-watchos/Shallows-t.build/Objects-normal/arm64/Shallows.SwiftFileList
WriteAuxiliaryFile /Users/admin/builder/spi-builder-workspace/.derivedData/Build/Intermediates.noindex/Shallows.build/Debug-watchos/Shallows-t.build/Objects-normal/arm64/Shallows.SwiftConstValuesFileList (in target 'Shallows' from project 'Shallows')
cd /Users/admin/builder/spi-builder-workspace/.dependencies/checkouts/Shallows
write-file /Users/admin/builder/spi-builder-workspace/.derivedData/Build/Intermediates.noindex/Shallows.build/Debug-watchos/Shallows-t.build/Objects-normal/arm64/Shallows.SwiftConstValuesFileList
WriteAuxiliaryFile /Users/admin/builder/spi-builder-workspace/.derivedData/Build/Intermediates.noindex/Shallows.build/Debug-watchos/Shallows-t.build/Objects-normal/arm64/Shallows.LinkFileList (in target 'Shallows' from project 'Shallows')
cd /Users/admin/builder/spi-builder-workspace/.dependencies/checkouts/Shallows
write-file /Users/admin/builder/spi-builder-workspace/.derivedData/Build/Intermediates.noindex/Shallows.build/Debug-watchos/Shallows-t.build/Objects-normal/arm64/Shallows.LinkFileList
WriteAuxiliaryFile /Users/admin/builder/spi-builder-workspace/.derivedData/Build/Intermediates.noindex/Shallows.build/Debug-watchos/Shallows-t.build/Objects-normal/arm64/Shallows-OutputFileMap.json (in target 'Shallows' from project 'Shallows')
cd /Users/admin/builder/spi-builder-workspace/.dependencies/checkouts/Shallows
write-file /Users/admin/builder/spi-builder-workspace/.derivedData/Build/Intermediates.noindex/Shallows.build/Debug-watchos/Shallows-t.build/Objects-normal/arm64/Shallows-OutputFileMap.json
Copy /Users/admin/builder/spi-builder-workspace/.derivedData/Build/Intermediates.noindex/GeneratedModuleMaps-watchos/Shallows.modulemap /Users/admin/builder/spi-builder-workspace/.derivedData/Build/Intermediates.noindex/Shallows.build/Debug-watchos/Shallows-t.build/Shallows.modulemap (in target 'Shallows' from project 'Shallows')
cd /Users/admin/builder/spi-builder-workspace/.dependencies/checkouts/Shallows
builtin-copy -exclude .DS_Store -exclude CVS -exclude .svn -exclude .git -exclude .hg -resolve-src-symlinks /Users/admin/builder/spi-builder-workspace/.derivedData/Build/Intermediates.noindex/Shallows.build/Debug-watchos/Shallows-t.build/Shallows.modulemap /Users/admin/builder/spi-builder-workspace/.derivedData/Build/Intermediates.noindex/GeneratedModuleMaps-watchos
WriteAuxiliaryFile /Users/admin/builder/spi-builder-workspace/.derivedData/Build/Intermediates.noindex/Light.build/Debug-watchos/Light-t.build/Objects-normal/arm64_32/Light.SwiftConstValuesFileList (in target 'Light' from project 'Light')
cd /Users/admin/builder/spi-builder-workspace
write-file /Users/admin/builder/spi-builder-workspace/.derivedData/Build/Intermediates.noindex/Light.build/Debug-watchos/Light-t.build/Objects-normal/arm64_32/Light.SwiftConstValuesFileList
WriteAuxiliaryFile /Users/admin/builder/spi-builder-workspace/.derivedData/Build/Intermediates.noindex/Light.build/Debug-watchos/Light-t.build/Objects-normal/arm64_32/Light.LinkFileList (in target 'Light' from project 'Light')
cd /Users/admin/builder/spi-builder-workspace
write-file /Users/admin/builder/spi-builder-workspace/.derivedData/Build/Intermediates.noindex/Light.build/Debug-watchos/Light-t.build/Objects-normal/arm64_32/Light.LinkFileList
WriteAuxiliaryFile /Users/admin/builder/spi-builder-workspace/.derivedData/Build/Intermediates.noindex/Light.build/Debug-watchos/Light-t.build/Objects-normal/arm64_32/Light_const_extract_protocols.json (in target 'Light' from project 'Light')
cd /Users/admin/builder/spi-builder-workspace
write-file /Users/admin/builder/spi-builder-workspace/.derivedData/Build/Intermediates.noindex/Light.build/Debug-watchos/Light-t.build/Objects-normal/arm64_32/Light_const_extract_protocols.json
WriteAuxiliaryFile /Users/admin/builder/spi-builder-workspace/.derivedData/Build/Intermediates.noindex/Light.build/Debug-watchos/Light-t.build/Objects-normal/arm64_32/Light.SwiftFileList (in target 'Light' from project 'Light')
cd /Users/admin/builder/spi-builder-workspace
write-file /Users/admin/builder/spi-builder-workspace/.derivedData/Build/Intermediates.noindex/Light.build/Debug-watchos/Light-t.build/Objects-normal/arm64_32/Light.SwiftFileList
WriteAuxiliaryFile /Users/admin/builder/spi-builder-workspace/.derivedData/Build/Intermediates.noindex/Light.build/Debug-watchos/Light-t.build/Objects-normal/arm64_32/Light-OutputFileMap.json (in target 'Light' from project 'Light')
cd /Users/admin/builder/spi-builder-workspace
write-file /Users/admin/builder/spi-builder-workspace/.derivedData/Build/Intermediates.noindex/Light.build/Debug-watchos/Light-t.build/Objects-normal/arm64_32/Light-OutputFileMap.json
WriteAuxiliaryFile /Users/admin/builder/spi-builder-workspace/.derivedData/Build/Intermediates.noindex/Light.build/Debug-watchos/Light-t.build/Objects-normal/arm64/Light_const_extract_protocols.json (in target 'Light' from project 'Light')
cd /Users/admin/builder/spi-builder-workspace
write-file /Users/admin/builder/spi-builder-workspace/.derivedData/Build/Intermediates.noindex/Light.build/Debug-watchos/Light-t.build/Objects-normal/arm64/Light_const_extract_protocols.json
WriteAuxiliaryFile /Users/admin/builder/spi-builder-workspace/.derivedData/Build/Intermediates.noindex/Light.build/Debug-watchos/Light-t.build/Objects-normal/arm64/Light.SwiftFileList (in target 'Light' from project 'Light')
cd /Users/admin/builder/spi-builder-workspace
write-file /Users/admin/builder/spi-builder-workspace/.derivedData/Build/Intermediates.noindex/Light.build/Debug-watchos/Light-t.build/Objects-normal/arm64/Light.SwiftFileList
WriteAuxiliaryFile /Users/admin/builder/spi-builder-workspace/.derivedData/Build/Intermediates.noindex/Light.build/Debug-watchos/Light-t.build/Objects-normal/arm64/Light.SwiftConstValuesFileList (in target 'Light' from project 'Light')
cd /Users/admin/builder/spi-builder-workspace
write-file /Users/admin/builder/spi-builder-workspace/.derivedData/Build/Intermediates.noindex/Light.build/Debug-watchos/Light-t.build/Objects-normal/arm64/Light.SwiftConstValuesFileList
WriteAuxiliaryFile /Users/admin/builder/spi-builder-workspace/.derivedData/Build/Intermediates.noindex/Light.build/Debug-watchos/Light-t.build/Objects-normal/arm64/Light.LinkFileList (in target 'Light' from project 'Light')
cd /Users/admin/builder/spi-builder-workspace
write-file /Users/admin/builder/spi-builder-workspace/.derivedData/Build/Intermediates.noindex/Light.build/Debug-watchos/Light-t.build/Objects-normal/arm64/Light.LinkFileList
WriteAuxiliaryFile /Users/admin/builder/spi-builder-workspace/.derivedData/Build/Intermediates.noindex/Light.build/Debug-watchos/Light-t.build/Light.modulemap (in target 'Light' from project 'Light')
cd /Users/admin/builder/spi-builder-workspace
write-file /Users/admin/builder/spi-builder-workspace/.derivedData/Build/Intermediates.noindex/Light.build/Debug-watchos/Light-t.build/Light.modulemap
WriteAuxiliaryFile /Users/admin/builder/spi-builder-workspace/.derivedData/Build/Intermediates.noindex/Light.build/Debug-watchos/Light-t.build/Objects-normal/arm64/Light-OutputFileMap.json (in target 'Light' from project 'Light')
cd /Users/admin/builder/spi-builder-workspace
write-file /Users/admin/builder/spi-builder-workspace/.derivedData/Build/Intermediates.noindex/Light.build/Debug-watchos/Light-t.build/Objects-normal/arm64/Light-OutputFileMap.json
WriteAuxiliaryFile /Users/admin/builder/spi-builder-workspace/.derivedData/Build/Intermediates.noindex/Light.build/Debug-watchos/Light-t.build/Light.DependencyStaticMetadataFileList (in target 'Light' from project 'Light')
cd /Users/admin/builder/spi-builder-workspace
write-file /Users/admin/builder/spi-builder-workspace/.derivedData/Build/Intermediates.noindex/Light.build/Debug-watchos/Light-t.build/Light.DependencyStaticMetadataFileList
WriteAuxiliaryFile /Users/admin/builder/spi-builder-workspace/.derivedData/Build/Intermediates.noindex/Light.build/Debug-watchos/Light-t.build/Light.DependencyMetadataFileList (in target 'Light' from project 'Light')
cd /Users/admin/builder/spi-builder-workspace
write-file /Users/admin/builder/spi-builder-workspace/.derivedData/Build/Intermediates.noindex/Light.build/Debug-watchos/Light-t.build/Light.DependencyMetadataFileList
Copy /Users/admin/builder/spi-builder-workspace/.derivedData/Build/Intermediates.noindex/GeneratedModuleMaps-watchos/Light.modulemap /Users/admin/builder/spi-builder-workspace/.derivedData/Build/Intermediates.noindex/Light.build/Debug-watchos/Light-t.build/Light.modulemap (in target 'Light' from project 'Light')
cd /Users/admin/builder/spi-builder-workspace
builtin-copy -exclude .DS_Store -exclude CVS -exclude .svn -exclude .git -exclude .hg -resolve-src-symlinks /Users/admin/builder/spi-builder-workspace/.derivedData/Build/Intermediates.noindex/Light.build/Debug-watchos/Light-t.build/Light.modulemap /Users/admin/builder/spi-builder-workspace/.derivedData/Build/Intermediates.noindex/GeneratedModuleMaps-watchos
SwiftDriver Shallows normal arm64_32 com.apple.xcode.tools.swift.compiler (in target 'Shallows' from project 'Shallows')
cd /Users/admin/builder/spi-builder-workspace/.swiftpm/xcode
builtin-SwiftDriver -- /Applications/Xcode-27.0.0-Release.Candidate.app/Contents/Developer/Toolchains/XcodeDefault.xctoolchain/usr/bin/swiftc -parse-as-library -module-name Shallows -Onone @/Users/admin/builder/spi-builder-workspace/.derivedData/Build/Intermediates.noindex/Shallows.build/Debug-watchos/Shallows-t.build/Objects-normal/arm64_32/Shallows.SwiftFileList -DSWIFT_PACKAGE -DDEBUG -DSWIFT_MODULE_RESOURCE_BUNDLE_UNAVAILABLE -DXcode -plugin-path /Applications/Xcode-27.0.0-Release.Candidate.app/Contents/Developer/Toolchains/XcodeDefault.xctoolchain/usr/lib/swift/host/plugins/testing -enable-experimental-feature DebugDescriptionMacro -sdk /Applications/Xcode-27.0.0-Release.Candidate.app/Contents/Developer/Platforms/WatchOS.platform/Developer/SDKs/WatchOS27.0.sdk -target arm64_32-apple-watchos9.0 -g -module-cache-path /Users/admin/builder/spi-builder-workspace/.derivedData/ModuleCache.noindex -Xfrontend -serialize-debugging-options -profile-coverage-mapping -profile-generate -enable-testing -suppress-warnings -index-store-path /Users/admin/builder/spi-builder-workspace/.derivedData/Index.noindex/DataStore -Xcc -D_LIBCPP_HARDENING_MODE\=_LIBCPP_HARDENING_MODE_DEBUG -swift-version 5 -I /Users/admin/builder/spi-builder-workspace/.derivedData/Build/Products/Debug-watchos -Isystem /Applications/Xcode-27.0.0-Release.Candidate.app/Contents/Developer/Platforms/WatchOS.platform/Developer/usr/lib -F /Users/admin/builder/spi-builder-workspace/.derivedData/Build/Products/Debug-watchos -F /Applications/Xcode-27.0.0-Release.Candidate.app/Contents/Developer/Platforms/WatchOS.platform/Developer/Library/Frameworks -F /Applications/Xcode-27.0.0-Release.Candidate.app/Contents/Developer/Platforms/WatchOS.platform/Developer/SDKs/WatchOS27.0.sdk/Developer/Library/Frameworks -c -j10 -enable-batch-mode -incremental -Xcc -ivfsstatcache -Xcc /Users/admin/builder/spi-builder-workspace/.derivedData/SDKStatCaches.noindex/watchos27.0-24R360-e829b21a6f8c9b70876ba0858053c04477534ef55a1706bf4c1112bbb242f0a2.sdkstatcache -output-file-map /Users/admin/builder/spi-builder-workspace/.derivedData/Build/Intermediates.noindex/Shallows.build/Debug-watchos/Shallows-t.build/Objects-normal/arm64_32/Shallows-OutputFileMap.json -save-temps -no-color-diagnostics -explicit-module-build -module-cache-path /Users/admin/builder/spi-builder-workspace/.derivedData/Build/Intermediates.noindex/SwiftExplicitPrecompiledModules -clang-scanner-module-cache-path /Users/admin/builder/spi-builder-workspace/.derivedData/ModuleCache.noindex -sdk-module-cache-path /Users/admin/builder/spi-builder-workspace/.derivedData/SDKExplicitPrecompiledModules -emit-dependencies -emit-module -emit-module-path /Users/admin/builder/spi-builder-workspace/.derivedData/Build/Intermediates.noindex/Shallows.build/Debug-watchos/Shallows-t.build/Objects-normal/arm64_32/Shallows.swiftmodule -serialize-diagnostics -dependency-scan-serialize-diagnostics-path /Users/admin/builder/spi-builder-workspace/.derivedData/Build/Intermediates.noindex/Shallows.build/Debug-watchos/Shallows-t.build/Objects-normal/arm64_32/Shallows-dependency-scan.dia -validate-clang-modules-once -clang-build-session-file /Users/admin/builder/spi-builder-workspace/.derivedData/ModuleCache.noindex/Session.modulevalidation -Xcc -fmodules-prune-interval\=86400 -Xcc -fmodules-prune-after\=345600 -emit-const-values -const-gather-protocols-list /Users/admin/builder/spi-builder-workspace/.derivedData/Build/Intermediates.noindex/Shallows.build/Debug-watchos/Shallows-t.build/Objects-normal/arm64_32/Shallows_const_extract_protocols.json -Xcc -I/Users/admin/builder/spi-builder-workspace/.derivedData/Build/Products/Debug-watchos/include -Xcc -I/Users/admin/builder/spi-builder-workspace/.derivedData/Build/Intermediates.noindex/Shallows.build/Debug-watchos/Shallows-t.build/DerivedSources-normal/arm64_32 -Xcc -I/Users/admin/builder/spi-builder-workspace/.derivedData/Build/Intermediates.noindex/Shallows.build/Debug-watchos/Shallows-t.build/DerivedSources/arm64_32 -Xcc -I/Users/admin/builder/spi-builder-workspace/.derivedData/Build/Intermediates.noindex/Shallows.build/Debug-watchos/Shallows-t.build/DerivedSources -Xcc -DSWIFT_PACKAGE -Xcc -DDEBUG\=1 -emit-objc-header -emit-objc-header-path /Users/admin/builder/spi-builder-workspace/.derivedData/Build/Intermediates.noindex/Shallows.build/Debug-watchos/Shallows-t.build/Objects-normal/arm64_32/Shallows-Swift.h -working-directory /Users/admin/builder/spi-builder-workspace/.swiftpm/xcode -experimental-emit-module-separately -disable-cmo
SwiftDriver Shallows normal arm64 com.apple.xcode.tools.swift.compiler (in target 'Shallows' from project 'Shallows')
cd /Users/admin/builder/spi-builder-workspace/.swiftpm/xcode
builtin-SwiftDriver -- /Applications/Xcode-27.0.0-Release.Candidate.app/Contents/Developer/Toolchains/XcodeDefault.xctoolchain/usr/bin/swiftc -parse-as-library -module-name Shallows -Onone @/Users/admin/builder/spi-builder-workspace/.derivedData/Build/Intermediates.noindex/Shallows.build/Debug-watchos/Shallows-t.build/Objects-normal/arm64/Shallows.SwiftFileList -DSWIFT_PACKAGE -DDEBUG -DSWIFT_MODULE_RESOURCE_BUNDLE_UNAVAILABLE -DXcode -plugin-path /Applications/Xcode-27.0.0-Release.Candidate.app/Contents/Developer/Toolchains/XcodeDefault.xctoolchain/usr/lib/swift/host/plugins/testing -enable-experimental-feature DebugDescriptionMacro -sdk /Applications/Xcode-27.0.0-Release.Candidate.app/Contents/Developer/Platforms/WatchOS.platform/Developer/SDKs/WatchOS27.0.sdk -target arm64-apple-watchos9.0 -g -module-cache-path /Users/admin/builder/spi-builder-workspace/.derivedData/ModuleCache.noindex -Xfrontend -serialize-debugging-options -profile-coverage-mapping -profile-generate -enable-testing -suppress-warnings -index-store-path /Users/admin/builder/spi-builder-workspace/.derivedData/Index.noindex/DataStore -Xcc -D_LIBCPP_HARDENING_MODE\=_LIBCPP_HARDENING_MODE_DEBUG -swift-version 5 -I /Users/admin/builder/spi-builder-workspace/.derivedData/Build/Products/Debug-watchos -Isystem /Applications/Xcode-27.0.0-Release.Candidate.app/Contents/Developer/Platforms/WatchOS.platform/Developer/usr/lib -F /Users/admin/builder/spi-builder-workspace/.derivedData/Build/Products/Debug-watchos -F /Applications/Xcode-27.0.0-Release.Candidate.app/Contents/Developer/Platforms/WatchOS.platform/Developer/Library/Frameworks -F /Applications/Xcode-27.0.0-Release.Candidate.app/Contents/Developer/Platforms/WatchOS.platform/Developer/SDKs/WatchOS27.0.sdk/Developer/Library/Frameworks -c -j10 -enable-batch-mode -incremental -Xcc -ivfsstatcache -Xcc /Users/admin/builder/spi-builder-workspace/.derivedData/SDKStatCaches.noindex/watchos27.0-24R360-e829b21a6f8c9b70876ba0858053c04477534ef55a1706bf4c1112bbb242f0a2.sdkstatcache -output-file-map /Users/admin/builder/spi-builder-workspace/.derivedData/Build/Intermediates.noindex/Shallows.build/Debug-watchos/Shallows-t.build/Objects-normal/arm64/Shallows-OutputFileMap.json -save-temps -no-color-diagnostics -explicit-module-build -module-cache-path /Users/admin/builder/spi-builder-workspace/.derivedData/Build/Intermediates.noindex/SwiftExplicitPrecompiledModules -clang-scanner-module-cache-path /Users/admin/builder/spi-builder-workspace/.derivedData/ModuleCache.noindex -sdk-module-cache-path /Users/admin/builder/spi-builder-workspace/.derivedData/SDKExplicitPrecompiledModules -emit-dependencies -emit-module -emit-module-path /Users/admin/builder/spi-builder-workspace/.derivedData/Build/Intermediates.noindex/Shallows.build/Debug-watchos/Shallows-t.build/Objects-normal/arm64/Shallows.swiftmodule -serialize-diagnostics -dependency-scan-serialize-diagnostics-path /Users/admin/builder/spi-builder-workspace/.derivedData/Build/Intermediates.noindex/Shallows.build/Debug-watchos/Shallows-t.build/Objects-normal/arm64/Shallows-dependency-scan.dia -validate-clang-modules-once -clang-build-session-file /Users/admin/builder/spi-builder-workspace/.derivedData/ModuleCache.noindex/Session.modulevalidation -Xcc -fmodules-prune-interval\=86400 -Xcc -fmodules-prune-after\=345600 -emit-const-values -const-gather-protocols-list /Users/admin/builder/spi-builder-workspace/.derivedData/Build/Intermediates.noindex/Shallows.build/Debug-watchos/Shallows-t.build/Objects-normal/arm64/Shallows_const_extract_protocols.json -Xcc -I/Users/admin/builder/spi-builder-workspace/.derivedData/Build/Products/Debug-watchos/include -Xcc -I/Users/admin/builder/spi-builder-workspace/.derivedData/Build/Intermediates.noindex/Shallows.build/Debug-watchos/Shallows-t.build/DerivedSources-normal/arm64 -Xcc -I/Users/admin/builder/spi-builder-workspace/.derivedData/Build/Intermediates.noindex/Shallows.build/Debug-watchos/Shallows-t.build/DerivedSources/arm64 -Xcc -I/Users/admin/builder/spi-builder-workspace/.derivedData/Build/Intermediates.noindex/Shallows.build/Debug-watchos/Shallows-t.build/DerivedSources -Xcc -DSWIFT_PACKAGE -Xcc -DDEBUG\=1 -emit-objc-header -emit-objc-header-path /Users/admin/builder/spi-builder-workspace/.derivedData/Build/Intermediates.noindex/Shallows.build/Debug-watchos/Shallows-t.build/Objects-normal/arm64/Shallows-Swift.h -working-directory /Users/admin/builder/spi-builder-workspace/.swiftpm/xcode -experimental-emit-module-separately -disable-cmo
SwiftExplicitDependencyGeneratePcm arm64 /Users/admin/builder/spi-builder-workspace/.derivedData/SDKExplicitPrecompiledModules/SwiftShims-4MXFZPV6FEB0XBYXCGPWAMQGL.pcm
SwiftExplicitDependencyGeneratePcm arm64 /Users/admin/builder/spi-builder-workspace/.derivedData/SDKExplicitPrecompiledModules/_Builtin_stdarg-A7UU8LE6MP85SM26YO7PBZNUQ.pcm
SwiftExplicitDependencyGeneratePcm arm64 /Users/admin/builder/spi-builder-workspace/.derivedData/SDKExplicitPrecompiledModules/_AvailabilityInternal-BUNV3UXM65NT37THI4W1AM0SF.pcm
SwiftExplicitDependencyGeneratePcm arm64 /Users/admin/builder/spi-builder-workspace/.derivedData/SDKExplicitPrecompiledModules/ptrauth-3TZ9WJCGLYD25HQPWH4968ONX.pcm
SwiftExplicitDependencyGeneratePcm arm64 /Users/admin/builder/spi-builder-workspace/.derivedData/SDKExplicitPrecompiledModules/_Builtin_stddef-1FU30Y8SWFB7OUUHMJQH5J6FM.pcm
SwiftExplicitDependencyGeneratePcm arm64 /Users/admin/builder/spi-builder-workspace/.derivedData/SDKExplicitPrecompiledModules/ptrcheck-AIF0NDOYZ8ORBNHQAQR5NNB8M.pcm
SwiftExplicitDependencyGeneratePcm arm64 /Users/admin/builder/spi-builder-workspace/.derivedData/SDKExplicitPrecompiledModules/_Builtin_stdbool-83J96QSOFE9VX04AAS6310UAE.pcm
SwiftExplicitDependencyGeneratePcm arm64 /Users/admin/builder/spi-builder-workspace/.derivedData/SDKExplicitPrecompiledModules/_Builtin_float-C0CW5Q4HGBQYKE77TC42IAFB5.pcm
SwiftExplicitDependencyGeneratePcm arm64 /Users/admin/builder/spi-builder-workspace/.derivedData/SDKExplicitPrecompiledModules/_SwiftConcurrencyShims-659N52XSKR5F0QSB880BH2FJR.pcm
SwiftExplicitDependencyGeneratePcm arm64_32 /Users/admin/builder/spi-builder-workspace/.derivedData/SDKExplicitPrecompiledModules/_Builtin_stdbool-A967K8W8YUYEC9SN52KJ7OO88.pcm
SwiftExplicitDependencyGeneratePcm arm64_32 /Users/admin/builder/spi-builder-workspace/.derivedData/SDKExplicitPrecompiledModules/SwiftShims-9CQQGWTSNTN9EB5NSHDWUJICH.pcm
SwiftExplicitDependencyGeneratePcm arm64_32 /Users/admin/builder/spi-builder-workspace/.derivedData/SDKExplicitPrecompiledModules/_AvailabilityInternal-244WAN3Z1QBT7PIA64EZEFY1R.pcm
SwiftExplicitDependencyGeneratePcm arm64_32 /Users/admin/builder/spi-builder-workspace/.derivedData/SDKExplicitPrecompiledModules/ptrcheck-7ELIH9BTIGVKX3UBITM9N72WD.pcm
SwiftExplicitDependencyGeneratePcm arm64_32 /Users/admin/builder/spi-builder-workspace/.derivedData/SDKExplicitPrecompiledModules/_Builtin_stddef-H44EFHQX6XSS5MZ7QP6YJZ76.pcm
SwiftExplicitDependencyGeneratePcm arm64_32 /Users/admin/builder/spi-builder-workspace/.derivedData/SDKExplicitPrecompiledModules/_SwiftConcurrencyShims-6RTBPQ03V7BM9SPRK8SUE055H.pcm
SwiftExplicitDependencyGeneratePcm arm64_32 /Users/admin/builder/spi-builder-workspace/.derivedData/SDKExplicitPrecompiledModules/_Builtin_float-6KO8O3PEWRCA4WC6PPLOYO6WJ.pcm
SwiftExplicitDependencyGeneratePcm arm64_32 /Users/admin/builder/spi-builder-workspace/.derivedData/SDKExplicitPrecompiledModules/_Builtin_stdarg-D305JG44A2WPI6CJY37X3QJE8.pcm
SwiftExplicitDependencyGeneratePcm arm64_32 /Users/admin/builder/spi-builder-workspace/.derivedData/SDKExplicitPrecompiledModules/ptrauth-BFXF358ME5AK535N5A9Z766WU.pcm
SwiftExplicitDependencyGeneratePcm arm64 /Users/admin/builder/spi-builder-workspace/.derivedData/SDKExplicitPrecompiledModules/_DarwinFoundation1-7SPX3MD0HMP55E4OLNCPNDQ53.pcm
SwiftExplicitDependencyGeneratePcm arm64_32 /Users/admin/builder/spi-builder-workspace/.derivedData/SDKExplicitPrecompiledModules/_DarwinFoundation1-2GWF9RFMPLQW4PDHS3NARVI3G.pcm
SwiftExplicitDependencyGeneratePcm arm64 /Users/admin/builder/spi-builder-workspace/.derivedData/SDKExplicitPrecompiledModules/_Builtin_limits-9GWPA2B0H20DYUNYHYCWKABJG.pcm
SwiftExplicitDependencyGeneratePcm arm64 /Users/admin/builder/spi-builder-workspace/.derivedData/SDKExplicitPrecompiledModules/_DarwinFoundation2-D0XAPJU49S5E9XMKYOFGSTB1Q.pcm
SwiftExplicitDependencyGeneratePcm arm64_32 /Users/admin/builder/spi-builder-workspace/.derivedData/SDKExplicitPrecompiledModules/_Builtin_limits-3VKBU2AFTD65PAJZ5CJ3LHFM2.pcm
SwiftExplicitDependencyGeneratePcm arm64_32 /Users/admin/builder/spi-builder-workspace/.derivedData/SDKExplicitPrecompiledModules/_DarwinFoundation2-9MY8GOSYRO0M9MKNXF6D3MBNK.pcm
SwiftExplicitDependencyGeneratePcm arm64 /Users/admin/builder/spi-builder-workspace/.derivedData/SDKExplicitPrecompiledModules/_Builtin_stdint-8XMILLJZEGRN2XG7XZUXZ5RLX.pcm
SwiftExplicitDependencyGeneratePcm arm64 /Users/admin/builder/spi-builder-workspace/.derivedData/SDKExplicitPrecompiledModules/string_h-E6PRXK75PHIPCZFWOFCQ3QBMK.pcm
SwiftExplicitDependencyGeneratePcm arm64 /Users/admin/builder/spi-builder-workspace/.derivedData/SDKExplicitPrecompiledModules/sys_types-2KXQLI78OUCDP779AE68GZJ2.pcm
SwiftExplicitDependencyGeneratePcm arm64_32 /Users/admin/builder/spi-builder-workspace/.derivedData/SDKExplicitPrecompiledModules/string_h-BFVLUQUSBZWYMLCU9QI7VZALW.pcm
SwiftExplicitDependencyGeneratePcm arm64_32 /Users/admin/builder/spi-builder-workspace/.derivedData/SDKExplicitPrecompiledModules/_Builtin_stdint-1HMXWI3V0V4TXHRWZOMZGZ80Y.pcm
SwiftExplicitDependencyGeneratePcm arm64_32 /Users/admin/builder/spi-builder-workspace/.derivedData/SDKExplicitPrecompiledModules/sys_types-8TLLMW08ZJWDGIIPKOYFGHHZW.pcm
SwiftExplicitDependencyGeneratePcm arm64 /Users/admin/builder/spi-builder-workspace/.derivedData/SDKExplicitPrecompiledModules/_DarwinFoundation3-B97LRG0E9GON2NUE65TVG81HU.pcm
SwiftExplicitDependencyGeneratePcm arm64_32 /Users/admin/builder/spi-builder-workspace/.derivedData/SDKExplicitPrecompiledModules/_DarwinFoundation3-3DUTYQDQSD9HUAAVY947NMWOI.pcm
SwiftExplicitDependencyGeneratePcm arm64 /Users/admin/builder/spi-builder-workspace/.derivedData/SDKExplicitPrecompiledModules/_Builtin_inttypes-3UQSCM7WNM9EK4HZML8TY5J3D.pcm
SwiftExplicitDependencyGeneratePcm arm64_32 /Users/admin/builder/spi-builder-workspace/.derivedData/SDKExplicitPrecompiledModules/_Builtin_inttypes-D2KPCR4PEX9AQA33NGLUT5SBR.pcm
SwiftExplicitDependencyGeneratePcm arm64 /Users/admin/builder/spi-builder-workspace/.derivedData/SDKExplicitPrecompiledModules/Darwin-3984OXKFNSPE77NT743WK8SEX.pcm
SwiftExplicitDependencyGeneratePcm arm64_32 /Users/admin/builder/spi-builder-workspace/.derivedData/SDKExplicitPrecompiledModules/Darwin-3FVT1SKLN2ZQ5RVOABMTQBB34.pcm
SwiftExplicitDependencyGeneratePcm arm64 /Users/admin/builder/spi-builder-workspace/.derivedData/SDKExplicitPrecompiledModules/ObjectiveC-72IVD3VS2RS8Q28D9PIMY0KQP.pcm
SwiftExplicitDependencyGeneratePcm arm64_32 /Users/admin/builder/spi-builder-workspace/.derivedData/SDKExplicitPrecompiledModules/ObjectiveC-6IJNELR2E80E7LUKESVCP2KET.pcm
SwiftExplicitDependencyGeneratePcm arm64 /Users/admin/builder/spi-builder-workspace/.derivedData/SDKExplicitPrecompiledModules/os_object-3SDKD7F87FTZ26OON37DRYT6O.pcm
SwiftExplicitDependencyGeneratePcm arm64_32 /Users/admin/builder/spi-builder-workspace/.derivedData/SDKExplicitPrecompiledModules/os_object-5YWTC6L4756IWSTPGXS5NM0D0.pcm
SwiftExplicitDependencyGeneratePcm arm64 /Users/admin/builder/spi-builder-workspace/.derivedData/SDKExplicitPrecompiledModules/os_workgroup-89GG5G7YC2D0ZTK6AZXXQ20DH.pcm
SwiftExplicitDependencyGeneratePcm arm64_32 /Users/admin/builder/spi-builder-workspace/.derivedData/SDKExplicitPrecompiledModules/os_workgroup-5JHTPDMNBUNHLJI8LPHKQK1JK.pcm
SwiftExplicitDependencyGeneratePcm arm64 /Users/admin/builder/spi-builder-workspace/.derivedData/SDKExplicitPrecompiledModules/Dispatch-1NLJOVAK60XP0DUB05XA59EIM.pcm
SwiftExplicitDependencyGeneratePcm arm64_32 /Users/admin/builder/spi-builder-workspace/.derivedData/SDKExplicitPrecompiledModules/Dispatch-2P62F1T4XV63S4P99TUDTOK2Q.pcm
SwiftExplicitDependencyGeneratePcm arm64 /Users/admin/builder/spi-builder-workspace/.derivedData/SDKExplicitPrecompiledModules/CoreFoundation-8T2L24YC5NU7WO6WQJWRY7W08.pcm
SwiftExplicitDependencyGeneratePcm arm64 /Users/admin/builder/spi-builder-workspace/.derivedData/SDKExplicitPrecompiledModules/XPC-40DR0X1DHKGCV4J1IOLFS8MOU.pcm
SwiftExplicitDependencyGeneratePcm arm64_32 /Users/admin/builder/spi-builder-workspace/.derivedData/SDKExplicitPrecompiledModules/XPC-81Y45QFY96XYYFCW2GT6FY8S4.pcm
SwiftExplicitDependencyGeneratePcm arm64_32 /Users/admin/builder/spi-builder-workspace/.derivedData/SDKExplicitPrecompiledModules/CoreFoundation-8E6Y4BA3EXYKUGJ24GT9LGV3N.pcm
SwiftExplicitDependencyGeneratePcm arm64 /Users/admin/builder/spi-builder-workspace/.derivedData/SDKExplicitPrecompiledModules/Security-6RZ6YBRU8WCUHRFFRVUK5WKMM.pcm
SwiftExplicitDependencyGeneratePcm arm64_32 /Users/admin/builder/spi-builder-workspace/.derivedData/SDKExplicitPrecompiledModules/Security-D7TOWF88VWF67TB9HAFP5UWB1.pcm
SwiftExplicitDependencyGeneratePcm arm64 /Users/admin/builder/spi-builder-workspace/.derivedData/SDKExplicitPrecompiledModules/Foundation-DLBKUSGXN8QHAT8W0OARR9S8A.pcm
SwiftExplicitDependencyGeneratePcm arm64_32 /Users/admin/builder/spi-builder-workspace/.derivedData/SDKExplicitPrecompiledModules/Foundation-BJ2VQGI3OGR34500MEQ1VKHPH.pcm
SwiftCompile normal arm64 Compiling\ ShallowsResult.swift /Users/admin/builder/spi-builder-workspace/.dependencies/checkouts/Shallows/Sources/Shallows/ShallowsResult.swift (in target 'Shallows' from project 'Shallows')
SwiftCompile normal arm64 /Users/admin/builder/spi-builder-workspace/.dependencies/checkouts/Shallows/Sources/Shallows/ShallowsResult.swift (in target 'Shallows' from project 'Shallows')
cd /Users/admin/builder/spi-builder-workspace/.swiftpm/xcode
builtin-SwiftPerFileCompile ShallowsResult.swift
SwiftEmitModule normal arm64 Emitting\ module\ for\ Shallows (in target 'Shallows' from project 'Shallows')
SwiftCompile normal arm64 (in target 'Shallows' from project 'Shallows')
cd /Users/admin/builder/spi-builder-workspace/.swiftpm/xcode
SwiftCompile normal arm64 Compiling\ Zip.swift /Users/admin/builder/spi-builder-workspace/.dependencies/checkouts/Shallows/Sources/Shallows/Zip.swift (in target 'Shallows' from project 'Shallows')
SwiftCompile normal arm64 /Users/admin/builder/spi-builder-workspace/.dependencies/checkouts/Shallows/Sources/Shallows/Zip.swift (in target 'Shallows' from project 'Shallows')
cd /Users/admin/builder/spi-builder-workspace/.swiftpm/xcode
builtin-SwiftPerFileCompile Zip.swift
SwiftCompile normal arm64 Compiling\ Storage.swift /Users/admin/builder/spi-builder-workspace/.dependencies/checkouts/Shallows/Sources/Shallows/Storage.swift (in target 'Shallows' from project 'Shallows')
SwiftCompile normal arm64 /Users/admin/builder/spi-builder-workspace/.dependencies/checkouts/Shallows/Sources/Shallows/Storage.swift (in target 'Shallows' from project 'Shallows')
cd /Users/admin/builder/spi-builder-workspace/.swiftpm/xcode
builtin-SwiftPerFileCompile Storage.swift
SwiftCompile normal arm64 Compiling\ Shallows.swift /Users/admin/builder/spi-builder-workspace/.dependencies/checkouts/Shallows/Sources/Shallows/Shallows.swift (in target 'Shallows' from project 'Shallows')
SwiftCompile normal arm64 /Users/admin/builder/spi-builder-workspace/.dependencies/checkouts/Shallows/Sources/Shallows/Shallows.swift (in target 'Shallows' from project 'Shallows')
cd /Users/admin/builder/spi-builder-workspace/.swiftpm/xcode
builtin-SwiftPerFileCompile Shallows.swift
SwiftCompile normal arm64 Compiling\ DiskExtensions.swift,\ DiskStorage.swift /Users/admin/builder/spi-builder-workspace/.dependencies/checkouts/Shallows/Sources/Shallows/DiskStorage/DiskExtensions.swift /Users/admin/builder/spi-builder-workspace/.dependencies/checkouts/Shallows/Sources/Shallows/DiskStorage/DiskStorage.swift (in target 'Shallows' from project 'Shallows')
SwiftCompile normal arm64 /Users/admin/builder/spi-builder-workspace/.dependencies/checkouts/Shallows/Sources/Shallows/DiskStorage/DiskExtensions.swift (in target 'Shallows' from project 'Shallows')
cd /Users/admin/builder/spi-builder-workspace/.swiftpm/xcode
builtin-SwiftPerFileCompile DiskExtensions.swift
SwiftCompile normal arm64 /Users/admin/builder/spi-builder-workspace/.dependencies/checkouts/Shallows/Sources/Shallows/DiskStorage/DiskStorage.swift (in target 'Shallows' from project 'Shallows')
cd /Users/admin/builder/spi-builder-workspace/.swiftpm/xcode
builtin-SwiftPerFileCompile DiskStorage.swift
SwiftCompile normal arm64 Compiling\ NSCacheStorage.swift,\ ReadOnlyStorage.swift /Users/admin/builder/spi-builder-workspace/.dependencies/checkouts/Shallows/Sources/Shallows/NSCacheStorage.swift /Users/admin/builder/spi-builder-workspace/.dependencies/checkouts/Shallows/Sources/Shallows/ReadOnlyStorage.swift (in target 'Shallows' from project 'Shallows')
SwiftCompile normal arm64 /Users/admin/builder/spi-builder-workspace/.dependencies/checkouts/Shallows/Sources/Shallows/NSCacheStorage.swift (in target 'Shallows' from project 'Shallows')
cd /Users/admin/builder/spi-builder-workspace/.swiftpm/xcode
builtin-SwiftPerFileCompile NSCacheStorage.swift
SwiftCompile normal arm64 /Users/admin/builder/spi-builder-workspace/.dependencies/checkouts/Shallows/Sources/Shallows/ReadOnlyStorage.swift (in target 'Shallows' from project 'Shallows')
cd /Users/admin/builder/spi-builder-workspace/.swiftpm/xcode
builtin-SwiftPerFileCompile ReadOnlyStorage.swift
SwiftCompile normal arm64 Compiling\ Async.swift,\ Composition.swift /Users/admin/builder/spi-builder-workspace/.dependencies/checkouts/Shallows/Sources/Shallows/Async.swift /Users/admin/builder/spi-builder-workspace/.dependencies/checkouts/Shallows/Sources/Shallows/Composition.swift (in target 'Shallows' from project 'Shallows')
SwiftCompile normal arm64 /Users/admin/builder/spi-builder-workspace/.dependencies/checkouts/Shallows/Sources/Shallows/Async.swift (in target 'Shallows' from project 'Shallows')
cd /Users/admin/builder/spi-builder-workspace/.swiftpm/xcode
builtin-SwiftPerFileCompile Async.swift
SwiftCompile normal arm64 /Users/admin/builder/spi-builder-workspace/.dependencies/checkouts/Shallows/Sources/Shallows/Composition.swift (in target 'Shallows' from project 'Shallows')
cd /Users/admin/builder/spi-builder-workspace/.swiftpm/xcode
builtin-SwiftPerFileCompile Composition.swift
SwiftCompile normal arm64 Compiling\ Filename.swift,\ MemoryStorage.swift /Users/admin/builder/spi-builder-workspace/.dependencies/checkouts/Shallows/Sources/Shallows/DiskStorage/Filename.swift /Users/admin/builder/spi-builder-workspace/.dependencies/checkouts/Shallows/Sources/Shallows/MemoryStorage.swift (in target 'Shallows' from project 'Shallows')
SwiftCompile normal arm64 /Users/admin/builder/spi-builder-workspace/.dependencies/checkouts/Shallows/Sources/Shallows/DiskStorage/Filename.swift (in target 'Shallows' from project 'Shallows')
cd /Users/admin/builder/spi-builder-workspace/.swiftpm/xcode
builtin-SwiftPerFileCompile Filename.swift
SwiftCompile normal arm64 /Users/admin/builder/spi-builder-workspace/.dependencies/checkouts/Shallows/Sources/Shallows/MemoryStorage.swift (in target 'Shallows' from project 'Shallows')
cd /Users/admin/builder/spi-builder-workspace/.swiftpm/xcode
builtin-SwiftPerFileCompile MemoryStorage.swift
SwiftCompile normal arm64 Compiling\ WriteOnlyStorage.swift /Users/admin/builder/spi-builder-workspace/.dependencies/checkouts/Shallows/Sources/Shallows/WriteOnlyStorage.swift (in target 'Shallows' from project 'Shallows')
SwiftCompile normal arm64 /Users/admin/builder/spi-builder-workspace/.dependencies/checkouts/Shallows/Sources/Shallows/WriteOnlyStorage.swift (in target 'Shallows' from project 'Shallows')
cd /Users/admin/builder/spi-builder-workspace/.swiftpm/xcode
builtin-SwiftPerFileCompile WriteOnlyStorage.swift
SwiftEmitModule normal arm64_32 Emitting\ module\ for\ Shallows (in target 'Shallows' from project 'Shallows')
SwiftCompile normal arm64_32 (in target 'Shallows' from project 'Shallows')
cd /Users/admin/builder/spi-builder-workspace/.swiftpm/xcode
SwiftDriverJobDiscovery normal arm64 Emitting module for Shallows (in target 'Shallows' from project 'Shallows')
SwiftDriver\ Compilation\ Requirements Shallows normal arm64 com.apple.xcode.tools.swift.compiler (in target 'Shallows' from project 'Shallows')
cd /Users/admin/builder/spi-builder-workspace/.swiftpm/xcode
builtin-Swift-Compilation-Requirements -- /Applications/Xcode-27.0.0-Release.Candidate.app/Contents/Developer/Toolchains/XcodeDefault.xctoolchain/usr/bin/swiftc -parse-as-library -module-name Shallows -Onone @/Users/admin/builder/spi-builder-workspace/.derivedData/Build/Intermediates.noindex/Shallows.build/Debug-watchos/Shallows-t.build/Objects-normal/arm64/Shallows.SwiftFileList -DSWIFT_PACKAGE -DDEBUG -DSWIFT_MODULE_RESOURCE_BUNDLE_UNAVAILABLE -DXcode -plugin-path /Applications/Xcode-27.0.0-Release.Candidate.app/Contents/Developer/Toolchains/XcodeDefault.xctoolchain/usr/lib/swift/host/plugins/testing -enable-experimental-feature DebugDescriptionMacro -sdk /Applications/Xcode-27.0.0-Release.Candidate.app/Contents/Developer/Platforms/WatchOS.platform/Developer/SDKs/WatchOS27.0.sdk -target arm64-apple-watchos9.0 -g -module-cache-path /Users/admin/builder/spi-builder-workspace/.derivedData/ModuleCache.noindex -Xfrontend -serialize-debugging-options -profile-coverage-mapping -profile-generate -enable-testing -suppress-warnings -index-store-path /Users/admin/builder/spi-builder-workspace/.derivedData/Index.noindex/DataStore -Xcc -D_LIBCPP_HARDENING_MODE\=_LIBCPP_HARDENING_MODE_DEBUG -swift-version 5 -I /Users/admin/builder/spi-builder-workspace/.derivedData/Build/Products/Debug-watchos -Isystem /Applications/Xcode-27.0.0-Release.Candidate.app/Contents/Developer/Platforms/WatchOS.platform/Developer/usr/lib -F /Users/admin/builder/spi-builder-workspace/.derivedData/Build/Products/Debug-watchos -F /Applications/Xcode-27.0.0-Release.Candidate.app/Contents/Developer/Platforms/WatchOS.platform/Developer/Library/Frameworks -F /Applications/Xcode-27.0.0-Release.Candidate.app/Contents/Developer/Platforms/WatchOS.platform/Developer/SDKs/WatchOS27.0.sdk/Developer/Library/Frameworks -c -j10 -enable-batch-mode -incremental -Xcc -ivfsstatcache -Xcc /Users/admin/builder/spi-builder-workspace/.derivedData/SDKStatCaches.noindex/watchos27.0-24R360-e829b21a6f8c9b70876ba0858053c04477534ef55a1706bf4c1112bbb242f0a2.sdkstatcache -output-file-map /Users/admin/builder/spi-builder-workspace/.derivedData/Build/Intermediates.noindex/Shallows.build/Debug-watchos/Shallows-t.build/Objects-normal/arm64/Shallows-OutputFileMap.json -save-temps -no-color-diagnostics -explicit-module-build -module-cache-path /Users/admin/builder/spi-builder-workspace/.derivedData/Build/Intermediates.noindex/SwiftExplicitPrecompiledModules -clang-scanner-module-cache-path /Users/admin/builder/spi-builder-workspace/.derivedData/ModuleCache.noindex -sdk-module-cache-path /Users/admin/builder/spi-builder-workspace/.derivedData/SDKExplicitPrecompiledModules -emit-dependencies -emit-module -emit-module-path /Users/admin/builder/spi-builder-workspace/.derivedData/Build/Intermediates.noindex/Shallows.build/Debug-watchos/Shallows-t.build/Objects-normal/arm64/Shallows.swiftmodule -serialize-diagnostics -dependency-scan-serialize-diagnostics-path /Users/admin/builder/spi-builder-workspace/.derivedData/Build/Intermediates.noindex/Shallows.build/Debug-watchos/Shallows-t.build/Objects-normal/arm64/Shallows-dependency-scan.dia -validate-clang-modules-once -clang-build-session-file /Users/admin/builder/spi-builder-workspace/.derivedData/ModuleCache.noindex/Session.modulevalidation -Xcc -fmodules-prune-interval\=86400 -Xcc -fmodules-prune-after\=345600 -emit-const-values -const-gather-protocols-list /Users/admin/builder/spi-builder-workspace/.derivedData/Build/Intermediates.noindex/Shallows.build/Debug-watchos/Shallows-t.build/Objects-normal/arm64/Shallows_const_extract_protocols.json -Xcc -I/Users/admin/builder/spi-builder-workspace/.derivedData/Build/Products/Debug-watchos/include -Xcc -I/Users/admin/builder/spi-builder-workspace/.derivedData/Build/Intermediates.noindex/Shallows.build/Debug-watchos/Shallows-t.build/DerivedSources-normal/arm64 -Xcc -I/Users/admin/builder/spi-builder-workspace/.derivedData/Build/Intermediates.noindex/Shallows.build/Debug-watchos/Shallows-t.build/DerivedSources/arm64 -Xcc -I/Users/admin/builder/spi-builder-workspace/.derivedData/Build/Intermediates.noindex/Shallows.build/Debug-watchos/Shallows-t.build/DerivedSources -Xcc -DSWIFT_PACKAGE -Xcc -DDEBUG\=1 -emit-objc-header -emit-objc-header-path /Users/admin/builder/spi-builder-workspace/.derivedData/Build/Intermediates.noindex/Shallows.build/Debug-watchos/Shallows-t.build/Objects-normal/arm64/Shallows-Swift.h -working-directory /Users/admin/builder/spi-builder-workspace/.swiftpm/xcode -experimental-emit-module-separately -disable-cmo
SwiftDriverJobDiscovery normal arm64_32 Emitting module for Shallows (in target 'Shallows' from project 'Shallows')
SwiftDriver\ Compilation\ Requirements Shallows normal arm64_32 com.apple.xcode.tools.swift.compiler (in target 'Shallows' from project 'Shallows')
cd /Users/admin/builder/spi-builder-workspace/.swiftpm/xcode
builtin-Swift-Compilation-Requirements -- /Applications/Xcode-27.0.0-Release.Candidate.app/Contents/Developer/Toolchains/XcodeDefault.xctoolchain/usr/bin/swiftc -parse-as-library -module-name Shallows -Onone @/Users/admin/builder/spi-builder-workspace/.derivedData/Build/Intermediates.noindex/Shallows.build/Debug-watchos/Shallows-t.build/Objects-normal/arm64_32/Shallows.SwiftFileList -DSWIFT_PACKAGE -DDEBUG -DSWIFT_MODULE_RESOURCE_BUNDLE_UNAVAILABLE -DXcode -plugin-path /Applications/Xcode-27.0.0-Release.Candidate.app/Contents/Developer/Toolchains/XcodeDefault.xctoolchain/usr/lib/swift/host/plugins/testing -enable-experimental-feature DebugDescriptionMacro -sdk /Applications/Xcode-27.0.0-Release.Candidate.app/Contents/Developer/Platforms/WatchOS.platform/Developer/SDKs/WatchOS27.0.sdk -target arm64_32-apple-watchos9.0 -g -module-cache-path /Users/admin/builder/spi-builder-workspace/.derivedData/ModuleCache.noindex -Xfrontend -serialize-debugging-options -profile-coverage-mapping -profile-generate -enable-testing -suppress-warnings -index-store-path /Users/admin/builder/spi-builder-workspace/.derivedData/Index.noindex/DataStore -Xcc -D_LIBCPP_HARDENING_MODE\=_LIBCPP_HARDENING_MODE_DEBUG -swift-version 5 -I /Users/admin/builder/spi-builder-workspace/.derivedData/Build/Products/Debug-watchos -Isystem /Applications/Xcode-27.0.0-Release.Candidate.app/Contents/Developer/Platforms/WatchOS.platform/Developer/usr/lib -F /Users/admin/builder/spi-builder-workspace/.derivedData/Build/Products/Debug-watchos -F /Applications/Xcode-27.0.0-Release.Candidate.app/Contents/Developer/Platforms/WatchOS.platform/Developer/Library/Frameworks -F /Applications/Xcode-27.0.0-Release.Candidate.app/Contents/Developer/Platforms/WatchOS.platform/Developer/SDKs/WatchOS27.0.sdk/Developer/Library/Frameworks -c -j10 -enable-batch-mode -incremental -Xcc -ivfsstatcache -Xcc /Users/admin/builder/spi-builder-workspace/.derivedData/SDKStatCaches.noindex/watchos27.0-24R360-e829b21a6f8c9b70876ba0858053c04477534ef55a1706bf4c1112bbb242f0a2.sdkstatcache -output-file-map /Users/admin/builder/spi-builder-workspace/.derivedData/Build/Intermediates.noindex/Shallows.build/Debug-watchos/Shallows-t.build/Objects-normal/arm64_32/Shallows-OutputFileMap.json -save-temps -no-color-diagnostics -explicit-module-build -module-cache-path /Users/admin/builder/spi-builder-workspace/.derivedData/Build/Intermediates.noindex/SwiftExplicitPrecompiledModules -clang-scanner-module-cache-path /Users/admin/builder/spi-builder-workspace/.derivedData/ModuleCache.noindex -sdk-module-cache-path /Users/admin/builder/spi-builder-workspace/.derivedData/SDKExplicitPrecompiledModules -emit-dependencies -emit-module -emit-module-path /Users/admin/builder/spi-builder-workspace/.derivedData/Build/Intermediates.noindex/Shallows.build/Debug-watchos/Shallows-t.build/Objects-normal/arm64_32/Shallows.swiftmodule -serialize-diagnostics -dependency-scan-serialize-diagnostics-path /Users/admin/builder/spi-builder-workspace/.derivedData/Build/Intermediates.noindex/Shallows.build/Debug-watchos/Shallows-t.build/Objects-normal/arm64_32/Shallows-dependency-scan.dia -validate-clang-modules-once -clang-build-session-file /Users/admin/builder/spi-builder-workspace/.derivedData/ModuleCache.noindex/Session.modulevalidation -Xcc -fmodules-prune-interval\=86400 -Xcc -fmodules-prune-after\=345600 -emit-const-values -const-gather-protocols-list /Users/admin/builder/spi-builder-workspace/.derivedData/Build/Intermediates.noindex/Shallows.build/Debug-watchos/Shallows-t.build/Objects-normal/arm64_32/Shallows_const_extract_protocols.json -Xcc -I/Users/admin/builder/spi-builder-workspace/.derivedData/Build/Products/Debug-watchos/include -Xcc -I/Users/admin/builder/spi-builder-workspace/.derivedData/Build/Intermediates.noindex/Shallows.build/Debug-watchos/Shallows-t.build/DerivedSources-normal/arm64_32 -Xcc -I/Users/admin/builder/spi-builder-workspace/.derivedData/Build/Intermediates.noindex/Shallows.build/Debug-watchos/Shallows-t.build/DerivedSources/arm64_32 -Xcc -I/Users/admin/builder/spi-builder-workspace/.derivedData/Build/Intermediates.noindex/Shallows.build/Debug-watchos/Shallows-t.build/DerivedSources -Xcc -DSWIFT_PACKAGE -Xcc -DDEBUG\=1 -emit-objc-header -emit-objc-header-path /Users/admin/builder/spi-builder-workspace/.derivedData/Build/Intermediates.noindex/Shallows.build/Debug-watchos/Shallows-t.build/Objects-normal/arm64_32/Shallows-Swift.h -working-directory /Users/admin/builder/spi-builder-workspace/.swiftpm/xcode -experimental-emit-module-separately -disable-cmo
Copy /Users/admin/builder/spi-builder-workspace/.derivedData/Build/Products/Debug-watchos/Shallows.swiftmodule/arm64-apple-watchos.swiftmodule /Users/admin/builder/spi-builder-workspace/.derivedData/Build/Intermediates.noindex/Shallows.build/Debug-watchos/Shallows-t.build/Objects-normal/arm64/Shallows.swiftmodule (in target 'Shallows' from project 'Shallows')
cd /Users/admin/builder/spi-builder-workspace/.dependencies/checkouts/Shallows
builtin-copy -exclude .DS_Store -exclude CVS -exclude .svn -exclude .git -exclude .hg -resolve-src-symlinks -rename /Users/admin/builder/spi-builder-workspace/.derivedData/Build/Intermediates.noindex/Shallows.build/Debug-watchos/Shallows-t.build/Objects-normal/arm64/Shallows.swiftmodule /Users/admin/builder/spi-builder-workspace/.derivedData/Build/Products/Debug-watchos/Shallows.swiftmodule/arm64-apple-watchos.swiftmodule
SwiftMergeGeneratedHeaders /Users/admin/builder/spi-builder-workspace/.derivedData/Build/Intermediates.noindex/GeneratedModuleMaps-watchos/Shallows-Swift.h /Users/admin/builder/spi-builder-workspace/.derivedData/Build/Intermediates.noindex/Shallows.build/Debug-watchos/Shallows-t.build/Objects-normal/arm64/Shallows-Swift.h /Users/admin/builder/spi-builder-workspace/.derivedData/Build/Intermediates.noindex/Shallows.build/Debug-watchos/Shallows-t.build/Objects-normal/arm64_32/Shallows-Swift.h (in target 'Shallows' from project 'Shallows')
cd /Users/admin/builder/spi-builder-workspace/.dependencies/checkouts/Shallows
builtin-swiftHeaderTool -arch arm64 /Users/admin/builder/spi-builder-workspace/.derivedData/Build/Intermediates.noindex/Shallows.build/Debug-watchos/Shallows-t.build/Objects-normal/arm64/Shallows-Swift.h -arch arm64_32 /Users/admin/builder/spi-builder-workspace/.derivedData/Build/Intermediates.noindex/Shallows.build/Debug-watchos/Shallows-t.build/Objects-normal/arm64_32/Shallows-Swift.h -o /Users/admin/builder/spi-builder-workspace/.derivedData/Build/Intermediates.noindex/GeneratedModuleMaps-watchos/Shallows-Swift.h
Copy /Users/admin/builder/spi-builder-workspace/.derivedData/Build/Products/Debug-watchos/Shallows.swiftmodule/arm64_32-apple-watchos.swiftmodule /Users/admin/builder/spi-builder-workspace/.derivedData/Build/Intermediates.noindex/Shallows.build/Debug-watchos/Shallows-t.build/Objects-normal/arm64_32/Shallows.swiftmodule (in target 'Shallows' from project 'Shallows')
cd /Users/admin/builder/spi-builder-workspace/.dependencies/checkouts/Shallows
builtin-copy -exclude .DS_Store -exclude CVS -exclude .svn -exclude .git -exclude .hg -resolve-src-symlinks -rename /Users/admin/builder/spi-builder-workspace/.derivedData/Build/Intermediates.noindex/Shallows.build/Debug-watchos/Shallows-t.build/Objects-normal/arm64_32/Shallows.swiftmodule /Users/admin/builder/spi-builder-workspace/.derivedData/Build/Products/Debug-watchos/Shallows.swiftmodule/arm64_32-apple-watchos.swiftmodule
Copy /Users/admin/builder/spi-builder-workspace/.derivedData/Build/Products/Debug-watchos/Shallows.swiftmodule/arm64_32-apple-watchos.swiftdoc /Users/admin/builder/spi-builder-workspace/.derivedData/Build/Intermediates.noindex/Shallows.build/Debug-watchos/Shallows-t.build/Objects-normal/arm64_32/Shallows.swiftdoc (in target 'Shallows' from project 'Shallows')
cd /Users/admin/builder/spi-builder-workspace/.dependencies/checkouts/Shallows
builtin-copy -exclude .DS_Store -exclude CVS -exclude .svn -exclude .git -exclude .hg -resolve-src-symlinks -rename /Users/admin/builder/spi-builder-workspace/.derivedData/Build/Intermediates.noindex/Shallows.build/Debug-watchos/Shallows-t.build/Objects-normal/arm64_32/Shallows.swiftdoc /Users/admin/builder/spi-builder-workspace/.derivedData/Build/Products/Debug-watchos/Shallows.swiftmodule/arm64_32-apple-watchos.swiftdoc
SwiftDriverJobDiscovery normal arm64 Compiling Shallows.swift (in target 'Shallows' from project 'Shallows')
Copy /Users/admin/builder/spi-builder-workspace/.derivedData/Build/Products/Debug-watchos/Shallows.swiftmodule/arm64_32-apple-watchos.abi.json /Users/admin/builder/spi-builder-workspace/.derivedData/Build/Intermediates.noindex/Shallows.build/Debug-watchos/Shallows-t.build/Objects-normal/arm64_32/Shallows.abi.json (in target 'Shallows' from project 'Shallows')
cd /Users/admin/builder/spi-builder-workspace/.dependencies/checkouts/Shallows
builtin-copy -exclude .DS_Store -exclude CVS -exclude .svn -exclude .git -exclude .hg -resolve-src-symlinks -rename /Users/admin/builder/spi-builder-workspace/.derivedData/Build/Intermediates.noindex/Shallows.build/Debug-watchos/Shallows-t.build/Objects-normal/arm64_32/Shallows.abi.json /Users/admin/builder/spi-builder-workspace/.derivedData/Build/Products/Debug-watchos/Shallows.swiftmodule/arm64_32-apple-watchos.abi.json
Copy /Users/admin/builder/spi-builder-workspace/.derivedData/Build/Products/Debug-watchos/Shallows.swiftmodule/arm64-apple-watchos.swiftdoc /Users/admin/builder/spi-builder-workspace/.derivedData/Build/Intermediates.noindex/Shallows.build/Debug-watchos/Shallows-t.build/Objects-normal/arm64/Shallows.swiftdoc (in target 'Shallows' from project 'Shallows')
cd /Users/admin/builder/spi-builder-workspace/.dependencies/checkouts/Shallows
builtin-copy -exclude .DS_Store -exclude CVS -exclude .svn -exclude .git -exclude .hg -resolve-src-symlinks -rename /Users/admin/builder/spi-builder-workspace/.derivedData/Build/Intermediates.noindex/Shallows.build/Debug-watchos/Shallows-t.build/Objects-normal/arm64/Shallows.swiftdoc /Users/admin/builder/spi-builder-workspace/.derivedData/Build/Products/Debug-watchos/Shallows.swiftmodule/arm64-apple-watchos.swiftdoc
Copy /Users/admin/builder/spi-builder-workspace/.derivedData/Build/Products/Debug-watchos/Shallows.swiftmodule/arm64-apple-watchos.abi.json /Users/admin/builder/spi-builder-workspace/.derivedData/Build/Intermediates.noindex/Shallows.build/Debug-watchos/Shallows-t.build/Objects-normal/arm64/Shallows.abi.json (in target 'Shallows' from project 'Shallows')
cd /Users/admin/builder/spi-builder-workspace/.dependencies/checkouts/Shallows
builtin-copy -exclude .DS_Store -exclude CVS -exclude .svn -exclude .git -exclude .hg -resolve-src-symlinks -rename /Users/admin/builder/spi-builder-workspace/.derivedData/Build/Intermediates.noindex/Shallows.build/Debug-watchos/Shallows-t.build/Objects-normal/arm64/Shallows.abi.json /Users/admin/builder/spi-builder-workspace/.derivedData/Build/Products/Debug-watchos/Shallows.swiftmodule/arm64-apple-watchos.abi.json
Copy /Users/admin/builder/spi-builder-workspace/.derivedData/Build/Products/Debug-watchos/Shallows.swiftmodule/Project/arm64_32-apple-watchos.swiftsourceinfo /Users/admin/builder/spi-builder-workspace/.derivedData/Build/Intermediates.noindex/Shallows.build/Debug-watchos/Shallows-t.build/Objects-normal/arm64_32/Shallows.swiftsourceinfo (in target 'Shallows' from project 'Shallows')
cd /Users/admin/builder/spi-builder-workspace/.dependencies/checkouts/Shallows
builtin-copy -exclude .DS_Store -exclude CVS -exclude .svn -exclude .git -exclude .hg -resolve-src-symlinks -rename /Users/admin/builder/spi-builder-workspace/.derivedData/Build/Intermediates.noindex/Shallows.build/Debug-watchos/Shallows-t.build/Objects-normal/arm64_32/Shallows.swiftsourceinfo /Users/admin/builder/spi-builder-workspace/.derivedData/Build/Products/Debug-watchos/Shallows.swiftmodule/Project/arm64_32-apple-watchos.swiftsourceinfo
Copy /Users/admin/builder/spi-builder-workspace/.derivedData/Build/Products/Debug-watchos/Shallows.swiftmodule/Project/arm64-apple-watchos.swiftsourceinfo /Users/admin/builder/spi-builder-workspace/.derivedData/Build/Intermediates.noindex/Shallows.build/Debug-watchos/Shallows-t.build/Objects-normal/arm64/Shallows.swiftsourceinfo (in target 'Shallows' from project 'Shallows')
cd /Users/admin/builder/spi-builder-workspace/.dependencies/checkouts/Shallows
builtin-copy -exclude .DS_Store -exclude CVS -exclude .svn -exclude .git -exclude .hg -resolve-src-symlinks -rename /Users/admin/builder/spi-builder-workspace/.derivedData/Build/Intermediates.noindex/Shallows.build/Debug-watchos/Shallows-t.build/Objects-normal/arm64/Shallows.swiftsourceinfo /Users/admin/builder/spi-builder-workspace/.derivedData/Build/Products/Debug-watchos/Shallows.swiftmodule/Project/arm64-apple-watchos.swiftsourceinfo
SwiftCompile normal arm64_32 Compiling\ SyncStorage.swift /Users/admin/builder/spi-builder-workspace/.dependencies/checkouts/Shallows/Sources/Shallows/SyncStorage.swift (in target 'Shallows' from project 'Shallows')
SwiftCompile normal arm64_32 /Users/admin/builder/spi-builder-workspace/.dependencies/checkouts/Shallows/Sources/Shallows/SyncStorage.swift (in target 'Shallows' from project 'Shallows')
cd /Users/admin/builder/spi-builder-workspace/.swiftpm/xcode
builtin-SwiftPerFileCompile SyncStorage.swift
SwiftCompile normal arm64_32 Compiling\ Zip.swift /Users/admin/builder/spi-builder-workspace/.dependencies/checkouts/Shallows/Sources/Shallows/Zip.swift (in target 'Shallows' from project 'Shallows')
SwiftCompile normal arm64_32 /Users/admin/builder/spi-builder-workspace/.dependencies/checkouts/Shallows/Sources/Shallows/Zip.swift (in target 'Shallows' from project 'Shallows')
cd /Users/admin/builder/spi-builder-workspace/.swiftpm/xcode
builtin-SwiftPerFileCompile Zip.swift
SwiftCompile normal arm64_32 Compiling\ Shallows.swift /Users/admin/builder/spi-builder-workspace/.dependencies/checkouts/Shallows/Sources/Shallows/Shallows.swift (in target 'Shallows' from project 'Shallows')
SwiftCompile normal arm64_32 /Users/admin/builder/spi-builder-workspace/.dependencies/checkouts/Shallows/Sources/Shallows/Shallows.swift (in target 'Shallows' from project 'Shallows')
cd /Users/admin/builder/spi-builder-workspace/.swiftpm/xcode
builtin-SwiftPerFileCompile Shallows.swift
SwiftDriverJobDiscovery normal arm64 Compiling WriteOnlyStorage.swift (in target 'Shallows' from project 'Shallows')
SwiftCompile normal arm64_32 Compiling\ NSCacheStorage.swift,\ ReadOnlyStorage.swift /Users/admin/builder/spi-builder-workspace/.dependencies/checkouts/Shallows/Sources/Shallows/NSCacheStorage.swift /Users/admin/builder/spi-builder-workspace/.dependencies/checkouts/Shallows/Sources/Shallows/ReadOnlyStorage.swift (in target 'Shallows' from project 'Shallows')
SwiftCompile normal arm64_32 /Users/admin/builder/spi-builder-workspace/.dependencies/checkouts/Shallows/Sources/Shallows/NSCacheStorage.swift (in target 'Shallows' from project 'Shallows')
cd /Users/admin/builder/spi-builder-workspace/.swiftpm/xcode
builtin-SwiftPerFileCompile NSCacheStorage.swift
SwiftCompile normal arm64_32 /Users/admin/builder/spi-builder-workspace/.dependencies/checkouts/Shallows/Sources/Shallows/ReadOnlyStorage.swift (in target 'Shallows' from project 'Shallows')
cd /Users/admin/builder/spi-builder-workspace/.swiftpm/xcode
builtin-SwiftPerFileCompile ReadOnlyStorage.swift
SwiftDriverJobDiscovery normal arm64 Compiling Storage.swift (in target 'Shallows' from project 'Shallows')
SwiftDriverJobDiscovery normal arm64 Compiling Zip.swift (in target 'Shallows' from project 'Shallows')
SwiftCompile normal arm64_32 Compiling\ Filename.swift,\ MemoryStorage.swift /Users/admin/builder/spi-builder-workspace/.dependencies/checkouts/Shallows/Sources/Shallows/DiskStorage/Filename.swift /Users/admin/builder/spi-builder-workspace/.dependencies/checkouts/Shallows/Sources/Shallows/MemoryStorage.swift (in target 'Shallows' from project 'Shallows')
SwiftCompile normal arm64_32 /Users/admin/builder/spi-builder-workspace/.dependencies/checkouts/Shallows/Sources/Shallows/DiskStorage/Filename.swift (in target 'Shallows' from project 'Shallows')
cd /Users/admin/builder/spi-builder-workspace/.swiftpm/xcode
builtin-SwiftPerFileCompile Filename.swift
SwiftCompile normal arm64_32 /Users/admin/builder/spi-builder-workspace/.dependencies/checkouts/Shallows/Sources/Shallows/MemoryStorage.swift (in target 'Shallows' from project 'Shallows')
cd /Users/admin/builder/spi-builder-workspace/.swiftpm/xcode
builtin-SwiftPerFileCompile MemoryStorage.swift
SwiftDriverJobDiscovery normal arm64 Compiling Filename.swift, MemoryStorage.swift (in target 'Shallows' from project 'Shallows')
SwiftCompile normal arm64_32 Compiling\ DiskExtensions.swift,\ DiskStorage.swift /Users/admin/builder/spi-builder-workspace/.dependencies/checkouts/Shallows/Sources/Shallows/DiskStorage/DiskExtensions.swift /Users/admin/builder/spi-builder-workspace/.dependencies/checkouts/Shallows/Sources/Shallows/DiskStorage/DiskStorage.swift (in target 'Shallows' from project 'Shallows')
SwiftCompile normal arm64_32 /Users/admin/builder/spi-builder-workspace/.dependencies/checkouts/Shallows/Sources/Shallows/DiskStorage/DiskExtensions.swift (in target 'Shallows' from project 'Shallows')
cd /Users/admin/builder/spi-builder-workspace/.swiftpm/xcode
builtin-SwiftPerFileCompile DiskExtensions.swift
SwiftCompile normal arm64_32 /Users/admin/builder/spi-builder-workspace/.dependencies/checkouts/Shallows/Sources/Shallows/DiskStorage/DiskStorage.swift (in target 'Shallows' from project 'Shallows')
cd /Users/admin/builder/spi-builder-workspace/.swiftpm/xcode
builtin-SwiftPerFileCompile DiskStorage.swift
SwiftCompile normal arm64_32 Compiling\ WriteOnlyStorage.swift /Users/admin/builder/spi-builder-workspace/.dependencies/checkouts/Shallows/Sources/Shallows/WriteOnlyStorage.swift (in target 'Shallows' from project 'Shallows')
SwiftCompile normal arm64_32 /Users/admin/builder/spi-builder-workspace/.dependencies/checkouts/Shallows/Sources/Shallows/WriteOnlyStorage.swift (in target 'Shallows' from project 'Shallows')
cd /Users/admin/builder/spi-builder-workspace/.swiftpm/xcode
builtin-SwiftPerFileCompile WriteOnlyStorage.swift
SwiftCompile normal arm64_32 Compiling\ Storage.swift /Users/admin/builder/spi-builder-workspace/.dependencies/checkouts/Shallows/Sources/Shallows/Storage.swift (in target 'Shallows' from project 'Shallows')
SwiftCompile normal arm64_32 /Users/admin/builder/spi-builder-workspace/.dependencies/checkouts/Shallows/Sources/Shallows/Storage.swift (in target 'Shallows' from project 'Shallows')
cd /Users/admin/builder/spi-builder-workspace/.swiftpm/xcode
builtin-SwiftPerFileCompile Storage.swift
SwiftDriverJobDiscovery normal arm64 Compiling ShallowsResult.swift (in target 'Shallows' from project 'Shallows')
SwiftDriverJobDiscovery normal arm64 Compiling Async.swift, Composition.swift (in target 'Shallows' from project 'Shallows')
SwiftDriverJobDiscovery normal arm64 Compiling NSCacheStorage.swift, ReadOnlyStorage.swift (in target 'Shallows' from project 'Shallows')
SwiftCompile normal arm64_32 Compiling\ ShallowsResult.swift /Users/admin/builder/spi-builder-workspace/.dependencies/checkouts/Shallows/Sources/Shallows/ShallowsResult.swift (in target 'Shallows' from project 'Shallows')
SwiftCompile normal arm64_32 /Users/admin/builder/spi-builder-workspace/.dependencies/checkouts/Shallows/Sources/Shallows/ShallowsResult.swift (in target 'Shallows' from project 'Shallows')
cd /Users/admin/builder/spi-builder-workspace/.swiftpm/xcode
builtin-SwiftPerFileCompile ShallowsResult.swift
SwiftCompile normal arm64 Compiling\ SyncStorage.swift /Users/admin/builder/spi-builder-workspace/.dependencies/checkouts/Shallows/Sources/Shallows/SyncStorage.swift (in target 'Shallows' from project 'Shallows')
SwiftCompile normal arm64 /Users/admin/builder/spi-builder-workspace/.dependencies/checkouts/Shallows/Sources/Shallows/SyncStorage.swift (in target 'Shallows' from project 'Shallows')
cd /Users/admin/builder/spi-builder-workspace/.swiftpm/xcode
builtin-SwiftPerFileCompile SyncStorage.swift
SwiftDriverJobDiscovery normal arm64_32 Compiling Shallows.swift (in target 'Shallows' from project 'Shallows')
SwiftDriverJobDiscovery normal arm64 Compiling DiskExtensions.swift, DiskStorage.swift (in target 'Shallows' from project 'Shallows')
SwiftCompile normal arm64_32 Compiling\ Async.swift,\ Composition.swift /Users/admin/builder/spi-builder-workspace/.dependencies/checkouts/Shallows/Sources/Shallows/Async.swift /Users/admin/builder/spi-builder-workspace/.dependencies/checkouts/Shallows/Sources/Shallows/Composition.swift (in target 'Shallows' from project 'Shallows')
SwiftCompile normal arm64_32 /Users/admin/builder/spi-builder-workspace/.dependencies/checkouts/Shallows/Sources/Shallows/Async.swift (in target 'Shallows' from project 'Shallows')
cd /Users/admin/builder/spi-builder-workspace/.swiftpm/xcode
builtin-SwiftPerFileCompile Async.swift
SwiftCompile normal arm64_32 /Users/admin/builder/spi-builder-workspace/.dependencies/checkouts/Shallows/Sources/Shallows/Composition.swift (in target 'Shallows' from project 'Shallows')
cd /Users/admin/builder/spi-builder-workspace/.swiftpm/xcode
builtin-SwiftPerFileCompile Composition.swift
SwiftDriverJobDiscovery normal arm64_32 Compiling WriteOnlyStorage.swift (in target 'Shallows' from project 'Shallows')
SwiftDriver Light normal arm64 com.apple.xcode.tools.swift.compiler (in target 'Light' from project 'Light')
cd /Users/admin/builder/spi-builder-workspace/.swiftpm/xcode
builtin-SwiftDriver -- /Applications/Xcode-27.0.0-Release.Candidate.app/Contents/Developer/Toolchains/XcodeDefault.xctoolchain/usr/bin/swiftc -parse-as-library -module-name Light -Onone @/Users/admin/builder/spi-builder-workspace/.derivedData/Build/Intermediates.noindex/Light.build/Debug-watchos/Light-t.build/Objects-normal/arm64/Light.SwiftFileList -DSWIFT_PACKAGE -DDEBUG -DSWIFT_MODULE_RESOURCE_BUNDLE_UNAVAILABLE -DXcode -plugin-path /Applications/Xcode-27.0.0-Release.Candidate.app/Contents/Developer/Toolchains/XcodeDefault.xctoolchain/usr/lib/swift/host/plugins/testing -enable-experimental-feature DebugDescriptionMacro -sdk /Applications/Xcode-27.0.0-Release.Candidate.app/Contents/Developer/Platforms/WatchOS.platform/Developer/SDKs/WatchOS27.0.sdk -target arm64-apple-watchos9.0 -g -module-cache-path /Users/admin/builder/spi-builder-workspace/.derivedData/ModuleCache.noindex -Xfrontend -serialize-debugging-options -profile-coverage-mapping -profile-generate -enable-testing -index-store-path /Users/admin/builder/spi-builder-workspace/.derivedData/Index.noindex/DataStore -Xcc -D_LIBCPP_HARDENING_MODE\=_LIBCPP_HARDENING_MODE_DEBUG -swift-version 4 -I /Users/admin/builder/spi-builder-workspace/.derivedData/Build/Products/Debug-watchos -Isystem /Applications/Xcode-27.0.0-Release.Candidate.app/Contents/Developer/Platforms/WatchOS.platform/Developer/usr/lib -F /Users/admin/builder/spi-builder-workspace/.derivedData/Build/Products/Debug-watchos/PackageFrameworks -F /Users/admin/builder/spi-builder-workspace/.derivedData/Build/Products/Debug-watchos -F /Applications/Xcode-27.0.0-Release.Candidate.app/Contents/Developer/Platforms/WatchOS.platform/Developer/Library/Frameworks -F /Applications/Xcode-27.0.0-Release.Candidate.app/Contents/Developer/Platforms/WatchOS.platform/Developer/SDKs/WatchOS27.0.sdk/Developer/Library/Frameworks -c -j10 -enable-batch-mode -incremental -Xcc -ivfsstatcache -Xcc /Users/admin/builder/spi-builder-workspace/.derivedData/SDKStatCaches.noindex/watchos27.0-24R360-e829b21a6f8c9b70876ba0858053c04477534ef55a1706bf4c1112bbb242f0a2.sdkstatcache -output-file-map /Users/admin/builder/spi-builder-workspace/.derivedData/Build/Intermediates.noindex/Light.build/Debug-watchos/Light-t.build/Objects-normal/arm64/Light-OutputFileMap.json -save-temps -no-color-diagnostics -emit-dependencies -emit-module -emit-module-path /Users/admin/builder/spi-builder-workspace/.derivedData/Build/Intermediates.noindex/Light.build/Debug-watchos/Light-t.build/Objects-normal/arm64/Light.swiftmodule -serialize-diagnostics -validate-clang-modules-once -clang-build-session-file /Users/admin/builder/spi-builder-workspace/.derivedData/ModuleCache.noindex/Session.modulevalidation -Xcc -fmodules-prune-interval\=86400 -Xcc -fmodules-prune-after\=345600 -emit-const-values -const-gather-protocols-list /Users/admin/builder/spi-builder-workspace/.derivedData/Build/Intermediates.noindex/Light.build/Debug-watchos/Light-t.build/Objects-normal/arm64/Light_const_extract_protocols.json -Xcc -I/Users/admin/builder/spi-builder-workspace/.derivedData/Build/Products/Debug-watchos/include -Xcc -I/Users/admin/builder/spi-builder-workspace/.derivedData/Build/Intermediates.noindex/Light.build/Debug-watchos/Light-t.build/DerivedSources-normal/arm64 -Xcc -I/Users/admin/builder/spi-builder-workspace/.derivedData/Build/Intermediates.noindex/Light.build/Debug-watchos/Light-t.build/DerivedSources/arm64 -Xcc -I/Users/admin/builder/spi-builder-workspace/.derivedData/Build/Intermediates.noindex/Light.build/Debug-watchos/Light-t.build/DerivedSources -Xcc -DSWIFT_PACKAGE -Xcc -DDEBUG\=1 -emit-objc-header -emit-objc-header-path /Users/admin/builder/spi-builder-workspace/.derivedData/Build/Intermediates.noindex/Light.build/Debug-watchos/Light-t.build/Objects-normal/arm64/Light-Swift.h -working-directory /Users/admin/builder/spi-builder-workspace/.swiftpm/xcode -experimental-emit-module-separately -disable-cmo
SwiftDriver Light normal arm64_32 com.apple.xcode.tools.swift.compiler (in target 'Light' from project 'Light')
cd /Users/admin/builder/spi-builder-workspace/.swiftpm/xcode
builtin-SwiftDriver -- /Applications/Xcode-27.0.0-Release.Candidate.app/Contents/Developer/Toolchains/XcodeDefault.xctoolchain/usr/bin/swiftc -parse-as-library -module-name Light -Onone @/Users/admin/builder/spi-builder-workspace/.derivedData/Build/Intermediates.noindex/Light.build/Debug-watchos/Light-t.build/Objects-normal/arm64_32/Light.SwiftFileList -DSWIFT_PACKAGE -DDEBUG -DSWIFT_MODULE_RESOURCE_BUNDLE_UNAVAILABLE -DXcode -plugin-path /Applications/Xcode-27.0.0-Release.Candidate.app/Contents/Developer/Toolchains/XcodeDefault.xctoolchain/usr/lib/swift/host/plugins/testing -enable-experimental-feature DebugDescriptionMacro -sdk /Applications/Xcode-27.0.0-Release.Candidate.app/Contents/Developer/Platforms/WatchOS.platform/Developer/SDKs/WatchOS27.0.sdk -target arm64_32-apple-watchos9.0 -g -module-cache-path /Users/admin/builder/spi-builder-workspace/.derivedData/ModuleCache.noindex -Xfrontend -serialize-debugging-options -profile-coverage-mapping -profile-generate -enable-testing -index-store-path /Users/admin/builder/spi-builder-workspace/.derivedData/Index.noindex/DataStore -Xcc -D_LIBCPP_HARDENING_MODE\=_LIBCPP_HARDENING_MODE_DEBUG -swift-version 4 -I /Users/admin/builder/spi-builder-workspace/.derivedData/Build/Products/Debug-watchos -Isystem /Applications/Xcode-27.0.0-Release.Candidate.app/Contents/Developer/Platforms/WatchOS.platform/Developer/usr/lib -F /Users/admin/builder/spi-builder-workspace/.derivedData/Build/Products/Debug-watchos/PackageFrameworks -F /Users/admin/builder/spi-builder-workspace/.derivedData/Build/Products/Debug-watchos -F /Applications/Xcode-27.0.0-Release.Candidate.app/Contents/Developer/Platforms/WatchOS.platform/Developer/Library/Frameworks -F /Applications/Xcode-27.0.0-Release.Candidate.app/Contents/Developer/Platforms/WatchOS.platform/Developer/SDKs/WatchOS27.0.sdk/Developer/Library/Frameworks -c -j10 -enable-batch-mode -incremental -Xcc -ivfsstatcache -Xcc /Users/admin/builder/spi-builder-workspace/.derivedData/SDKStatCaches.noindex/watchos27.0-24R360-e829b21a6f8c9b70876ba0858053c04477534ef55a1706bf4c1112bbb242f0a2.sdkstatcache -output-file-map /Users/admin/builder/spi-builder-workspace/.derivedData/Build/Intermediates.noindex/Light.build/Debug-watchos/Light-t.build/Objects-normal/arm64_32/Light-OutputFileMap.json -save-temps -no-color-diagnostics -emit-dependencies -emit-module -emit-module-path /Users/admin/builder/spi-builder-workspace/.derivedData/Build/Intermediates.noindex/Light.build/Debug-watchos/Light-t.build/Objects-normal/arm64_32/Light.swiftmodule -serialize-diagnostics -validate-clang-modules-once -clang-build-session-file /Users/admin/builder/spi-builder-workspace/.derivedData/ModuleCache.noindex/Session.modulevalidation -Xcc -fmodules-prune-interval\=86400 -Xcc -fmodules-prune-after\=345600 -emit-const-values -const-gather-protocols-list /Users/admin/builder/spi-builder-workspace/.derivedData/Build/Intermediates.noindex/Light.build/Debug-watchos/Light-t.build/Objects-normal/arm64_32/Light_const_extract_protocols.json -Xcc -I/Users/admin/builder/spi-builder-workspace/.derivedData/Build/Products/Debug-watchos/include -Xcc -I/Users/admin/builder/spi-builder-workspace/.derivedData/Build/Intermediates.noindex/Light.build/Debug-watchos/Light-t.build/DerivedSources-normal/arm64_32 -Xcc -I/Users/admin/builder/spi-builder-workspace/.derivedData/Build/Intermediates.noindex/Light.build/Debug-watchos/Light-t.build/DerivedSources/arm64_32 -Xcc -I/Users/admin/builder/spi-builder-workspace/.derivedData/Build/Intermediates.noindex/Light.build/Debug-watchos/Light-t.build/DerivedSources -Xcc -DSWIFT_PACKAGE -Xcc -DDEBUG\=1 -emit-objc-header -emit-objc-header-path /Users/admin/builder/spi-builder-workspace/.derivedData/Build/Intermediates.noindex/Light.build/Debug-watchos/Light-t.build/Objects-normal/arm64_32/Light-Swift.h -working-directory /Users/admin/builder/spi-builder-workspace/.swiftpm/xcode -experimental-emit-module-separately -disable-cmo
SwiftEmitModule normal arm64 Emitting\ module\ for\ Light (in target 'Light' from project 'Light')
SwiftCompile normal arm64 (in target 'Light' from project 'Light')
cd /Users/admin/builder/spi-builder-workspace/.swiftpm/xcode
/Users/admin/builder/spi-builder-workspace/Sources/Light/URLSession+WebAPI.swift:11:1: warning: extension declares a conformance of imported type 'URLSession' to imported protocols 'ReadOnlyStorageProtocol', 'ReadableStorageProtocol', 'StorageDesign'; this will not behave correctly if the owners of 'Foundation' introduce this conformance in the future
9 | import Shallows
10 |
11 | extension URLSession : ReadOnlyStorageProtocol {
| |- warning: extension declares a conformance of imported type 'URLSession' to imported protocols 'ReadOnlyStorageProtocol', 'ReadableStorageProtocol', 'StorageDesign'; this will not behave correctly if the owners of 'Foundation' introduce this conformance in the future
| `- note: add '@retroactive' to silence this warning
12 |
13 | public typealias Request = WebAPI.Request
SwiftEmitModule normal arm64_32 Emitting\ module\ for\ Light (in target 'Light' from project 'Light')
SwiftCompile normal arm64_32 (in target 'Light' from project 'Light')
cd /Users/admin/builder/spi-builder-workspace/.swiftpm/xcode
/Users/admin/builder/spi-builder-workspace/Sources/Light/URLSession+WebAPI.swift:11:1: warning: extension declares a conformance of imported type 'URLSession' to imported protocols 'ReadOnlyStorageProtocol', 'ReadableStorageProtocol', 'StorageDesign'; this will not behave correctly if the owners of 'Foundation' introduce this conformance in the future
9 | import Shallows
10 |
11 | extension URLSession : ReadOnlyStorageProtocol {
| |- warning: extension declares a conformance of imported type 'URLSession' to imported protocols 'ReadOnlyStorageProtocol', 'ReadableStorageProtocol', 'StorageDesign'; this will not behave correctly if the owners of 'Foundation' introduce this conformance in the future
| `- note: add '@retroactive' to silence this warning
12 |
13 | public typealias Request = WebAPI.Request
SwiftDriverJobDiscovery normal arm64_32 Compiling Storage.swift (in target 'Shallows' from project 'Shallows')
SwiftCompile normal arm64_32 Compiling\ WebAPIProtocol.swift /Users/admin/builder/spi-builder-workspace/Sources/Light/WebAPIProtocol.swift (in target 'Light' from project 'Light')
SwiftCompile normal arm64_32 /Users/admin/builder/spi-builder-workspace/Sources/Light/WebAPIProtocol.swift (in target 'Light' from project 'Light')
cd /Users/admin/builder/spi-builder-workspace/.swiftpm/xcode
builtin-SwiftPerFileCompile WebAPIProtocol.swift
SwiftDriverJobDiscovery normal arm64 Compiling SyncStorage.swift (in target 'Shallows' from project 'Shallows')
SwiftDriver\ Compilation Shallows normal arm64 com.apple.xcode.tools.swift.compiler (in target 'Shallows' from project 'Shallows')
cd /Users/admin/builder/spi-builder-workspace/.swiftpm/xcode
builtin-Swift-Compilation -- /Applications/Xcode-27.0.0-Release.Candidate.app/Contents/Developer/Toolchains/XcodeDefault.xctoolchain/usr/bin/swiftc -parse-as-library -module-name Shallows -Onone @/Users/admin/builder/spi-builder-workspace/.derivedData/Build/Intermediates.noindex/Shallows.build/Debug-watchos/Shallows-t.build/Objects-normal/arm64/Shallows.SwiftFileList -DSWIFT_PACKAGE -DDEBUG -DSWIFT_MODULE_RESOURCE_BUNDLE_UNAVAILABLE -DXcode -plugin-path /Applications/Xcode-27.0.0-Release.Candidate.app/Contents/Developer/Toolchains/XcodeDefault.xctoolchain/usr/lib/swift/host/plugins/testing -enable-experimental-feature DebugDescriptionMacro -sdk /Applications/Xcode-27.0.0-Release.Candidate.app/Contents/Developer/Platforms/WatchOS.platform/Developer/SDKs/WatchOS27.0.sdk -target arm64-apple-watchos9.0 -g -module-cache-path /Users/admin/builder/spi-builder-workspace/.derivedData/ModuleCache.noindex -Xfrontend -serialize-debugging-options -profile-coverage-mapping -profile-generate -enable-testing -suppress-warnings -index-store-path /Users/admin/builder/spi-builder-workspace/.derivedData/Index.noindex/DataStore -Xcc -D_LIBCPP_HARDENING_MODE\=_LIBCPP_HARDENING_MODE_DEBUG -swift-version 5 -I /Users/admin/builder/spi-builder-workspace/.derivedData/Build/Products/Debug-watchos -Isystem /Applications/Xcode-27.0.0-Release.Candidate.app/Contents/Developer/Platforms/WatchOS.platform/Developer/usr/lib -F /Users/admin/builder/spi-builder-workspace/.derivedData/Build/Products/Debug-watchos -F /Applications/Xcode-27.0.0-Release.Candidate.app/Contents/Developer/Platforms/WatchOS.platform/Developer/Library/Frameworks -F /Applications/Xcode-27.0.0-Release.Candidate.app/Contents/Developer/Platforms/WatchOS.platform/Developer/SDKs/WatchOS27.0.sdk/Developer/Library/Frameworks -c -j10 -enable-batch-mode -incremental -Xcc -ivfsstatcache -Xcc /Users/admin/builder/spi-builder-workspace/.derivedData/SDKStatCaches.noindex/watchos27.0-24R360-e829b21a6f8c9b70876ba0858053c04477534ef55a1706bf4c1112bbb242f0a2.sdkstatcache -output-file-map /Users/admin/builder/spi-builder-workspace/.derivedData/Build/Intermediates.noindex/Shallows.build/Debug-watchos/Shallows-t.build/Objects-normal/arm64/Shallows-OutputFileMap.json -save-temps -no-color-diagnostics -explicit-module-build -module-cache-path /Users/admin/builder/spi-builder-workspace/.derivedData/Build/Intermediates.noindex/SwiftExplicitPrecompiledModules -clang-scanner-module-cache-path /Users/admin/builder/spi-builder-workspace/.derivedData/ModuleCache.noindex -sdk-module-cache-path /Users/admin/builder/spi-builder-workspace/.derivedData/SDKExplicitPrecompiledModules -emit-dependencies -emit-module -emit-module-path /Users/admin/builder/spi-builder-workspace/.derivedData/Build/Intermediates.noindex/Shallows.build/Debug-watchos/Shallows-t.build/Objects-normal/arm64/Shallows.swiftmodule -serialize-diagnostics -dependency-scan-serialize-diagnostics-path /Users/admin/builder/spi-builder-workspace/.derivedData/Build/Intermediates.noindex/Shallows.build/Debug-watchos/Shallows-t.build/Objects-normal/arm64/Shallows-dependency-scan.dia -validate-clang-modules-once -clang-build-session-file /Users/admin/builder/spi-builder-workspace/.derivedData/ModuleCache.noindex/Session.modulevalidation -Xcc -fmodules-prune-interval\=86400 -Xcc -fmodules-prune-after\=345600 -emit-const-values -const-gather-protocols-list /Users/admin/builder/spi-builder-workspace/.derivedData/Build/Intermediates.noindex/Shallows.build/Debug-watchos/Shallows-t.build/Objects-normal/arm64/Shallows_const_extract_protocols.json -Xcc -I/Users/admin/builder/spi-builder-workspace/.derivedData/Build/Products/Debug-watchos/include -Xcc -I/Users/admin/builder/spi-builder-workspace/.derivedData/Build/Intermediates.noindex/Shallows.build/Debug-watchos/Shallows-t.build/DerivedSources-normal/arm64 -Xcc -I/Users/admin/builder/spi-builder-workspace/.derivedData/Build/Intermediates.noindex/Shallows.build/Debug-watchos/Shallows-t.build/DerivedSources/arm64 -Xcc -I/Users/admin/builder/spi-builder-workspace/.derivedData/Build/Intermediates.noindex/Shallows.build/Debug-watchos/Shallows-t.build/DerivedSources -Xcc -DSWIFT_PACKAGE -Xcc -DDEBUG\=1 -emit-objc-header -emit-objc-header-path /Users/admin/builder/spi-builder-workspace/.derivedData/Build/Intermediates.noindex/Shallows.build/Debug-watchos/Shallows-t.build/Objects-normal/arm64/Shallows-Swift.h -working-directory /Users/admin/builder/spi-builder-workspace/.swiftpm/xcode -experimental-emit-module-separately -disable-cmo
SwiftDriverJobDiscovery normal arm64_32 Compiling Zip.swift (in target 'Shallows' from project 'Shallows')
SwiftCompile normal arm64 Compiling\ URLSession+WebAPI.swift /Users/admin/builder/spi-builder-workspace/Sources/Light/URLSession+WebAPI.swift (in target 'Light' from project 'Light')
/Users/admin/builder/spi-builder-workspace/Sources/Light/URLSession+WebAPI.swift:11:1: warning: extension declares a conformance of imported type 'URLSession' to imported protocols 'ReadOnlyStorageProtocol', 'ReadableStorageProtocol', 'StorageDesign'; this will not behave correctly if the owners of 'Foundation' introduce this conformance in the future
9 | import Shallows
10 |
11 | extension URLSession : ReadOnlyStorageProtocol {
| |- warning: extension declares a conformance of imported type 'URLSession' to imported protocols 'ReadOnlyStorageProtocol', 'ReadableStorageProtocol', 'StorageDesign'; this will not behave correctly if the owners of 'Foundation' introduce this conformance in the future
| `- note: add '@retroactive' to silence this warning
12 |
13 | public typealias Request = WebAPI.Request
/Users/admin/builder/spi-builder-workspace/Sources/Light/URLSession+WebAPI.swift:116:13: error: cannot find 'kCFNetworkProxiesHTTPEnable' in scope
114 | public func setHTTPProxy(_ httpProxy: HTTPProxy) {
115 | connectionProxyDictionary = [
116 | kCFNetworkProxiesHTTPEnable: true,
| `- error: cannot find 'kCFNetworkProxiesHTTPEnable' in scope
117 | "HTTPProxy": httpProxy.host,
118 | "HTTPSProxy": httpProxy.host,
/Users/admin/builder/spi-builder-workspace/Sources/Light/URLSession+WebAPI.swift:122:13: error: cannot find 'kCFProxyTypeKey' in scope
120 | "HTTPPort": httpProxy.port,
121 | "HTTPSEnable": httpProxy.enableHTTPS,
122 | kCFProxyTypeKey: kCFProxyTypeHTTPS,
| `- error: cannot find 'kCFProxyTypeKey' in scope
123 | kCFProxyUsernameKey: httpProxy.username,
124 | kCFProxyPasswordKey: httpProxy.password,
/Users/admin/builder/spi-builder-workspace/Sources/Light/URLSession+WebAPI.swift:122:30: error: cannot find 'kCFProxyTypeHTTPS' in scope
120 | "HTTPPort": httpProxy.port,
121 | "HTTPSEnable": httpProxy.enableHTTPS,
122 | kCFProxyTypeKey: kCFProxyTypeHTTPS,
| `- error: cannot find 'kCFProxyTypeHTTPS' in scope
123 | kCFProxyUsernameKey: httpProxy.username,
124 | kCFProxyPasswordKey: httpProxy.password,
/Users/admin/builder/spi-builder-workspace/Sources/Light/URLSession+WebAPI.swift:123:13: error: cannot find 'kCFProxyUsernameKey' in scope
121 | "HTTPSEnable": httpProxy.enableHTTPS,
122 | kCFProxyTypeKey: kCFProxyTypeHTTPS,
123 | kCFProxyUsernameKey: httpProxy.username,
| `- error: cannot find 'kCFProxyUsernameKey' in scope
124 | kCFProxyPasswordKey: httpProxy.password,
125 | ]
/Users/admin/builder/spi-builder-workspace/Sources/Light/URLSession+WebAPI.swift:124:13: error: cannot find 'kCFProxyPasswordKey' in scope
122 | kCFProxyTypeKey: kCFProxyTypeHTTPS,
123 | kCFProxyUsernameKey: httpProxy.username,
124 | kCFProxyPasswordKey: httpProxy.password,
| `- error: cannot find 'kCFProxyPasswordKey' in scope
125 | ]
126 |
Failed frontend command:
/Applications/Xcode-27.0.0-Release.Candidate.app/Contents/Developer/Toolchains/XcodeDefault.xctoolchain/usr/bin/swift-frontend -frontend -c /Users/admin/builder/spi-builder-workspace/Sources/Light/Light.swift -primary-file /Users/admin/builder/spi-builder-workspace/Sources/Light/URLSession+WebAPI.swift /Users/admin/builder/spi-builder-workspace/Sources/Light/WebAPI.swift /Users/admin/builder/spi-builder-workspace/Sources/Light/WebAPIProtocol.swift -emit-dependencies-path /Users/admin/builder/spi-builder-workspace/.derivedData/Build/Intermediates.noindex/Light.build/Debug-watchos/Light-t.build/Objects-normal/arm64/URLSession+WebAPI.d -emit-const-values-path /Users/admin/builder/spi-builder-workspace/.derivedData/Build/Intermediates.noindex/Light.build/Debug-watchos/Light-t.build/Objects-normal/arm64/URLSession+WebAPI.swiftconstvalues -emit-reference-dependencies-path /Users/admin/builder/spi-builder-workspace/.derivedData/Build/Intermediates.noindex/Light.build/Debug-watchos/Light-t.build/Objects-normal/arm64/URLSession+WebAPI.swiftdeps -serialize-diagnostics-path /Users/admin/builder/spi-builder-workspace/.derivedData/Build/Intermediates.noindex/Light.build/Debug-watchos/Light-t.build/Objects-normal/arm64/URLSession+WebAPI.dia -target arm64-apple-watchos9.0 -Xllvm -aarch64-use-tbi -enable-objc-interop -stack-check -sdk /Applications/Xcode-27.0.0-Release.Candidate.app/Contents/Developer/Platforms/WatchOS.platform/Developer/SDKs/WatchOS27.0.sdk -I /Users/admin/builder/spi-builder-workspace/.derivedData/Build/Products/Debug-watchos -Isystem /Applications/Xcode-27.0.0-Release.Candidate.app/Contents/Developer/Platforms/WatchOS.platform/Developer/usr/lib -F /Users/admin/builder/spi-builder-workspace/.derivedData/Build/Products/Debug-watchos/PackageFrameworks -F /Users/admin/builder/spi-builder-workspace/.derivedData/Build/Products/Debug-watchos -F /Applications/Xcode-27.0.0-Release.Candidate.app/Contents/Developer/Platforms/WatchOS.platform/Developer/Library/Frameworks -F /Applications/Xcode-27.0.0-Release.Candidate.app/Contents/Developer/Platforms/WatchOS.platform/Developer/SDKs/WatchOS27.0.sdk/Developer/Library/Frameworks -module-cache-path /Users/admin/builder/spi-builder-workspace/.derivedData/ModuleCache.noindex -no-color-diagnostics -Xcc -fno-color-diagnostics -enable-testing -g -debug-info-format\=dwarf -dwarf-version\=4 -profile-generate -profile-coverage-mapping -swift-version 4 -Onone -D SWIFT_PACKAGE -D DEBUG -D SWIFT_MODULE_RESOURCE_BUNDLE_UNAVAILABLE -D Xcode -serialize-debugging-options -enable-experimental-feature DebugDescriptionMacro -empty-abi-descriptor -plugin-path /Applications/Xcode-27.0.0-Release.Candidate.app/Contents/Developer/Toolchains/XcodeDefault.xctoolchain/usr/lib/swift/host/plugins/testing -validate-clang-modules-once -clang-build-session-file /Users/admin/builder/spi-builder-workspace/.derivedData/ModuleCache.noindex/Session.modulevalidation -Xcc -working-directory -Xcc /Users/admin/builder/spi-builder-workspace/.swiftpm/xcode -enable-anonymous-context-mangled-names -file-compilation-dir /Users/admin/builder/spi-builder-workspace/.swiftpm/xcode -Xcc -D_LIBCPP_HARDENING_MODE\=_LIBCPP_HARDENING_MODE_DEBUG -Xcc -ivfsstatcache -Xcc /Users/admin/builder/spi-builder-workspace/.derivedData/SDKStatCaches.noindex/watchos27.0-24R360-e829b21a6f8c9b70876ba0858053c04477534ef55a1706bf4c1112bbb242f0a2.sdkstatcache -Xcc -fmodules-prune-interval\=86400 -Xcc -fmodules-prune-after\=345600 -Xcc -I/Users/admin/builder/spi-builder-workspace/.derivedData/Build/Products/Debug-watchos/include -Xcc -I/Users/admin/builder/spi-builder-workspace/.derivedData/Build/Intermediates.noindex/Light.build/Debug-watchos/Light-t.build/DerivedSources-normal/arm64 -Xcc -I/Users/admin/builder/spi-builder-workspace/.derivedData/Build/Intermediates.noindex/Light.build/Debug-watchos/Light-t.build/DerivedSources/arm64 -Xcc -I/Users/admin/builder/spi-builder-workspace/.derivedData/Build/Intermediates.noindex/Light.build/Debug-watchos/Light-t.build/DerivedSources -Xcc -DSWIFT_PACKAGE -Xcc -DDEBUG\=1 -no-auto-bridging-header-chaining -module-name Light -const-gather-protocols-file /Users/admin/builder/spi-builder-workspace/.derivedData/Build/Intermediates.noindex/Light.build/Debug-watchos/Light-t.build/Objects-normal/arm64/Light_const_extract_protocols.json -disable-clang-spi -target-sdk-version 27.0 -target-sdk-name watchos27.0 -external-plugin-path /Applications/Xcode-27.0.0-Release.Candidate.app/Contents/Developer/Platforms/WatchOS.platform/Developer/usr/lib/swift/host/plugins\#/Applications/Xcode-27.0.0-Release.Candidate.app/Contents/Developer/Platforms/WatchOS.platform/Developer/usr/bin/swift-plugin-server -external-plugin-path /Applications/Xcode-27.0.0-Release.Candidate.app/Contents/Developer/Platforms/WatchOS.platform/Developer/usr/local/lib/swift/host/plugins\#/Applications/Xcode-27.0.0-Release.Candidate.app/Contents/Developer/Platforms/WatchOS.platform/Developer/usr/bin/swift-plugin-server -in-process-plugin-server-path /Applications/Xcode-27.0.0-Release.Candidate.app/Contents/Developer/Toolchains/XcodeDefault.xctoolchain/usr/lib/swift/host/libSwiftInProcPluginServer.dylib -plugin-path /Applications/Xcode-27.0.0-Release.Candidate.app/Contents/Developer/Toolchains/XcodeDefault.xctoolchain/usr/lib/swift/host/plugins -plugin-path /Applications/Xcode-27.0.0-Release.Candidate.app/Contents/Developer/Toolchains/XcodeDefault.xctoolchain/usr/local/lib/swift/host/plugins -parse-as-library -o /Users/admin/builder/spi-builder-workspace/.derivedData/Build/Intermediates.noindex/Light.build/Debug-watchos/Light-t.build/Objects-normal/arm64/URLSession+WebAPI.o -index-unit-output-path /Light.build/Debug-watchos/Light-t.build/Objects-normal/arm64/URLSession+WebAPI.o -index-store-path /Users/admin/builder/spi-builder-workspace/.derivedData/Index.noindex/DataStore -index-system-modules
SwiftCompile normal arm64 /Users/admin/builder/spi-builder-workspace/Sources/Light/URLSession+WebAPI.swift (in target 'Light' from project 'Light')
cd /Users/admin/builder/spi-builder-workspace/.swiftpm/xcode
builtin-SwiftPerFileCompile URLSession+WebAPI.swift
Ld /Users/admin/builder/spi-builder-workspace/.derivedData/Build/Intermediates.noindex/Shallows.build/Debug-watchos/Shallows-t.build/Objects-normal/arm64/Binary/Shallows.o normal arm64 (in target 'Shallows' from project 'Shallows')
cd /Users/admin/builder/spi-builder-workspace/.dependencies/checkouts/Shallows
/Applications/Xcode-27.0.0-Release.Candidate.app/Contents/Developer/Toolchains/XcodeDefault.xctoolchain/usr/bin/clang -Xlinker -reproducible -target arm64-apple-watchos9.0 -r -isysroot /Applications/Xcode-27.0.0-Release.Candidate.app/Contents/Developer/Platforms/WatchOS.platform/Developer/SDKs/WatchOS27.0.sdk -O0 -w -Xlinker -no_warn_duplicate_libraries -F/Users/admin/builder/spi-builder-workspace/.derivedData/Build/Intermediates.noindex/EagerLinkingTBDs/Debug-watchos -F/Users/admin/builder/spi-builder-workspace/.derivedData/Build/Products/Debug-watchos -iframework /Applications/Xcode-27.0.0-Release.Candidate.app/Contents/Developer/Platforms/WatchOS.platform/Developer/Library/Frameworks -iframework /Applications/Xcode-27.0.0-Release.Candidate.app/Contents/Developer/Platforms/WatchOS.platform/Developer/SDKs/WatchOS27.0.sdk/Developer/Library/Frameworks -filelist /Users/admin/builder/spi-builder-workspace/.derivedData/Build/Intermediates.noindex/Shallows.build/Debug-watchos/Shallows-t.build/Objects-normal/arm64/Shallows.LinkFileList -nostdlib -Xlinker -object_path_lto -Xlinker /Users/admin/builder/spi-builder-workspace/.derivedData/Build/Intermediates.noindex/Shallows.build/Debug-watchos/Shallows-t.build/Objects-normal/arm64/Shallows_lto.o -Xlinker -no_deduplicate -Xlinker -debug_variant -Xlinker -dependency_info -Xlinker /Users/admin/builder/spi-builder-workspace/.derivedData/Build/Intermediates.noindex/Shallows.build/Debug-watchos/Shallows-t.build/Objects-normal/arm64/Shallows_dependency_info.dat -fobjc-link-runtime -L/Applications/Xcode-27.0.0-Release.Candidate.app/Contents/Developer/Toolchains/XcodeDefault.xctoolchain/usr/lib/swift/watchos -L/usr/lib/swift -Xlinker -add_ast_path -Xlinker /Users/admin/builder/spi-builder-workspace/.derivedData/Build/Intermediates.noindex/Shallows.build/Debug-watchos/Shallows-t.build/Objects-normal/arm64/Shallows.swiftmodule -o /Users/admin/builder/spi-builder-workspace/.derivedData/Build/Intermediates.noindex/Shallows.build/Debug-watchos/Shallows-t.build/Objects-normal/arm64/Binary/Shallows.o
SwiftDriverJobDiscovery normal arm64_32 Compiling SyncStorage.swift (in target 'Shallows' from project 'Shallows')
SwiftCompile normal arm64_32 Compiling\ WebAPI.swift /Users/admin/builder/spi-builder-workspace/Sources/Light/WebAPI.swift (in target 'Light' from project 'Light')
SwiftCompile normal arm64_32 /Users/admin/builder/spi-builder-workspace/Sources/Light/WebAPI.swift (in target 'Light' from project 'Light')
cd /Users/admin/builder/spi-builder-workspace/.swiftpm/xcode
builtin-SwiftPerFileCompile WebAPI.swift
SwiftCompile normal arm64 Compiling\ WebAPIProtocol.swift /Users/admin/builder/spi-builder-workspace/Sources/Light/WebAPIProtocol.swift (in target 'Light' from project 'Light')
SwiftCompile normal arm64 /Users/admin/builder/spi-builder-workspace/Sources/Light/WebAPIProtocol.swift (in target 'Light' from project 'Light')
cd /Users/admin/builder/spi-builder-workspace/.swiftpm/xcode
builtin-SwiftPerFileCompile WebAPIProtocol.swift
SwiftDriverJobDiscovery normal arm64_32 Compiling Filename.swift, MemoryStorage.swift (in target 'Shallows' from project 'Shallows')
SwiftCompile normal arm64 Compiling\ WebAPI.swift /Users/admin/builder/spi-builder-workspace/Sources/Light/WebAPI.swift (in target 'Light' from project 'Light')
SwiftCompile normal arm64 /Users/admin/builder/spi-builder-workspace/Sources/Light/WebAPI.swift (in target 'Light' from project 'Light')
cd /Users/admin/builder/spi-builder-workspace/.swiftpm/xcode
builtin-SwiftPerFileCompile WebAPI.swift
SwiftDriverJobDiscovery normal arm64_32 Compiling NSCacheStorage.swift, ReadOnlyStorage.swift (in target 'Shallows' from project 'Shallows')
SwiftCompile normal arm64 Compiling\ Light.swift /Users/admin/builder/spi-builder-workspace/Sources/Light/Light.swift (in target 'Light' from project 'Light')
SwiftCompile normal arm64 /Users/admin/builder/spi-builder-workspace/Sources/Light/Light.swift (in target 'Light' from project 'Light')
cd /Users/admin/builder/spi-builder-workspace/.swiftpm/xcode
builtin-SwiftPerFileCompile Light.swift
SwiftDriverJobDiscovery normal arm64_32 Compiling ShallowsResult.swift (in target 'Shallows' from project 'Shallows')
SwiftCompile normal arm64_32 Compiling\ Light.swift /Users/admin/builder/spi-builder-workspace/Sources/Light/Light.swift (in target 'Light' from project 'Light')
SwiftCompile normal arm64_32 /Users/admin/builder/spi-builder-workspace/Sources/Light/Light.swift (in target 'Light' from project 'Light')
cd /Users/admin/builder/spi-builder-workspace/.swiftpm/xcode
builtin-SwiftPerFileCompile Light.swift
SwiftDriverJobDiscovery normal arm64_32 Compiling Async.swift, Composition.swift (in target 'Shallows' from project 'Shallows')
SwiftCompile normal arm64_32 Compiling\ URLSession+WebAPI.swift /Users/admin/builder/spi-builder-workspace/Sources/Light/URLSession+WebAPI.swift (in target 'Light' from project 'Light')
SwiftCompile normal arm64_32 /Users/admin/builder/spi-builder-workspace/Sources/Light/URLSession+WebAPI.swift (in target 'Light' from project 'Light')
cd /Users/admin/builder/spi-builder-workspace/.swiftpm/xcode
builtin-SwiftPerFileCompile URLSession+WebAPI.swift
SwiftDriverJobDiscovery normal arm64_32 Compiling DiskExtensions.swift, DiskStorage.swift (in target 'Shallows' from project 'Shallows')
SwiftDriver\ Compilation Shallows normal arm64_32 com.apple.xcode.tools.swift.compiler (in target 'Shallows' from project 'Shallows')
cd /Users/admin/builder/spi-builder-workspace/.swiftpm/xcode
builtin-Swift-Compilation -- /Applications/Xcode-27.0.0-Release.Candidate.app/Contents/Developer/Toolchains/XcodeDefault.xctoolchain/usr/bin/swiftc -parse-as-library -module-name Shallows -Onone @/Users/admin/builder/spi-builder-workspace/.derivedData/Build/Intermediates.noindex/Shallows.build/Debug-watchos/Shallows-t.build/Objects-normal/arm64_32/Shallows.SwiftFileList -DSWIFT_PACKAGE -DDEBUG -DSWIFT_MODULE_RESOURCE_BUNDLE_UNAVAILABLE -DXcode -plugin-path /Applications/Xcode-27.0.0-Release.Candidate.app/Contents/Developer/Toolchains/XcodeDefault.xctoolchain/usr/lib/swift/host/plugins/testing -enable-experimental-feature DebugDescriptionMacro -sdk /Applications/Xcode-27.0.0-Release.Candidate.app/Contents/Developer/Platforms/WatchOS.platform/Developer/SDKs/WatchOS27.0.sdk -target arm64_32-apple-watchos9.0 -g -module-cache-path /Users/admin/builder/spi-builder-workspace/.derivedData/ModuleCache.noindex -Xfrontend -serialize-debugging-options -profile-coverage-mapping -profile-generate -enable-testing -suppress-warnings -index-store-path /Users/admin/builder/spi-builder-workspace/.derivedData/Index.noindex/DataStore -Xcc -D_LIBCPP_HARDENING_MODE\=_LIBCPP_HARDENING_MODE_DEBUG -swift-version 5 -I /Users/admin/builder/spi-builder-workspace/.derivedData/Build/Products/Debug-watchos -Isystem /Applications/Xcode-27.0.0-Release.Candidate.app/Contents/Developer/Platforms/WatchOS.platform/Developer/usr/lib -F /Users/admin/builder/spi-builder-workspace/.derivedData/Build/Products/Debug-watchos -F /Applications/Xcode-27.0.0-Release.Candidate.app/Contents/Developer/Platforms/WatchOS.platform/Developer/Library/Frameworks -F /Applications/Xcode-27.0.0-Release.Candidate.app/Contents/Developer/Platforms/WatchOS.platform/Developer/SDKs/WatchOS27.0.sdk/Developer/Library/Frameworks -c -j10 -enable-batch-mode -incremental -Xcc -ivfsstatcache -Xcc /Users/admin/builder/spi-builder-workspace/.derivedData/SDKStatCaches.noindex/watchos27.0-24R360-e829b21a6f8c9b70876ba0858053c04477534ef55a1706bf4c1112bbb242f0a2.sdkstatcache -output-file-map /Users/admin/builder/spi-builder-workspace/.derivedData/Build/Intermediates.noindex/Shallows.build/Debug-watchos/Shallows-t.build/Objects-normal/arm64_32/Shallows-OutputFileMap.json -save-temps -no-color-diagnostics -explicit-module-build -module-cache-path /Users/admin/builder/spi-builder-workspace/.derivedData/Build/Intermediates.noindex/SwiftExplicitPrecompiledModules -clang-scanner-module-cache-path /Users/admin/builder/spi-builder-workspace/.derivedData/ModuleCache.noindex -sdk-module-cache-path /Users/admin/builder/spi-builder-workspace/.derivedData/SDKExplicitPrecompiledModules -emit-dependencies -emit-module -emit-module-path /Users/admin/builder/spi-builder-workspace/.derivedData/Build/Intermediates.noindex/Shallows.build/Debug-watchos/Shallows-t.build/Objects-normal/arm64_32/Shallows.swiftmodule -serialize-diagnostics -dependency-scan-serialize-diagnostics-path /Users/admin/builder/spi-builder-workspace/.derivedData/Build/Intermediates.noindex/Shallows.build/Debug-watchos/Shallows-t.build/Objects-normal/arm64_32/Shallows-dependency-scan.dia -validate-clang-modules-once -clang-build-session-file /Users/admin/builder/spi-builder-workspace/.derivedData/ModuleCache.noindex/Session.modulevalidation -Xcc -fmodules-prune-interval\=86400 -Xcc -fmodules-prune-after\=345600 -emit-const-values -const-gather-protocols-list /Users/admin/builder/spi-builder-workspace/.derivedData/Build/Intermediates.noindex/Shallows.build/Debug-watchos/Shallows-t.build/Objects-normal/arm64_32/Shallows_const_extract_protocols.json -Xcc -I/Users/admin/builder/spi-builder-workspace/.derivedData/Build/Products/Debug-watchos/include -Xcc -I/Users/admin/builder/spi-builder-workspace/.derivedData/Build/Intermediates.noindex/Shallows.build/Debug-watchos/Shallows-t.build/DerivedSources-normal/arm64_32 -Xcc -I/Users/admin/builder/spi-builder-workspace/.derivedData/Build/Intermediates.noindex/Shallows.build/Debug-watchos/Shallows-t.build/DerivedSources/arm64_32 -Xcc -I/Users/admin/builder/spi-builder-workspace/.derivedData/Build/Intermediates.noindex/Shallows.build/Debug-watchos/Shallows-t.build/DerivedSources -Xcc -DSWIFT_PACKAGE -Xcc -DDEBUG\=1 -emit-objc-header -emit-objc-header-path /Users/admin/builder/spi-builder-workspace/.derivedData/Build/Intermediates.noindex/Shallows.build/Debug-watchos/Shallows-t.build/Objects-normal/arm64_32/Shallows-Swift.h -working-directory /Users/admin/builder/spi-builder-workspace/.swiftpm/xcode -experimental-emit-module-separately -disable-cmo
SwiftDriverJobDiscovery normal arm64 Emitting module for Light (in target 'Light' from project 'Light')
SwiftDriver\ Compilation\ Requirements Light normal arm64 com.apple.xcode.tools.swift.compiler (in target 'Light' from project 'Light')
cd /Users/admin/builder/spi-builder-workspace/.swiftpm/xcode
builtin-Swift-Compilation-Requirements -- /Applications/Xcode-27.0.0-Release.Candidate.app/Contents/Developer/Toolchains/XcodeDefault.xctoolchain/usr/bin/swiftc -parse-as-library -module-name Light -Onone @/Users/admin/builder/spi-builder-workspace/.derivedData/Build/Intermediates.noindex/Light.build/Debug-watchos/Light-t.build/Objects-normal/arm64/Light.SwiftFileList -DSWIFT_PACKAGE -DDEBUG -DSWIFT_MODULE_RESOURCE_BUNDLE_UNAVAILABLE -DXcode -plugin-path /Applications/Xcode-27.0.0-Release.Candidate.app/Contents/Developer/Toolchains/XcodeDefault.xctoolchain/usr/lib/swift/host/plugins/testing -enable-experimental-feature DebugDescriptionMacro -sdk /Applications/Xcode-27.0.0-Release.Candidate.app/Contents/Developer/Platforms/WatchOS.platform/Developer/SDKs/WatchOS27.0.sdk -target arm64-apple-watchos9.0 -g -module-cache-path /Users/admin/builder/spi-builder-workspace/.derivedData/ModuleCache.noindex -Xfrontend -serialize-debugging-options -profile-coverage-mapping -profile-generate -enable-testing -index-store-path /Users/admin/builder/spi-builder-workspace/.derivedData/Index.noindex/DataStore -Xcc -D_LIBCPP_HARDENING_MODE\=_LIBCPP_HARDENING_MODE_DEBUG -swift-version 4 -I /Users/admin/builder/spi-builder-workspace/.derivedData/Build/Products/Debug-watchos -Isystem /Applications/Xcode-27.0.0-Release.Candidate.app/Contents/Developer/Platforms/WatchOS.platform/Developer/usr/lib -F /Users/admin/builder/spi-builder-workspace/.derivedData/Build/Products/Debug-watchos/PackageFrameworks -F /Users/admin/builder/spi-builder-workspace/.derivedData/Build/Products/Debug-watchos -F /Applications/Xcode-27.0.0-Release.Candidate.app/Contents/Developer/Platforms/WatchOS.platform/Developer/Library/Frameworks -F /Applications/Xcode-27.0.0-Release.Candidate.app/Contents/Developer/Platforms/WatchOS.platform/Developer/SDKs/WatchOS27.0.sdk/Developer/Library/Frameworks -c -j10 -enable-batch-mode -incremental -Xcc -ivfsstatcache -Xcc /Users/admin/builder/spi-builder-workspace/.derivedData/SDKStatCaches.noindex/watchos27.0-24R360-e829b21a6f8c9b70876ba0858053c04477534ef55a1706bf4c1112bbb242f0a2.sdkstatcache -output-file-map /Users/admin/builder/spi-builder-workspace/.derivedData/Build/Intermediates.noindex/Light.build/Debug-watchos/Light-t.build/Objects-normal/arm64/Light-OutputFileMap.json -save-temps -no-color-diagnostics -emit-dependencies -emit-module -emit-module-path /Users/admin/builder/spi-builder-workspace/.derivedData/Build/Intermediates.noindex/Light.build/Debug-watchos/Light-t.build/Objects-normal/arm64/Light.swiftmodule -serialize-diagnostics -validate-clang-modules-once -clang-build-session-file /Users/admin/builder/spi-builder-workspace/.derivedData/ModuleCache.noindex/Session.modulevalidation -Xcc -fmodules-prune-interval\=86400 -Xcc -fmodules-prune-after\=345600 -emit-const-values -const-gather-protocols-list /Users/admin/builder/spi-builder-workspace/.derivedData/Build/Intermediates.noindex/Light.build/Debug-watchos/Light-t.build/Objects-normal/arm64/Light_const_extract_protocols.json -Xcc -I/Users/admin/builder/spi-builder-workspace/.derivedData/Build/Products/Debug-watchos/include -Xcc -I/Users/admin/builder/spi-builder-workspace/.derivedData/Build/Intermediates.noindex/Light.build/Debug-watchos/Light-t.build/DerivedSources-normal/arm64 -Xcc -I/Users/admin/builder/spi-builder-workspace/.derivedData/Build/Intermediates.noindex/Light.build/Debug-watchos/Light-t.build/DerivedSources/arm64 -Xcc -I/Users/admin/builder/spi-builder-workspace/.derivedData/Build/Intermediates.noindex/Light.build/Debug-watchos/Light-t.build/DerivedSources -Xcc -DSWIFT_PACKAGE -Xcc -DDEBUG\=1 -emit-objc-header -emit-objc-header-path /Users/admin/builder/spi-builder-workspace/.derivedData/Build/Intermediates.noindex/Light.build/Debug-watchos/Light-t.build/Objects-normal/arm64/Light-Swift.h -working-directory /Users/admin/builder/spi-builder-workspace/.swiftpm/xcode -experimental-emit-module-separately -disable-cmo
Ld /Users/admin/builder/spi-builder-workspace/.derivedData/Build/Intermediates.noindex/Shallows.build/Debug-watchos/Shallows-t.build/Objects-normal/arm64_32/Binary/Shallows.o normal arm64_32 (in target 'Shallows' from project 'Shallows')
cd /Users/admin/builder/spi-builder-workspace/.dependencies/checkouts/Shallows
/Applications/Xcode-27.0.0-Release.Candidate.app/Contents/Developer/Toolchains/XcodeDefault.xctoolchain/usr/bin/clang -Xlinker -reproducible -target arm64_32-apple-watchos9.0 -r -isysroot /Applications/Xcode-27.0.0-Release.Candidate.app/Contents/Developer/Platforms/WatchOS.platform/Developer/SDKs/WatchOS27.0.sdk -O0 -w -Xlinker -no_warn_duplicate_libraries -F/Users/admin/builder/spi-builder-workspace/.derivedData/Build/Intermediates.noindex/EagerLinkingTBDs/Debug-watchos -F/Users/admin/builder/spi-builder-workspace/.derivedData/Build/Products/Debug-watchos -iframework /Applications/Xcode-27.0.0-Release.Candidate.app/Contents/Developer/Platforms/WatchOS.platform/Developer/Library/Frameworks -iframework /Applications/Xcode-27.0.0-Release.Candidate.app/Contents/Developer/Platforms/WatchOS.platform/Developer/SDKs/WatchOS27.0.sdk/Developer/Library/Frameworks -filelist /Users/admin/builder/spi-builder-workspace/.derivedData/Build/Intermediates.noindex/Shallows.build/Debug-watchos/Shallows-t.build/Objects-normal/arm64_32/Shallows.LinkFileList -nostdlib -Xlinker -object_path_lto -Xlinker /Users/admin/builder/spi-builder-workspace/.derivedData/Build/Intermediates.noindex/Shallows.build/Debug-watchos/Shallows-t.build/Objects-normal/arm64_32/Shallows_lto.o -Xlinker -no_deduplicate -Xlinker -debug_variant -Xlinker -dependency_info -Xlinker /Users/admin/builder/spi-builder-workspace/.derivedData/Build/Intermediates.noindex/Shallows.build/Debug-watchos/Shallows-t.build/Objects-normal/arm64_32/Shallows_dependency_info.dat -fobjc-link-runtime -L/Applications/Xcode-27.0.0-Release.Candidate.app/Contents/Developer/Toolchains/XcodeDefault.xctoolchain/usr/lib/swift/watchos -L/usr/lib/swift -Xlinker -add_ast_path -Xlinker /Users/admin/builder/spi-builder-workspace/.derivedData/Build/Intermediates.noindex/Shallows.build/Debug-watchos/Shallows-t.build/Objects-normal/arm64_32/Shallows.swiftmodule -o /Users/admin/builder/spi-builder-workspace/.derivedData/Build/Intermediates.noindex/Shallows.build/Debug-watchos/Shallows-t.build/Objects-normal/arm64_32/Binary/Shallows.o
SwiftDriverJobDiscovery normal arm64 Compiling WebAPIProtocol.swift (in target 'Light' from project 'Light')
Copy /Users/admin/builder/spi-builder-workspace/.derivedData/Build/Products/Debug-watchos/Light.swiftmodule/arm64-apple-watchos.swiftmodule /Users/admin/builder/spi-builder-workspace/.derivedData/Build/Intermediates.noindex/Light.build/Debug-watchos/Light-t.build/Objects-normal/arm64/Light.swiftmodule (in target 'Light' from project 'Light')
cd /Users/admin/builder/spi-builder-workspace
builtin-copy -exclude .DS_Store -exclude CVS -exclude .svn -exclude .git -exclude .hg -resolve-src-symlinks -rename /Users/admin/builder/spi-builder-workspace/.derivedData/Build/Intermediates.noindex/Light.build/Debug-watchos/Light-t.build/Objects-normal/arm64/Light.swiftmodule /Users/admin/builder/spi-builder-workspace/.derivedData/Build/Products/Debug-watchos/Light.swiftmodule/arm64-apple-watchos.swiftmodule
Copy /Users/admin/builder/spi-builder-workspace/.derivedData/Build/Products/Debug-watchos/Light.swiftmodule/arm64-apple-watchos.swiftdoc /Users/admin/builder/spi-builder-workspace/.derivedData/Build/Intermediates.noindex/Light.build/Debug-watchos/Light-t.build/Objects-normal/arm64/Light.swiftdoc (in target 'Light' from project 'Light')
cd /Users/admin/builder/spi-builder-workspace
builtin-copy -exclude .DS_Store -exclude CVS -exclude .svn -exclude .git -exclude .hg -resolve-src-symlinks -rename /Users/admin/builder/spi-builder-workspace/.derivedData/Build/Intermediates.noindex/Light.build/Debug-watchos/Light-t.build/Objects-normal/arm64/Light.swiftdoc /Users/admin/builder/spi-builder-workspace/.derivedData/Build/Products/Debug-watchos/Light.swiftmodule/arm64-apple-watchos.swiftdoc
Copy /Users/admin/builder/spi-builder-workspace/.derivedData/Build/Products/Debug-watchos/Light.swiftmodule/arm64-apple-watchos.abi.json /Users/admin/builder/spi-builder-workspace/.derivedData/Build/Intermediates.noindex/Light.build/Debug-watchos/Light-t.build/Objects-normal/arm64/Light.abi.json (in target 'Light' from project 'Light')
cd /Users/admin/builder/spi-builder-workspace
builtin-copy -exclude .DS_Store -exclude CVS -exclude .svn -exclude .git -exclude .hg -resolve-src-symlinks -rename /Users/admin/builder/spi-builder-workspace/.derivedData/Build/Intermediates.noindex/Light.build/Debug-watchos/Light-t.build/Objects-normal/arm64/Light.abi.json /Users/admin/builder/spi-builder-workspace/.derivedData/Build/Products/Debug-watchos/Light.swiftmodule/arm64-apple-watchos.abi.json
Copy /Users/admin/builder/spi-builder-workspace/.derivedData/Build/Products/Debug-watchos/Light.swiftmodule/Project/arm64-apple-watchos.swiftsourceinfo /Users/admin/builder/spi-builder-workspace/.derivedData/Build/Intermediates.noindex/Light.build/Debug-watchos/Light-t.build/Objects-normal/arm64/Light.swiftsourceinfo (in target 'Light' from project 'Light')
cd /Users/admin/builder/spi-builder-workspace
builtin-copy -exclude .DS_Store -exclude CVS -exclude .svn -exclude .git -exclude .hg -resolve-src-symlinks -rename /Users/admin/builder/spi-builder-workspace/.derivedData/Build/Intermediates.noindex/Light.build/Debug-watchos/Light-t.build/Objects-normal/arm64/Light.swiftsourceinfo /Users/admin/builder/spi-builder-workspace/.derivedData/Build/Products/Debug-watchos/Light.swiftmodule/Project/arm64-apple-watchos.swiftsourceinfo
CreateUniversalBinary /Users/admin/builder/spi-builder-workspace/.derivedData/Build/Products/Debug-watchos/Shallows.o normal arm64\ arm64_32 (in target 'Shallows' from project 'Shallows')
cd /Users/admin/builder/spi-builder-workspace/.dependencies/checkouts/Shallows
/Applications/Xcode-27.0.0-Release.Candidate.app/Contents/Developer/Toolchains/XcodeDefault.xctoolchain/usr/bin/lipo -create /Users/admin/builder/spi-builder-workspace/.derivedData/Build/Intermediates.noindex/Shallows.build/Debug-watchos/Shallows-t.build/Objects-normal/arm64/Binary/Shallows.o /Users/admin/builder/spi-builder-workspace/.derivedData/Build/Intermediates.noindex/Shallows.build/Debug-watchos/Shallows-t.build/Objects-normal/arm64_32/Binary/Shallows.o -output /Users/admin/builder/spi-builder-workspace/.derivedData/Build/Products/Debug-watchos/Shallows.o
SwiftDriverJobDiscovery normal arm64_32 Emitting module for Light (in target 'Light' from project 'Light')
SwiftDriver\ Compilation\ Requirements Light normal arm64_32 com.apple.xcode.tools.swift.compiler (in target 'Light' from project 'Light')
cd /Users/admin/builder/spi-builder-workspace/.swiftpm/xcode
builtin-Swift-Compilation-Requirements -- /Applications/Xcode-27.0.0-Release.Candidate.app/Contents/Developer/Toolchains/XcodeDefault.xctoolchain/usr/bin/swiftc -parse-as-library -module-name Light -Onone @/Users/admin/builder/spi-builder-workspace/.derivedData/Build/Intermediates.noindex/Light.build/Debug-watchos/Light-t.build/Objects-normal/arm64_32/Light.SwiftFileList -DSWIFT_PACKAGE -DDEBUG -DSWIFT_MODULE_RESOURCE_BUNDLE_UNAVAILABLE -DXcode -plugin-path /Applications/Xcode-27.0.0-Release.Candidate.app/Contents/Developer/Toolchains/XcodeDefault.xctoolchain/usr/lib/swift/host/plugins/testing -enable-experimental-feature DebugDescriptionMacro -sdk /Applications/Xcode-27.0.0-Release.Candidate.app/Contents/Developer/Platforms/WatchOS.platform/Developer/SDKs/WatchOS27.0.sdk -target arm64_32-apple-watchos9.0 -g -module-cache-path /Users/admin/builder/spi-builder-workspace/.derivedData/ModuleCache.noindex -Xfrontend -serialize-debugging-options -profile-coverage-mapping -profile-generate -enable-testing -index-store-path /Users/admin/builder/spi-builder-workspace/.derivedData/Index.noindex/DataStore -Xcc -D_LIBCPP_HARDENING_MODE\=_LIBCPP_HARDENING_MODE_DEBUG -swift-version 4 -I /Users/admin/builder/spi-builder-workspace/.derivedData/Build/Products/Debug-watchos -Isystem /Applications/Xcode-27.0.0-Release.Candidate.app/Contents/Developer/Platforms/WatchOS.platform/Developer/usr/lib -F /Users/admin/builder/spi-builder-workspace/.derivedData/Build/Products/Debug-watchos/PackageFrameworks -F /Users/admin/builder/spi-builder-workspace/.derivedData/Build/Products/Debug-watchos -F /Applications/Xcode-27.0.0-Release.Candidate.app/Contents/Developer/Platforms/WatchOS.platform/Developer/Library/Frameworks -F /Applications/Xcode-27.0.0-Release.Candidate.app/Contents/Developer/Platforms/WatchOS.platform/Developer/SDKs/WatchOS27.0.sdk/Developer/Library/Frameworks -c -j10 -enable-batch-mode -incremental -Xcc -ivfsstatcache -Xcc /Users/admin/builder/spi-builder-workspace/.derivedData/SDKStatCaches.noindex/watchos27.0-24R360-e829b21a6f8c9b70876ba0858053c04477534ef55a1706bf4c1112bbb242f0a2.sdkstatcache -output-file-map /Users/admin/builder/spi-builder-workspace/.derivedData/Build/Intermediates.noindex/Light.build/Debug-watchos/Light-t.build/Objects-normal/arm64_32/Light-OutputFileMap.json -save-temps -no-color-diagnostics -emit-dependencies -emit-module -emit-module-path /Users/admin/builder/spi-builder-workspace/.derivedData/Build/Intermediates.noindex/Light.build/Debug-watchos/Light-t.build/Objects-normal/arm64_32/Light.swiftmodule -serialize-diagnostics -validate-clang-modules-once -clang-build-session-file /Users/admin/builder/spi-builder-workspace/.derivedData/ModuleCache.noindex/Session.modulevalidation -Xcc -fmodules-prune-interval\=86400 -Xcc -fmodules-prune-after\=345600 -emit-const-values -const-gather-protocols-list /Users/admin/builder/spi-builder-workspace/.derivedData/Build/Intermediates.noindex/Light.build/Debug-watchos/Light-t.build/Objects-normal/arm64_32/Light_const_extract_protocols.json -Xcc -I/Users/admin/builder/spi-builder-workspace/.derivedData/Build/Products/Debug-watchos/include -Xcc -I/Users/admin/builder/spi-builder-workspace/.derivedData/Build/Intermediates.noindex/Light.build/Debug-watchos/Light-t.build/DerivedSources-normal/arm64_32 -Xcc -I/Users/admin/builder/spi-builder-workspace/.derivedData/Build/Intermediates.noindex/Light.build/Debug-watchos/Light-t.build/DerivedSources/arm64_32 -Xcc -I/Users/admin/builder/spi-builder-workspace/.derivedData/Build/Intermediates.noindex/Light.build/Debug-watchos/Light-t.build/DerivedSources -Xcc -DSWIFT_PACKAGE -Xcc -DDEBUG\=1 -emit-objc-header -emit-objc-header-path /Users/admin/builder/spi-builder-workspace/.derivedData/Build/Intermediates.noindex/Light.build/Debug-watchos/Light-t.build/Objects-normal/arm64_32/Light-Swift.h -working-directory /Users/admin/builder/spi-builder-workspace/.swiftpm/xcode -experimental-emit-module-separately -disable-cmo
SwiftMergeGeneratedHeaders /Users/admin/builder/spi-builder-workspace/.derivedData/Build/Intermediates.noindex/GeneratedModuleMaps-watchos/Light-Swift.h /Users/admin/builder/spi-builder-workspace/.derivedData/Build/Intermediates.noindex/Light.build/Debug-watchos/Light-t.build/Objects-normal/arm64/Light-Swift.h /Users/admin/builder/spi-builder-workspace/.derivedData/Build/Intermediates.noindex/Light.build/Debug-watchos/Light-t.build/Objects-normal/arm64_32/Light-Swift.h (in target 'Light' from project 'Light')
cd /Users/admin/builder/spi-builder-workspace
builtin-swiftHeaderTool -arch arm64 /Users/admin/builder/spi-builder-workspace/.derivedData/Build/Intermediates.noindex/Light.build/Debug-watchos/Light-t.build/Objects-normal/arm64/Light-Swift.h -arch arm64_32 /Users/admin/builder/spi-builder-workspace/.derivedData/Build/Intermediates.noindex/Light.build/Debug-watchos/Light-t.build/Objects-normal/arm64_32/Light-Swift.h -o /Users/admin/builder/spi-builder-workspace/.derivedData/Build/Intermediates.noindex/GeneratedModuleMaps-watchos/Light-Swift.h
Copy /Users/admin/builder/spi-builder-workspace/.derivedData/Build/Products/Debug-watchos/Light.swiftmodule/arm64_32-apple-watchos.swiftmodule /Users/admin/builder/spi-builder-workspace/.derivedData/Build/Intermediates.noindex/Light.build/Debug-watchos/Light-t.build/Objects-normal/arm64_32/Light.swiftmodule (in target 'Light' from project 'Light')
cd /Users/admin/builder/spi-builder-workspace
builtin-copy -exclude .DS_Store -exclude CVS -exclude .svn -exclude .git -exclude .hg -resolve-src-symlinks -rename /Users/admin/builder/spi-builder-workspace/.derivedData/Build/Intermediates.noindex/Light.build/Debug-watchos/Light-t.build/Objects-normal/arm64_32/Light.swiftmodule /Users/admin/builder/spi-builder-workspace/.derivedData/Build/Products/Debug-watchos/Light.swiftmodule/arm64_32-apple-watchos.swiftmodule
Copy /Users/admin/builder/spi-builder-workspace/.derivedData/Build/Products/Debug-watchos/Light.swiftmodule/arm64_32-apple-watchos.swiftdoc /Users/admin/builder/spi-builder-workspace/.derivedData/Build/Intermediates.noindex/Light.build/Debug-watchos/Light-t.build/Objects-normal/arm64_32/Light.swiftdoc (in target 'Light' from project 'Light')
cd /Users/admin/builder/spi-builder-workspace
builtin-copy -exclude .DS_Store -exclude CVS -exclude .svn -exclude .git -exclude .hg -resolve-src-symlinks -rename /Users/admin/builder/spi-builder-workspace/.derivedData/Build/Intermediates.noindex/Light.build/Debug-watchos/Light-t.build/Objects-normal/arm64_32/Light.swiftdoc /Users/admin/builder/spi-builder-workspace/.derivedData/Build/Products/Debug-watchos/Light.swiftmodule/arm64_32-apple-watchos.swiftdoc
Copy /Users/admin/builder/spi-builder-workspace/.derivedData/Build/Products/Debug-watchos/Light.swiftmodule/arm64_32-apple-watchos.abi.json /Users/admin/builder/spi-builder-workspace/.derivedData/Build/Intermediates.noindex/Light.build/Debug-watchos/Light-t.build/Objects-normal/arm64_32/Light.abi.json (in target 'Light' from project 'Light')
cd /Users/admin/builder/spi-builder-workspace
builtin-copy -exclude .DS_Store -exclude CVS -exclude .svn -exclude .git -exclude .hg -resolve-src-symlinks -rename /Users/admin/builder/spi-builder-workspace/.derivedData/Build/Intermediates.noindex/Light.build/Debug-watchos/Light-t.build/Objects-normal/arm64_32/Light.abi.json /Users/admin/builder/spi-builder-workspace/.derivedData/Build/Products/Debug-watchos/Light.swiftmodule/arm64_32-apple-watchos.abi.json
Copy /Users/admin/builder/spi-builder-workspace/.derivedData/Build/Products/Debug-watchos/Light.swiftmodule/Project/arm64_32-apple-watchos.swiftsourceinfo /Users/admin/builder/spi-builder-workspace/.derivedData/Build/Intermediates.noindex/Light.build/Debug-watchos/Light-t.build/Objects-normal/arm64_32/Light.swiftsourceinfo (in target 'Light' from project 'Light')
cd /Users/admin/builder/spi-builder-workspace
builtin-copy -exclude .DS_Store -exclude CVS -exclude .svn -exclude .git -exclude .hg -resolve-src-symlinks -rename /Users/admin/builder/spi-builder-workspace/.derivedData/Build/Intermediates.noindex/Light.build/Debug-watchos/Light-t.build/Objects-normal/arm64_32/Light.swiftsourceinfo /Users/admin/builder/spi-builder-workspace/.derivedData/Build/Products/Debug-watchos/Light.swiftmodule/Project/arm64_32-apple-watchos.swiftsourceinfo
ExtractAppIntentsMetadata (in target 'Shallows' from project 'Shallows')
cd /Users/admin/builder/spi-builder-workspace/.dependencies/checkouts/Shallows
/Applications/Xcode-27.0.0-Release.Candidate.app/Contents/Developer/Toolchains/XcodeDefault.xctoolchain/usr/bin/appintentsmetadataprocessor --toolchain-dir /var/run/com.apple.security.cryptexd/mnt/com.apple.MobileAsset.MetalToolchain-v27.1.266.1.QZZtUe/Metal.xctoolchain --module-name Shallows --sdk-root /Applications/Xcode-27.0.0-Release.Candidate.app/Contents/Developer/Platforms/WatchOS.platform/Developer/SDKs/WatchOS27.0.sdk --xcode-version 27A266a --platform-family watchOS --deployment-target 9.0 --bundle-identifier shallows.Shallows --output /Users/admin/builder/spi-builder-workspace/.derivedData/Build/Products/Debug-watchos/Shallows.appintents --target-triple arm64-apple-watchos9.0 --target-triple arm64_32-apple-watchos9.0 --binary-file /Users/admin/builder/spi-builder-workspace/.derivedData/Build/Products/Debug-watchos/Shallows.o --dependency-file /Users/admin/builder/spi-builder-workspace/.derivedData/Build/Intermediates.noindex/Shallows.build/Debug-watchos/Shallows-t.build/Objects-normal/arm64/Shallows_dependency_info.dat --dependency-file /Users/admin/builder/spi-builder-workspace/.derivedData/Build/Intermediates.noindex/Shallows.build/Debug-watchos/Shallows-t.build/Objects-normal/arm64_32/Shallows_dependency_info.dat --stringsdata-file /Users/admin/builder/spi-builder-workspace/.derivedData/Build/Intermediates.noindex/Shallows.build/Debug-watchos/Shallows-t.build/Objects-normal/arm64/ExtractedAppShortcutsMetadata.stringsdata --stringsdata-file /Users/admin/builder/spi-builder-workspace/.derivedData/Build/Intermediates.noindex/Shallows.build/Debug-watchos/Shallows-t.build/Objects-normal/arm64_32/ExtractedAppShortcutsMetadata.stringsdata --source-file-list /Users/admin/builder/spi-builder-workspace/.derivedData/Build/Intermediates.noindex/Shallows.build/Debug-watchos/Shallows-t.build/Objects-normal/arm64/Shallows.SwiftFileList --source-file-list /Users/admin/builder/spi-builder-workspace/.derivedData/Build/Intermediates.noindex/Shallows.build/Debug-watchos/Shallows-t.build/Objects-normal/arm64_32/Shallows.SwiftFileList --metadata-file-list /Users/admin/builder/spi-builder-workspace/.derivedData/Build/Intermediates.noindex/Shallows.build/Debug-watchos/Shallows-t.build/Shallows.DependencyMetadataFileList --static-metadata-file-list /Users/admin/builder/spi-builder-workspace/.derivedData/Build/Intermediates.noindex/Shallows.build/Debug-watchos/Shallows-t.build/Shallows.DependencyStaticMetadataFileList --swift-const-vals-list /Users/admin/builder/spi-builder-workspace/.derivedData/Build/Intermediates.noindex/Shallows.build/Debug-watchos/Shallows-t.build/Objects-normal/arm64/Shallows.SwiftConstValuesFileList --swift-const-vals-list /Users/admin/builder/spi-builder-workspace/.derivedData/Build/Intermediates.noindex/Shallows.build/Debug-watchos/Shallows-t.build/Objects-normal/arm64_32/Shallows.SwiftConstValuesFileList --force --compile-time-extraction --deployment-aware-processing --no-app-shortcuts-localization
SwiftDriverJobDiscovery normal arm64_32 Compiling Light.swift (in target 'Light' from project 'Light')
PruneExplicitPrecompiledModules /Users/admin/builder/spi-builder-workspace/.derivedData/SDKExplicitPrecompiledModules
PruneExplicitPrecompiledModules /Users/admin/builder/spi-builder-workspace/.derivedData/Build/Intermediates.noindex/ExplicitPrecompiledModules
PruneExplicitPrecompiledModules /Users/admin/builder/spi-builder-workspace/.derivedData/Build/Intermediates.noindex/SwiftExplicitPrecompiledModules
2026-09-18 20:32:09.047 xcodebuild[685:4352] [MT] IDERunDestination: Supported platforms for the buildables in the current scheme is empty.
** BUILD FAILED **
The following build commands failed:
SwiftCompile normal arm64 Compiling\ URLSession+WebAPI.swift /Users/admin/builder/spi-builder-workspace/Sources/Light/URLSession+WebAPI.swift (in target 'Light' from project 'Light')
SwiftCompile normal arm64 /Users/admin/builder/spi-builder-workspace/Sources/Light/URLSession+WebAPI.swift (in target 'Light' from project 'Light')
Building workspace Light with scheme Light
(3 failures)
Command line invocation:
/Applications/Xcode-27.0.0-Release.Candidate.app/Contents/Developer/usr/bin/xcodebuild -IDEClonedSourcePackagesDirPathOverride=/Users/admin/builder/spi-builder-workspace/.dependencies -resolvePackageDependencies
Resolve Package Graph
Resolved source packages:
Shallows: https://github.com/dreymonde/Shallows.git @ 0.13.4
Light: /Users/admin/builder/spi-builder-workspace
resolved source packages: Shallows, Light
2026-09-18 20:32:16.084 xcodebuild[798:4883] [MT] IDERunDestination: Supported platforms for the buildables in the current scheme is empty.
{
"dependencies" : [
{
"identity" : "shallows",
"requirement" : {
"range" : [
{
"lower_bound" : "0.11.0",
"upper_bound" : "1.0.0"
}
]
},
"type" : "sourceControl",
"url" : "https://github.com/dreymonde/Shallows.git"
}
],
"manifest_display_name" : "Light",
"name" : "Light",
"path" : "/Users/admin/builder/spi-builder-workspace",
"platforms" : [
],
"products" : [
{
"name" : "Light",
"targets" : [
"Light"
],
"type" : {
"library" : [
"automatic"
]
}
}
],
"targets" : [
{
"c99name" : "LightTests",
"module_type" : "SwiftTarget",
"name" : "LightTests",
"path" : "Tests/LightTests",
"sources" : [
"LightTests.swift"
],
"target_dependencies" : [
"Light"
],
"type" : "test"
},
{
"c99name" : "Light",
"module_type" : "SwiftTarget",
"name" : "Light",
"path" : "Sources/Light",
"product_dependencies" : [
"Shallows"
],
"product_memberships" : [
"Light"
],
"sources" : [
"Light.swift",
"URLSession+WebAPI.swift",
"WebAPI.swift",
"WebAPIProtocol.swift"
],
"type" : "library"
}
],
"tools_version" : "4.0"
}
{
"workspace" : {
"name" : "Light",
"schemes" : [
"Light"
]
}
}
2026-09-18 20:32:17.322 xcodebuild[806:4949] [MT] IDERunDestination: Supported platforms for the buildables in the current scheme is empty.
Running build ...
env DEVELOPER_DIR=/Applications/Xcode-27.0.0-Release.Candidate.app xcrun xcodebuild -IDEClonedSourcePackagesDirPathOverride=$PWD/.dependencies -skipMacroValidation -skipPackagePluginValidation -derivedDataPath $PWD/.derivedData build -scheme Light -destination generic/platform=watchOS
Command line invocation:
/Applications/Xcode-27.0.0-Release.Candidate.app/Contents/Developer/usr/bin/xcodebuild -IDEClonedSourcePackagesDirPathOverride=/Users/admin/builder/spi-builder-workspace/.dependencies -skipMacroValidation -skipPackagePluginValidation -derivedDataPath /Users/admin/builder/spi-builder-workspace/.derivedData build -scheme Light -destination generic/platform=watchOS
Resolve Package Graph
Resolved source packages:
Shallows: https://github.com/dreymonde/Shallows.git @ 0.13.4
Light: /Users/admin/builder/spi-builder-workspace
ComputePackagePrebuildTargetDependencyGraph
Prepare packages
CreateBuildRequest
SendProjectDescription
CreateBuildOperation
ComputeTargetDependencyGraph
note: Building targets in dependency order
note: Target dependency graph (4 targets)
Target 'Light-product' in project 'Light'
➜ Explicit dependency on target 'Light' in project 'Light'
➜ Explicit dependency on target 'Shallows-product' in project 'Shallows'
Target 'Light' in project 'Light'
➜ Explicit dependency on target 'Shallows-product' in project 'Shallows'
Target 'Shallows-product' in project 'Shallows'
➜ Explicit dependency on target 'Shallows' in project 'Shallows'
Target 'Shallows' in project 'Shallows' (no dependencies)
GatherProvisioningInputs
CreateBuildDescription
ClangStatCache /Applications/Xcode-27.0.0-Release.Candidate.app/Contents/Developer/Toolchains/XcodeDefault.xctoolchain/usr/bin/clang-stat-cache /Applications/Xcode-27.0.0-Release.Candidate.app/Contents/Developer/Platforms/WatchOS.platform/Developer/SDKs/WatchOS27.0.sdk /Users/admin/builder/spi-builder-workspace/.derivedData/SDKStatCaches.noindex/watchos27.0-24R360-e829b21a6f8c9b70876ba0858053c04477534ef55a1706bf4c1112bbb242f0a2.sdkstatcache
cd /Users/admin/builder/spi-builder-workspace/.swiftpm/xcode
/Applications/Xcode-27.0.0-Release.Candidate.app/Contents/Developer/Toolchains/XcodeDefault.xctoolchain/usr/bin/clang-stat-cache /Applications/Xcode-27.0.0-Release.Candidate.app/Contents/Developer/Platforms/WatchOS.platform/Developer/SDKs/WatchOS27.0.sdk -o /Users/admin/builder/spi-builder-workspace/.derivedData/SDKStatCaches.noindex/watchos27.0-24R360-e829b21a6f8c9b70876ba0858053c04477534ef55a1706bf4c1112bbb242f0a2.sdkstatcache
ExtractAppIntentsMetadata (in target 'Shallows' from project 'Shallows')
cd /Users/admin/builder/spi-builder-workspace/.dependencies/checkouts/Shallows
/Applications/Xcode-27.0.0-Release.Candidate.app/Contents/Developer/Toolchains/XcodeDefault.xctoolchain/usr/bin/appintentsmetadataprocessor --toolchain-dir /var/run/com.apple.security.cryptexd/mnt/com.apple.MobileAsset.MetalToolchain-v27.1.266.1.QZZtUe/Metal.xctoolchain --module-name Shallows --sdk-root /Applications/Xcode-27.0.0-Release.Candidate.app/Contents/Developer/Platforms/WatchOS.platform/Developer/SDKs/WatchOS27.0.sdk --xcode-version 27A266a --platform-family watchOS --deployment-target 9.0 --bundle-identifier shallows.Shallows --output /Users/admin/builder/spi-builder-workspace/.derivedData/Build/Products/Debug-watchos/Shallows.appintents --target-triple arm64-apple-watchos9.0 --target-triple arm64_32-apple-watchos9.0 --binary-file /Users/admin/builder/spi-builder-workspace/.derivedData/Build/Products/Debug-watchos/Shallows.o --dependency-file /Users/admin/builder/spi-builder-workspace/.derivedData/Build/Intermediates.noindex/Shallows.build/Debug-watchos/Shallows-t.build/Objects-normal/arm64/Shallows_dependency_info.dat --dependency-file /Users/admin/builder/spi-builder-workspace/.derivedData/Build/Intermediates.noindex/Shallows.build/Debug-watchos/Shallows-t.build/Objects-normal/arm64_32/Shallows_dependency_info.dat --stringsdata-file /Users/admin/builder/spi-builder-workspace/.derivedData/Build/Intermediates.noindex/Shallows.build/Debug-watchos/Shallows-t.build/Objects-normal/arm64/ExtractedAppShortcutsMetadata.stringsdata --stringsdata-file /Users/admin/builder/spi-builder-workspace/.derivedData/Build/Intermediates.noindex/Shallows.build/Debug-watchos/Shallows-t.build/Objects-normal/arm64_32/ExtractedAppShortcutsMetadata.stringsdata --source-file-list /Users/admin/builder/spi-builder-workspace/.derivedData/Build/Intermediates.noindex/Shallows.build/Debug-watchos/Shallows-t.build/Objects-normal/arm64/Shallows.SwiftFileList --source-file-list /Users/admin/builder/spi-builder-workspace/.derivedData/Build/Intermediates.noindex/Shallows.build/Debug-watchos/Shallows-t.build/Objects-normal/arm64_32/Shallows.SwiftFileList --metadata-file-list /Users/admin/builder/spi-builder-workspace/.derivedData/Build/Intermediates.noindex/Shallows.build/Debug-watchos/Shallows-t.build/Shallows.DependencyMetadataFileList --static-metadata-file-list /Users/admin/builder/spi-builder-workspace/.derivedData/Build/Intermediates.noindex/Shallows.build/Debug-watchos/Shallows-t.build/Shallows.DependencyStaticMetadataFileList --swift-const-vals-list /Users/admin/builder/spi-builder-workspace/.derivedData/Build/Intermediates.noindex/Shallows.build/Debug-watchos/Shallows-t.build/Objects-normal/arm64/Shallows.SwiftConstValuesFileList --swift-const-vals-list /Users/admin/builder/spi-builder-workspace/.derivedData/Build/Intermediates.noindex/Shallows.build/Debug-watchos/Shallows-t.build/Objects-normal/arm64_32/Shallows.SwiftConstValuesFileList --force --compile-time-extraction --deployment-aware-processing --no-app-shortcuts-localization
2026-09-18 20:32:19.024 appintentsmetadataprocessor[810:5019] Starting appintentsmetadataprocessor export
2026-09-18 20:32:19.130 appintentsmetadataprocessor[810:5019] Extracted no relevant App Intents symbols, skipping writing output
SwiftDriver Light normal arm64_32 com.apple.xcode.tools.swift.compiler (in target 'Light' from project 'Light')
cd /Users/admin/builder/spi-builder-workspace/.swiftpm/xcode
builtin-SwiftDriver -- /Applications/Xcode-27.0.0-Release.Candidate.app/Contents/Developer/Toolchains/XcodeDefault.xctoolchain/usr/bin/swiftc -parse-as-library -module-name Light -Onone @/Users/admin/builder/spi-builder-workspace/.derivedData/Build/Intermediates.noindex/Light.build/Debug-watchos/Light-t.build/Objects-normal/arm64_32/Light.SwiftFileList -DSWIFT_PACKAGE -DDEBUG -DSWIFT_MODULE_RESOURCE_BUNDLE_UNAVAILABLE -DXcode -plugin-path /Applications/Xcode-27.0.0-Release.Candidate.app/Contents/Developer/Toolchains/XcodeDefault.xctoolchain/usr/lib/swift/host/plugins/testing -enable-experimental-feature DebugDescriptionMacro -sdk /Applications/Xcode-27.0.0-Release.Candidate.app/Contents/Developer/Platforms/WatchOS.platform/Developer/SDKs/WatchOS27.0.sdk -target arm64_32-apple-watchos9.0 -g -module-cache-path /Users/admin/builder/spi-builder-workspace/.derivedData/ModuleCache.noindex -Xfrontend -serialize-debugging-options -profile-coverage-mapping -profile-generate -enable-testing -index-store-path /Users/admin/builder/spi-builder-workspace/.derivedData/Index.noindex/DataStore -Xcc -D_LIBCPP_HARDENING_MODE\=_LIBCPP_HARDENING_MODE_DEBUG -swift-version 4 -I /Users/admin/builder/spi-builder-workspace/.derivedData/Build/Products/Debug-watchos -Isystem /Applications/Xcode-27.0.0-Release.Candidate.app/Contents/Developer/Platforms/WatchOS.platform/Developer/usr/lib -F /Users/admin/builder/spi-builder-workspace/.derivedData/Build/Products/Debug-watchos/PackageFrameworks -F /Users/admin/builder/spi-builder-workspace/.derivedData/Build/Products/Debug-watchos -F /Applications/Xcode-27.0.0-Release.Candidate.app/Contents/Developer/Platforms/WatchOS.platform/Developer/Library/Frameworks -F /Applications/Xcode-27.0.0-Release.Candidate.app/Contents/Developer/Platforms/WatchOS.platform/Developer/SDKs/WatchOS27.0.sdk/Developer/Library/Frameworks -c -j10 -enable-batch-mode -incremental -Xcc -ivfsstatcache -Xcc /Users/admin/builder/spi-builder-workspace/.derivedData/SDKStatCaches.noindex/watchos27.0-24R360-e829b21a6f8c9b70876ba0858053c04477534ef55a1706bf4c1112bbb242f0a2.sdkstatcache -output-file-map /Users/admin/builder/spi-builder-workspace/.derivedData/Build/Intermediates.noindex/Light.build/Debug-watchos/Light-t.build/Objects-normal/arm64_32/Light-OutputFileMap.json -save-temps -no-color-diagnostics -emit-dependencies -emit-module -emit-module-path /Users/admin/builder/spi-builder-workspace/.derivedData/Build/Intermediates.noindex/Light.build/Debug-watchos/Light-t.build/Objects-normal/arm64_32/Light.swiftmodule -serialize-diagnostics -validate-clang-modules-once -clang-build-session-file /Users/admin/builder/spi-builder-workspace/.derivedData/ModuleCache.noindex/Session.modulevalidation -Xcc -fmodules-prune-interval\=86400 -Xcc -fmodules-prune-after\=345600 -emit-const-values -const-gather-protocols-list /Users/admin/builder/spi-builder-workspace/.derivedData/Build/Intermediates.noindex/Light.build/Debug-watchos/Light-t.build/Objects-normal/arm64_32/Light_const_extract_protocols.json -Xcc -I/Users/admin/builder/spi-builder-workspace/.derivedData/Build/Products/Debug-watchos/include -Xcc -I/Users/admin/builder/spi-builder-workspace/.derivedData/Build/Intermediates.noindex/Light.build/Debug-watchos/Light-t.build/DerivedSources-normal/arm64_32 -Xcc -I/Users/admin/builder/spi-builder-workspace/.derivedData/Build/Intermediates.noindex/Light.build/Debug-watchos/Light-t.build/DerivedSources/arm64_32 -Xcc -I/Users/admin/builder/spi-builder-workspace/.derivedData/Build/Intermediates.noindex/Light.build/Debug-watchos/Light-t.build/DerivedSources -Xcc -DSWIFT_PACKAGE -Xcc -DDEBUG\=1 -emit-objc-header -emit-objc-header-path /Users/admin/builder/spi-builder-workspace/.derivedData/Build/Intermediates.noindex/Light.build/Debug-watchos/Light-t.build/Objects-normal/arm64_32/Light-Swift.h -working-directory /Users/admin/builder/spi-builder-workspace/.swiftpm/xcode -experimental-emit-module-separately -disable-cmo
SwiftDriver Light normal arm64 com.apple.xcode.tools.swift.compiler (in target 'Light' from project 'Light')
cd /Users/admin/builder/spi-builder-workspace/.swiftpm/xcode
builtin-SwiftDriver -- /Applications/Xcode-27.0.0-Release.Candidate.app/Contents/Developer/Toolchains/XcodeDefault.xctoolchain/usr/bin/swiftc -parse-as-library -module-name Light -Onone @/Users/admin/builder/spi-builder-workspace/.derivedData/Build/Intermediates.noindex/Light.build/Debug-watchos/Light-t.build/Objects-normal/arm64/Light.SwiftFileList -DSWIFT_PACKAGE -DDEBUG -DSWIFT_MODULE_RESOURCE_BUNDLE_UNAVAILABLE -DXcode -plugin-path /Applications/Xcode-27.0.0-Release.Candidate.app/Contents/Developer/Toolchains/XcodeDefault.xctoolchain/usr/lib/swift/host/plugins/testing -enable-experimental-feature DebugDescriptionMacro -sdk /Applications/Xcode-27.0.0-Release.Candidate.app/Contents/Developer/Platforms/WatchOS.platform/Developer/SDKs/WatchOS27.0.sdk -target arm64-apple-watchos9.0 -g -module-cache-path /Users/admin/builder/spi-builder-workspace/.derivedData/ModuleCache.noindex -Xfrontend -serialize-debugging-options -profile-coverage-mapping -profile-generate -enable-testing -index-store-path /Users/admin/builder/spi-builder-workspace/.derivedData/Index.noindex/DataStore -Xcc -D_LIBCPP_HARDENING_MODE\=_LIBCPP_HARDENING_MODE_DEBUG -swift-version 4 -I /Users/admin/builder/spi-builder-workspace/.derivedData/Build/Products/Debug-watchos -Isystem /Applications/Xcode-27.0.0-Release.Candidate.app/Contents/Developer/Platforms/WatchOS.platform/Developer/usr/lib -F /Users/admin/builder/spi-builder-workspace/.derivedData/Build/Products/Debug-watchos/PackageFrameworks -F /Users/admin/builder/spi-builder-workspace/.derivedData/Build/Products/Debug-watchos -F /Applications/Xcode-27.0.0-Release.Candidate.app/Contents/Developer/Platforms/WatchOS.platform/Developer/Library/Frameworks -F /Applications/Xcode-27.0.0-Release.Candidate.app/Contents/Developer/Platforms/WatchOS.platform/Developer/SDKs/WatchOS27.0.sdk/Developer/Library/Frameworks -c -j10 -enable-batch-mode -incremental -Xcc -ivfsstatcache -Xcc /Users/admin/builder/spi-builder-workspace/.derivedData/SDKStatCaches.noindex/watchos27.0-24R360-e829b21a6f8c9b70876ba0858053c04477534ef55a1706bf4c1112bbb242f0a2.sdkstatcache -output-file-map /Users/admin/builder/spi-builder-workspace/.derivedData/Build/Intermediates.noindex/Light.build/Debug-watchos/Light-t.build/Objects-normal/arm64/Light-OutputFileMap.json -save-temps -no-color-diagnostics -emit-dependencies -emit-module -emit-module-path /Users/admin/builder/spi-builder-workspace/.derivedData/Build/Intermediates.noindex/Light.build/Debug-watchos/Light-t.build/Objects-normal/arm64/Light.swiftmodule -serialize-diagnostics -validate-clang-modules-once -clang-build-session-file /Users/admin/builder/spi-builder-workspace/.derivedData/ModuleCache.noindex/Session.modulevalidation -Xcc -fmodules-prune-interval\=86400 -Xcc -fmodules-prune-after\=345600 -emit-const-values -const-gather-protocols-list /Users/admin/builder/spi-builder-workspace/.derivedData/Build/Intermediates.noindex/Light.build/Debug-watchos/Light-t.build/Objects-normal/arm64/Light_const_extract_protocols.json -Xcc -I/Users/admin/builder/spi-builder-workspace/.derivedData/Build/Products/Debug-watchos/include -Xcc -I/Users/admin/builder/spi-builder-workspace/.derivedData/Build/Intermediates.noindex/Light.build/Debug-watchos/Light-t.build/DerivedSources-normal/arm64 -Xcc -I/Users/admin/builder/spi-builder-workspace/.derivedData/Build/Intermediates.noindex/Light.build/Debug-watchos/Light-t.build/DerivedSources/arm64 -Xcc -I/Users/admin/builder/spi-builder-workspace/.derivedData/Build/Intermediates.noindex/Light.build/Debug-watchos/Light-t.build/DerivedSources -Xcc -DSWIFT_PACKAGE -Xcc -DDEBUG\=1 -emit-objc-header -emit-objc-header-path /Users/admin/builder/spi-builder-workspace/.derivedData/Build/Intermediates.noindex/Light.build/Debug-watchos/Light-t.build/Objects-normal/arm64/Light-Swift.h -working-directory /Users/admin/builder/spi-builder-workspace/.swiftpm/xcode -experimental-emit-module-separately -disable-cmo
SwiftCompile normal arm64_32 Compiling\ WebAPI.swift /Users/admin/builder/spi-builder-workspace/Sources/Light/WebAPI.swift (in target 'Light' from project 'Light')
SwiftCompile normal arm64_32 /Users/admin/builder/spi-builder-workspace/Sources/Light/WebAPI.swift (in target 'Light' from project 'Light')
cd /Users/admin/builder/spi-builder-workspace/.swiftpm/xcode
builtin-SwiftPerFileCompile WebAPI.swift
SwiftEmitModule normal arm64_32 Emitting\ module\ for\ Light (in target 'Light' from project 'Light')
/Users/admin/builder/spi-builder-workspace/Sources/Light/URLSession+WebAPI.swift:11:1: warning: extension declares a conformance of imported type 'URLSession' to imported protocols 'ReadOnlyStorageProtocol', 'ReadableStorageProtocol', 'StorageDesign'; this will not behave correctly if the owners of 'Foundation' introduce this conformance in the future
9 | import Shallows
10 |
11 | extension URLSession : ReadOnlyStorageProtocol {
| |- warning: extension declares a conformance of imported type 'URLSession' to imported protocols 'ReadOnlyStorageProtocol', 'ReadableStorageProtocol', 'StorageDesign'; this will not behave correctly if the owners of 'Foundation' introduce this conformance in the future
| `- note: add '@retroactive' to silence this warning
12 |
13 | public typealias Request = WebAPI.Request
SwiftCompile normal arm64_32 (in target 'Light' from project 'Light')
cd /Users/admin/builder/spi-builder-workspace/.swiftpm/xcode
SwiftCompile normal arm64 Compiling\ URLSession+WebAPI.swift /Users/admin/builder/spi-builder-workspace/Sources/Light/URLSession+WebAPI.swift (in target 'Light' from project 'Light')
SwiftCompile normal arm64 /Users/admin/builder/spi-builder-workspace/Sources/Light/URLSession+WebAPI.swift (in target 'Light' from project 'Light')
cd /Users/admin/builder/spi-builder-workspace/.swiftpm/xcode
builtin-SwiftPerFileCompile URLSession+WebAPI.swift
/Users/admin/builder/spi-builder-workspace/Sources/Light/URLSession+WebAPI.swift:11:1: warning: extension declares a conformance of imported type 'URLSession' to imported protocols 'ReadOnlyStorageProtocol', 'ReadableStorageProtocol', 'StorageDesign'; this will not behave correctly if the owners of 'Foundation' introduce this conformance in the future
9 | import Shallows
10 |
11 | extension URLSession : ReadOnlyStorageProtocol {
| |- warning: extension declares a conformance of imported type 'URLSession' to imported protocols 'ReadOnlyStorageProtocol', 'ReadableStorageProtocol', 'StorageDesign'; this will not behave correctly if the owners of 'Foundation' introduce this conformance in the future
| `- note: add '@retroactive' to silence this warning
12 |
13 | public typealias Request = WebAPI.Request
/Users/admin/builder/spi-builder-workspace/Sources/Light/URLSession+WebAPI.swift:116:13: error: cannot find 'kCFNetworkProxiesHTTPEnable' in scope
114 | public func setHTTPProxy(_ httpProxy: HTTPProxy) {
115 | connectionProxyDictionary = [
116 | kCFNetworkProxiesHTTPEnable: true,
| `- error: cannot find 'kCFNetworkProxiesHTTPEnable' in scope
117 | "HTTPProxy": httpProxy.host,
118 | "HTTPSProxy": httpProxy.host,
/Users/admin/builder/spi-builder-workspace/Sources/Light/URLSession+WebAPI.swift:122:13: error: cannot find 'kCFProxyTypeKey' in scope
120 | "HTTPPort": httpProxy.port,
121 | "HTTPSEnable": httpProxy.enableHTTPS,
122 | kCFProxyTypeKey: kCFProxyTypeHTTPS,
| `- error: cannot find 'kCFProxyTypeKey' in scope
123 | kCFProxyUsernameKey: httpProxy.username,
124 | kCFProxyPasswordKey: httpProxy.password,
/Users/admin/builder/spi-builder-workspace/Sources/Light/URLSession+WebAPI.swift:122:30: error: cannot find 'kCFProxyTypeHTTPS' in scope
120 | "HTTPPort": httpProxy.port,
121 | "HTTPSEnable": httpProxy.enableHTTPS,
122 | kCFProxyTypeKey: kCFProxyTypeHTTPS,
| `- error: cannot find 'kCFProxyTypeHTTPS' in scope
123 | kCFProxyUsernameKey: httpProxy.username,
124 | kCFProxyPasswordKey: httpProxy.password,
/Users/admin/builder/spi-builder-workspace/Sources/Light/URLSession+WebAPI.swift:123:13: error: cannot find 'kCFProxyUsernameKey' in scope
121 | "HTTPSEnable": httpProxy.enableHTTPS,
122 | kCFProxyTypeKey: kCFProxyTypeHTTPS,
123 | kCFProxyUsernameKey: httpProxy.username,
| `- error: cannot find 'kCFProxyUsernameKey' in scope
124 | kCFProxyPasswordKey: httpProxy.password,
125 | ]
/Users/admin/builder/spi-builder-workspace/Sources/Light/URLSession+WebAPI.swift:124:13: error: cannot find 'kCFProxyPasswordKey' in scope
122 | kCFProxyTypeKey: kCFProxyTypeHTTPS,
123 | kCFProxyUsernameKey: httpProxy.username,
124 | kCFProxyPasswordKey: httpProxy.password,
| `- error: cannot find 'kCFProxyPasswordKey' in scope
125 | ]
126 |
Failed frontend command:
/Applications/Xcode-27.0.0-Release.Candidate.app/Contents/Developer/Toolchains/XcodeDefault.xctoolchain/usr/bin/swift-frontend -frontend -c /Users/admin/builder/spi-builder-workspace/Sources/Light/Light.swift -primary-file /Users/admin/builder/spi-builder-workspace/Sources/Light/URLSession+WebAPI.swift /Users/admin/builder/spi-builder-workspace/Sources/Light/WebAPI.swift /Users/admin/builder/spi-builder-workspace/Sources/Light/WebAPIProtocol.swift -emit-dependencies-path /Users/admin/builder/spi-builder-workspace/.derivedData/Build/Intermediates.noindex/Light.build/Debug-watchos/Light-t.build/Objects-normal/arm64/URLSession+WebAPI.d -emit-const-values-path /Users/admin/builder/spi-builder-workspace/.derivedData/Build/Intermediates.noindex/Light.build/Debug-watchos/Light-t.build/Objects-normal/arm64/URLSession+WebAPI.swiftconstvalues -emit-reference-dependencies-path /Users/admin/builder/spi-builder-workspace/.derivedData/Build/Intermediates.noindex/Light.build/Debug-watchos/Light-t.build/Objects-normal/arm64/URLSession+WebAPI.swiftdeps -serialize-diagnostics-path /Users/admin/builder/spi-builder-workspace/.derivedData/Build/Intermediates.noindex/Light.build/Debug-watchos/Light-t.build/Objects-normal/arm64/URLSession+WebAPI.dia -target arm64-apple-watchos9.0 -Xllvm -aarch64-use-tbi -enable-objc-interop -stack-check -sdk /Applications/Xcode-27.0.0-Release.Candidate.app/Contents/Developer/Platforms/WatchOS.platform/Developer/SDKs/WatchOS27.0.sdk -I /Users/admin/builder/spi-builder-workspace/.derivedData/Build/Products/Debug-watchos -Isystem /Applications/Xcode-27.0.0-Release.Candidate.app/Contents/Developer/Platforms/WatchOS.platform/Developer/usr/lib -F /Users/admin/builder/spi-builder-workspace/.derivedData/Build/Products/Debug-watchos/PackageFrameworks -F /Users/admin/builder/spi-builder-workspace/.derivedData/Build/Products/Debug-watchos -F /Applications/Xcode-27.0.0-Release.Candidate.app/Contents/Developer/Platforms/WatchOS.platform/Developer/Library/Frameworks -F /Applications/Xcode-27.0.0-Release.Candidate.app/Contents/Developer/Platforms/WatchOS.platform/Developer/SDKs/WatchOS27.0.sdk/Developer/Library/Frameworks -module-cache-path /Users/admin/builder/spi-builder-workspace/.derivedData/ModuleCache.noindex -no-color-diagnostics -Xcc -fno-color-diagnostics -enable-testing -g -debug-info-format\=dwarf -dwarf-version\=4 -profile-generate -profile-coverage-mapping -swift-version 4 -Onone -D SWIFT_PACKAGE -D DEBUG -D SWIFT_MODULE_RESOURCE_BUNDLE_UNAVAILABLE -D Xcode -serialize-debugging-options -enable-experimental-feature DebugDescriptionMacro -empty-abi-descriptor -plugin-path /Applications/Xcode-27.0.0-Release.Candidate.app/Contents/Developer/Toolchains/XcodeDefault.xctoolchain/usr/lib/swift/host/plugins/testing -validate-clang-modules-once -clang-build-session-file /Users/admin/builder/spi-builder-workspace/.derivedData/ModuleCache.noindex/Session.modulevalidation -Xcc -working-directory -Xcc /Users/admin/builder/spi-builder-workspace/.swiftpm/xcode -enable-anonymous-context-mangled-names -file-compilation-dir /Users/admin/builder/spi-builder-workspace/.swiftpm/xcode -Xcc -D_LIBCPP_HARDENING_MODE\=_LIBCPP_HARDENING_MODE_DEBUG -Xcc -ivfsstatcache -Xcc /Users/admin/builder/spi-builder-workspace/.derivedData/SDKStatCaches.noindex/watchos27.0-24R360-e829b21a6f8c9b70876ba0858053c04477534ef55a1706bf4c1112bbb242f0a2.sdkstatcache -Xcc -fmodules-prune-interval\=86400 -Xcc -fmodules-prune-after\=345600 -Xcc -I/Users/admin/builder/spi-builder-workspace/.derivedData/Build/Products/Debug-watchos/include -Xcc -I/Users/admin/builder/spi-builder-workspace/.derivedData/Build/Intermediates.noindex/Light.build/Debug-watchos/Light-t.build/DerivedSources-normal/arm64 -Xcc -I/Users/admin/builder/spi-builder-workspace/.derivedData/Build/Intermediates.noindex/Light.build/Debug-watchos/Light-t.build/DerivedSources/arm64 -Xcc -I/Users/admin/builder/spi-builder-workspace/.derivedData/Build/Intermediates.noindex/Light.build/Debug-watchos/Light-t.build/DerivedSources -Xcc -DSWIFT_PACKAGE -Xcc -DDEBUG\=1 -no-auto-bridging-header-chaining -module-name Light -const-gather-protocols-file /Users/admin/builder/spi-builder-workspace/.derivedData/Build/Intermediates.noindex/Light.build/Debug-watchos/Light-t.build/Objects-normal/arm64/Light_const_extract_protocols.json -disable-clang-spi -target-sdk-version 27.0 -target-sdk-name watchos27.0 -external-plugin-path /Applications/Xcode-27.0.0-Release.Candidate.app/Contents/Developer/Platforms/WatchOS.platform/Developer/usr/lib/swift/host/plugins\#/Applications/Xcode-27.0.0-Release.Candidate.app/Contents/Developer/Platforms/WatchOS.platform/Developer/usr/bin/swift-plugin-server -external-plugin-path /Applications/Xcode-27.0.0-Release.Candidate.app/Contents/Developer/Platforms/WatchOS.platform/Developer/usr/local/lib/swift/host/plugins\#/Applications/Xcode-27.0.0-Release.Candidate.app/Contents/Developer/Platforms/WatchOS.platform/Developer/usr/bin/swift-plugin-server -in-process-plugin-server-path /Applications/Xcode-27.0.0-Release.Candidate.app/Contents/Developer/Toolchains/XcodeDefault.xctoolchain/usr/lib/swift/host/libSwiftInProcPluginServer.dylib -plugin-path /Applications/Xcode-27.0.0-Release.Candidate.app/Contents/Developer/Toolchains/XcodeDefault.xctoolchain/usr/lib/swift/host/plugins -plugin-path /Applications/Xcode-27.0.0-Release.Candidate.app/Contents/Developer/Toolchains/XcodeDefault.xctoolchain/usr/local/lib/swift/host/plugins -parse-as-library -o /Users/admin/builder/spi-builder-workspace/.derivedData/Build/Intermediates.noindex/Light.build/Debug-watchos/Light-t.build/Objects-normal/arm64/URLSession+WebAPI.o -index-unit-output-path /Light.build/Debug-watchos/Light-t.build/Objects-normal/arm64/URLSession+WebAPI.o -index-store-path /Users/admin/builder/spi-builder-workspace/.derivedData/Index.noindex/DataStore -index-system-modules
SwiftCompile normal arm64 Compiling\ Light.swift /Users/admin/builder/spi-builder-workspace/Sources/Light/Light.swift (in target 'Light' from project 'Light')
SwiftCompile normal arm64 /Users/admin/builder/spi-builder-workspace/Sources/Light/Light.swift (in target 'Light' from project 'Light')
cd /Users/admin/builder/spi-builder-workspace/.swiftpm/xcode
builtin-SwiftPerFileCompile Light.swift
SwiftCompile normal arm64 Compiling\ WebAPI.swift /Users/admin/builder/spi-builder-workspace/Sources/Light/WebAPI.swift (in target 'Light' from project 'Light')
SwiftCompile normal arm64 /Users/admin/builder/spi-builder-workspace/Sources/Light/WebAPI.swift (in target 'Light' from project 'Light')
cd /Users/admin/builder/spi-builder-workspace/.swiftpm/xcode
builtin-SwiftPerFileCompile WebAPI.swift
SwiftEmitModule normal arm64 Emitting\ module\ for\ Light (in target 'Light' from project 'Light')
/Users/admin/builder/spi-builder-workspace/Sources/Light/URLSession+WebAPI.swift:11:1: warning: extension declares a conformance of imported type 'URLSession' to imported protocols 'ReadOnlyStorageProtocol', 'ReadableStorageProtocol', 'StorageDesign'; this will not behave correctly if the owners of 'Foundation' introduce this conformance in the future
9 | import Shallows
10 |
11 | extension URLSession : ReadOnlyStorageProtocol {
| |- warning: extension declares a conformance of imported type 'URLSession' to imported protocols 'ReadOnlyStorageProtocol', 'ReadableStorageProtocol', 'StorageDesign'; this will not behave correctly if the owners of 'Foundation' introduce this conformance in the future
| `- note: add '@retroactive' to silence this warning
12 |
13 | public typealias Request = WebAPI.Request
SwiftCompile normal arm64 (in target 'Light' from project 'Light')
cd /Users/admin/builder/spi-builder-workspace/.swiftpm/xcode
SwiftCompile normal arm64_32 Compiling\ WebAPIProtocol.swift /Users/admin/builder/spi-builder-workspace/Sources/Light/WebAPIProtocol.swift (in target 'Light' from project 'Light')
SwiftCompile normal arm64_32 /Users/admin/builder/spi-builder-workspace/Sources/Light/WebAPIProtocol.swift (in target 'Light' from project 'Light')
cd /Users/admin/builder/spi-builder-workspace/.swiftpm/xcode
builtin-SwiftPerFileCompile WebAPIProtocol.swift
SwiftCompile normal arm64_32 Compiling\ URLSession+WebAPI.swift /Users/admin/builder/spi-builder-workspace/Sources/Light/URLSession+WebAPI.swift (in target 'Light' from project 'Light')
/Users/admin/builder/spi-builder-workspace/Sources/Light/URLSession+WebAPI.swift:11:1: warning: extension declares a conformance of imported type 'URLSession' to imported protocols 'ReadOnlyStorageProtocol', 'ReadableStorageProtocol', 'StorageDesign'; this will not behave correctly if the owners of 'Foundation' introduce this conformance in the future
9 | import Shallows
10 |
11 | extension URLSession : ReadOnlyStorageProtocol {
| |- warning: extension declares a conformance of imported type 'URLSession' to imported protocols 'ReadOnlyStorageProtocol', 'ReadableStorageProtocol', 'StorageDesign'; this will not behave correctly if the owners of 'Foundation' introduce this conformance in the future
| `- note: add '@retroactive' to silence this warning
12 |
13 | public typealias Request = WebAPI.Request
/Users/admin/builder/spi-builder-workspace/Sources/Light/URLSession+WebAPI.swift:116:13: error: cannot find 'kCFNetworkProxiesHTTPEnable' in scope
114 | public func setHTTPProxy(_ httpProxy: HTTPProxy) {
115 | connectionProxyDictionary = [
116 | kCFNetworkProxiesHTTPEnable: true,
| `- error: cannot find 'kCFNetworkProxiesHTTPEnable' in scope
117 | "HTTPProxy": httpProxy.host,
118 | "HTTPSProxy": httpProxy.host,
/Users/admin/builder/spi-builder-workspace/Sources/Light/URLSession+WebAPI.swift:122:13: error: cannot find 'kCFProxyTypeKey' in scope
120 | "HTTPPort": httpProxy.port,
121 | "HTTPSEnable": httpProxy.enableHTTPS,
122 | kCFProxyTypeKey: kCFProxyTypeHTTPS,
| `- error: cannot find 'kCFProxyTypeKey' in scope
123 | kCFProxyUsernameKey: httpProxy.username,
124 | kCFProxyPasswordKey: httpProxy.password,
/Users/admin/builder/spi-builder-workspace/Sources/Light/URLSession+WebAPI.swift:122:30: error: cannot find 'kCFProxyTypeHTTPS' in scope
120 | "HTTPPort": httpProxy.port,
121 | "HTTPSEnable": httpProxy.enableHTTPS,
122 | kCFProxyTypeKey: kCFProxyTypeHTTPS,
| `- error: cannot find 'kCFProxyTypeHTTPS' in scope
123 | kCFProxyUsernameKey: httpProxy.username,
124 | kCFProxyPasswordKey: httpProxy.password,
/Users/admin/builder/spi-builder-workspace/Sources/Light/URLSession+WebAPI.swift:123:13: error: cannot find 'kCFProxyUsernameKey' in scope
121 | "HTTPSEnable": httpProxy.enableHTTPS,
122 | kCFProxyTypeKey: kCFProxyTypeHTTPS,
123 | kCFProxyUsernameKey: httpProxy.username,
| `- error: cannot find 'kCFProxyUsernameKey' in scope
124 | kCFProxyPasswordKey: httpProxy.password,
125 | ]
/Users/admin/builder/spi-builder-workspace/Sources/Light/URLSession+WebAPI.swift:124:13: error: cannot find 'kCFProxyPasswordKey' in scope
122 | kCFProxyTypeKey: kCFProxyTypeHTTPS,
123 | kCFProxyUsernameKey: httpProxy.username,
124 | kCFProxyPasswordKey: httpProxy.password,
| `- error: cannot find 'kCFProxyPasswordKey' in scope
125 | ]
126 |
Failed frontend command:
/Applications/Xcode-27.0.0-Release.Candidate.app/Contents/Developer/Toolchains/XcodeDefault.xctoolchain/usr/bin/swift-frontend -frontend -c /Users/admin/builder/spi-builder-workspace/Sources/Light/Light.swift -primary-file /Users/admin/builder/spi-builder-workspace/Sources/Light/URLSession+WebAPI.swift /Users/admin/builder/spi-builder-workspace/Sources/Light/WebAPI.swift /Users/admin/builder/spi-builder-workspace/Sources/Light/WebAPIProtocol.swift -emit-dependencies-path /Users/admin/builder/spi-builder-workspace/.derivedData/Build/Intermediates.noindex/Light.build/Debug-watchos/Light-t.build/Objects-normal/arm64_32/URLSession+WebAPI.d -emit-const-values-path /Users/admin/builder/spi-builder-workspace/.derivedData/Build/Intermediates.noindex/Light.build/Debug-watchos/Light-t.build/Objects-normal/arm64_32/URLSession+WebAPI.swiftconstvalues -emit-reference-dependencies-path /Users/admin/builder/spi-builder-workspace/.derivedData/Build/Intermediates.noindex/Light.build/Debug-watchos/Light-t.build/Objects-normal/arm64_32/URLSession+WebAPI.swiftdeps -serialize-diagnostics-path /Users/admin/builder/spi-builder-workspace/.derivedData/Build/Intermediates.noindex/Light.build/Debug-watchos/Light-t.build/Objects-normal/arm64_32/URLSession+WebAPI.dia -target arm64_32-apple-watchos9.0 -enable-objc-interop -sdk /Applications/Xcode-27.0.0-Release.Candidate.app/Contents/Developer/Platforms/WatchOS.platform/Developer/SDKs/WatchOS27.0.sdk -I /Users/admin/builder/spi-builder-workspace/.derivedData/Build/Products/Debug-watchos -Isystem /Applications/Xcode-27.0.0-Release.Candidate.app/Contents/Developer/Platforms/WatchOS.platform/Developer/usr/lib -F /Users/admin/builder/spi-builder-workspace/.derivedData/Build/Products/Debug-watchos/PackageFrameworks -F /Users/admin/builder/spi-builder-workspace/.derivedData/Build/Products/Debug-watchos -F /Applications/Xcode-27.0.0-Release.Candidate.app/Contents/Developer/Platforms/WatchOS.platform/Developer/Library/Frameworks -F /Applications/Xcode-27.0.0-Release.Candidate.app/Contents/Developer/Platforms/WatchOS.platform/Developer/SDKs/WatchOS27.0.sdk/Developer/Library/Frameworks -module-cache-path /Users/admin/builder/spi-builder-workspace/.derivedData/ModuleCache.noindex -no-color-diagnostics -Xcc -fno-color-diagnostics -enable-testing -g -debug-info-format\=dwarf -dwarf-version\=4 -profile-generate -profile-coverage-mapping -swift-version 4 -Onone -D SWIFT_PACKAGE -D DEBUG -D SWIFT_MODULE_RESOURCE_BUNDLE_UNAVAILABLE -D Xcode -serialize-debugging-options -enable-experimental-feature DebugDescriptionMacro -empty-abi-descriptor -plugin-path /Applications/Xcode-27.0.0-Release.Candidate.app/Contents/Developer/Toolchains/XcodeDefault.xctoolchain/usr/lib/swift/host/plugins/testing -validate-clang-modules-once -clang-build-session-file /Users/admin/builder/spi-builder-workspace/.derivedData/ModuleCache.noindex/Session.modulevalidation -Xcc -working-directory -Xcc /Users/admin/builder/spi-builder-workspace/.swiftpm/xcode -enable-anonymous-context-mangled-names -file-compilation-dir /Users/admin/builder/spi-builder-workspace/.swiftpm/xcode -Xcc -D_LIBCPP_HARDENING_MODE\=_LIBCPP_HARDENING_MODE_DEBUG -Xcc -ivfsstatcache -Xcc /Users/admin/builder/spi-builder-workspace/.derivedData/SDKStatCaches.noindex/watchos27.0-24R360-e829b21a6f8c9b70876ba0858053c04477534ef55a1706bf4c1112bbb242f0a2.sdkstatcache -Xcc -fmodules-prune-interval\=86400 -Xcc -fmodules-prune-after\=345600 -Xcc -I/Users/admin/builder/spi-builder-workspace/.derivedData/Build/Products/Debug-watchos/include -Xcc -I/Users/admin/builder/spi-builder-workspace/.derivedData/Build/Intermediates.noindex/Light.build/Debug-watchos/Light-t.build/DerivedSources-normal/arm64_32 -Xcc -I/Users/admin/builder/spi-builder-workspace/.derivedData/Build/Intermediates.noindex/Light.build/Debug-watchos/Light-t.build/DerivedSources/arm64_32 -Xcc -I/Users/admin/builder/spi-builder-workspace/.derivedData/Build/Intermediates.noindex/Light.build/Debug-watchos/Light-t.build/DerivedSources -Xcc -DSWIFT_PACKAGE -Xcc -DDEBUG\=1 -no-auto-bridging-header-chaining -module-name Light -const-gather-protocols-file /Users/admin/builder/spi-builder-workspace/.derivedData/Build/Intermediates.noindex/Light.build/Debug-watchos/Light-t.build/Objects-normal/arm64_32/Light_const_extract_protocols.json -disable-clang-spi -target-sdk-version 27.0 -target-sdk-name watchos27.0 -external-plugin-path /Applications/Xcode-27.0.0-Release.Candidate.app/Contents/Developer/Platforms/WatchOS.platform/Developer/usr/lib/swift/host/plugins\#/Applications/Xcode-27.0.0-Release.Candidate.app/Contents/Developer/Platforms/WatchOS.platform/Developer/usr/bin/swift-plugin-server -external-plugin-path /Applications/Xcode-27.0.0-Release.Candidate.app/Contents/Developer/Platforms/WatchOS.platform/Developer/usr/local/lib/swift/host/plugins\#/Applications/Xcode-27.0.0-Release.Candidate.app/Contents/Developer/Platforms/WatchOS.platform/Developer/usr/bin/swift-plugin-server -in-process-plugin-server-path /Applications/Xcode-27.0.0-Release.Candidate.app/Contents/Developer/Toolchains/XcodeDefault.xctoolchain/usr/lib/swift/host/libSwiftInProcPluginServer.dylib -plugin-path /Applications/Xcode-27.0.0-Release.Candidate.app/Contents/Developer/Toolchains/XcodeDefault.xctoolchain/usr/lib/swift/host/plugins -plugin-path /Applications/Xcode-27.0.0-Release.Candidate.app/Contents/Developer/Toolchains/XcodeDefault.xctoolchain/usr/local/lib/swift/host/plugins -parse-as-library -o /Users/admin/builder/spi-builder-workspace/.derivedData/Build/Intermediates.noindex/Light.build/Debug-watchos/Light-t.build/Objects-normal/arm64_32/URLSession+WebAPI.o -index-unit-output-path /Light.build/Debug-watchos/Light-t.build/Objects-normal/arm64_32/URLSession+WebAPI.o -index-store-path /Users/admin/builder/spi-builder-workspace/.derivedData/Index.noindex/DataStore -index-system-modules
SwiftCompile normal arm64_32 /Users/admin/builder/spi-builder-workspace/Sources/Light/URLSession+WebAPI.swift (in target 'Light' from project 'Light')
cd /Users/admin/builder/spi-builder-workspace/.swiftpm/xcode
builtin-SwiftPerFileCompile URLSession+WebAPI.swift
SwiftDriverJobDiscovery normal arm64 Compiling Light.swift (in target 'Light' from project 'Light')
SwiftDriverJobDiscovery normal arm64_32 Compiling WebAPIProtocol.swift (in target 'Light' from project 'Light')
SwiftDriverJobDiscovery normal arm64_32 Compiling WebAPI.swift (in target 'Light' from project 'Light')
SwiftDriverJobDiscovery normal arm64 Compiling WebAPI.swift (in target 'Light' from project 'Light')
PruneExplicitPrecompiledModules /Users/admin/builder/spi-builder-workspace/.derivedData/Build/Intermediates.noindex/SwiftExplicitPrecompiledModules
PruneExplicitPrecompiledModules /Users/admin/builder/spi-builder-workspace/.derivedData/Build/Intermediates.noindex/ExplicitPrecompiledModules
PruneExplicitPrecompiledModules /Users/admin/builder/spi-builder-workspace/.derivedData/SDKExplicitPrecompiledModules
2026-09-18 20:32:18.283 xcodebuild[807:4975] [MT] IDERunDestination: Supported platforms for the buildables in the current scheme is empty.
** BUILD FAILED **
The following build commands failed:
SwiftCompile normal arm64 /Users/admin/builder/spi-builder-workspace/Sources/Light/URLSession+WebAPI.swift (in target 'Light' from project 'Light')
SwiftCompile normal arm64 Compiling\ URLSession+WebAPI.swift /Users/admin/builder/spi-builder-workspace/Sources/Light/URLSession+WebAPI.swift (in target 'Light' from project 'Light')
SwiftCompile normal arm64_32 Compiling\ URLSession+WebAPI.swift /Users/admin/builder/spi-builder-workspace/Sources/Light/URLSession+WebAPI.swift (in target 'Light' from project 'Light')
SwiftCompile normal arm64_32 /Users/admin/builder/spi-builder-workspace/Sources/Light/URLSession+WebAPI.swift (in target 'Light' from project 'Light')
Building workspace Light with scheme Light
(5 failures)
BUILD FAILURE 6.4 watchOS