Build Information
Failed to build SwiftGraphs, reference master (7b724c), with Swift 6.4 for visionOS using Xcode 27.0 on 16 Sep 2026 04:15:12 UTC.
Build Command
env DEVELOPER_DIR=/Applications/Xcode-27.0.0-Release.Candidate.app xcrun xcodebuild -IDEClonedSourcePackagesDirPathOverride=$PWD/.dependencies -skipMacroValidation -skipPackagePluginValidation -derivedDataPath $PWD/.derivedData build -scheme SwiftGraphs -destination generic/platform=xrOSBuild Log
========================================
RunAll
========================================
Builder version: 5.1.0
Interrupt handler set up.
========================================
Checkout
========================================
Clone URL: https://github.com/sbromberger/swiftgraphs.git
Reference: master
Initialized empty Git repository in /Users/admin/builder/spi-builder-workspace/.git/
From https://github.com/sbromberger/swiftgraphs
* branch master -> FETCH_HEAD
* [new branch] master -> origin/master
HEAD is now at 7b724c4 4.2 only, with @inlinable
Cloned https://github.com/sbromberger/swiftgraphs.git
Revision (git rev-parse @):
7b724c459cce090963cba639e3252a044959b85c
SUCCESS checkout https://github.com/sbromberger/swiftgraphs.git at master
========================================
Build
========================================
Selected platform: visionOS
Swift version: 6.4
Building package at path: $PWD
https://github.com/sbromberger/swiftgraphs.git
Command line invocation:
/Applications/Xcode-27.0.0-Release.Candidate.app/Contents/Developer/usr/bin/xcodebuild -IDEClonedSourcePackagesDirPathOverride=/Users/admin/builder/spi-builder-workspace/.dependencies -resolvePackageDependencies
Resolve Package Graph
Fetching from https://github.com/1024jp/GzipSwift.git
Creating working copy of package ‘GzipSwift’
Checking out 4.1.0 of package ‘GzipSwift’
Resolve Package Graph
Resolved source packages:
Gzip: https://github.com/1024jp/GzipSwift.git @ 4.1.0
SwiftGraphs: /Users/admin/builder/spi-builder-workspace
resolved source packages: Gzip, SwiftGraphs
2026-09-16 00:14:20.144 xcodebuild[528:3035] [MT] IDERunDestination: Supported platforms for the buildables in the current scheme is empty.
{
"dependencies" : [
{
"identity" : "gzipswift",
"requirement" : {
"range" : [
{
"lower_bound" : "4.0.4",
"upper_bound" : "5.0.0"
}
]
},
"type" : "sourceControl",
"url" : "https://github.com/1024jp/GzipSwift.git"
}
],
"manifest_display_name" : "SwiftGraphs",
"name" : "SwiftGraphs",
"path" : "/Users/admin/builder/spi-builder-workspace",
"platforms" : [
],
"products" : [
{
"name" : "SwiftGraphs",
"targets" : [
"SwiftGraphs"
],
"type" : {
"library" : [
"automatic"
]
}
}
],
"targets" : [
{
"c99name" : "SwiftGraphsTests",
"module_type" : "SwiftTarget",
"name" : "SwiftGraphsTests",
"path" : "Tests/SwiftGraphsTests",
"product_dependencies" : [
"Gzip"
],
"sources" : [
"SwiftGraphsTests.swift",
"XCTestManifests.swift"
],
"target_dependencies" : [
"SwiftGraphs"
],
"type" : "test"
},
{
"c99name" : "SwiftGraphs",
"module_type" : "SwiftTarget",
"name" : "SwiftGraphs",
"path" : "Sources/SwiftGraphs",
"product_dependencies" : [
"Gzip"
],
"product_memberships" : [
"SwiftGraphs"
],
"sources" : [
"AbstractGraph.swift",
"Degeneracy.swift",
"DiGraph.swift",
"Dijkstra.swift",
"Edge.swift",
"Graph.swift",
"LineReader.swift",
"PriorityQueue.swift",
"RandomAccessCollectionExtensions.swift",
"SimpleGraph.swift",
"Time.swift",
"UnsafeArray.swift",
"radixSort.swift"
],
"type" : "library"
}
],
"tools_version" : "4.0"
}
{
"workspace" : {
"name" : "SwiftGraphs",
"schemes" : [
"SwiftGraphs"
]
}
}
2026-09-16 00:15:01.757 xcodebuild[684:4319] [MT] IDERunDestination: Supported platforms for the buildables in the current scheme is empty.
Running build ...
env DEVELOPER_DIR=/Applications/Xcode-27.0.0-Release.Candidate.app xcrun xcodebuild -IDEClonedSourcePackagesDirPathOverride=$PWD/.dependencies -skipMacroValidation -skipPackagePluginValidation -derivedDataPath $PWD/.derivedData build -scheme SwiftGraphs -destination generic/platform=xrOS
Command line invocation:
/Applications/Xcode-27.0.0-Release.Candidate.app/Contents/Developer/usr/bin/xcodebuild -IDEClonedSourcePackagesDirPathOverride=/Users/admin/builder/spi-builder-workspace/.dependencies -skipMacroValidation -skipPackagePluginValidation -derivedDataPath /Users/admin/builder/spi-builder-workspace/.derivedData build -scheme SwiftGraphs -destination generic/platform=xrOS
Resolve Package Graph
Resolve Package Graph
Resolved source packages:
SwiftGraphs: /Users/admin/builder/spi-builder-workspace
Gzip: https://github.com/1024jp/GzipSwift.git @ 4.1.0
ComputePackagePrebuildTargetDependencyGraph
Prepare packages
CreateBuildRequest
SendProjectDescription
CreateBuildOperation
ComputeTargetDependencyGraph
note: Building targets in dependency order
note: Target dependency graph (5 targets)
Target 'SwiftGraphs-product' in project 'SwiftGraphs'
➜ Explicit dependency on target 'SwiftGraphs' in project 'SwiftGraphs'
➜ Explicit dependency on target 'Gzip-product' in project 'Gzip'
Target 'SwiftGraphs' in project 'SwiftGraphs'
➜ Explicit dependency on target 'Gzip-product' in project 'Gzip'
Target 'Gzip-product' in project 'Gzip'
➜ Explicit dependency on target 'Gzip' in project 'Gzip'
➜ Explicit dependency on target 'system-zlib' in project 'Gzip'
Target 'Gzip' in project 'Gzip'
➜ Explicit dependency on target 'system-zlib' in project 'Gzip'
Target 'system-zlib' in project 'Gzip' (no dependencies)
GatherProvisioningInputs
CreateBuildDescription
ExecuteExternalTool /Applications/Xcode-27.0.0-Release.Candidate.app/Contents/Developer/Toolchains/XcodeDefault.xctoolchain/usr/bin/clang -v -E -dM -arch arm64 -isysroot /Applications/Xcode-27.0.0-Release.Candidate.app/Contents/Developer/Platforms/XROS.platform/Developer/SDKs/XROS27.0.sdk -x c -c /dev/null
ExecuteExternalTool /Applications/Xcode-27.0.0-Release.Candidate.app/Contents/Developer/Toolchains/XcodeDefault.xctoolchain/usr/bin/clang -v -E -dM -isysroot /Applications/Xcode-27.0.0-Release.Candidate.app/Contents/Developer/Platforms/XROS.platform/Developer/SDKs/XROS27.0.sdk -x c -c /dev/null
ExecuteExternalTool /Applications/Xcode-27.0.0-Release.Candidate.app/Contents/Developer/Toolchains/XcodeDefault.xctoolchain/usr/bin/swiftc --version
ExecuteExternalTool /Applications/Xcode-27.0.0-Release.Candidate.app/Contents/Developer/Toolchains/XcodeDefault.xctoolchain/usr/bin/ld -version_details
Build description signature: a79b5e84bc81da68b6e3be7bb2483dd5
Build description path: /Users/admin/builder/spi-builder-workspace/.derivedData/Build/Intermediates.noindex/XCBuildData/a79b5e84bc81da68b6e3be7bb2483dd5.xcbuilddata
CreateBuildDirectory /Users/admin/builder/spi-builder-workspace/.derivedData/SDKExplicitPrecompiledModules
cd /Users/admin/builder/spi-builder-workspace/.swiftpm/xcode
builtin-create-build-directory /Users/admin/builder/spi-builder-workspace/.derivedData/SDKExplicitPrecompiledModules
CreateBuildDirectory /Users/admin/builder/spi-builder-workspace/.derivedData/ModuleCache.noindex
cd /Users/admin/builder/spi-builder-workspace/.swiftpm/xcode
builtin-create-build-directory /Users/admin/builder/spi-builder-workspace/.derivedData/ModuleCache.noindex
CreateBuildDirectory /Users/admin/builder/spi-builder-workspace/.derivedData/CompilationCache.noindex
cd /Users/admin/builder/spi-builder-workspace/.swiftpm/xcode
builtin-create-build-directory /Users/admin/builder/spi-builder-workspace/.derivedData/CompilationCache.noindex
ClangStatCache /Applications/Xcode-27.0.0-Release.Candidate.app/Contents/Developer/Toolchains/XcodeDefault.xctoolchain/usr/bin/clang-stat-cache /Applications/Xcode-27.0.0-Release.Candidate.app/Contents/Developer/Platforms/XROS.platform/Developer/SDKs/XROS27.0.sdk /Users/admin/builder/spi-builder-workspace/.derivedData/SDKStatCaches.noindex/xros27.0-24M361-e829b21a6f8c9b70876ba0858053c044735bd543db762f57723cac368afd1ce4.sdkstatcache
cd /Users/admin/builder/spi-builder-workspace/.swiftpm/xcode
/Applications/Xcode-27.0.0-Release.Candidate.app/Contents/Developer/Toolchains/XcodeDefault.xctoolchain/usr/bin/clang-stat-cache /Applications/Xcode-27.0.0-Release.Candidate.app/Contents/Developer/Platforms/XROS.platform/Developer/SDKs/XROS27.0.sdk -o /Users/admin/builder/spi-builder-workspace/.derivedData/SDKStatCaches.noindex/xros27.0-24M361-e829b21a6f8c9b70876ba0858053c044735bd543db762f57723cac368afd1ce4.sdkstatcache
CreateBuildDirectory /Users/admin/builder/spi-builder-workspace/.derivedData/Build/Products
cd /Users/admin/builder/spi-builder-workspace/.swiftpm/xcode
builtin-create-build-directory /Users/admin/builder/spi-builder-workspace/.derivedData/Build/Products
CreateBuildDirectory /Users/admin/builder/spi-builder-workspace/.derivedData/Build/Intermediates.noindex
cd /Users/admin/builder/spi-builder-workspace/.swiftpm/xcode
builtin-create-build-directory /Users/admin/builder/spi-builder-workspace/.derivedData/Build/Intermediates.noindex
CreateBuildDirectory /Users/admin/builder/spi-builder-workspace/.derivedData/Build/Intermediates.noindex/PrecompiledHeaders
cd /Users/admin/builder/spi-builder-workspace/.swiftpm/xcode
builtin-create-build-directory /Users/admin/builder/spi-builder-workspace/.derivedData/Build/Intermediates.noindex/PrecompiledHeaders
CreateBuildDirectory /Users/admin/builder/spi-builder-workspace/.derivedData/Build/Intermediates.noindex/ExplicitPrecompiledModules
cd /Users/admin/builder/spi-builder-workspace/.swiftpm/xcode
builtin-create-build-directory /Users/admin/builder/spi-builder-workspace/.derivedData/Build/Intermediates.noindex/ExplicitPrecompiledModules
CreateBuildDirectory /Users/admin/builder/spi-builder-workspace/.derivedData/Build/Intermediates.noindex/SwiftExplicitPrecompiledModules
cd /Users/admin/builder/spi-builder-workspace/.swiftpm/xcode
builtin-create-build-directory /Users/admin/builder/spi-builder-workspace/.derivedData/Build/Intermediates.noindex/SwiftExplicitPrecompiledModules
CreateBuildDirectory /Users/admin/builder/spi-builder-workspace/.derivedData/Build/Products/Debug-xros
cd /Users/admin/builder/spi-builder-workspace/.swiftpm/xcode
builtin-create-build-directory /Users/admin/builder/spi-builder-workspace/.derivedData/Build/Products/Debug-xros
CreateBuildDirectory /Users/admin/builder/spi-builder-workspace/.derivedData/Build/Intermediates.noindex/EagerLinkingTBDs/Debug-xros
cd /Users/admin/builder/spi-builder-workspace/.swiftpm/xcode
builtin-create-build-directory /Users/admin/builder/spi-builder-workspace/.derivedData/Build/Intermediates.noindex/EagerLinkingTBDs/Debug-xros
CreateBuildDirectory /Users/admin/builder/spi-builder-workspace/.derivedData/Build/Products/Debug-xros/PackageFrameworks
cd /Users/admin/builder/spi-builder-workspace/.swiftpm/xcode
builtin-create-build-directory /Users/admin/builder/spi-builder-workspace/.derivedData/Build/Products/Debug-xros/PackageFrameworks
WriteAuxiliaryFile /Users/admin/builder/spi-builder-workspace/.derivedData/Build/Intermediates.noindex/SwiftGraphs.build/Debug-xros/SwiftGraphs-t.build/SwiftGraphs.DependencyStaticMetadataFileList (in target 'SwiftGraphs' from project 'SwiftGraphs')
cd /Users/admin/builder/spi-builder-workspace
write-file /Users/admin/builder/spi-builder-workspace/.derivedData/Build/Intermediates.noindex/SwiftGraphs.build/Debug-xros/SwiftGraphs-t.build/SwiftGraphs.DependencyStaticMetadataFileList
WriteAuxiliaryFile /Users/admin/builder/spi-builder-workspace/.derivedData/Build/Intermediates.noindex/Gzip.build/Debug-xros/system-zlib-t.build/system-zlib.DependencyMetadataFileList (in target 'system-zlib' from project 'Gzip')
cd /Users/admin/builder/spi-builder-workspace/.dependencies/checkouts/GzipSwift
write-file /Users/admin/builder/spi-builder-workspace/.derivedData/Build/Intermediates.noindex/Gzip.build/Debug-xros/system-zlib-t.build/system-zlib.DependencyMetadataFileList
WriteAuxiliaryFile /Users/admin/builder/spi-builder-workspace/.derivedData/Build/Intermediates.noindex/Gzip.build/Debug-xros/Gzip-t.build/Gzip.modulemap (in target 'Gzip' from project 'Gzip')
cd /Users/admin/builder/spi-builder-workspace/.dependencies/checkouts/GzipSwift
write-file /Users/admin/builder/spi-builder-workspace/.derivedData/Build/Intermediates.noindex/Gzip.build/Debug-xros/Gzip-t.build/Gzip.modulemap
WriteAuxiliaryFile /Users/admin/builder/spi-builder-workspace/.derivedData/Build/Intermediates.noindex/SwiftGraphs.build/Debug-xros/SwiftGraphs-t.build/SwiftGraphs.modulemap (in target 'SwiftGraphs' from project 'SwiftGraphs')
cd /Users/admin/builder/spi-builder-workspace
write-file /Users/admin/builder/spi-builder-workspace/.derivedData/Build/Intermediates.noindex/SwiftGraphs.build/Debug-xros/SwiftGraphs-t.build/SwiftGraphs.modulemap
WriteAuxiliaryFile /Users/admin/builder/spi-builder-workspace/.derivedData/Build/Intermediates.noindex/Gzip.build/Debug-xros/system-zlib-t.build/system-zlib.DependencyStaticMetadataFileList (in target 'system-zlib' from project 'Gzip')
cd /Users/admin/builder/spi-builder-workspace/.dependencies/checkouts/GzipSwift
write-file /Users/admin/builder/spi-builder-workspace/.derivedData/Build/Intermediates.noindex/Gzip.build/Debug-xros/system-zlib-t.build/system-zlib.DependencyStaticMetadataFileList
WriteAuxiliaryFile /Users/admin/builder/spi-builder-workspace/.derivedData/Build/Intermediates.noindex/SwiftGraphs.build/Debug-xros/SwiftGraphs-t.build/SwiftGraphs.DependencyMetadataFileList (in target 'SwiftGraphs' from project 'SwiftGraphs')
cd /Users/admin/builder/spi-builder-workspace
write-file /Users/admin/builder/spi-builder-workspace/.derivedData/Build/Intermediates.noindex/SwiftGraphs.build/Debug-xros/SwiftGraphs-t.build/SwiftGraphs.DependencyMetadataFileList
WriteAuxiliaryFile /Users/admin/builder/spi-builder-workspace/.derivedData/Build/Intermediates.noindex/Gzip.build/Debug-xros/system-zlib-t.build/Objects-normal/arm64/7187679823f38a2a940e0043cdf9d637-common-args.resp (in target 'system-zlib' from project 'Gzip')
cd /Users/admin/builder/spi-builder-workspace/.dependencies/checkouts/GzipSwift
write-file /Users/admin/builder/spi-builder-workspace/.derivedData/Build/Intermediates.noindex/Gzip.build/Debug-xros/system-zlib-t.build/Objects-normal/arm64/7187679823f38a2a940e0043cdf9d637-common-args.resp
-fmodules -gmodules '-fmodules-cache-path=/Users/admin/builder/spi-builder-workspace/.derivedData/ModuleCache.noindex' '-fmodule-name=system_zlib' -fpascal-strings -O0 -DSWIFT_PACKAGE '-DDEBUG=1' -g -fprofile-instr-generate -fcoverage-mapping -I/Users/admin/builder/spi-builder-workspace/.derivedData/Build/Products/Debug-xros/include -I/Users/admin/builder/spi-builder-workspace/.dependencies/checkouts/GzipSwift/Sources/system-zlib/include -I/Users/admin/builder/spi-builder-workspace/.derivedData/Build/Intermediates.noindex/Gzip.build/Debug-xros/system-zlib-t.build/DerivedSources-normal/arm64 -I/Users/admin/builder/spi-builder-workspace/.derivedData/Build/Intermediates.noindex/Gzip.build/Debug-xros/system-zlib-t.build/DerivedSources/arm64 -I/Users/admin/builder/spi-builder-workspace/.derivedData/Build/Intermediates.noindex/Gzip.build/Debug-xros/system-zlib-t.build/DerivedSources -F/Users/admin/builder/spi-builder-workspace/.derivedData/Build/Products/Debug-xros -iframework /Applications/Xcode-27.0.0-Release.Candidate.app/Contents/Developer/Platforms/XROS.platform/Developer/Library/Frameworks -iframework /Applications/Xcode-27.0.0-Release.Candidate.app/Contents/Developer/Platforms/XROS.platform/Developer/SDKs/XROS27.0.sdk/Developer/Library/Frameworks -DXcode
WriteAuxiliaryFile /Users/admin/builder/spi-builder-workspace/.derivedData/Build/Intermediates.noindex/Gzip.build/Debug-xros/system-zlib-t.build/Objects-normal/arm64/system-zlib.LinkFileList (in target 'system-zlib' from project 'Gzip')
cd /Users/admin/builder/spi-builder-workspace/.dependencies/checkouts/GzipSwift
write-file /Users/admin/builder/spi-builder-workspace/.derivedData/Build/Intermediates.noindex/Gzip.build/Debug-xros/system-zlib-t.build/Objects-normal/arm64/system-zlib.LinkFileList
WriteAuxiliaryFile /Users/admin/builder/spi-builder-workspace/.derivedData/Build/Intermediates.noindex/SwiftGraphs.build/Debug-xros/SwiftGraphs-t.build/Objects-normal/arm64/SwiftGraphs_const_extract_protocols.json (in target 'SwiftGraphs' from project 'SwiftGraphs')
cd /Users/admin/builder/spi-builder-workspace
write-file /Users/admin/builder/spi-builder-workspace/.derivedData/Build/Intermediates.noindex/SwiftGraphs.build/Debug-xros/SwiftGraphs-t.build/Objects-normal/arm64/SwiftGraphs_const_extract_protocols.json
WriteAuxiliaryFile /Users/admin/builder/spi-builder-workspace/.derivedData/Build/Intermediates.noindex/SwiftGraphs.build/Debug-xros/SwiftGraphs-t.build/Objects-normal/arm64/SwiftGraphs.SwiftConstValuesFileList (in target 'SwiftGraphs' from project 'SwiftGraphs')
cd /Users/admin/builder/spi-builder-workspace
write-file /Users/admin/builder/spi-builder-workspace/.derivedData/Build/Intermediates.noindex/SwiftGraphs.build/Debug-xros/SwiftGraphs-t.build/Objects-normal/arm64/SwiftGraphs.SwiftConstValuesFileList
WriteAuxiliaryFile /Users/admin/builder/spi-builder-workspace/.derivedData/Build/Intermediates.noindex/SwiftGraphs.build/Debug-xros/SwiftGraphs-t.build/Objects-normal/arm64/SwiftGraphs.SwiftFileList (in target 'SwiftGraphs' from project 'SwiftGraphs')
cd /Users/admin/builder/spi-builder-workspace
write-file /Users/admin/builder/spi-builder-workspace/.derivedData/Build/Intermediates.noindex/SwiftGraphs.build/Debug-xros/SwiftGraphs-t.build/Objects-normal/arm64/SwiftGraphs.SwiftFileList
WriteAuxiliaryFile /Users/admin/builder/spi-builder-workspace/.derivedData/Build/Intermediates.noindex/SwiftGraphs.build/Debug-xros/SwiftGraphs-t.build/Objects-normal/arm64/SwiftGraphs.LinkFileList (in target 'SwiftGraphs' from project 'SwiftGraphs')
cd /Users/admin/builder/spi-builder-workspace
write-file /Users/admin/builder/spi-builder-workspace/.derivedData/Build/Intermediates.noindex/SwiftGraphs.build/Debug-xros/SwiftGraphs-t.build/Objects-normal/arm64/SwiftGraphs.LinkFileList
WriteAuxiliaryFile /Users/admin/builder/spi-builder-workspace/.derivedData/Build/Intermediates.noindex/SwiftGraphs.build/Debug-xros/SwiftGraphs-t.build/Objects-normal/arm64/SwiftGraphs-OutputFileMap.json (in target 'SwiftGraphs' from project 'SwiftGraphs')
cd /Users/admin/builder/spi-builder-workspace
write-file /Users/admin/builder/spi-builder-workspace/.derivedData/Build/Intermediates.noindex/SwiftGraphs.build/Debug-xros/SwiftGraphs-t.build/Objects-normal/arm64/SwiftGraphs-OutputFileMap.json
WriteAuxiliaryFile /Users/admin/builder/spi-builder-workspace/.derivedData/Build/Intermediates.noindex/Gzip.build/Debug-xros/Gzip-t.build/Objects-normal/arm64/Gzip_const_extract_protocols.json (in target 'Gzip' from project 'Gzip')
cd /Users/admin/builder/spi-builder-workspace/.dependencies/checkouts/GzipSwift
write-file /Users/admin/builder/spi-builder-workspace/.derivedData/Build/Intermediates.noindex/Gzip.build/Debug-xros/Gzip-t.build/Objects-normal/arm64/Gzip_const_extract_protocols.json
Copy /Users/admin/builder/spi-builder-workspace/.derivedData/Build/Intermediates.noindex/GeneratedModuleMaps-xros/SwiftGraphs.modulemap /Users/admin/builder/spi-builder-workspace/.derivedData/Build/Intermediates.noindex/SwiftGraphs.build/Debug-xros/SwiftGraphs-t.build/SwiftGraphs.modulemap (in target 'SwiftGraphs' from project 'SwiftGraphs')
cd /Users/admin/builder/spi-builder-workspace
builtin-copy -exclude .DS_Store -exclude CVS -exclude .svn -exclude .git -exclude .hg -resolve-src-symlinks /Users/admin/builder/spi-builder-workspace/.derivedData/Build/Intermediates.noindex/SwiftGraphs.build/Debug-xros/SwiftGraphs-t.build/SwiftGraphs.modulemap /Users/admin/builder/spi-builder-workspace/.derivedData/Build/Intermediates.noindex/GeneratedModuleMaps-xros
WriteAuxiliaryFile /Users/admin/builder/spi-builder-workspace/.derivedData/Build/Intermediates.noindex/Gzip.build/Debug-xros/Gzip-t.build/Objects-normal/arm64/Gzip.SwiftConstValuesFileList (in target 'Gzip' from project 'Gzip')
cd /Users/admin/builder/spi-builder-workspace/.dependencies/checkouts/GzipSwift
write-file /Users/admin/builder/spi-builder-workspace/.derivedData/Build/Intermediates.noindex/Gzip.build/Debug-xros/Gzip-t.build/Objects-normal/arm64/Gzip.SwiftConstValuesFileList
WriteAuxiliaryFile /Users/admin/builder/spi-builder-workspace/.derivedData/Build/Intermediates.noindex/Gzip.build/Debug-xros/Gzip-t.build/Objects-normal/arm64/Gzip.SwiftFileList (in target 'Gzip' from project 'Gzip')
cd /Users/admin/builder/spi-builder-workspace/.dependencies/checkouts/GzipSwift
write-file /Users/admin/builder/spi-builder-workspace/.derivedData/Build/Intermediates.noindex/Gzip.build/Debug-xros/Gzip-t.build/Objects-normal/arm64/Gzip.SwiftFileList
WriteAuxiliaryFile /Users/admin/builder/spi-builder-workspace/.derivedData/Build/Intermediates.noindex/Gzip.build/Debug-xros/Gzip-t.build/Objects-normal/arm64/Gzip.LinkFileList (in target 'Gzip' from project 'Gzip')
cd /Users/admin/builder/spi-builder-workspace/.dependencies/checkouts/GzipSwift
write-file /Users/admin/builder/spi-builder-workspace/.derivedData/Build/Intermediates.noindex/Gzip.build/Debug-xros/Gzip-t.build/Objects-normal/arm64/Gzip.LinkFileList
WriteAuxiliaryFile /Users/admin/builder/spi-builder-workspace/.derivedData/Build/Intermediates.noindex/Gzip.build/Debug-xros/Gzip-t.build/Objects-normal/arm64/Gzip-OutputFileMap.json (in target 'Gzip' from project 'Gzip')
cd /Users/admin/builder/spi-builder-workspace/.dependencies/checkouts/GzipSwift
write-file /Users/admin/builder/spi-builder-workspace/.derivedData/Build/Intermediates.noindex/Gzip.build/Debug-xros/Gzip-t.build/Objects-normal/arm64/Gzip-OutputFileMap.json
WriteAuxiliaryFile /Users/admin/builder/spi-builder-workspace/.derivedData/Build/Intermediates.noindex/Gzip.build/Debug-xros/Gzip-t.build/Gzip.DependencyStaticMetadataFileList (in target 'Gzip' from project 'Gzip')
cd /Users/admin/builder/spi-builder-workspace/.dependencies/checkouts/GzipSwift
write-file /Users/admin/builder/spi-builder-workspace/.derivedData/Build/Intermediates.noindex/Gzip.build/Debug-xros/Gzip-t.build/Gzip.DependencyStaticMetadataFileList
WriteAuxiliaryFile /Users/admin/builder/spi-builder-workspace/.derivedData/Build/Intermediates.noindex/Gzip.build/Debug-xros/Gzip-t.build/Gzip.DependencyMetadataFileList (in target 'Gzip' from project 'Gzip')
cd /Users/admin/builder/spi-builder-workspace/.dependencies/checkouts/GzipSwift
write-file /Users/admin/builder/spi-builder-workspace/.derivedData/Build/Intermediates.noindex/Gzip.build/Debug-xros/Gzip-t.build/Gzip.DependencyMetadataFileList
Copy /Users/admin/builder/spi-builder-workspace/.derivedData/Build/Intermediates.noindex/GeneratedModuleMaps-xros/Gzip.modulemap /Users/admin/builder/spi-builder-workspace/.derivedData/Build/Intermediates.noindex/Gzip.build/Debug-xros/Gzip-t.build/Gzip.modulemap (in target 'Gzip' from project 'Gzip')
cd /Users/admin/builder/spi-builder-workspace/.dependencies/checkouts/GzipSwift
builtin-copy -exclude .DS_Store -exclude CVS -exclude .svn -exclude .git -exclude .hg -resolve-src-symlinks /Users/admin/builder/spi-builder-workspace/.derivedData/Build/Intermediates.noindex/Gzip.build/Debug-xros/Gzip-t.build/Gzip.modulemap /Users/admin/builder/spi-builder-workspace/.derivedData/Build/Intermediates.noindex/GeneratedModuleMaps-xros
ScanDependencies /Users/admin/builder/spi-builder-workspace/.derivedData/Build/Intermediates.noindex/Gzip.build/Debug-xros/system-zlib-t.build/Objects-normal/arm64/anchor.o /Users/admin/builder/spi-builder-workspace/.dependencies/checkouts/GzipSwift/Sources/system-zlib/anchor.c normal arm64 c com.apple.compilers.llvm.clang.1_0.compiler (in target 'system-zlib' from project 'Gzip')
cd /Users/admin/builder/spi-builder-workspace/.swiftpm/xcode
Using response file: /Users/admin/builder/spi-builder-workspace/.derivedData/Build/Intermediates.noindex/Gzip.build/Debug-xros/system-zlib-t.build/Objects-normal/arm64/7187679823f38a2a940e0043cdf9d637-common-args.resp
builtin-ScanDependencies -o /Users/admin/builder/spi-builder-workspace/.derivedData/Build/Intermediates.noindex/Gzip.build/Debug-xros/system-zlib-t.build/Objects-normal/arm64/anchor.o.scan -- /Applications/Xcode-27.0.0-Release.Candidate.app/Contents/Developer/Toolchains/XcodeDefault.xctoolchain/usr/bin/clang -x c -ivfsstatcache /Users/admin/builder/spi-builder-workspace/.derivedData/SDKStatCaches.noindex/xros27.0-24M361-e829b21a6f8c9b70876ba0858053c044735bd543db762f57723cac368afd1ce4.sdkstatcache -target arm64-apple-xros1.0 -fmessage-length\=0 -fdiagnostics-show-note-include-stack -fmacro-backtrace-limit\=0 -fno-color-diagnostics -fmodules-prune-interval\=86400 -fmodules-prune-after\=345600 -fbuild-session-file\=/Users/admin/builder/spi-builder-workspace/.derivedData/ModuleCache.noindex/Session.modulevalidation -fmodules-validate-once-per-build-session -Wnon-modular-include-in-framework-module -Werror\=non-modular-include-in-framework-module -Wno-trigraphs -Wno-missing-field-initializers -Wno-missing-prototypes -Wno-return-type -Wno-missing-braces -Wparentheses -Wswitch -Wno-unused-function -Wno-unused-label -Wno-unused-parameter -Wno-unused-variable -Wunused-value -Wno-empty-body -Wno-uninitialized -Wno-unknown-pragmas -w -Wno-shadow -Wno-four-char-constants -Wno-conversion -Wno-constant-conversion -Wno-int-conversion -Wno-bool-conversion -Wno-enum-conversion -Wno-float-conversion -Wno-non-literal-null-conversion -Wno-objc-literal-conversion -Wshorten-64-to-32 -Wpointer-sign -Wno-newline-eof -Wno-implicit-fallthrough -isysroot /Applications/Xcode-27.0.0-Release.Candidate.app/Contents/Developer/Platforms/XROS.platform/Developer/SDKs/XROS27.0.sdk -fstrict-aliasing -Wdeprecated-declarations -Wno-sign-conversion -Wno-infinite-recursion -Wno-comma -Wno-block-capture-autoreleasing -Wno-strict-prototypes -Wno-semicolon-before-method-body -index-store-path /Users/admin/builder/spi-builder-workspace/.derivedData/Index.noindex/DataStore @/Users/admin/builder/spi-builder-workspace/.derivedData/Build/Intermediates.noindex/Gzip.build/Debug-xros/system-zlib-t.build/Objects-normal/arm64/7187679823f38a2a940e0043cdf9d637-common-args.resp -MMD -MT dependencies -MF /Users/admin/builder/spi-builder-workspace/.derivedData/Build/Intermediates.noindex/Gzip.build/Debug-xros/system-zlib-t.build/Objects-normal/arm64/anchor.d --serialize-diagnostics /Users/admin/builder/spi-builder-workspace/.derivedData/Build/Intermediates.noindex/Gzip.build/Debug-xros/system-zlib-t.build/Objects-normal/arm64/anchor.dia -c /Users/admin/builder/spi-builder-workspace/.dependencies/checkouts/GzipSwift/Sources/system-zlib/anchor.c -o /Users/admin/builder/spi-builder-workspace/.derivedData/Build/Intermediates.noindex/Gzip.build/Debug-xros/system-zlib-t.build/Objects-normal/arm64/anchor.o -index-unit-output-path /Gzip.build/Debug-xros/system-zlib-t.build/Objects-normal/arm64/anchor.o
SwiftDriver Gzip normal arm64 com.apple.xcode.tools.swift.compiler (in target 'Gzip' from project 'Gzip')
cd /Users/admin/builder/spi-builder-workspace/.swiftpm/xcode
builtin-SwiftDriver -- /Applications/Xcode-27.0.0-Release.Candidate.app/Contents/Developer/Toolchains/XcodeDefault.xctoolchain/usr/bin/swiftc -parse-as-library -module-name Gzip -Onone @/Users/admin/builder/spi-builder-workspace/.derivedData/Build/Intermediates.noindex/Gzip.build/Debug-xros/Gzip-t.build/Objects-normal/arm64/Gzip.SwiftFileList -DSWIFT_PACKAGE -DDEBUG -DSWIFT_MODULE_RESOURCE_BUNDLE_UNAVAILABLE -Xcc -fmodule-map-file\=/Users/admin/builder/spi-builder-workspace/.dependencies/checkouts/GzipSwift/Sources/system-zlib/include/module.modulemap -DXcode -plugin-path /Applications/Xcode-27.0.0-Release.Candidate.app/Contents/Developer/Toolchains/XcodeDefault.xctoolchain/usr/lib/swift/host/plugins/testing -enable-experimental-feature DebugDescriptionMacro -sdk /Applications/Xcode-27.0.0-Release.Candidate.app/Contents/Developer/Platforms/XROS.platform/Developer/SDKs/XROS27.0.sdk -target arm64-apple-xros1.0 -g -module-cache-path /Users/admin/builder/spi-builder-workspace/.derivedData/ModuleCache.noindex -Xfrontend -serialize-debugging-options -profile-coverage-mapping -profile-generate -enable-testing -suppress-warnings -index-store-path /Users/admin/builder/spi-builder-workspace/.derivedData/Index.noindex/DataStore -Xcc -D_LIBCPP_HARDENING_MODE\=_LIBCPP_HARDENING_MODE_DEBUG -swift-version 4 -I /Users/admin/builder/spi-builder-workspace/.derivedData/Build/Products/Debug-xros -Isystem /Applications/Xcode-27.0.0-Release.Candidate.app/Contents/Developer/Platforms/XROS.platform/Developer/usr/lib -F /Users/admin/builder/spi-builder-workspace/.derivedData/Build/Products/Debug-xros/PackageFrameworks -F /Users/admin/builder/spi-builder-workspace/.derivedData/Build/Products/Debug-xros -F /Applications/Xcode-27.0.0-Release.Candidate.app/Contents/Developer/Platforms/XROS.platform/Developer/Library/Frameworks -F /Applications/Xcode-27.0.0-Release.Candidate.app/Contents/Developer/Platforms/XROS.platform/Developer/SDKs/XROS27.0.sdk/Developer/Library/Frameworks -c -j10 -enable-batch-mode -incremental -Xcc -ivfsstatcache -Xcc /Users/admin/builder/spi-builder-workspace/.derivedData/SDKStatCaches.noindex/xros27.0-24M361-e829b21a6f8c9b70876ba0858053c044735bd543db762f57723cac368afd1ce4.sdkstatcache -output-file-map /Users/admin/builder/spi-builder-workspace/.derivedData/Build/Intermediates.noindex/Gzip.build/Debug-xros/Gzip-t.build/Objects-normal/arm64/Gzip-OutputFileMap.json -save-temps -no-color-diagnostics -emit-dependencies -emit-module -emit-module-path /Users/admin/builder/spi-builder-workspace/.derivedData/Build/Intermediates.noindex/Gzip.build/Debug-xros/Gzip-t.build/Objects-normal/arm64/Gzip.swiftmodule -serialize-diagnostics -validate-clang-modules-once -clang-build-session-file /Users/admin/builder/spi-builder-workspace/.derivedData/ModuleCache.noindex/Session.modulevalidation -Xcc -fmodules-prune-interval\=86400 -Xcc -fmodules-prune-after\=345600 -emit-const-values -const-gather-protocols-list /Users/admin/builder/spi-builder-workspace/.derivedData/Build/Intermediates.noindex/Gzip.build/Debug-xros/Gzip-t.build/Objects-normal/arm64/Gzip_const_extract_protocols.json -Xcc -I/Users/admin/builder/spi-builder-workspace/.dependencies/checkouts/GzipSwift/Sources/system-zlib/include -Xcc -I/Users/admin/builder/spi-builder-workspace/.derivedData/Build/Products/Debug-xros/include -Xcc -I/Users/admin/builder/spi-builder-workspace/.derivedData/Build/Intermediates.noindex/Gzip.build/Debug-xros/Gzip-t.build/DerivedSources-normal/arm64 -Xcc -I/Users/admin/builder/spi-builder-workspace/.derivedData/Build/Intermediates.noindex/Gzip.build/Debug-xros/Gzip-t.build/DerivedSources/arm64 -Xcc -I/Users/admin/builder/spi-builder-workspace/.derivedData/Build/Intermediates.noindex/Gzip.build/Debug-xros/Gzip-t.build/DerivedSources -Xcc -DSWIFT_PACKAGE -Xcc -DDEBUG\=1 -emit-objc-header -emit-objc-header-path /Users/admin/builder/spi-builder-workspace/.derivedData/Build/Intermediates.noindex/Gzip.build/Debug-xros/Gzip-t.build/Objects-normal/arm64/Gzip-Swift.h -working-directory /Users/admin/builder/spi-builder-workspace/.swiftpm/xcode -experimental-emit-module-separately -disable-cmo
CompileC /Users/admin/builder/spi-builder-workspace/.derivedData/Build/Intermediates.noindex/Gzip.build/Debug-xros/system-zlib-t.build/Objects-normal/arm64/anchor.o /Users/admin/builder/spi-builder-workspace/.dependencies/checkouts/GzipSwift/Sources/system-zlib/anchor.c normal arm64 c com.apple.compilers.llvm.clang.1_0.compiler (in target 'system-zlib' from project 'Gzip')
cd /Users/admin/builder/spi-builder-workspace/.swiftpm/xcode
Using response file: /Users/admin/builder/spi-builder-workspace/.derivedData/Build/Intermediates.noindex/Gzip.build/Debug-xros/system-zlib-t.build/Objects-normal/arm64/7187679823f38a2a940e0043cdf9d637-common-args.resp
/Applications/Xcode-27.0.0-Release.Candidate.app/Contents/Developer/Toolchains/XcodeDefault.xctoolchain/usr/bin/clang -x c -ivfsstatcache /Users/admin/builder/spi-builder-workspace/.derivedData/SDKStatCaches.noindex/xros27.0-24M361-e829b21a6f8c9b70876ba0858053c044735bd543db762f57723cac368afd1ce4.sdkstatcache -target arm64-apple-xros1.0 -fmessage-length\=0 -fdiagnostics-show-note-include-stack -fmacro-backtrace-limit\=0 -fno-color-diagnostics -fmodules-prune-interval\=86400 -fmodules-prune-after\=345600 -fbuild-session-file\=/Users/admin/builder/spi-builder-workspace/.derivedData/ModuleCache.noindex/Session.modulevalidation -fmodules-validate-once-per-build-session -Wnon-modular-include-in-framework-module -Werror\=non-modular-include-in-framework-module -Wno-trigraphs -Wno-missing-field-initializers -Wno-missing-prototypes -Wno-return-type -Wno-missing-braces -Wparentheses -Wswitch -Wno-unused-function -Wno-unused-label -Wno-unused-parameter -Wno-unused-variable -Wunused-value -Wno-empty-body -Wno-uninitialized -Wno-unknown-pragmas -w -Wno-shadow -Wno-four-char-constants -Wno-conversion -Wno-constant-conversion -Wno-int-conversion -Wno-bool-conversion -Wno-enum-conversion -Wno-float-conversion -Wno-non-literal-null-conversion -Wno-objc-literal-conversion -Wshorten-64-to-32 -Wpointer-sign -Wno-newline-eof -Wno-implicit-fallthrough -isysroot /Applications/Xcode-27.0.0-Release.Candidate.app/Contents/Developer/Platforms/XROS.platform/Developer/SDKs/XROS27.0.sdk -fstrict-aliasing -Wdeprecated-declarations -Wno-sign-conversion -Wno-infinite-recursion -Wno-comma -Wno-block-capture-autoreleasing -Wno-strict-prototypes -Wno-semicolon-before-method-body -index-store-path /Users/admin/builder/spi-builder-workspace/.derivedData/Index.noindex/DataStore @/Users/admin/builder/spi-builder-workspace/.derivedData/Build/Intermediates.noindex/Gzip.build/Debug-xros/system-zlib-t.build/Objects-normal/arm64/7187679823f38a2a940e0043cdf9d637-common-args.resp -MMD -MT dependencies -MF /Users/admin/builder/spi-builder-workspace/.derivedData/Build/Intermediates.noindex/Gzip.build/Debug-xros/system-zlib-t.build/Objects-normal/arm64/anchor.d --serialize-diagnostics /Users/admin/builder/spi-builder-workspace/.derivedData/Build/Intermediates.noindex/Gzip.build/Debug-xros/system-zlib-t.build/Objects-normal/arm64/anchor.dia -c /Users/admin/builder/spi-builder-workspace/.dependencies/checkouts/GzipSwift/Sources/system-zlib/anchor.c -o /Users/admin/builder/spi-builder-workspace/.derivedData/Build/Intermediates.noindex/Gzip.build/Debug-xros/system-zlib-t.build/Objects-normal/arm64/anchor.o -index-unit-output-path /Gzip.build/Debug-xros/system-zlib-t.build/Objects-normal/arm64/anchor.o
Ld /Users/admin/builder/spi-builder-workspace/.derivedData/Build/Products/Debug-xros/system-zlib.o normal (in target 'system-zlib' from project 'Gzip')
cd /Users/admin/builder/spi-builder-workspace/.dependencies/checkouts/GzipSwift
/Applications/Xcode-27.0.0-Release.Candidate.app/Contents/Developer/Toolchains/XcodeDefault.xctoolchain/usr/bin/clang -Xlinker -reproducible -target arm64-apple-xros1.0 -r -isysroot /Applications/Xcode-27.0.0-Release.Candidate.app/Contents/Developer/Platforms/XROS.platform/Developer/SDKs/XROS27.0.sdk -O0 -w -Xlinker -no_warn_duplicate_libraries -F/Users/admin/builder/spi-builder-workspace/.derivedData/Build/Intermediates.noindex/EagerLinkingTBDs/Debug-xros -F/Users/admin/builder/spi-builder-workspace/.derivedData/Build/Products/Debug-xros -iframework /Applications/Xcode-27.0.0-Release.Candidate.app/Contents/Developer/Platforms/XROS.platform/Developer/Library/Frameworks -iframework /Applications/Xcode-27.0.0-Release.Candidate.app/Contents/Developer/Platforms/XROS.platform/Developer/SDKs/XROS27.0.sdk/Developer/Library/Frameworks -filelist /Users/admin/builder/spi-builder-workspace/.derivedData/Build/Intermediates.noindex/Gzip.build/Debug-xros/system-zlib-t.build/Objects-normal/arm64/system-zlib.LinkFileList -nostdlib -Xlinker -object_path_lto -Xlinker /Users/admin/builder/spi-builder-workspace/.derivedData/Build/Intermediates.noindex/Gzip.build/Debug-xros/system-zlib-t.build/Objects-normal/arm64/system-zlib_lto.o -Xlinker -no_deduplicate -Xlinker -debug_variant -Xlinker -dependency_info -Xlinker /Users/admin/builder/spi-builder-workspace/.derivedData/Build/Intermediates.noindex/Gzip.build/Debug-xros/system-zlib-t.build/Objects-normal/arm64/system-zlib_dependency_info.dat -o /Users/admin/builder/spi-builder-workspace/.derivedData/Build/Products/Debug-xros/system-zlib.o
SwiftEmitModule normal arm64 Emitting\ module\ for\ Gzip (in target 'Gzip' from project 'Gzip')
SwiftCompile normal arm64 (in target 'Gzip' from project 'Gzip')
cd /Users/admin/builder/spi-builder-workspace/.swiftpm/xcode
SwiftCompile normal arm64 Compiling\ Data+Gzip.swift /Users/admin/builder/spi-builder-workspace/.dependencies/checkouts/GzipSwift/Sources/Gzip/Data+Gzip.swift (in target 'Gzip' from project 'Gzip')
SwiftCompile normal arm64 /Users/admin/builder/spi-builder-workspace/.dependencies/checkouts/GzipSwift/Sources/Gzip/Data+Gzip.swift (in target 'Gzip' from project 'Gzip')
cd /Users/admin/builder/spi-builder-workspace/.swiftpm/xcode
builtin-SwiftPerFileCompile Data+Gzip.swift
SwiftDriverJobDiscovery normal arm64 Emitting module for Gzip (in target 'Gzip' from project 'Gzip')
SwiftDriver\ Compilation\ Requirements Gzip normal arm64 com.apple.xcode.tools.swift.compiler (in target 'Gzip' from project 'Gzip')
cd /Users/admin/builder/spi-builder-workspace/.swiftpm/xcode
builtin-Swift-Compilation-Requirements -- /Applications/Xcode-27.0.0-Release.Candidate.app/Contents/Developer/Toolchains/XcodeDefault.xctoolchain/usr/bin/swiftc -parse-as-library -module-name Gzip -Onone @/Users/admin/builder/spi-builder-workspace/.derivedData/Build/Intermediates.noindex/Gzip.build/Debug-xros/Gzip-t.build/Objects-normal/arm64/Gzip.SwiftFileList -DSWIFT_PACKAGE -DDEBUG -DSWIFT_MODULE_RESOURCE_BUNDLE_UNAVAILABLE -Xcc -fmodule-map-file\=/Users/admin/builder/spi-builder-workspace/.dependencies/checkouts/GzipSwift/Sources/system-zlib/include/module.modulemap -DXcode -plugin-path /Applications/Xcode-27.0.0-Release.Candidate.app/Contents/Developer/Toolchains/XcodeDefault.xctoolchain/usr/lib/swift/host/plugins/testing -enable-experimental-feature DebugDescriptionMacro -sdk /Applications/Xcode-27.0.0-Release.Candidate.app/Contents/Developer/Platforms/XROS.platform/Developer/SDKs/XROS27.0.sdk -target arm64-apple-xros1.0 -g -module-cache-path /Users/admin/builder/spi-builder-workspace/.derivedData/ModuleCache.noindex -Xfrontend -serialize-debugging-options -profile-coverage-mapping -profile-generate -enable-testing -suppress-warnings -index-store-path /Users/admin/builder/spi-builder-workspace/.derivedData/Index.noindex/DataStore -Xcc -D_LIBCPP_HARDENING_MODE\=_LIBCPP_HARDENING_MODE_DEBUG -swift-version 4 -I /Users/admin/builder/spi-builder-workspace/.derivedData/Build/Products/Debug-xros -Isystem /Applications/Xcode-27.0.0-Release.Candidate.app/Contents/Developer/Platforms/XROS.platform/Developer/usr/lib -F /Users/admin/builder/spi-builder-workspace/.derivedData/Build/Products/Debug-xros/PackageFrameworks -F /Users/admin/builder/spi-builder-workspace/.derivedData/Build/Products/Debug-xros -F /Applications/Xcode-27.0.0-Release.Candidate.app/Contents/Developer/Platforms/XROS.platform/Developer/Library/Frameworks -F /Applications/Xcode-27.0.0-Release.Candidate.app/Contents/Developer/Platforms/XROS.platform/Developer/SDKs/XROS27.0.sdk/Developer/Library/Frameworks -c -j10 -enable-batch-mode -incremental -Xcc -ivfsstatcache -Xcc /Users/admin/builder/spi-builder-workspace/.derivedData/SDKStatCaches.noindex/xros27.0-24M361-e829b21a6f8c9b70876ba0858053c044735bd543db762f57723cac368afd1ce4.sdkstatcache -output-file-map /Users/admin/builder/spi-builder-workspace/.derivedData/Build/Intermediates.noindex/Gzip.build/Debug-xros/Gzip-t.build/Objects-normal/arm64/Gzip-OutputFileMap.json -save-temps -no-color-diagnostics -emit-dependencies -emit-module -emit-module-path /Users/admin/builder/spi-builder-workspace/.derivedData/Build/Intermediates.noindex/Gzip.build/Debug-xros/Gzip-t.build/Objects-normal/arm64/Gzip.swiftmodule -serialize-diagnostics -validate-clang-modules-once -clang-build-session-file /Users/admin/builder/spi-builder-workspace/.derivedData/ModuleCache.noindex/Session.modulevalidation -Xcc -fmodules-prune-interval\=86400 -Xcc -fmodules-prune-after\=345600 -emit-const-values -const-gather-protocols-list /Users/admin/builder/spi-builder-workspace/.derivedData/Build/Intermediates.noindex/Gzip.build/Debug-xros/Gzip-t.build/Objects-normal/arm64/Gzip_const_extract_protocols.json -Xcc -I/Users/admin/builder/spi-builder-workspace/.dependencies/checkouts/GzipSwift/Sources/system-zlib/include -Xcc -I/Users/admin/builder/spi-builder-workspace/.derivedData/Build/Products/Debug-xros/include -Xcc -I/Users/admin/builder/spi-builder-workspace/.derivedData/Build/Intermediates.noindex/Gzip.build/Debug-xros/Gzip-t.build/DerivedSources-normal/arm64 -Xcc -I/Users/admin/builder/spi-builder-workspace/.derivedData/Build/Intermediates.noindex/Gzip.build/Debug-xros/Gzip-t.build/DerivedSources/arm64 -Xcc -I/Users/admin/builder/spi-builder-workspace/.derivedData/Build/Intermediates.noindex/Gzip.build/Debug-xros/Gzip-t.build/DerivedSources -Xcc -DSWIFT_PACKAGE -Xcc -DDEBUG\=1 -emit-objc-header -emit-objc-header-path /Users/admin/builder/spi-builder-workspace/.derivedData/Build/Intermediates.noindex/Gzip.build/Debug-xros/Gzip-t.build/Objects-normal/arm64/Gzip-Swift.h -working-directory /Users/admin/builder/spi-builder-workspace/.swiftpm/xcode -experimental-emit-module-separately -disable-cmo
SwiftMergeGeneratedHeaders /Users/admin/builder/spi-builder-workspace/.derivedData/Build/Intermediates.noindex/GeneratedModuleMaps-xros/Gzip-Swift.h /Users/admin/builder/spi-builder-workspace/.derivedData/Build/Intermediates.noindex/Gzip.build/Debug-xros/Gzip-t.build/Objects-normal/arm64/Gzip-Swift.h (in target 'Gzip' from project 'Gzip')
cd /Users/admin/builder/spi-builder-workspace/.dependencies/checkouts/GzipSwift
builtin-swiftHeaderTool -arch arm64 /Users/admin/builder/spi-builder-workspace/.derivedData/Build/Intermediates.noindex/Gzip.build/Debug-xros/Gzip-t.build/Objects-normal/arm64/Gzip-Swift.h -o /Users/admin/builder/spi-builder-workspace/.derivedData/Build/Intermediates.noindex/GeneratedModuleMaps-xros/Gzip-Swift.h
Copy /Users/admin/builder/spi-builder-workspace/.derivedData/Build/Products/Debug-xros/Gzip.swiftmodule/arm64-apple-xros.swiftmodule /Users/admin/builder/spi-builder-workspace/.derivedData/Build/Intermediates.noindex/Gzip.build/Debug-xros/Gzip-t.build/Objects-normal/arm64/Gzip.swiftmodule (in target 'Gzip' from project 'Gzip')
cd /Users/admin/builder/spi-builder-workspace/.dependencies/checkouts/GzipSwift
builtin-copy -exclude .DS_Store -exclude CVS -exclude .svn -exclude .git -exclude .hg -resolve-src-symlinks -rename /Users/admin/builder/spi-builder-workspace/.derivedData/Build/Intermediates.noindex/Gzip.build/Debug-xros/Gzip-t.build/Objects-normal/arm64/Gzip.swiftmodule /Users/admin/builder/spi-builder-workspace/.derivedData/Build/Products/Debug-xros/Gzip.swiftmodule/arm64-apple-xros.swiftmodule
Copy /Users/admin/builder/spi-builder-workspace/.derivedData/Build/Products/Debug-xros/Gzip.swiftmodule/arm64-apple-xros.swiftdoc /Users/admin/builder/spi-builder-workspace/.derivedData/Build/Intermediates.noindex/Gzip.build/Debug-xros/Gzip-t.build/Objects-normal/arm64/Gzip.swiftdoc (in target 'Gzip' from project 'Gzip')
cd /Users/admin/builder/spi-builder-workspace/.dependencies/checkouts/GzipSwift
builtin-copy -exclude .DS_Store -exclude CVS -exclude .svn -exclude .git -exclude .hg -resolve-src-symlinks -rename /Users/admin/builder/spi-builder-workspace/.derivedData/Build/Intermediates.noindex/Gzip.build/Debug-xros/Gzip-t.build/Objects-normal/arm64/Gzip.swiftdoc /Users/admin/builder/spi-builder-workspace/.derivedData/Build/Products/Debug-xros/Gzip.swiftmodule/arm64-apple-xros.swiftdoc
Copy /Users/admin/builder/spi-builder-workspace/.derivedData/Build/Products/Debug-xros/Gzip.swiftmodule/arm64-apple-xros.abi.json /Users/admin/builder/spi-builder-workspace/.derivedData/Build/Intermediates.noindex/Gzip.build/Debug-xros/Gzip-t.build/Objects-normal/arm64/Gzip.abi.json (in target 'Gzip' from project 'Gzip')
cd /Users/admin/builder/spi-builder-workspace/.dependencies/checkouts/GzipSwift
builtin-copy -exclude .DS_Store -exclude CVS -exclude .svn -exclude .git -exclude .hg -resolve-src-symlinks -rename /Users/admin/builder/spi-builder-workspace/.derivedData/Build/Intermediates.noindex/Gzip.build/Debug-xros/Gzip-t.build/Objects-normal/arm64/Gzip.abi.json /Users/admin/builder/spi-builder-workspace/.derivedData/Build/Products/Debug-xros/Gzip.swiftmodule/arm64-apple-xros.abi.json
Copy /Users/admin/builder/spi-builder-workspace/.derivedData/Build/Products/Debug-xros/Gzip.swiftmodule/Project/arm64-apple-xros.swiftsourceinfo /Users/admin/builder/spi-builder-workspace/.derivedData/Build/Intermediates.noindex/Gzip.build/Debug-xros/Gzip-t.build/Objects-normal/arm64/Gzip.swiftsourceinfo (in target 'Gzip' from project 'Gzip')
cd /Users/admin/builder/spi-builder-workspace/.dependencies/checkouts/GzipSwift
builtin-copy -exclude .DS_Store -exclude CVS -exclude .svn -exclude .git -exclude .hg -resolve-src-symlinks -rename /Users/admin/builder/spi-builder-workspace/.derivedData/Build/Intermediates.noindex/Gzip.build/Debug-xros/Gzip-t.build/Objects-normal/arm64/Gzip.swiftsourceinfo /Users/admin/builder/spi-builder-workspace/.derivedData/Build/Products/Debug-xros/Gzip.swiftmodule/Project/arm64-apple-xros.swiftsourceinfo
SwiftDriver SwiftGraphs normal arm64 com.apple.xcode.tools.swift.compiler (in target 'SwiftGraphs' from project 'SwiftGraphs')
cd /Users/admin/builder/spi-builder-workspace/.swiftpm/xcode
builtin-SwiftDriver -- /Applications/Xcode-27.0.0-Release.Candidate.app/Contents/Developer/Toolchains/XcodeDefault.xctoolchain/usr/bin/swiftc -parse-as-library -module-name SwiftGraphs -Onone @/Users/admin/builder/spi-builder-workspace/.derivedData/Build/Intermediates.noindex/SwiftGraphs.build/Debug-xros/SwiftGraphs-t.build/Objects-normal/arm64/SwiftGraphs.SwiftFileList -DSWIFT_PACKAGE -DDEBUG -DSWIFT_MODULE_RESOURCE_BUNDLE_UNAVAILABLE -Xcc -fmodule-map-file\=/Users/admin/builder/spi-builder-workspace/.dependencies/checkouts/GzipSwift/Sources/system-zlib/include/module.modulemap -DXcode -plugin-path /Applications/Xcode-27.0.0-Release.Candidate.app/Contents/Developer/Toolchains/XcodeDefault.xctoolchain/usr/lib/swift/host/plugins/testing -enable-experimental-feature DebugDescriptionMacro -sdk /Applications/Xcode-27.0.0-Release.Candidate.app/Contents/Developer/Platforms/XROS.platform/Developer/SDKs/XROS27.0.sdk -target arm64-apple-xros1.0 -g -module-cache-path /Users/admin/builder/spi-builder-workspace/.derivedData/ModuleCache.noindex -Xfrontend -serialize-debugging-options -profile-coverage-mapping -profile-generate -enable-testing -index-store-path /Users/admin/builder/spi-builder-workspace/.derivedData/Index.noindex/DataStore -Xcc -D_LIBCPP_HARDENING_MODE\=_LIBCPP_HARDENING_MODE_DEBUG -swift-version 4 -I /Users/admin/builder/spi-builder-workspace/.derivedData/Build/Products/Debug-xros -Isystem /Applications/Xcode-27.0.0-Release.Candidate.app/Contents/Developer/Platforms/XROS.platform/Developer/usr/lib -F /Users/admin/builder/spi-builder-workspace/.derivedData/Build/Products/Debug-xros/PackageFrameworks -F /Users/admin/builder/spi-builder-workspace/.derivedData/Build/Products/Debug-xros -F /Applications/Xcode-27.0.0-Release.Candidate.app/Contents/Developer/Platforms/XROS.platform/Developer/Library/Frameworks -F /Applications/Xcode-27.0.0-Release.Candidate.app/Contents/Developer/Platforms/XROS.platform/Developer/SDKs/XROS27.0.sdk/Developer/Library/Frameworks -c -j10 -enable-batch-mode -incremental -Xcc -ivfsstatcache -Xcc /Users/admin/builder/spi-builder-workspace/.derivedData/SDKStatCaches.noindex/xros27.0-24M361-e829b21a6f8c9b70876ba0858053c044735bd543db762f57723cac368afd1ce4.sdkstatcache -output-file-map /Users/admin/builder/spi-builder-workspace/.derivedData/Build/Intermediates.noindex/SwiftGraphs.build/Debug-xros/SwiftGraphs-t.build/Objects-normal/arm64/SwiftGraphs-OutputFileMap.json -save-temps -no-color-diagnostics -emit-dependencies -emit-module -emit-module-path /Users/admin/builder/spi-builder-workspace/.derivedData/Build/Intermediates.noindex/SwiftGraphs.build/Debug-xros/SwiftGraphs-t.build/Objects-normal/arm64/SwiftGraphs.swiftmodule -serialize-diagnostics -validate-clang-modules-once -clang-build-session-file /Users/admin/builder/spi-builder-workspace/.derivedData/ModuleCache.noindex/Session.modulevalidation -Xcc -fmodules-prune-interval\=86400 -Xcc -fmodules-prune-after\=345600 -emit-const-values -const-gather-protocols-list /Users/admin/builder/spi-builder-workspace/.derivedData/Build/Intermediates.noindex/SwiftGraphs.build/Debug-xros/SwiftGraphs-t.build/Objects-normal/arm64/SwiftGraphs_const_extract_protocols.json -Xcc -I/Users/admin/builder/spi-builder-workspace/.dependencies/checkouts/GzipSwift/Sources/system-zlib/include -Xcc -I/Users/admin/builder/spi-builder-workspace/.derivedData/Build/Products/Debug-xros/include -Xcc -I/Users/admin/builder/spi-builder-workspace/.derivedData/Build/Intermediates.noindex/SwiftGraphs.build/Debug-xros/SwiftGraphs-t.build/DerivedSources-normal/arm64 -Xcc -I/Users/admin/builder/spi-builder-workspace/.derivedData/Build/Intermediates.noindex/SwiftGraphs.build/Debug-xros/SwiftGraphs-t.build/DerivedSources/arm64 -Xcc -I/Users/admin/builder/spi-builder-workspace/.derivedData/Build/Intermediates.noindex/SwiftGraphs.build/Debug-xros/SwiftGraphs-t.build/DerivedSources -Xcc -DSWIFT_PACKAGE -Xcc -DDEBUG\=1 -emit-objc-header -emit-objc-header-path /Users/admin/builder/spi-builder-workspace/.derivedData/Build/Intermediates.noindex/SwiftGraphs.build/Debug-xros/SwiftGraphs-t.build/Objects-normal/arm64/SwiftGraphs-Swift.h -working-directory /Users/admin/builder/spi-builder-workspace/.swiftpm/xcode -experimental-emit-module-separately -disable-cmo
SwiftCompile normal arm64 Compiling\ AbstractGraph.swift,\ Degeneracy.swift /Users/admin/builder/spi-builder-workspace/Sources/SwiftGraphs/AbstractGraph.swift /Users/admin/builder/spi-builder-workspace/Sources/SwiftGraphs/Degeneracy.swift (in target 'SwiftGraphs' from project 'SwiftGraphs')
SwiftCompile normal arm64 /Users/admin/builder/spi-builder-workspace/Sources/SwiftGraphs/AbstractGraph.swift (in target 'SwiftGraphs' from project 'SwiftGraphs')
cd /Users/admin/builder/spi-builder-workspace/.swiftpm/xcode
builtin-SwiftPerFileCompile AbstractGraph.swift
SwiftCompile normal arm64 /Users/admin/builder/spi-builder-workspace/Sources/SwiftGraphs/Degeneracy.swift (in target 'SwiftGraphs' from project 'SwiftGraphs')
cd /Users/admin/builder/spi-builder-workspace/.swiftpm/xcode
builtin-SwiftPerFileCompile Degeneracy.swift
SwiftCompile normal arm64 Compiling\ DiGraph.swift,\ Dijkstra.swift /Users/admin/builder/spi-builder-workspace/Sources/SwiftGraphs/DiGraph.swift /Users/admin/builder/spi-builder-workspace/Sources/SwiftGraphs/Dijkstra.swift (in target 'SwiftGraphs' from project 'SwiftGraphs')
SwiftCompile normal arm64 /Users/admin/builder/spi-builder-workspace/Sources/SwiftGraphs/DiGraph.swift (in target 'SwiftGraphs' from project 'SwiftGraphs')
cd /Users/admin/builder/spi-builder-workspace/.swiftpm/xcode
builtin-SwiftPerFileCompile DiGraph.swift
SwiftCompile normal arm64 /Users/admin/builder/spi-builder-workspace/Sources/SwiftGraphs/Dijkstra.swift (in target 'SwiftGraphs' from project 'SwiftGraphs')
cd /Users/admin/builder/spi-builder-workspace/.swiftpm/xcode
builtin-SwiftPerFileCompile Dijkstra.swift
SwiftCompile normal arm64 Compiling\ Edge.swift,\ Graph.swift /Users/admin/builder/spi-builder-workspace/Sources/SwiftGraphs/Edge.swift /Users/admin/builder/spi-builder-workspace/Sources/SwiftGraphs/Graph.swift (in target 'SwiftGraphs' from project 'SwiftGraphs')
/Users/admin/builder/spi-builder-workspace/Sources/SwiftGraphs/Graph.swift:80:28: error: initializer 'init(path:)' is internal and cannot be referenced from an '@inlinable' function
78 | let offset = oneIndexed ? -1 : 0
79 |
80 | guard let reader = LineReader(path: fileName) else {
| `- error: initializer 'init(path:)' is internal and cannot be referenced from an '@inlinable' function
81 | fatalError("error opening file \(fileName)")
82 | }
/Users/admin/builder/spi-builder-workspace/Sources/SwiftGraphs/LineReader.swift:11:5: note: initializer 'init(path:)' is not '@usableFromInline' or public
9 | fileprivate let file: UnsafeMutablePointer<FILE>!
10 |
11 | init?(path: String) {
| `- note: initializer 'init(path:)' is not '@usableFromInline' or public
12 | self.path = path
13 | file = fopen(path, "r")
/Users/admin/builder/spi-builder-workspace/Sources/SwiftGraphs/Graph.swift:156:80: error: instance method 'outNeighbors(of:)' is internal and cannot be referenced from an '@inlinable' function
154 | }
155 |
156 | @inlinable public func inNeighbors(of vertex: T) -> ArraySlice<T> { return outNeighbors(of: vertex) }
| `- error: instance method 'outNeighbors(of:)' is internal and cannot be referenced from an '@inlinable' function
157 | @inlinable public func neighbors(of vertex: T) -> ArraySlice<T> { return outNeighbors(of: vertex) }
158 |
/Users/admin/builder/spi-builder-workspace/Sources/SwiftGraphs/SimpleGraph.swift:34:17: note: instance method 'outNeighbors(of:)' is not '@usableFromInline' or public
32 | }
33 |
34 | public func outNeighbors(of vertex: T) -> ArraySlice<T> {
| `- note: instance method 'outNeighbors(of:)' is not '@usableFromInline' or public
35 | let range = vecRange(Array<T>.Index(vertex))
36 | return rowidx[range]
/Users/admin/builder/spi-builder-workspace/Sources/SwiftGraphs/Graph.swift:157:78: error: instance method 'outNeighbors(of:)' is internal and cannot be referenced from an '@inlinable' function
155 |
156 | @inlinable public func inNeighbors(of vertex: T) -> ArraySlice<T> { return outNeighbors(of: vertex) }
157 | @inlinable public func neighbors(of vertex: T) -> ArraySlice<T> { return outNeighbors(of: vertex) }
| `- error: instance method 'outNeighbors(of:)' is internal and cannot be referenced from an '@inlinable' function
158 |
159 | @inlinable public func inDegree(of vertex: T) -> Int { return outDegree(of: vertex) }
/Users/admin/builder/spi-builder-workspace/Sources/SwiftGraphs/SimpleGraph.swift:34:17: note: instance method 'outNeighbors(of:)' is not '@usableFromInline' or public
32 | }
33 |
34 | public func outNeighbors(of vertex: T) -> ArraySlice<T> {
| `- note: instance method 'outNeighbors(of:)' is not '@usableFromInline' or public
35 | let range = vecRange(Array<T>.Index(vertex))
36 | return rowidx[range]
/Users/admin/builder/spi-builder-workspace/Sources/SwiftGraphs/Graph.swift:159:67: error: instance method 'outDegree(of:)' is internal and cannot be referenced from an '@inlinable' function
157 | @inlinable public func neighbors(of vertex: T) -> ArraySlice<T> { return outNeighbors(of: vertex) }
158 |
159 | @inlinable public func inDegree(of vertex: T) -> Int { return outDegree(of: vertex) }
| `- error: instance method 'outDegree(of:)' is internal and cannot be referenced from an '@inlinable' function
160 | @inlinable public func degree(of vertex: T) -> Int { return outDegree(of: vertex) }
161 | }
/Users/admin/builder/spi-builder-workspace/Sources/SwiftGraphs/SimpleGraph.swift:62:17: note: instance method 'outDegree(of:)' is not '@usableFromInline' or public
60 | }
61 |
62 | public func outDegree(of vertex: T) -> Int {
| `- note: instance method 'outDegree(of:)' is not '@usableFromInline' or public
63 | return colptr[Int(vertex) + 1] - colptr[Int(vertex)]
64 | }
SwiftCompile normal arm64 /Users/admin/builder/spi-builder-workspace/Sources/SwiftGraphs/Edge.swift (in target 'SwiftGraphs' from project 'SwiftGraphs')
cd /Users/admin/builder/spi-builder-workspace/.swiftpm/xcode
builtin-SwiftPerFileCompile Edge.swift
SwiftCompile normal arm64 /Users/admin/builder/spi-builder-workspace/Sources/SwiftGraphs/Graph.swift (in target 'SwiftGraphs' from project 'SwiftGraphs')
cd /Users/admin/builder/spi-builder-workspace/.swiftpm/xcode
builtin-SwiftPerFileCompile Graph.swift
SwiftCompile normal arm64 Compiling\ PriorityQueue.swift /Users/admin/builder/spi-builder-workspace/Sources/SwiftGraphs/PriorityQueue.swift (in target 'SwiftGraphs' from project 'SwiftGraphs')
SwiftCompile normal arm64 /Users/admin/builder/spi-builder-workspace/Sources/SwiftGraphs/PriorityQueue.swift (in target 'SwiftGraphs' from project 'SwiftGraphs')
cd /Users/admin/builder/spi-builder-workspace/.swiftpm/xcode
builtin-SwiftPerFileCompile PriorityQueue.swift
SwiftEmitModule normal arm64 Emitting\ module\ for\ SwiftGraphs (in target 'SwiftGraphs' from project 'SwiftGraphs')
/Users/admin/builder/spi-builder-workspace/Sources/SwiftGraphs/Graph.swift:80:28: error: initializer 'init(path:)' is internal and cannot be referenced from an '@inlinable' function
78 | let offset = oneIndexed ? -1 : 0
79 |
80 | guard let reader = LineReader(path: fileName) else {
| `- error: initializer 'init(path:)' is internal and cannot be referenced from an '@inlinable' function
81 | fatalError("error opening file \(fileName)")
82 | }
/Users/admin/builder/spi-builder-workspace/Sources/SwiftGraphs/LineReader.swift:11:5: note: initializer 'init(path:)' is not '@usableFromInline' or public
9 | fileprivate let file: UnsafeMutablePointer<FILE>!
10 |
11 | init?(path: String) {
| `- note: initializer 'init(path:)' is not '@usableFromInline' or public
12 | self.path = path
13 | file = fopen(path, "r")
/Users/admin/builder/spi-builder-workspace/Sources/SwiftGraphs/Graph.swift:156:80: error: instance method 'outNeighbors(of:)' is internal and cannot be referenced from an '@inlinable' function
154 | }
155 |
156 | @inlinable public func inNeighbors(of vertex: T) -> ArraySlice<T> { return outNeighbors(of: vertex) }
| `- error: instance method 'outNeighbors(of:)' is internal and cannot be referenced from an '@inlinable' function
157 | @inlinable public func neighbors(of vertex: T) -> ArraySlice<T> { return outNeighbors(of: vertex) }
158 |
/Users/admin/builder/spi-builder-workspace/Sources/SwiftGraphs/SimpleGraph.swift:34:17: note: instance method 'outNeighbors(of:)' is not '@usableFromInline' or public
32 | }
33 |
34 | public func outNeighbors(of vertex: T) -> ArraySlice<T> {
| `- note: instance method 'outNeighbors(of:)' is not '@usableFromInline' or public
35 | let range = vecRange(Array<T>.Index(vertex))
36 | return rowidx[range]
/Users/admin/builder/spi-builder-workspace/Sources/SwiftGraphs/Graph.swift:157:78: error: instance method 'outNeighbors(of:)' is internal and cannot be referenced from an '@inlinable' function
155 |
156 | @inlinable public func inNeighbors(of vertex: T) -> ArraySlice<T> { return outNeighbors(of: vertex) }
157 | @inlinable public func neighbors(of vertex: T) -> ArraySlice<T> { return outNeighbors(of: vertex) }
| `- error: instance method 'outNeighbors(of:)' is internal and cannot be referenced from an '@inlinable' function
158 |
159 | @inlinable public func inDegree(of vertex: T) -> Int { return outDegree(of: vertex) }
/Users/admin/builder/spi-builder-workspace/Sources/SwiftGraphs/SimpleGraph.swift:34:17: note: instance method 'outNeighbors(of:)' is not '@usableFromInline' or public
32 | }
33 |
34 | public func outNeighbors(of vertex: T) -> ArraySlice<T> {
| `- note: instance method 'outNeighbors(of:)' is not '@usableFromInline' or public
35 | let range = vecRange(Array<T>.Index(vertex))
36 | return rowidx[range]
/Users/admin/builder/spi-builder-workspace/Sources/SwiftGraphs/Graph.swift:159:67: error: instance method 'outDegree(of:)' is internal and cannot be referenced from an '@inlinable' function
157 | @inlinable public func neighbors(of vertex: T) -> ArraySlice<T> { return outNeighbors(of: vertex) }
158 |
159 | @inlinable public func inDegree(of vertex: T) -> Int { return outDegree(of: vertex) }
| `- error: instance method 'outDegree(of:)' is internal and cannot be referenced from an '@inlinable' function
160 | @inlinable public func degree(of vertex: T) -> Int { return outDegree(of: vertex) }
161 | }
/Users/admin/builder/spi-builder-workspace/Sources/SwiftGraphs/SimpleGraph.swift:62:17: note: instance method 'outDegree(of:)' is not '@usableFromInline' or public
60 | }
61 |
62 | public func outDegree(of vertex: T) -> Int {
| `- note: instance method 'outDegree(of:)' is not '@usableFromInline' or public
63 | return colptr[Int(vertex) + 1] - colptr[Int(vertex)]
64 | }
/Users/admin/builder/spi-builder-workspace/Sources/SwiftGraphs/Graph.swift:160:65: error: instance method 'outDegree(of:)' is internal and cannot be referenced from an '@inlinable' function
158 |
159 | @inlinable public func inDegree(of vertex: T) -> Int { return outDegree(of: vertex) }
160 | @inlinable public func degree(of vertex: T) -> Int { return outDegree(of: vertex) }
| `- error: instance method 'outDegree(of:)' is internal and cannot be referenced from an '@inlinable' function
161 | }
162 |
/Users/admin/builder/spi-builder-workspace/Sources/SwiftGraphs/SimpleGraph.swift:62:17: note: instance method 'outDegree(of:)' is not '@usableFromInline' or public
60 | }
61 |
62 | public func outDegree(of vertex: T) -> Int {
| `- note: instance method 'outDegree(of:)' is not '@usableFromInline' or public
63 | return colptr[Int(vertex) + 1] - colptr[Int(vertex)]
64 | }
Failed frontend command:
/Applications/Xcode-27.0.0-Release.Candidate.app/Contents/Developer/Toolchains/XcodeDefault.xctoolchain/usr/bin/swift-frontend -frontend -emit-module -experimental-skip-non-inlinable-function-bodies-without-types /Users/admin/builder/spi-builder-workspace/Sources/SwiftGraphs/AbstractGraph.swift /Users/admin/builder/spi-builder-workspace/Sources/SwiftGraphs/Degeneracy.swift /Users/admin/builder/spi-builder-workspace/Sources/SwiftGraphs/DiGraph.swift /Users/admin/builder/spi-builder-workspace/Sources/SwiftGraphs/Dijkstra.swift /Users/admin/builder/spi-builder-workspace/Sources/SwiftGraphs/Edge.swift /Users/admin/builder/spi-builder-workspace/Sources/SwiftGraphs/Graph.swift /Users/admin/builder/spi-builder-workspace/Sources/SwiftGraphs/LineReader.swift /Users/admin/builder/spi-builder-workspace/Sources/SwiftGraphs/PriorityQueue.swift /Users/admin/builder/spi-builder-workspace/Sources/SwiftGraphs/RandomAccessCollectionExtensions.swift /Users/admin/builder/spi-builder-workspace/Sources/SwiftGraphs/SimpleGraph.swift /Users/admin/builder/spi-builder-workspace/Sources/SwiftGraphs/Time.swift /Users/admin/builder/spi-builder-workspace/Sources/SwiftGraphs/UnsafeArray.swift /Users/admin/builder/spi-builder-workspace/Sources/SwiftGraphs/radixSort.swift -target arm64-apple-xros1.0 -Xllvm -aarch64-use-tbi -enable-objc-interop -stack-check -sdk /Applications/Xcode-27.0.0-Release.Candidate.app/Contents/Developer/Platforms/XROS.platform/Developer/SDKs/XROS27.0.sdk -I /Users/admin/builder/spi-builder-workspace/.derivedData/Build/Products/Debug-xros -Isystem /Applications/Xcode-27.0.0-Release.Candidate.app/Contents/Developer/Platforms/XROS.platform/Developer/usr/lib -F /Users/admin/builder/spi-builder-workspace/.derivedData/Build/Products/Debug-xros/PackageFrameworks -F /Users/admin/builder/spi-builder-workspace/.derivedData/Build/Products/Debug-xros -F /Applications/Xcode-27.0.0-Release.Candidate.app/Contents/Developer/Platforms/XROS.platform/Developer/Library/Frameworks -F /Applications/Xcode-27.0.0-Release.Candidate.app/Contents/Developer/Platforms/XROS.platform/Developer/SDKs/XROS27.0.sdk/Developer/Library/Frameworks -module-cache-path /Users/admin/builder/spi-builder-workspace/.derivedData/ModuleCache.noindex -no-color-diagnostics -Xcc -fno-color-diagnostics -enable-testing -g -debug-info-format\=dwarf -dwarf-version\=4 -profile-generate -profile-coverage-mapping -swift-version 4 -Onone -D SWIFT_PACKAGE -D DEBUG -D SWIFT_MODULE_RESOURCE_BUNDLE_UNAVAILABLE -D Xcode -serialize-debugging-options -enable-experimental-feature DebugDescriptionMacro -empty-abi-descriptor -plugin-path /Applications/Xcode-27.0.0-Release.Candidate.app/Contents/Developer/Toolchains/XcodeDefault.xctoolchain/usr/lib/swift/host/plugins/testing -validate-clang-modules-once -clang-build-session-file /Users/admin/builder/spi-builder-workspace/.derivedData/ModuleCache.noindex/Session.modulevalidation -Xcc -working-directory -Xcc /Users/admin/builder/spi-builder-workspace/.swiftpm/xcode -enable-anonymous-context-mangled-names -file-compilation-dir /Users/admin/builder/spi-builder-workspace/.swiftpm/xcode -Xcc -fmodule-map-file\=/Users/admin/builder/spi-builder-workspace/.dependencies/checkouts/GzipSwift/Sources/system-zlib/include/module.modulemap -Xcc -D_LIBCPP_HARDENING_MODE\=_LIBCPP_HARDENING_MODE_DEBUG -Xcc -ivfsstatcache -Xcc /Users/admin/builder/spi-builder-workspace/.derivedData/SDKStatCaches.noindex/xros27.0-24M361-e829b21a6f8c9b70876ba0858053c044735bd543db762f57723cac368afd1ce4.sdkstatcache -Xcc -fmodules-prune-interval\=86400 -Xcc -fmodules-prune-after\=345600 -Xcc -I/Users/admin/builder/spi-builder-workspace/.dependencies/checkouts/GzipSwift/Sources/system-zlib/include -Xcc -I/Users/admin/builder/spi-builder-workspace/.derivedData/Build/Products/Debug-xros/include -Xcc -I/Users/admin/builder/spi-builder-workspace/.derivedData/Build/Intermediates.noindex/SwiftGraphs.build/Debug-xros/SwiftGraphs-t.build/DerivedSources-normal/arm64 -Xcc -I/Users/admin/builder/spi-builder-workspace/.derivedData/Build/Intermediates.noindex/SwiftGraphs.build/Debug-xros/SwiftGraphs-t.build/DerivedSources/arm64 -Xcc -I/Users/admin/builder/spi-builder-workspace/.derivedData/Build/Intermediates.noindex/SwiftGraphs.build/Debug-xros/SwiftGraphs-t.build/DerivedSources -Xcc -DSWIFT_PACKAGE -Xcc -DDEBUG\=1 -no-auto-bridging-header-chaining -module-name SwiftGraphs -const-gather-protocols-file /Users/admin/builder/spi-builder-workspace/.derivedData/Build/Intermediates.noindex/SwiftGraphs.build/Debug-xros/SwiftGraphs-t.build/Objects-normal/arm64/SwiftGraphs_const_extract_protocols.json -disable-clang-spi -target-sdk-version 27.0 -target-sdk-name xros27.0 -external-plugin-path /Applications/Xcode-27.0.0-Release.Candidate.app/Contents/Developer/Platforms/XROS.platform/Developer/usr/lib/swift/host/plugins\#/Applications/Xcode-27.0.0-Release.Candidate.app/Contents/Developer/Platforms/XROS.platform/Developer/usr/bin/swift-plugin-server -external-plugin-path /Applications/Xcode-27.0.0-Release.Candidate.app/Contents/Developer/Platforms/XROS.platform/Developer/usr/local/lib/swift/host/plugins\#/Applications/Xcode-27.0.0-Release.Candidate.app/Contents/Developer/Platforms/XROS.platform/Developer/usr/bin/swift-plugin-server -in-process-plugin-server-path /Applications/Xcode-27.0.0-Release.Candidate.app/Contents/Developer/Toolchains/XcodeDefault.xctoolchain/usr/lib/swift/host/libSwiftInProcPluginServer.dylib -plugin-path /Applications/Xcode-27.0.0-Release.Candidate.app/Contents/Developer/Toolchains/XcodeDefault.xctoolchain/usr/lib/swift/host/plugins -plugin-path /Applications/Xcode-27.0.0-Release.Candidate.app/Contents/Developer/Toolchains/XcodeDefault.xctoolchain/usr/local/lib/swift/host/plugins -emit-module-doc-path /Users/admin/builder/spi-builder-workspace/.derivedData/Build/Intermediates.noindex/SwiftGraphs.build/Debug-xros/SwiftGraphs-t.build/Objects-normal/arm64/SwiftGraphs.swiftdoc -emit-module-source-info-path /Users/admin/builder/spi-builder-workspace/.derivedData/Build/Intermediates.noindex/SwiftGraphs.build/Debug-xros/SwiftGraphs-t.build/Objects-normal/arm64/SwiftGraphs.swiftsourceinfo -emit-objc-header-path /Users/admin/builder/spi-builder-workspace/.derivedData/Build/Intermediates.noindex/SwiftGraphs.build/Debug-xros/SwiftGraphs-t.build/Objects-normal/arm64/SwiftGraphs-Swift.h -serialize-diagnostics-path /Users/admin/builder/spi-builder-workspace/.derivedData/Build/Intermediates.noindex/SwiftGraphs.build/Debug-xros/SwiftGraphs-t.build/Objects-normal/arm64/SwiftGraphs-primary-emit-module.dia -emit-dependencies-path /Users/admin/builder/spi-builder-workspace/.derivedData/Build/Intermediates.noindex/SwiftGraphs.build/Debug-xros/SwiftGraphs-t.build/Objects-normal/arm64/SwiftGraphs-primary-emit-module.d -parse-as-library -o /Users/admin/builder/spi-builder-workspace/.derivedData/Build/Intermediates.noindex/SwiftGraphs.build/Debug-xros/SwiftGraphs-t.build/Objects-normal/arm64/SwiftGraphs.swiftmodule -emit-abi-descriptor-path /Users/admin/builder/spi-builder-workspace/.derivedData/Build/Intermediates.noindex/SwiftGraphs.build/Debug-xros/SwiftGraphs-t.build/Objects-normal/arm64/SwiftGraphs.abi.json
SwiftCompile normal arm64 (in target 'SwiftGraphs' from project 'SwiftGraphs')
cd /Users/admin/builder/spi-builder-workspace/.swiftpm/xcode
SwiftCompile normal arm64 Compiling\ Time.swift /Users/admin/builder/spi-builder-workspace/Sources/SwiftGraphs/Time.swift (in target 'SwiftGraphs' from project 'SwiftGraphs')
SwiftCompile normal arm64 /Users/admin/builder/spi-builder-workspace/Sources/SwiftGraphs/Time.swift (in target 'SwiftGraphs' from project 'SwiftGraphs')
cd /Users/admin/builder/spi-builder-workspace/.swiftpm/xcode
builtin-SwiftPerFileCompile Time.swift
SwiftCompile normal arm64 Compiling\ SimpleGraph.swift /Users/admin/builder/spi-builder-workspace/Sources/SwiftGraphs/SimpleGraph.swift (in target 'SwiftGraphs' from project 'SwiftGraphs')
SwiftCompile normal arm64 /Users/admin/builder/spi-builder-workspace/Sources/SwiftGraphs/SimpleGraph.swift (in target 'SwiftGraphs' from project 'SwiftGraphs')
cd /Users/admin/builder/spi-builder-workspace/.swiftpm/xcode
builtin-SwiftPerFileCompile SimpleGraph.swift
SwiftCompile normal arm64 Compiling\ radixSort.swift /Users/admin/builder/spi-builder-workspace/Sources/SwiftGraphs/radixSort.swift (in target 'SwiftGraphs' from project 'SwiftGraphs')
SwiftCompile normal arm64 /Users/admin/builder/spi-builder-workspace/Sources/SwiftGraphs/radixSort.swift (in target 'SwiftGraphs' from project 'SwiftGraphs')
cd /Users/admin/builder/spi-builder-workspace/.swiftpm/xcode
builtin-SwiftPerFileCompile radixSort.swift
SwiftCompile normal arm64 Compiling\ RandomAccessCollectionExtensions.swift /Users/admin/builder/spi-builder-workspace/Sources/SwiftGraphs/RandomAccessCollectionExtensions.swift (in target 'SwiftGraphs' from project 'SwiftGraphs')
SwiftCompile normal arm64 /Users/admin/builder/spi-builder-workspace/Sources/SwiftGraphs/RandomAccessCollectionExtensions.swift (in target 'SwiftGraphs' from project 'SwiftGraphs')
cd /Users/admin/builder/spi-builder-workspace/.swiftpm/xcode
builtin-SwiftPerFileCompile RandomAccessCollectionExtensions.swift
SwiftCompile normal arm64 Compiling\ LineReader.swift /Users/admin/builder/spi-builder-workspace/Sources/SwiftGraphs/LineReader.swift (in target 'SwiftGraphs' from project 'SwiftGraphs')
SwiftCompile normal arm64 /Users/admin/builder/spi-builder-workspace/Sources/SwiftGraphs/LineReader.swift (in target 'SwiftGraphs' from project 'SwiftGraphs')
cd /Users/admin/builder/spi-builder-workspace/.swiftpm/xcode
builtin-SwiftPerFileCompile LineReader.swift
PruneExplicitPrecompiledModules /Users/admin/builder/spi-builder-workspace/.derivedData/Build/Intermediates.noindex/ExplicitPrecompiledModules
PruneExplicitPrecompiledModules /Users/admin/builder/spi-builder-workspace/.derivedData/Build/Intermediates.noindex/SwiftExplicitPrecompiledModules
PruneExplicitPrecompiledModules /Users/admin/builder/spi-builder-workspace/.derivedData/SDKExplicitPrecompiledModules
2026-09-16 00:15:03.905 xcodebuild[685:4360] [MT] IDERunDestination: Supported platforms for the buildables in the current scheme is empty.
** BUILD FAILED **
The following build commands failed:
SwiftEmitModule normal arm64 Emitting\ module\ for\ SwiftGraphs (in target 'SwiftGraphs' from project 'SwiftGraphs')
SwiftCompile normal arm64 (in target 'SwiftGraphs' from project 'SwiftGraphs')
Building workspace SwiftGraphs with scheme SwiftGraphs
(3 failures)
Command line invocation:
/Applications/Xcode-27.0.0-Release.Candidate.app/Contents/Developer/usr/bin/xcodebuild -IDEClonedSourcePackagesDirPathOverride=/Users/admin/builder/spi-builder-workspace/.dependencies -resolvePackageDependencies
Resolve Package Graph
Resolved source packages:
Gzip: https://github.com/1024jp/GzipSwift.git @ 4.1.0
SwiftGraphs: /Users/admin/builder/spi-builder-workspace
resolved source packages: Gzip, SwiftGraphs
2026-09-16 00:15:09.178 xcodebuild[739:4633] [MT] IDERunDestination: Supported platforms for the buildables in the current scheme is empty.
{
"dependencies" : [
{
"identity" : "gzipswift",
"requirement" : {
"range" : [
{
"lower_bound" : "4.0.4",
"upper_bound" : "5.0.0"
}
]
},
"type" : "sourceControl",
"url" : "https://github.com/1024jp/GzipSwift.git"
}
],
"manifest_display_name" : "SwiftGraphs",
"name" : "SwiftGraphs",
"path" : "/Users/admin/builder/spi-builder-workspace",
"platforms" : [
],
"products" : [
{
"name" : "SwiftGraphs",
"targets" : [
"SwiftGraphs"
],
"type" : {
"library" : [
"automatic"
]
}
}
],
"targets" : [
{
"c99name" : "SwiftGraphsTests",
"module_type" : "SwiftTarget",
"name" : "SwiftGraphsTests",
"path" : "Tests/SwiftGraphsTests",
"product_dependencies" : [
"Gzip"
],
"sources" : [
"SwiftGraphsTests.swift",
"XCTestManifests.swift"
],
"target_dependencies" : [
"SwiftGraphs"
],
"type" : "test"
},
{
"c99name" : "SwiftGraphs",
"module_type" : "SwiftTarget",
"name" : "SwiftGraphs",
"path" : "Sources/SwiftGraphs",
"product_dependencies" : [
"Gzip"
],
"product_memberships" : [
"SwiftGraphs"
],
"sources" : [
"AbstractGraph.swift",
"Degeneracy.swift",
"DiGraph.swift",
"Dijkstra.swift",
"Edge.swift",
"Graph.swift",
"LineReader.swift",
"PriorityQueue.swift",
"RandomAccessCollectionExtensions.swift",
"SimpleGraph.swift",
"Time.swift",
"UnsafeArray.swift",
"radixSort.swift"
],
"type" : "library"
}
],
"tools_version" : "4.0"
}
{
"workspace" : {
"name" : "SwiftGraphs",
"schemes" : [
"SwiftGraphs"
]
}
}
2026-09-16 00:15:10.434 xcodebuild[747:4699] [MT] IDERunDestination: Supported platforms for the buildables in the current scheme is empty.
Running build ...
env DEVELOPER_DIR=/Applications/Xcode-27.0.0-Release.Candidate.app xcrun xcodebuild -IDEClonedSourcePackagesDirPathOverride=$PWD/.dependencies -skipMacroValidation -skipPackagePluginValidation -derivedDataPath $PWD/.derivedData build -scheme SwiftGraphs -destination generic/platform=xrOS
Command line invocation:
/Applications/Xcode-27.0.0-Release.Candidate.app/Contents/Developer/usr/bin/xcodebuild -IDEClonedSourcePackagesDirPathOverride=/Users/admin/builder/spi-builder-workspace/.dependencies -skipMacroValidation -skipPackagePluginValidation -derivedDataPath /Users/admin/builder/spi-builder-workspace/.derivedData build -scheme SwiftGraphs -destination generic/platform=xrOS
Resolve Package Graph
Resolved source packages:
Gzip: https://github.com/1024jp/GzipSwift.git @ 4.1.0
SwiftGraphs: /Users/admin/builder/spi-builder-workspace
ComputePackagePrebuildTargetDependencyGraph
Prepare packages
CreateBuildRequest
SendProjectDescription
CreateBuildOperation
ComputeTargetDependencyGraph
note: Building targets in dependency order
note: Target dependency graph (5 targets)
Target 'SwiftGraphs-product' in project 'SwiftGraphs'
➜ Explicit dependency on target 'SwiftGraphs' in project 'SwiftGraphs'
➜ Explicit dependency on target 'Gzip-product' in project 'Gzip'
Target 'SwiftGraphs' in project 'SwiftGraphs'
➜ Explicit dependency on target 'Gzip-product' in project 'Gzip'
Target 'Gzip-product' in project 'Gzip'
➜ Explicit dependency on target 'Gzip' in project 'Gzip'
➜ Explicit dependency on target 'system-zlib' in project 'Gzip'
Target 'Gzip' in project 'Gzip'
➜ Explicit dependency on target 'system-zlib' in project 'Gzip'
Target 'system-zlib' in project 'Gzip' (no dependencies)
GatherProvisioningInputs
CreateBuildDescription
ClangStatCache /Applications/Xcode-27.0.0-Release.Candidate.app/Contents/Developer/Toolchains/XcodeDefault.xctoolchain/usr/bin/clang-stat-cache /Applications/Xcode-27.0.0-Release.Candidate.app/Contents/Developer/Platforms/XROS.platform/Developer/SDKs/XROS27.0.sdk /Users/admin/builder/spi-builder-workspace/.derivedData/SDKStatCaches.noindex/xros27.0-24M361-e829b21a6f8c9b70876ba0858053c044735bd543db762f57723cac368afd1ce4.sdkstatcache
cd /Users/admin/builder/spi-builder-workspace/.swiftpm/xcode
/Applications/Xcode-27.0.0-Release.Candidate.app/Contents/Developer/Toolchains/XcodeDefault.xctoolchain/usr/bin/clang-stat-cache /Applications/Xcode-27.0.0-Release.Candidate.app/Contents/Developer/Platforms/XROS.platform/Developer/SDKs/XROS27.0.sdk -o /Users/admin/builder/spi-builder-workspace/.derivedData/SDKStatCaches.noindex/xros27.0-24M361-e829b21a6f8c9b70876ba0858053c044735bd543db762f57723cac368afd1ce4.sdkstatcache
SwiftDriver Gzip normal arm64 com.apple.xcode.tools.swift.compiler (in target 'Gzip' from project 'Gzip')
cd /Users/admin/builder/spi-builder-workspace/.swiftpm/xcode
builtin-SwiftDriver -- /Applications/Xcode-27.0.0-Release.Candidate.app/Contents/Developer/Toolchains/XcodeDefault.xctoolchain/usr/bin/swiftc -parse-as-library -module-name Gzip -Onone @/Users/admin/builder/spi-builder-workspace/.derivedData/Build/Intermediates.noindex/Gzip.build/Debug-xros/Gzip-t.build/Objects-normal/arm64/Gzip.SwiftFileList -DSWIFT_PACKAGE -DDEBUG -DSWIFT_MODULE_RESOURCE_BUNDLE_UNAVAILABLE -Xcc -fmodule-map-file\=/Users/admin/builder/spi-builder-workspace/.dependencies/checkouts/GzipSwift/Sources/system-zlib/include/module.modulemap -DXcode -plugin-path /Applications/Xcode-27.0.0-Release.Candidate.app/Contents/Developer/Toolchains/XcodeDefault.xctoolchain/usr/lib/swift/host/plugins/testing -enable-experimental-feature DebugDescriptionMacro -sdk /Applications/Xcode-27.0.0-Release.Candidate.app/Contents/Developer/Platforms/XROS.platform/Developer/SDKs/XROS27.0.sdk -target arm64-apple-xros1.0 -g -module-cache-path /Users/admin/builder/spi-builder-workspace/.derivedData/ModuleCache.noindex -Xfrontend -serialize-debugging-options -profile-coverage-mapping -profile-generate -enable-testing -suppress-warnings -index-store-path /Users/admin/builder/spi-builder-workspace/.derivedData/Index.noindex/DataStore -Xcc -D_LIBCPP_HARDENING_MODE\=_LIBCPP_HARDENING_MODE_DEBUG -swift-version 4 -I /Users/admin/builder/spi-builder-workspace/.derivedData/Build/Products/Debug-xros -Isystem /Applications/Xcode-27.0.0-Release.Candidate.app/Contents/Developer/Platforms/XROS.platform/Developer/usr/lib -F /Users/admin/builder/spi-builder-workspace/.derivedData/Build/Products/Debug-xros/PackageFrameworks -F /Users/admin/builder/spi-builder-workspace/.derivedData/Build/Products/Debug-xros -F /Applications/Xcode-27.0.0-Release.Candidate.app/Contents/Developer/Platforms/XROS.platform/Developer/Library/Frameworks -F /Applications/Xcode-27.0.0-Release.Candidate.app/Contents/Developer/Platforms/XROS.platform/Developer/SDKs/XROS27.0.sdk/Developer/Library/Frameworks -c -j10 -enable-batch-mode -incremental -Xcc -ivfsstatcache -Xcc /Users/admin/builder/spi-builder-workspace/.derivedData/SDKStatCaches.noindex/xros27.0-24M361-e829b21a6f8c9b70876ba0858053c044735bd543db762f57723cac368afd1ce4.sdkstatcache -output-file-map /Users/admin/builder/spi-builder-workspace/.derivedData/Build/Intermediates.noindex/Gzip.build/Debug-xros/Gzip-t.build/Objects-normal/arm64/Gzip-OutputFileMap.json -save-temps -no-color-diagnostics -emit-dependencies -emit-module -emit-module-path /Users/admin/builder/spi-builder-workspace/.derivedData/Build/Intermediates.noindex/Gzip.build/Debug-xros/Gzip-t.build/Objects-normal/arm64/Gzip.swiftmodule -serialize-diagnostics -validate-clang-modules-once -clang-build-session-file /Users/admin/builder/spi-builder-workspace/.derivedData/ModuleCache.noindex/Session.modulevalidation -Xcc -fmodules-prune-interval\=86400 -Xcc -fmodules-prune-after\=345600 -emit-const-values -const-gather-protocols-list /Users/admin/builder/spi-builder-workspace/.derivedData/Build/Intermediates.noindex/Gzip.build/Debug-xros/Gzip-t.build/Objects-normal/arm64/Gzip_const_extract_protocols.json -Xcc -I/Users/admin/builder/spi-builder-workspace/.dependencies/checkouts/GzipSwift/Sources/system-zlib/include -Xcc -I/Users/admin/builder/spi-builder-workspace/.derivedData/Build/Products/Debug-xros/include -Xcc -I/Users/admin/builder/spi-builder-workspace/.derivedData/Build/Intermediates.noindex/Gzip.build/Debug-xros/Gzip-t.build/DerivedSources-normal/arm64 -Xcc -I/Users/admin/builder/spi-builder-workspace/.derivedData/Build/Intermediates.noindex/Gzip.build/Debug-xros/Gzip-t.build/DerivedSources/arm64 -Xcc -I/Users/admin/builder/spi-builder-workspace/.derivedData/Build/Intermediates.noindex/Gzip.build/Debug-xros/Gzip-t.build/DerivedSources -Xcc -DSWIFT_PACKAGE -Xcc -DDEBUG\=1 -emit-objc-header -emit-objc-header-path /Users/admin/builder/spi-builder-workspace/.derivedData/Build/Intermediates.noindex/Gzip.build/Debug-xros/Gzip-t.build/Objects-normal/arm64/Gzip-Swift.h -working-directory /Users/admin/builder/spi-builder-workspace/.swiftpm/xcode -experimental-emit-module-separately -disable-cmo
SwiftDriver SwiftGraphs normal arm64 com.apple.xcode.tools.swift.compiler (in target 'SwiftGraphs' from project 'SwiftGraphs')
cd /Users/admin/builder/spi-builder-workspace/.swiftpm/xcode
builtin-SwiftDriver -- /Applications/Xcode-27.0.0-Release.Candidate.app/Contents/Developer/Toolchains/XcodeDefault.xctoolchain/usr/bin/swiftc -parse-as-library -module-name SwiftGraphs -Onone @/Users/admin/builder/spi-builder-workspace/.derivedData/Build/Intermediates.noindex/SwiftGraphs.build/Debug-xros/SwiftGraphs-t.build/Objects-normal/arm64/SwiftGraphs.SwiftFileList -DSWIFT_PACKAGE -DDEBUG -DSWIFT_MODULE_RESOURCE_BUNDLE_UNAVAILABLE -Xcc -fmodule-map-file\=/Users/admin/builder/spi-builder-workspace/.dependencies/checkouts/GzipSwift/Sources/system-zlib/include/module.modulemap -DXcode -plugin-path /Applications/Xcode-27.0.0-Release.Candidate.app/Contents/Developer/Toolchains/XcodeDefault.xctoolchain/usr/lib/swift/host/plugins/testing -enable-experimental-feature DebugDescriptionMacro -sdk /Applications/Xcode-27.0.0-Release.Candidate.app/Contents/Developer/Platforms/XROS.platform/Developer/SDKs/XROS27.0.sdk -target arm64-apple-xros1.0 -g -module-cache-path /Users/admin/builder/spi-builder-workspace/.derivedData/ModuleCache.noindex -Xfrontend -serialize-debugging-options -profile-coverage-mapping -profile-generate -enable-testing -index-store-path /Users/admin/builder/spi-builder-workspace/.derivedData/Index.noindex/DataStore -Xcc -D_LIBCPP_HARDENING_MODE\=_LIBCPP_HARDENING_MODE_DEBUG -swift-version 4 -I /Users/admin/builder/spi-builder-workspace/.derivedData/Build/Products/Debug-xros -Isystem /Applications/Xcode-27.0.0-Release.Candidate.app/Contents/Developer/Platforms/XROS.platform/Developer/usr/lib -F /Users/admin/builder/spi-builder-workspace/.derivedData/Build/Products/Debug-xros/PackageFrameworks -F /Users/admin/builder/spi-builder-workspace/.derivedData/Build/Products/Debug-xros -F /Applications/Xcode-27.0.0-Release.Candidate.app/Contents/Developer/Platforms/XROS.platform/Developer/Library/Frameworks -F /Applications/Xcode-27.0.0-Release.Candidate.app/Contents/Developer/Platforms/XROS.platform/Developer/SDKs/XROS27.0.sdk/Developer/Library/Frameworks -c -j10 -enable-batch-mode -incremental -Xcc -ivfsstatcache -Xcc /Users/admin/builder/spi-builder-workspace/.derivedData/SDKStatCaches.noindex/xros27.0-24M361-e829b21a6f8c9b70876ba0858053c044735bd543db762f57723cac368afd1ce4.sdkstatcache -output-file-map /Users/admin/builder/spi-builder-workspace/.derivedData/Build/Intermediates.noindex/SwiftGraphs.build/Debug-xros/SwiftGraphs-t.build/Objects-normal/arm64/SwiftGraphs-OutputFileMap.json -save-temps -no-color-diagnostics -emit-dependencies -emit-module -emit-module-path /Users/admin/builder/spi-builder-workspace/.derivedData/Build/Intermediates.noindex/SwiftGraphs.build/Debug-xros/SwiftGraphs-t.build/Objects-normal/arm64/SwiftGraphs.swiftmodule -serialize-diagnostics -validate-clang-modules-once -clang-build-session-file /Users/admin/builder/spi-builder-workspace/.derivedData/ModuleCache.noindex/Session.modulevalidation -Xcc -fmodules-prune-interval\=86400 -Xcc -fmodules-prune-after\=345600 -emit-const-values -const-gather-protocols-list /Users/admin/builder/spi-builder-workspace/.derivedData/Build/Intermediates.noindex/SwiftGraphs.build/Debug-xros/SwiftGraphs-t.build/Objects-normal/arm64/SwiftGraphs_const_extract_protocols.json -Xcc -I/Users/admin/builder/spi-builder-workspace/.dependencies/checkouts/GzipSwift/Sources/system-zlib/include -Xcc -I/Users/admin/builder/spi-builder-workspace/.derivedData/Build/Products/Debug-xros/include -Xcc -I/Users/admin/builder/spi-builder-workspace/.derivedData/Build/Intermediates.noindex/SwiftGraphs.build/Debug-xros/SwiftGraphs-t.build/DerivedSources-normal/arm64 -Xcc -I/Users/admin/builder/spi-builder-workspace/.derivedData/Build/Intermediates.noindex/SwiftGraphs.build/Debug-xros/SwiftGraphs-t.build/DerivedSources/arm64 -Xcc -I/Users/admin/builder/spi-builder-workspace/.derivedData/Build/Intermediates.noindex/SwiftGraphs.build/Debug-xros/SwiftGraphs-t.build/DerivedSources -Xcc -DSWIFT_PACKAGE -Xcc -DDEBUG\=1 -emit-objc-header -emit-objc-header-path /Users/admin/builder/spi-builder-workspace/.derivedData/Build/Intermediates.noindex/SwiftGraphs.build/Debug-xros/SwiftGraphs-t.build/Objects-normal/arm64/SwiftGraphs-Swift.h -working-directory /Users/admin/builder/spi-builder-workspace/.swiftpm/xcode -experimental-emit-module-separately -disable-cmo
SwiftCompile normal arm64 Compiling\ Data+Gzip.swift /Users/admin/builder/spi-builder-workspace/.dependencies/checkouts/GzipSwift/Sources/Gzip/Data+Gzip.swift (in target 'Gzip' from project 'Gzip')
SwiftCompile normal arm64 /Users/admin/builder/spi-builder-workspace/.dependencies/checkouts/GzipSwift/Sources/Gzip/Data+Gzip.swift (in target 'Gzip' from project 'Gzip')
cd /Users/admin/builder/spi-builder-workspace/.swiftpm/xcode
builtin-SwiftPerFileCompile Data+Gzip.swift
SwiftEmitModule normal arm64 Emitting\ module\ for\ Gzip (in target 'Gzip' from project 'Gzip')
SwiftCompile normal arm64 (in target 'Gzip' from project 'Gzip')
cd /Users/admin/builder/spi-builder-workspace/.swiftpm/xcode
SwiftCompile normal arm64 Compiling\ LineReader.swift /Users/admin/builder/spi-builder-workspace/Sources/SwiftGraphs/LineReader.swift (in target 'SwiftGraphs' from project 'SwiftGraphs')
SwiftCompile normal arm64 /Users/admin/builder/spi-builder-workspace/Sources/SwiftGraphs/LineReader.swift (in target 'SwiftGraphs' from project 'SwiftGraphs')
cd /Users/admin/builder/spi-builder-workspace/.swiftpm/xcode
builtin-SwiftPerFileCompile LineReader.swift
SwiftCompile normal arm64 Compiling\ PriorityQueue.swift /Users/admin/builder/spi-builder-workspace/Sources/SwiftGraphs/PriorityQueue.swift (in target 'SwiftGraphs' from project 'SwiftGraphs')
SwiftCompile normal arm64 /Users/admin/builder/spi-builder-workspace/Sources/SwiftGraphs/PriorityQueue.swift (in target 'SwiftGraphs' from project 'SwiftGraphs')
cd /Users/admin/builder/spi-builder-workspace/.swiftpm/xcode
builtin-SwiftPerFileCompile PriorityQueue.swift
SwiftCompile normal arm64 Compiling\ SimpleGraph.swift /Users/admin/builder/spi-builder-workspace/Sources/SwiftGraphs/SimpleGraph.swift (in target 'SwiftGraphs' from project 'SwiftGraphs')
SwiftCompile normal arm64 /Users/admin/builder/spi-builder-workspace/Sources/SwiftGraphs/SimpleGraph.swift (in target 'SwiftGraphs' from project 'SwiftGraphs')
cd /Users/admin/builder/spi-builder-workspace/.swiftpm/xcode
builtin-SwiftPerFileCompile SimpleGraph.swift
SwiftCompile normal arm64 Compiling\ DiGraph.swift,\ Dijkstra.swift /Users/admin/builder/spi-builder-workspace/Sources/SwiftGraphs/DiGraph.swift /Users/admin/builder/spi-builder-workspace/Sources/SwiftGraphs/Dijkstra.swift (in target 'SwiftGraphs' from project 'SwiftGraphs')
SwiftCompile normal arm64 /Users/admin/builder/spi-builder-workspace/Sources/SwiftGraphs/DiGraph.swift (in target 'SwiftGraphs' from project 'SwiftGraphs')
cd /Users/admin/builder/spi-builder-workspace/.swiftpm/xcode
builtin-SwiftPerFileCompile DiGraph.swift
SwiftCompile normal arm64 /Users/admin/builder/spi-builder-workspace/Sources/SwiftGraphs/Dijkstra.swift (in target 'SwiftGraphs' from project 'SwiftGraphs')
cd /Users/admin/builder/spi-builder-workspace/.swiftpm/xcode
builtin-SwiftPerFileCompile Dijkstra.swift
SwiftCompile normal arm64 Compiling\ Edge.swift,\ Graph.swift /Users/admin/builder/spi-builder-workspace/Sources/SwiftGraphs/Edge.swift /Users/admin/builder/spi-builder-workspace/Sources/SwiftGraphs/Graph.swift (in target 'SwiftGraphs' from project 'SwiftGraphs')
/Users/admin/builder/spi-builder-workspace/Sources/SwiftGraphs/Graph.swift:80:28: error: initializer 'init(path:)' is internal and cannot be referenced from an '@inlinable' function
78 | let offset = oneIndexed ? -1 : 0
79 |
80 | guard let reader = LineReader(path: fileName) else {
| `- error: initializer 'init(path:)' is internal and cannot be referenced from an '@inlinable' function
81 | fatalError("error opening file \(fileName)")
82 | }
/Users/admin/builder/spi-builder-workspace/Sources/SwiftGraphs/LineReader.swift:11:5: note: initializer 'init(path:)' is not '@usableFromInline' or public
9 | fileprivate let file: UnsafeMutablePointer<FILE>!
10 |
11 | init?(path: String) {
| `- note: initializer 'init(path:)' is not '@usableFromInline' or public
12 | self.path = path
13 | file = fopen(path, "r")
/Users/admin/builder/spi-builder-workspace/Sources/SwiftGraphs/Graph.swift:156:80: error: instance method 'outNeighbors(of:)' is internal and cannot be referenced from an '@inlinable' function
154 | }
155 |
156 | @inlinable public func inNeighbors(of vertex: T) -> ArraySlice<T> { return outNeighbors(of: vertex) }
| `- error: instance method 'outNeighbors(of:)' is internal and cannot be referenced from an '@inlinable' function
157 | @inlinable public func neighbors(of vertex: T) -> ArraySlice<T> { return outNeighbors(of: vertex) }
158 |
/Users/admin/builder/spi-builder-workspace/Sources/SwiftGraphs/SimpleGraph.swift:34:17: note: instance method 'outNeighbors(of:)' is not '@usableFromInline' or public
32 | }
33 |
34 | public func outNeighbors(of vertex: T) -> ArraySlice<T> {
| `- note: instance method 'outNeighbors(of:)' is not '@usableFromInline' or public
35 | let range = vecRange(Array<T>.Index(vertex))
36 | return rowidx[range]
/Users/admin/builder/spi-builder-workspace/Sources/SwiftGraphs/Graph.swift:157:78: error: instance method 'outNeighbors(of:)' is internal and cannot be referenced from an '@inlinable' function
155 |
156 | @inlinable public func inNeighbors(of vertex: T) -> ArraySlice<T> { return outNeighbors(of: vertex) }
157 | @inlinable public func neighbors(of vertex: T) -> ArraySlice<T> { return outNeighbors(of: vertex) }
| `- error: instance method 'outNeighbors(of:)' is internal and cannot be referenced from an '@inlinable' function
158 |
159 | @inlinable public func inDegree(of vertex: T) -> Int { return outDegree(of: vertex) }
/Users/admin/builder/spi-builder-workspace/Sources/SwiftGraphs/SimpleGraph.swift:34:17: note: instance method 'outNeighbors(of:)' is not '@usableFromInline' or public
32 | }
33 |
34 | public func outNeighbors(of vertex: T) -> ArraySlice<T> {
| `- note: instance method 'outNeighbors(of:)' is not '@usableFromInline' or public
35 | let range = vecRange(Array<T>.Index(vertex))
36 | return rowidx[range]
/Users/admin/builder/spi-builder-workspace/Sources/SwiftGraphs/Graph.swift:159:67: error: instance method 'outDegree(of:)' is internal and cannot be referenced from an '@inlinable' function
157 | @inlinable public func neighbors(of vertex: T) -> ArraySlice<T> { return outNeighbors(of: vertex) }
158 |
159 | @inlinable public func inDegree(of vertex: T) -> Int { return outDegree(of: vertex) }
| `- error: instance method 'outDegree(of:)' is internal and cannot be referenced from an '@inlinable' function
160 | @inlinable public func degree(of vertex: T) -> Int { return outDegree(of: vertex) }
161 | }
/Users/admin/builder/spi-builder-workspace/Sources/SwiftGraphs/SimpleGraph.swift:62:17: note: instance method 'outDegree(of:)' is not '@usableFromInline' or public
60 | }
61 |
62 | public func outDegree(of vertex: T) -> Int {
| `- note: instance method 'outDegree(of:)' is not '@usableFromInline' or public
63 | return colptr[Int(vertex) + 1] - colptr[Int(vertex)]
64 | }
SwiftCompile normal arm64 /Users/admin/builder/spi-builder-workspace/Sources/SwiftGraphs/Edge.swift (in target 'SwiftGraphs' from project 'SwiftGraphs')
cd /Users/admin/builder/spi-builder-workspace/.swiftpm/xcode
builtin-SwiftPerFileCompile Edge.swift
SwiftCompile normal arm64 /Users/admin/builder/spi-builder-workspace/Sources/SwiftGraphs/Graph.swift (in target 'SwiftGraphs' from project 'SwiftGraphs')
cd /Users/admin/builder/spi-builder-workspace/.swiftpm/xcode
builtin-SwiftPerFileCompile Graph.swift
SwiftCompile normal arm64 Compiling\ AbstractGraph.swift,\ Degeneracy.swift /Users/admin/builder/spi-builder-workspace/Sources/SwiftGraphs/AbstractGraph.swift /Users/admin/builder/spi-builder-workspace/Sources/SwiftGraphs/Degeneracy.swift (in target 'SwiftGraphs' from project 'SwiftGraphs')
SwiftCompile normal arm64 /Users/admin/builder/spi-builder-workspace/Sources/SwiftGraphs/AbstractGraph.swift (in target 'SwiftGraphs' from project 'SwiftGraphs')
cd /Users/admin/builder/spi-builder-workspace/.swiftpm/xcode
builtin-SwiftPerFileCompile AbstractGraph.swift
SwiftCompile normal arm64 /Users/admin/builder/spi-builder-workspace/Sources/SwiftGraphs/Degeneracy.swift (in target 'SwiftGraphs' from project 'SwiftGraphs')
cd /Users/admin/builder/spi-builder-workspace/.swiftpm/xcode
builtin-SwiftPerFileCompile Degeneracy.swift
SwiftCompile normal arm64 Compiling\ Time.swift /Users/admin/builder/spi-builder-workspace/Sources/SwiftGraphs/Time.swift (in target 'SwiftGraphs' from project 'SwiftGraphs')
SwiftCompile normal arm64 /Users/admin/builder/spi-builder-workspace/Sources/SwiftGraphs/Time.swift (in target 'SwiftGraphs' from project 'SwiftGraphs')
cd /Users/admin/builder/spi-builder-workspace/.swiftpm/xcode
builtin-SwiftPerFileCompile Time.swift
SwiftCompile normal arm64 Compiling\ RandomAccessCollectionExtensions.swift /Users/admin/builder/spi-builder-workspace/Sources/SwiftGraphs/RandomAccessCollectionExtensions.swift (in target 'SwiftGraphs' from project 'SwiftGraphs')
SwiftCompile normal arm64 /Users/admin/builder/spi-builder-workspace/Sources/SwiftGraphs/RandomAccessCollectionExtensions.swift (in target 'SwiftGraphs' from project 'SwiftGraphs')
cd /Users/admin/builder/spi-builder-workspace/.swiftpm/xcode
builtin-SwiftPerFileCompile RandomAccessCollectionExtensions.swift
SwiftEmitModule normal arm64 Emitting\ module\ for\ SwiftGraphs (in target 'SwiftGraphs' from project 'SwiftGraphs')
/Users/admin/builder/spi-builder-workspace/Sources/SwiftGraphs/Graph.swift:80:28: error: initializer 'init(path:)' is internal and cannot be referenced from an '@inlinable' function
78 | let offset = oneIndexed ? -1 : 0
79 |
80 | guard let reader = LineReader(path: fileName) else {
| `- error: initializer 'init(path:)' is internal and cannot be referenced from an '@inlinable' function
81 | fatalError("error opening file \(fileName)")
82 | }
/Users/admin/builder/spi-builder-workspace/Sources/SwiftGraphs/LineReader.swift:11:5: note: initializer 'init(path:)' is not '@usableFromInline' or public
9 | fileprivate let file: UnsafeMutablePointer<FILE>!
10 |
11 | init?(path: String) {
| `- note: initializer 'init(path:)' is not '@usableFromInline' or public
12 | self.path = path
13 | file = fopen(path, "r")
/Users/admin/builder/spi-builder-workspace/Sources/SwiftGraphs/Graph.swift:156:80: error: instance method 'outNeighbors(of:)' is internal and cannot be referenced from an '@inlinable' function
154 | }
155 |
156 | @inlinable public func inNeighbors(of vertex: T) -> ArraySlice<T> { return outNeighbors(of: vertex) }
| `- error: instance method 'outNeighbors(of:)' is internal and cannot be referenced from an '@inlinable' function
157 | @inlinable public func neighbors(of vertex: T) -> ArraySlice<T> { return outNeighbors(of: vertex) }
158 |
/Users/admin/builder/spi-builder-workspace/Sources/SwiftGraphs/SimpleGraph.swift:34:17: note: instance method 'outNeighbors(of:)' is not '@usableFromInline' or public
32 | }
33 |
34 | public func outNeighbors(of vertex: T) -> ArraySlice<T> {
| `- note: instance method 'outNeighbors(of:)' is not '@usableFromInline' or public
35 | let range = vecRange(Array<T>.Index(vertex))
36 | return rowidx[range]
/Users/admin/builder/spi-builder-workspace/Sources/SwiftGraphs/Graph.swift:157:78: error: instance method 'outNeighbors(of:)' is internal and cannot be referenced from an '@inlinable' function
155 |
156 | @inlinable public func inNeighbors(of vertex: T) -> ArraySlice<T> { return outNeighbors(of: vertex) }
157 | @inlinable public func neighbors(of vertex: T) -> ArraySlice<T> { return outNeighbors(of: vertex) }
| `- error: instance method 'outNeighbors(of:)' is internal and cannot be referenced from an '@inlinable' function
158 |
159 | @inlinable public func inDegree(of vertex: T) -> Int { return outDegree(of: vertex) }
/Users/admin/builder/spi-builder-workspace/Sources/SwiftGraphs/SimpleGraph.swift:34:17: note: instance method 'outNeighbors(of:)' is not '@usableFromInline' or public
32 | }
33 |
34 | public func outNeighbors(of vertex: T) -> ArraySlice<T> {
| `- note: instance method 'outNeighbors(of:)' is not '@usableFromInline' or public
35 | let range = vecRange(Array<T>.Index(vertex))
36 | return rowidx[range]
/Users/admin/builder/spi-builder-workspace/Sources/SwiftGraphs/Graph.swift:159:67: error: instance method 'outDegree(of:)' is internal and cannot be referenced from an '@inlinable' function
157 | @inlinable public func neighbors(of vertex: T) -> ArraySlice<T> { return outNeighbors(of: vertex) }
158 |
159 | @inlinable public func inDegree(of vertex: T) -> Int { return outDegree(of: vertex) }
| `- error: instance method 'outDegree(of:)' is internal and cannot be referenced from an '@inlinable' function
160 | @inlinable public func degree(of vertex: T) -> Int { return outDegree(of: vertex) }
161 | }
/Users/admin/builder/spi-builder-workspace/Sources/SwiftGraphs/SimpleGraph.swift:62:17: note: instance method 'outDegree(of:)' is not '@usableFromInline' or public
60 | }
61 |
62 | public func outDegree(of vertex: T) -> Int {
| `- note: instance method 'outDegree(of:)' is not '@usableFromInline' or public
63 | return colptr[Int(vertex) + 1] - colptr[Int(vertex)]
64 | }
/Users/admin/builder/spi-builder-workspace/Sources/SwiftGraphs/Graph.swift:160:65: error: instance method 'outDegree(of:)' is internal and cannot be referenced from an '@inlinable' function
158 |
159 | @inlinable public func inDegree(of vertex: T) -> Int { return outDegree(of: vertex) }
160 | @inlinable public func degree(of vertex: T) -> Int { return outDegree(of: vertex) }
| `- error: instance method 'outDegree(of:)' is internal and cannot be referenced from an '@inlinable' function
161 | }
162 |
/Users/admin/builder/spi-builder-workspace/Sources/SwiftGraphs/SimpleGraph.swift:62:17: note: instance method 'outDegree(of:)' is not '@usableFromInline' or public
60 | }
61 |
62 | public func outDegree(of vertex: T) -> Int {
| `- note: instance method 'outDegree(of:)' is not '@usableFromInline' or public
63 | return colptr[Int(vertex) + 1] - colptr[Int(vertex)]
64 | }
Failed frontend command:
/Applications/Xcode-27.0.0-Release.Candidate.app/Contents/Developer/Toolchains/XcodeDefault.xctoolchain/usr/bin/swift-frontend -frontend -emit-module -experimental-skip-non-inlinable-function-bodies-without-types /Users/admin/builder/spi-builder-workspace/Sources/SwiftGraphs/AbstractGraph.swift /Users/admin/builder/spi-builder-workspace/Sources/SwiftGraphs/Degeneracy.swift /Users/admin/builder/spi-builder-workspace/Sources/SwiftGraphs/DiGraph.swift /Users/admin/builder/spi-builder-workspace/Sources/SwiftGraphs/Dijkstra.swift /Users/admin/builder/spi-builder-workspace/Sources/SwiftGraphs/Edge.swift /Users/admin/builder/spi-builder-workspace/Sources/SwiftGraphs/Graph.swift /Users/admin/builder/spi-builder-workspace/Sources/SwiftGraphs/LineReader.swift /Users/admin/builder/spi-builder-workspace/Sources/SwiftGraphs/PriorityQueue.swift /Users/admin/builder/spi-builder-workspace/Sources/SwiftGraphs/RandomAccessCollectionExtensions.swift /Users/admin/builder/spi-builder-workspace/Sources/SwiftGraphs/SimpleGraph.swift /Users/admin/builder/spi-builder-workspace/Sources/SwiftGraphs/Time.swift /Users/admin/builder/spi-builder-workspace/Sources/SwiftGraphs/UnsafeArray.swift /Users/admin/builder/spi-builder-workspace/Sources/SwiftGraphs/radixSort.swift -target arm64-apple-xros1.0 -Xllvm -aarch64-use-tbi -enable-objc-interop -stack-check -sdk /Applications/Xcode-27.0.0-Release.Candidate.app/Contents/Developer/Platforms/XROS.platform/Developer/SDKs/XROS27.0.sdk -I /Users/admin/builder/spi-builder-workspace/.derivedData/Build/Products/Debug-xros -Isystem /Applications/Xcode-27.0.0-Release.Candidate.app/Contents/Developer/Platforms/XROS.platform/Developer/usr/lib -F /Users/admin/builder/spi-builder-workspace/.derivedData/Build/Products/Debug-xros/PackageFrameworks -F /Users/admin/builder/spi-builder-workspace/.derivedData/Build/Products/Debug-xros -F /Applications/Xcode-27.0.0-Release.Candidate.app/Contents/Developer/Platforms/XROS.platform/Developer/Library/Frameworks -F /Applications/Xcode-27.0.0-Release.Candidate.app/Contents/Developer/Platforms/XROS.platform/Developer/SDKs/XROS27.0.sdk/Developer/Library/Frameworks -module-cache-path /Users/admin/builder/spi-builder-workspace/.derivedData/ModuleCache.noindex -no-color-diagnostics -Xcc -fno-color-diagnostics -enable-testing -g -debug-info-format\=dwarf -dwarf-version\=4 -profile-generate -profile-coverage-mapping -swift-version 4 -Onone -D SWIFT_PACKAGE -D DEBUG -D SWIFT_MODULE_RESOURCE_BUNDLE_UNAVAILABLE -D Xcode -serialize-debugging-options -enable-experimental-feature DebugDescriptionMacro -empty-abi-descriptor -plugin-path /Applications/Xcode-27.0.0-Release.Candidate.app/Contents/Developer/Toolchains/XcodeDefault.xctoolchain/usr/lib/swift/host/plugins/testing -validate-clang-modules-once -clang-build-session-file /Users/admin/builder/spi-builder-workspace/.derivedData/ModuleCache.noindex/Session.modulevalidation -Xcc -working-directory -Xcc /Users/admin/builder/spi-builder-workspace/.swiftpm/xcode -enable-anonymous-context-mangled-names -file-compilation-dir /Users/admin/builder/spi-builder-workspace/.swiftpm/xcode -Xcc -fmodule-map-file\=/Users/admin/builder/spi-builder-workspace/.dependencies/checkouts/GzipSwift/Sources/system-zlib/include/module.modulemap -Xcc -D_LIBCPP_HARDENING_MODE\=_LIBCPP_HARDENING_MODE_DEBUG -Xcc -ivfsstatcache -Xcc /Users/admin/builder/spi-builder-workspace/.derivedData/SDKStatCaches.noindex/xros27.0-24M361-e829b21a6f8c9b70876ba0858053c044735bd543db762f57723cac368afd1ce4.sdkstatcache -Xcc -fmodules-prune-interval\=86400 -Xcc -fmodules-prune-after\=345600 -Xcc -I/Users/admin/builder/spi-builder-workspace/.dependencies/checkouts/GzipSwift/Sources/system-zlib/include -Xcc -I/Users/admin/builder/spi-builder-workspace/.derivedData/Build/Products/Debug-xros/include -Xcc -I/Users/admin/builder/spi-builder-workspace/.derivedData/Build/Intermediates.noindex/SwiftGraphs.build/Debug-xros/SwiftGraphs-t.build/DerivedSources-normal/arm64 -Xcc -I/Users/admin/builder/spi-builder-workspace/.derivedData/Build/Intermediates.noindex/SwiftGraphs.build/Debug-xros/SwiftGraphs-t.build/DerivedSources/arm64 -Xcc -I/Users/admin/builder/spi-builder-workspace/.derivedData/Build/Intermediates.noindex/SwiftGraphs.build/Debug-xros/SwiftGraphs-t.build/DerivedSources -Xcc -DSWIFT_PACKAGE -Xcc -DDEBUG\=1 -no-auto-bridging-header-chaining -module-name SwiftGraphs -const-gather-protocols-file /Users/admin/builder/spi-builder-workspace/.derivedData/Build/Intermediates.noindex/SwiftGraphs.build/Debug-xros/SwiftGraphs-t.build/Objects-normal/arm64/SwiftGraphs_const_extract_protocols.json -disable-clang-spi -target-sdk-version 27.0 -target-sdk-name xros27.0 -external-plugin-path /Applications/Xcode-27.0.0-Release.Candidate.app/Contents/Developer/Platforms/XROS.platform/Developer/usr/lib/swift/host/plugins\#/Applications/Xcode-27.0.0-Release.Candidate.app/Contents/Developer/Platforms/XROS.platform/Developer/usr/bin/swift-plugin-server -external-plugin-path /Applications/Xcode-27.0.0-Release.Candidate.app/Contents/Developer/Platforms/XROS.platform/Developer/usr/local/lib/swift/host/plugins\#/Applications/Xcode-27.0.0-Release.Candidate.app/Contents/Developer/Platforms/XROS.platform/Developer/usr/bin/swift-plugin-server -in-process-plugin-server-path /Applications/Xcode-27.0.0-Release.Candidate.app/Contents/Developer/Toolchains/XcodeDefault.xctoolchain/usr/lib/swift/host/libSwiftInProcPluginServer.dylib -plugin-path /Applications/Xcode-27.0.0-Release.Candidate.app/Contents/Developer/Toolchains/XcodeDefault.xctoolchain/usr/lib/swift/host/plugins -plugin-path /Applications/Xcode-27.0.0-Release.Candidate.app/Contents/Developer/Toolchains/XcodeDefault.xctoolchain/usr/local/lib/swift/host/plugins -emit-module-doc-path /Users/admin/builder/spi-builder-workspace/.derivedData/Build/Intermediates.noindex/SwiftGraphs.build/Debug-xros/SwiftGraphs-t.build/Objects-normal/arm64/SwiftGraphs.swiftdoc -emit-module-source-info-path /Users/admin/builder/spi-builder-workspace/.derivedData/Build/Intermediates.noindex/SwiftGraphs.build/Debug-xros/SwiftGraphs-t.build/Objects-normal/arm64/SwiftGraphs.swiftsourceinfo -emit-objc-header-path /Users/admin/builder/spi-builder-workspace/.derivedData/Build/Intermediates.noindex/SwiftGraphs.build/Debug-xros/SwiftGraphs-t.build/Objects-normal/arm64/SwiftGraphs-Swift.h -serialize-diagnostics-path /Users/admin/builder/spi-builder-workspace/.derivedData/Build/Intermediates.noindex/SwiftGraphs.build/Debug-xros/SwiftGraphs-t.build/Objects-normal/arm64/SwiftGraphs-primary-emit-module.dia -emit-dependencies-path /Users/admin/builder/spi-builder-workspace/.derivedData/Build/Intermediates.noindex/SwiftGraphs.build/Debug-xros/SwiftGraphs-t.build/Objects-normal/arm64/SwiftGraphs-primary-emit-module.d -parse-as-library -o /Users/admin/builder/spi-builder-workspace/.derivedData/Build/Intermediates.noindex/SwiftGraphs.build/Debug-xros/SwiftGraphs-t.build/Objects-normal/arm64/SwiftGraphs.swiftmodule -emit-abi-descriptor-path /Users/admin/builder/spi-builder-workspace/.derivedData/Build/Intermediates.noindex/SwiftGraphs.build/Debug-xros/SwiftGraphs-t.build/Objects-normal/arm64/SwiftGraphs.abi.json
SwiftCompile normal arm64 (in target 'SwiftGraphs' from project 'SwiftGraphs')
cd /Users/admin/builder/spi-builder-workspace/.swiftpm/xcode
SwiftCompile normal arm64 Compiling\ UnsafeArray.swift /Users/admin/builder/spi-builder-workspace/Sources/SwiftGraphs/UnsafeArray.swift (in target 'SwiftGraphs' from project 'SwiftGraphs')
SwiftCompile normal arm64 /Users/admin/builder/spi-builder-workspace/Sources/SwiftGraphs/UnsafeArray.swift (in target 'SwiftGraphs' from project 'SwiftGraphs')
cd /Users/admin/builder/spi-builder-workspace/.swiftpm/xcode
builtin-SwiftPerFileCompile UnsafeArray.swift
PruneExplicitPrecompiledModules /Users/admin/builder/spi-builder-workspace/.derivedData/Build/Intermediates.noindex/SwiftExplicitPrecompiledModules
PruneExplicitPrecompiledModules /Users/admin/builder/spi-builder-workspace/.derivedData/Build/Intermediates.noindex/ExplicitPrecompiledModules
PruneExplicitPrecompiledModules /Users/admin/builder/spi-builder-workspace/.derivedData/SDKExplicitPrecompiledModules
2026-09-16 00:15:11.433 xcodebuild[748:4725] [MT] IDERunDestination: Supported platforms for the buildables in the current scheme is empty.
** BUILD FAILED **
The following build commands failed:
SwiftEmitModule normal arm64 Emitting\ module\ for\ SwiftGraphs (in target 'SwiftGraphs' from project 'SwiftGraphs')
SwiftCompile normal arm64 (in target 'SwiftGraphs' from project 'SwiftGraphs')
Building workspace SwiftGraphs with scheme SwiftGraphs
(3 failures)
BUILD FAILURE 6.4 visionOS