The Swift Package Index logo.Swift Package Index

Build Information

Failed to build Puid, reference 2.0.0 (aa3743), with Swift 6.4 for tvOS using Xcode 27.0 on 22 Sep 2026 23:50:06 UTC.

Build Command

No build command. This typically means the build failed at an early stage where we determine the build command.

Build Log

========================================
RunAll
========================================
Builder version: 5.1.0
Interrupt handler set up.
========================================
Checkout
========================================
Clone URL: https://github.com/puid/Swift-puid.git
Reference: 2.0.0
Initialized empty Git repository in /Users/admin/builder/spi-builder-workspace/.git/
From https://github.com/puid/Swift-puid
 * tag               2.0.0      -> FETCH_HEAD
HEAD is now at aa37434 encode / decode
Submodule path 'Tests/data': checked out '8b18c0739a04d74449de3a6c548cd3b0bd1399bc'
Submodule 'Tests/data' (https://github.com/puid/data) registered for path 'Tests/data'
Cloning into '/Users/admin/builder/spi-builder-workspace/Tests/data'...
Cloned https://github.com/puid/Swift-puid.git
Revision (git rev-parse @):
aa374344dcd06ad99ec64e88b62303d923c6ddac
SPI manifest file found: $PWD/.spi.yml
SUCCESS checkout https://github.com/puid/Swift-puid.git at 2.0.0
========================================
Build
========================================
Selected platform:         tvOS
Swift version:             6.4
Building package at path:  $PWD
https://github.com/puid/Swift-puid.git
Command line invocation:
    /Applications/Xcode-27.0.0-Release.Candidate.app/Contents/Developer/usr/bin/xcodebuild -IDEClonedSourcePackagesDirPathOverride=/Users/admin/builder/spi-builder-workspace/.dependencies -resolvePackageDependencies
Resolve Package Graph
Source files for target Scratch should be located under 'Sources/Scratch', or a custom sources path can be set with the 'path' property in Package.swift
Resolve Package Graph
Source files for target Scratch should be located under 'Sources/Scratch', or a custom sources path can be set with the 'path' property in Package.swift
Resolved source packages:
  spi-builder-workspace: (null)
2026-09-22 19:49:58.158 xcodebuild[535:3064] [MT] IDERunDestination: Supported platforms for the buildables in the current scheme is empty.
2026-09-22 19:49:58.329 xcodebuild[535:3064] [MT] IDERunDestination: Supported platforms for the buildables in the current scheme is empty.
2026-09-22 19:50:00.220 xcodebuild[535:3064] [MT] IDERunDestination: Supported platforms for the buildables in the current scheme is empty.
2026-09-22 19:50:04.859 xcodebuild[535:3064] Writing error result bundle to /var/folders/xq/y_g06wb113726d38xsyx71_h0000gn/T/ResultBundle_2026-22-09_19-50-0004.xcresult
xcodebuild: error: Could not resolve package dependencies:
  Source files for target Scratch should be located under 'Sources/Scratch', or a custom sources path can be set with the 'path' property in Package.swift
Command line invocation:
    /Applications/Xcode-27.0.0-Release.Candidate.app/Contents/Developer/usr/bin/xcodebuild -IDEClonedSourcePackagesDirPathOverride=/Users/admin/builder/spi-builder-workspace/.dependencies -resolvePackageDependencies
Resolve Package Graph
Source files for target Scratch should be located under 'Sources/Scratch', or a custom sources path can be set with the 'path' property in Package.swift
Resolved source packages:
  spi-builder-workspace: (null)
2026-09-22 19:50:05.768 xcodebuild[606:3703] [MT] IDERunDestination: Supported platforms for the buildables in the current scheme is empty.
2026-09-22 19:50:05.911 xcodebuild[606:3703] [MT] IDERunDestination: Supported platforms for the buildables in the current scheme is empty.
2026-09-22 19:50:05.964 xcodebuild[606:3703] Writing error result bundle to /var/folders/xq/y_g06wb113726d38xsyx71_h0000gn/T/ResultBundle_2026-22-09_19-50-0005.xcresult
xcodebuild: error: Could not resolve package dependencies:
  Source files for target Scratch should be located under 'Sources/Scratch', or a custom sources path can be set with the 'path' property in Package.swift
BUILD FAILURE 6.4 tvOS