Build Information
Failed to build Babylon, reference 1.0.0 (9698ed), with Swift 6.2 for Wasm on 10 Aug 2026 18:19:27 UTC.
Build Command
bash -c docker run --pull=always --rm -v "checkouts-54344843-3":/host -w "$PWD" -e JAVA_HOME="/root/.sdkman/candidates/java/current" -e SPI_BUILD="1" -e SPI_PROCESSING="1" registry.gitlab.com/saguaro1/spi-images:wasm-6.2-latest swift build --swift-sdk swift-6.2-RELEASE_wasm 2>&1Build Log
========================================
RunAll
========================================
Builder version: 729ceb5fcd9493dc13ee340bc4f0908bd201f85d
Interrupt handler set up.
========================================
Checkout
========================================
Clone URL: https://github.com/RockxyApp/Babylon.git
Reference: 1.0.0
Initialized empty Git repository in /host/spi-builder-workspace/.git/
hint: Using 'master' as the name for the initial branch. This default branch name
hint: is subject to change. To configure the initial branch name to use in all
hint: of your new repositories, which will suppress this warning, call:
hint:
hint: git config --global init.defaultBranch <name>
hint:
hint: Names commonly chosen instead of 'master' are 'main', 'trunk' and
hint: 'development'. The just-created branch can be renamed via this command:
hint:
hint: git branch -m <name>
From https://github.com/RockxyApp/Babylon
* tag 1.0.0 -> FETCH_HEAD
HEAD is now at 9698ed2 feat: initial public release of Babylon
Cloned https://github.com/RockxyApp/Babylon.git
Revision (git rev-parse @):
9698ed20a03baafbd748228b4c663b684b7c9723
SUCCESS checkout https://github.com/RockxyApp/Babylon.git at 1.0.0
========================================
Build
========================================
Selected platform: wasm
Swift version: 6.2
Building package at path: $PWD
https://github.com/RockxyApp/Babylon.git
Running build ...
bash -c docker run --pull=always --rm -v "checkouts-54344843-3":/host -w "$PWD" -e JAVA_HOME="/root/.sdkman/candidates/java/current" -e SPI_BUILD="1" -e SPI_PROCESSING="1" registry.gitlab.com/saguaro1/spi-images:wasm-6.2-latest swift build --swift-sdk swift-6.2-RELEASE_wasm 2>&1
wasm-6.2-latest: Pulling from saguaro1/spi-images
Digest: sha256:70428a4f4110aef5b17a27427e965f31cf3855e8cf1dfdc416ed61c780337965
Status: Image is up to date for registry.gitlab.com/saguaro1/spi-images:wasm-6.2-latest
Building for debugging...
[0/3] Write sources
[0/3] Copying PrivacyInfo.xcprivacy
[2/3] Write swift-version-24593BA9C3E375BF.txt
[4/23] Compiling Babylon Constants.swift
/host/spi-builder-workspace/Babylon/Babylon+Manual.swift:5:8: error: no such module 'os'
3 |
4 | import Foundation
5 | import os
| `- error: no such module 'os'
6 |
7 | private let manualCaptureLogger = Logger(subsystem: "com.amunx.Babylon", category: "ManualCapture")
[5/23] Compiling Babylon CorrelationContext.swift
/host/spi-builder-workspace/Babylon/Babylon+Manual.swift:5:8: error: no such module 'os'
3 |
4 | import Foundation
5 | import os
| `- error: no such module 'os'
6 |
7 | private let manualCaptureLogger = Logger(subsystem: "com.amunx.Babylon", category: "ManualCapture")
[6/23] Compiling Babylon DataCompression.swift
/host/spi-builder-workspace/Babylon/Babylon+Manual.swift:5:8: error: no such module 'os'
3 |
4 | import Foundation
5 | import os
| `- error: no such module 'os'
6 |
7 | private let manualCaptureLogger = Logger(subsystem: "com.amunx.Babylon", category: "ManualCapture")
[7/23] Compiling Babylon TraceContextStore.swift
/host/spi-builder-workspace/Babylon/Babylon+Manual.swift:5:8: error: no such module 'os'
3 |
4 | import Foundation
5 | import os
| `- error: no such module 'os'
6 |
7 | private let manualCaptureLogger = Logger(subsystem: "com.amunx.Babylon", category: "ManualCapture")
[8/23] Compiling Babylon Transporter.swift
/host/spi-builder-workspace/Babylon/Babylon+Manual.swift:5:8: error: no such module 'os'
3 |
4 | import Foundation
5 | import os
| `- error: no such module 'os'
6 |
7 | private let manualCaptureLogger = Logger(subsystem: "com.amunx.Babylon", category: "ManualCapture")
[9/25] Compiling Babylon BabylonHelper.swift
/host/spi-builder-workspace/Babylon/Babylon+Manual.swift:5:8: error: no such module 'os'
3 |
4 | import Foundation
5 | import os
| `- error: no such module 'os'
6 |
7 | private let manualCaptureLogger = Logger(subsystem: "com.amunx.Babylon", category: "ManualCapture")
[10/25] Compiling Babylon BabylonProtocol.swift
/host/spi-builder-workspace/Babylon/Babylon+Manual.swift:5:8: error: no such module 'os'
3 |
4 | import Foundation
5 | import os
| `- error: no such module 'os'
6 |
7 | private let manualCaptureLogger = Logger(subsystem: "com.amunx.Babylon", category: "ManualCapture")
[11/25] Compiling Babylon Configuration.swift
/host/spi-builder-workspace/Babylon/Babylon+Manual.swift:5:8: error: no such module 'os'
3 |
4 | import Foundation
5 | import os
| `- error: no such module 'os'
6 |
7 | private let manualCaptureLogger = Logger(subsystem: "com.amunx.Babylon", category: "ManualCapture")
[12/25] Compiling Babylon NetworkInjector.swift
/host/spi-builder-workspace/Babylon/Babylon+Manual.swift:5:8: error: no such module 'os'
3 |
4 | import Foundation
5 | import os
| `- error: no such module 'os'
6 |
7 | private let manualCaptureLogger = Logger(subsystem: "com.amunx.Babylon", category: "ManualCapture")
[13/25] Compiling Babylon PackageIdentifier.swift
/host/spi-builder-workspace/Babylon/Babylon+Manual.swift:5:8: error: no such module 'os'
3 |
4 | import Foundation
5 | import os
| `- error: no such module 'os'
6 |
7 | private let manualCaptureLogger = Logger(subsystem: "com.amunx.Babylon", category: "ManualCapture")
[14/25] Compiling Babylon Packages.swift
/host/spi-builder-workspace/Babylon/Babylon+Manual.swift:5:8: error: no such module 'os'
3 |
4 | import Foundation
5 | import os
| `- error: no such module 'os'
6 |
7 | private let manualCaptureLogger = Logger(subsystem: "com.amunx.Babylon", category: "ManualCapture")
error: emit-module command failed with exit code 1 (use -v to see invocation)
[15/25] Emitting module Babylon
/host/spi-builder-workspace/Babylon/Babylon+Manual.swift:5:8: error: no such module 'os'
3 |
4 | import Foundation
5 | import os
| `- error: no such module 'os'
6 |
7 | private let manualCaptureLogger = Logger(subsystem: "com.amunx.Babylon", category: "ManualCapture")
[16/25] Compiling Babylon URLSessionTask+CurrentRequest.swift
/host/spi-builder-workspace/Babylon/Babylon+Manual.swift:5:8: error: no such module 'os'
3 |
4 | import Foundation
5 | import os
| `- error: no such module 'os'
6 |
7 | private let manualCaptureLogger = Logger(subsystem: "com.amunx.Babylon", category: "ManualCapture")
[17/25] Compiling Babylon resource_bundle_accessor.swift
/host/spi-builder-workspace/Babylon/Babylon+Manual.swift:5:8: error: no such module 'os'
3 |
4 | import Foundation
5 | import os
| `- error: no such module 'os'
6 |
7 | private let manualCaptureLogger = Logger(subsystem: "com.amunx.Babylon", category: "ManualCapture")
[18/25] Compiling Babylon Runtime.swift
/host/spi-builder-workspace/Babylon/Babylon+Manual.swift:5:8: error: no such module 'os'
3 |
4 | import Foundation
5 | import os
| `- error: no such module 'os'
6 |
7 | private let manualCaptureLogger = Logger(subsystem: "com.amunx.Babylon", category: "ManualCapture")
[19/25] Compiling Babylon RuntimePackage.swift
/host/spi-builder-workspace/Babylon/Babylon+Manual.swift:5:8: error: no such module 'os'
3 |
4 | import Foundation
5 | import os
| `- error: no such module 'os'
6 |
7 | private let manualCaptureLogger = Logger(subsystem: "com.amunx.Babylon", category: "ManualCapture")
[20/25] Compiling Babylon Babylon+Manual.swift
/host/spi-builder-workspace/Babylon/Babylon+Manual.swift:5:8: error: no such module 'os'
3 |
4 | import Foundation
5 | import os
| `- error: no such module 'os'
6 |
7 | private let manualCaptureLogger = Logger(subsystem: "com.amunx.Babylon", category: "ManualCapture")
[21/25] Compiling Babylon Babylon+Runtime.swift
/host/spi-builder-workspace/Babylon/Babylon+Manual.swift:5:8: error: no such module 'os'
3 |
4 | import Foundation
5 | import os
| `- error: no such module 'os'
6 |
7 | private let manualCaptureLogger = Logger(subsystem: "com.amunx.Babylon", category: "ManualCapture")
[22/25] Compiling Babylon Babylon.swift
/host/spi-builder-workspace/Babylon/Babylon+Manual.swift:5:8: error: no such module 'os'
3 |
4 | import Foundation
5 | import os
| `- error: no such module 'os'
6 |
7 | private let manualCaptureLogger = Logger(subsystem: "com.amunx.Babylon", category: "ManualCapture")
[23/25] Compiling Babylon DispatchQueue+Once.swift
/host/spi-builder-workspace/Babylon/Babylon+Manual.swift:5:8: error: no such module 'os'
3 |
4 | import Foundation
5 | import os
| `- error: no such module 'os'
6 |
7 | private let manualCaptureLogger = Logger(subsystem: "com.amunx.Babylon", category: "ManualCapture")
[24/25] Compiling Babylon Message.swift
/host/spi-builder-workspace/Babylon/Babylon+Manual.swift:5:8: error: no such module 'os'
3 |
4 | import Foundation
5 | import os
| `- error: no such module 'os'
6 |
7 | private let manualCaptureLogger = Logger(subsystem: "com.amunx.Babylon", category: "ManualCapture")
[25/25] Compiling Babylon NetworkInjector+URLSession.swift
/host/spi-builder-workspace/Babylon/Babylon+Manual.swift:5:8: error: no such module 'os'
3 |
4 | import Foundation
5 | import os
| `- error: no such module 'os'
6 |
7 | private let manualCaptureLogger = Logger(subsystem: "com.amunx.Babylon", category: "ManualCapture")
BUILD FAILURE 6.2 wasm