The Swift Package Index logo.Swift Package Index

Build Information

Failed to build IBMWatsonRestKit, reference 3.0.3 (c4fa7c), with Swift 6.4 for iOS using Xcode 27.0 on 16 Sep 2026 20:12:48 UTC.

Build Command

env DEVELOPER_DIR=/Applications/Xcode-27.0.0-Release.Candidate.app xcrun xcodebuild -IDEClonedSourcePackagesDirPathOverride=$PWD/.dependencies -skipMacroValidation -skipPackagePluginValidation -derivedDataPath $PWD/.derivedData build -scheme RestKit -destination generic/platform=iOS

Build Log

========================================
RunAll
========================================
Builder version: 5.1.0
Interrupt handler set up.
========================================
Checkout
========================================
Clone URL: https://github.com/watson-developer-cloud/restkit.git
Reference: 3.0.3
Initialized empty Git repository in /Users/admin/builder/spi-builder-workspace/.git/
From https://github.com/watson-developer-cloud/restkit
 * tag               3.0.3      -> FETCH_HEAD
HEAD is now at c4fa7c1 Merge pull request #23 from watson-developer-cloud/develop
Cloned https://github.com/watson-developer-cloud/restkit.git
Revision (git rev-parse @):
c4fa7c1ff757e261c9acae463f3ecb71e7d8ae93
SUCCESS checkout https://github.com/watson-developer-cloud/restkit.git at 3.0.3
========================================
Build
========================================
Selected platform:         iOS
Swift version:             6.4
Building package at path:  $PWD
https://github.com/watson-developer-cloud/restkit.git
Command line invocation:
    /Applications/Xcode-27.0.0-Release.Candidate.app/Contents/Developer/usr/bin/xcodebuild -IDEClonedSourcePackagesDirPathOverride=/Users/admin/builder/spi-builder-workspace/.dependencies -resolvePackageDependencies
resolved source packages:
{
  "dependencies" : [
  ],
  "manifest_display_name" : "IBMWatsonRestKit",
  "name" : "IBMWatsonRestKit",
  "path" : "/Users/admin/builder/spi-builder-workspace",
  "platforms" : [
  ],
  "products" : [
    {
      "name" : "RestKit",
      "targets" : [
        "RestKit"
      ],
      "type" : {
        "library" : [
          "automatic"
        ]
      }
    }
  ],
  "targets" : [
    {
      "c99name" : "RestKitTests",
      "module_type" : "SwiftTarget",
      "name" : "RestKitTests",
      "path" : "Tests/RestKitTests",
      "sources" : [
        "AuthenticationTests.swift",
        "CodableExtensionsTests.swift",
        "JSONTests.swift",
        "MockURLProtocol.swift",
        "MultiPartFormDataTests.swift",
        "ResponseTests.swift",
        "RestErrorTests.swift"
      ],
      "target_dependencies" : [
        "RestKit"
      ],
      "type" : "test"
    },
    {
      "c99name" : "RestKit",
      "module_type" : "SwiftTarget",
      "name" : "RestKit",
      "path" : "Sources/RestKit",
      "product_memberships" : [
        "RestKit"
      ],
      "sources" : [
        "Authentication.swift",
        "CodableExtensions.swift",
        "JSON.swift",
        "MultipartFormData.swift",
        "RestError.swift",
        "RestRequest.swift",
        "RestResponse.swift"
      ],
      "type" : "library"
    }
  ],
  "tools_version" : "4.0"
}
{
  "project" : {
    "configurations" : [
      "Debug",
      "Release"
    ],
    "name" : "RestKit",
    "schemes" : [
      "RestKit"
    ],
    "targets" : [
      "RestKit",
      "RestKitTests"
    ]
  }
}
Running build ...
env DEVELOPER_DIR=/Applications/Xcode-27.0.0-Release.Candidate.app xcrun xcodebuild -IDEClonedSourcePackagesDirPathOverride=$PWD/.dependencies -skipMacroValidation -skipPackagePluginValidation -derivedDataPath $PWD/.derivedData build -scheme RestKit -destination generic/platform=iOS
Command line invocation:
    /Applications/Xcode-27.0.0-Release.Candidate.app/Contents/Developer/usr/bin/xcodebuild -IDEClonedSourcePackagesDirPathOverride=/Users/admin/builder/spi-builder-workspace/.dependencies -skipMacroValidation -skipPackagePluginValidation -derivedDataPath /Users/admin/builder/spi-builder-workspace/.derivedData build -scheme RestKit -destination generic/platform=iOS
ComputePackagePrebuildTargetDependencyGraph
Prepare packages
CreateBuildRequest
SendProjectDescription
CreateBuildOperation
ComputeTargetDependencyGraph
note: Building targets in dependency order
note: Target dependency graph (1 target)
    Target 'RestKit' in project 'RestKit' (no dependencies)
GatherProvisioningInputs
CreateBuildDescription
ExecuteExternalTool /Applications/Xcode-27.0.0-Release.Candidate.app/Contents/Developer/Toolchains/XcodeDefault.xctoolchain/usr/bin/clang -v -E -dM -isysroot /Applications/Xcode-27.0.0-Release.Candidate.app/Contents/Developer/Platforms/iPhoneOS.platform/Developer/SDKs/iPhoneOS27.0.sdk -x c -c /dev/null
ExecuteExternalTool /Applications/Xcode-27.0.0-Release.Candidate.app/Contents/Developer/Toolchains/XcodeDefault.xctoolchain/usr/bin/clang -v -E -dM -arch arm64 -isysroot /Applications/Xcode-27.0.0-Release.Candidate.app/Contents/Developer/Platforms/iPhoneOS.platform/Developer/SDKs/iPhoneOS27.0.sdk -x c -c /dev/null
ExecuteExternalTool /Applications/Xcode-27.0.0-Release.Candidate.app/Contents/Developer/Toolchains/XcodeDefault.xctoolchain/usr/bin/swiftc --version
ExecuteExternalTool /Applications/Xcode-27.0.0-Release.Candidate.app/Contents/Developer/Toolchains/XcodeDefault.xctoolchain/usr/bin/ld -version_details
Build description signature: 13f8c6980c7bfa8127a91051ff735f33
Build description path: /Users/admin/builder/spi-builder-workspace/.derivedData/Build/Intermediates.noindex/XCBuildData/13f8c6980c7bfa8127a91051ff735f33.xcbuilddata
/Users/admin/builder/spi-builder-workspace/RestKit.xcodeproj: error: The iOS deployment target 'IPHONEOS_DEPLOYMENT_TARGET' is set to 8.0, but the range of supported deployment target versions is 15.0 to 27.0.x. (in target 'RestKit' from project 'RestKit')
/Users/admin/builder/spi-builder-workspace/RestKit.xcodeproj: warning: tasks in 'Copy Headers' are delayed by unsandboxed script phases; set ENABLE_USER_SCRIPT_SANDBOXING=YES to enable sandboxing (in target 'RestKit' from project 'RestKit')
warning: Run script build phase 'Run Swiftlint' will be run during every build because it does not specify any outputs. To address this issue, either add output dependencies to the script phase, or configure it to run in every build by unchecking "Based on dependency analysis" in the script phase. (in target 'RestKit' from project 'RestKit')
** BUILD FAILED **
The following build commands failed:
	Building project RestKit with scheme RestKit
(1 failure)
Command line invocation:
    /Applications/Xcode-27.0.0-Release.Candidate.app/Contents/Developer/usr/bin/xcodebuild -IDEClonedSourcePackagesDirPathOverride=/Users/admin/builder/spi-builder-workspace/.dependencies -resolvePackageDependencies
resolved source packages:
{
  "dependencies" : [
  ],
  "manifest_display_name" : "IBMWatsonRestKit",
  "name" : "IBMWatsonRestKit",
  "path" : "/Users/admin/builder/spi-builder-workspace",
  "platforms" : [
  ],
  "products" : [
    {
      "name" : "RestKit",
      "targets" : [
        "RestKit"
      ],
      "type" : {
        "library" : [
          "automatic"
        ]
      }
    }
  ],
  "targets" : [
    {
      "c99name" : "RestKitTests",
      "module_type" : "SwiftTarget",
      "name" : "RestKitTests",
      "path" : "Tests/RestKitTests",
      "sources" : [
        "AuthenticationTests.swift",
        "CodableExtensionsTests.swift",
        "JSONTests.swift",
        "MockURLProtocol.swift",
        "MultiPartFormDataTests.swift",
        "ResponseTests.swift",
        "RestErrorTests.swift"
      ],
      "target_dependencies" : [
        "RestKit"
      ],
      "type" : "test"
    },
    {
      "c99name" : "RestKit",
      "module_type" : "SwiftTarget",
      "name" : "RestKit",
      "path" : "Sources/RestKit",
      "product_memberships" : [
        "RestKit"
      ],
      "sources" : [
        "Authentication.swift",
        "CodableExtensions.swift",
        "JSON.swift",
        "MultipartFormData.swift",
        "RestError.swift",
        "RestRequest.swift",
        "RestResponse.swift"
      ],
      "type" : "library"
    }
  ],
  "tools_version" : "4.0"
}
{
  "project" : {
    "configurations" : [
      "Debug",
      "Release"
    ],
    "name" : "RestKit",
    "schemes" : [
      "RestKit"
    ],
    "targets" : [
      "RestKit",
      "RestKitTests"
    ]
  }
}
Running build ...
env DEVELOPER_DIR=/Applications/Xcode-27.0.0-Release.Candidate.app xcrun xcodebuild -IDEClonedSourcePackagesDirPathOverride=$PWD/.dependencies -skipMacroValidation -skipPackagePluginValidation -derivedDataPath $PWD/.derivedData build -scheme RestKit -destination generic/platform=iOS
Command line invocation:
    /Applications/Xcode-27.0.0-Release.Candidate.app/Contents/Developer/usr/bin/xcodebuild -IDEClonedSourcePackagesDirPathOverride=/Users/admin/builder/spi-builder-workspace/.dependencies -skipMacroValidation -skipPackagePluginValidation -derivedDataPath /Users/admin/builder/spi-builder-workspace/.derivedData build -scheme RestKit -destination generic/platform=iOS
ComputePackagePrebuildTargetDependencyGraph
Prepare packages
CreateBuildRequest
SendProjectDescription
CreateBuildOperation
ComputeTargetDependencyGraph
note: Building targets in dependency order
note: Target dependency graph (1 target)
    Target 'RestKit' in project 'RestKit' (no dependencies)
GatherProvisioningInputs
CreateBuildDescription
/Users/admin/builder/spi-builder-workspace/RestKit.xcodeproj: error: The iOS deployment target 'IPHONEOS_DEPLOYMENT_TARGET' is set to 8.0, but the range of supported deployment target versions is 15.0 to 27.0.x. (in target 'RestKit' from project 'RestKit')
warning: Run script build phase 'Run Swiftlint' will be run during every build because it does not specify any outputs. To address this issue, either add output dependencies to the script phase, or configure it to run in every build by unchecking "Based on dependency analysis" in the script phase. (in target 'RestKit' from project 'RestKit')
/Users/admin/builder/spi-builder-workspace/RestKit.xcodeproj: warning: tasks in 'Copy Headers' are delayed by unsandboxed script phases; set ENABLE_USER_SCRIPT_SANDBOXING=YES to enable sandboxing (in target 'RestKit' from project 'RestKit')
** BUILD FAILED **
The following build commands failed:
	Building project RestKit with scheme RestKit
(1 failure)
BUILD FAILURE 6.4 iOS