The Swift Package Index logo.Swift Package Index

Build Information

Failed to build SmartNetwork, reference 5.8.4 (1ac90c), with Swift 6.4 for Android on 17 Oct 2026 11:33:59 UTC.

Build Command

bash -c docker run --pull=always --rm -v "checkouts-54344849-1":/host -w "$PWD" -e JAVA_HOME="/root/.sdkman/candidates/java/current" -e SPI_BUILD="1" -e SPI_PROCESSING="1" registry.gitlab.com/saguaro1/spi-images:android-6.4-latest swift build --swift-sdk aarch64-unknown-linux-android28 2>&1

Build Log

========================================
RunAll
========================================
Builder version: 5.1.3
Interrupt handler set up.
========================================
Checkout
========================================
Clone URL: https://github.com/NikSativa/SmartNetwork.git
Reference: 5.8.4
Initialized empty Git repository in /host/spi-builder-workspace/.git/
hint: Using 'master' as the name for the initial branch. This default branch name
hint: is subject to change. To configure the initial branch name to use in all
hint: of your new repositories, which will suppress this warning, call:
hint:
hint: 	git config --global init.defaultBranch <name>
hint:
hint: Names commonly chosen instead of 'master' are 'main', 'trunk' and
hint: 'development'. The just-created branch can be renamed via this command:
hint:
hint: 	git branch -m <name>
From https://github.com/NikSativa/SmartNetwork
 * tag               5.8.4      -> FETCH_HEAD
HEAD is now at 1ac90cd Make subname tests independent of the Swift runtime
Cloned https://github.com/NikSativa/SmartNetwork.git
Revision (git rev-parse @):
1ac90cd7e51c07d5362b233c61d30c59dbb8cca0
SPI manifest file found: $PWD/.spi.yml
SUCCESS checkout https://github.com/NikSativa/SmartNetwork.git at 5.8.4
========================================
Build
========================================
Selected platform:         android
Swift version:             6.4
Building package at path:  $PWD
https://github.com/NikSativa/SmartNetwork.git
Running build ...
bash -c docker run --pull=always --rm -v "checkouts-54344849-1":/host -w "$PWD" -e JAVA_HOME="/root/.sdkman/candidates/java/current" -e SPI_BUILD="1" -e SPI_PROCESSING="1" registry.gitlab.com/saguaro1/spi-images:android-6.4-latest swift build --swift-sdk aarch64-unknown-linux-android28 2>&1
android-6.4-latest: Pulling from saguaro1/spi-images
Digest: sha256:d9a84d7647394b4473e054b8d8a8f0e0b43300080afc6972ec459a3a608366e4
Status: Image is up to date for registry.gitlab.com/saguaro1/spi-images:android-6.4-latest
Fetching https://github.com/NikSativa/SpryKit.git
Fetching https://github.com/NikSativa/Threading.git
[1/547] Fetching threading
Fetched https://github.com/NikSativa/Threading.git (0.35s)
[1/1410] Fetching sprykit
Fetched https://github.com/NikSativa/SpryKit.git (0.66s)
Computing version for https://github.com/NikSativa/Threading.git
Computed https://github.com/NikSativa/Threading.git at 2.3.5 (0.81s)
Computing version for https://github.com/NikSativa/SpryKit.git
Computed https://github.com/NikSativa/SpryKit.git at 3.3.0 (0.14s)
Fetching https://github.com/swiftlang/swift-syntax.git
Fetching https://github.com/mattgallagher/CwlPreconditionTesting.git
[1/1257] Fetching cwlpreconditiontesting
Fetched https://github.com/mattgallagher/CwlPreconditionTesting.git (0.37s)
[1/80807] Fetching swift-syntax
Fetched https://github.com/swiftlang/swift-syntax.git (3.68s)
Computing version for https://github.com/swiftlang/swift-syntax.git
Computed https://github.com/swiftlang/swift-syntax.git at 600.0.1 (4.64s)
Computing version for https://github.com/mattgallagher/CwlPreconditionTesting.git
Computed https://github.com/mattgallagher/CwlPreconditionTesting.git at 2.2.2 (0.16s)
Fetching https://github.com/mattgallagher/CwlCatchException.git
[1/460] Fetching cwlcatchexception
Fetched https://github.com/mattgallagher/CwlCatchException.git (0.32s)
Computing version for https://github.com/mattgallagher/CwlCatchException.git
Computed https://github.com/mattgallagher/CwlCatchException.git at 2.2.1 (0.49s)
Creating working copy for https://github.com/NikSativa/SpryKit.git
Working copy of https://github.com/NikSativa/SpryKit.git resolved at 3.3.0
Creating working copy for https://github.com/mattgallagher/CwlCatchException.git
Working copy of https://github.com/mattgallagher/CwlCatchException.git resolved at 2.2.1
Creating working copy for https://github.com/NikSativa/Threading.git
Working copy of https://github.com/NikSativa/Threading.git resolved at 2.3.5
Creating working copy for https://github.com/mattgallagher/CwlPreconditionTesting.git
Working copy of https://github.com/mattgallagher/CwlPreconditionTesting.git resolved at 2.2.2
Creating working copy for https://github.com/swiftlang/swift-syntax.git
Working copy of https://github.com/swiftlang/swift-syntax.git resolved at 600.0.1
Building for debugging...
[Constructing description]
[Planning deferred tasks]
[42 / 57] Threading
[51 / 66] Threading
[52 / 66] Threading
[59 / 76] SmartNetwork
[60 / 76] SmartNetwork
error: SwiftCompile normal aarch64 /host/spi-builder-workspace/Source/Parameters/ImageFormat.swift failed with a nonzero exit code. Command line:     cd /host
    builtin-SwiftPerFileCompile ImageFormat.swift
error: SwiftCompile normal aarch64 /host/spi-builder-workspace/Source/Parameters/Parameters.swift failed with a nonzero exit code. Command line:     cd /host
    builtin-SwiftPerFileCompile Parameters.swift
error: SwiftCompile normal aarch64 /host/spi-builder-workspace/Source/Parameters/Scheme.swift failed with a nonzero exit code. Command line:     cd /host
    builtin-SwiftPerFileCompile Scheme.swift
error: SwiftCompile normal aarch64 /host/spi-builder-workspace/Source/Parameters/SmartItem.swift failed with a nonzero exit code. Command line:     cd /host
    builtin-SwiftPerFileCompile SmartItem.swift
error: SwiftCompile normal aarch64 /host/spi-builder-workspace/Source/Parameters/SmartItems.swift failed with a nonzero exit code. Command line:     cd /host
    builtin-SwiftPerFileCompile SmartItems.swift
error: SwiftCompile normal aarch64 /host/spi-builder-workspace/Source/Parameters/UserInfo.swift failed with a nonzero exit code. Command line:     cd /host
    builtin-SwiftPerFileCompile UserInfo.swift
error: SwiftCompile normal aarch64 /host/spi-builder-workspace/Source/Parameters/UserInfoKey.swift failed with a nonzero exit code. Command line:     cd /host
    builtin-SwiftPerFileCompile UserInfoKey.swift
error: SwiftCompile normal aarch64 /host/spi-builder-workspace/Source/Plugin/Plugin.swift failed with a nonzero exit code. Command line:     cd /host
    builtin-SwiftPerFileCompile Plugin.swift
error: SwiftCompile normal aarch64 /host/spi-builder-workspace/Source/Plugin/PluginPriority.swift failed with a nonzero exit code. Command line:     cd /host
    builtin-SwiftPerFileCompile PluginPriority.swift
error: SwiftCompile normal aarch64 /host/spi-builder-workspace/Source/Plugin/Plugins.Basic.swift failed with a nonzero exit code. Command line:     cd /host
    builtin-SwiftPerFileCompile Plugins.Basic.swift
/host/spi-builder-workspace/Source/CrossPlatform.swift:25:8: error: unsupported os
 23 | public typealias SmartImage = NSImage
 24 | #else
 25 | #error("unsupported os")
    |        `- error: unsupported os
 26 | #endif
 27 |
/host/spi-builder-workspace/Source/CrossPlatform.swift:169:12: error: unsupported os
167 |     }
168 |     #else
169 |     #error("unsupported os")
    |            `- error: unsupported os
170 |     #endif
171 | }
/host/spi-builder-workspace/Source/Extensions/Cancellable+SN.swift:1:8: error: no such module 'Combine'
 1 | import Combine
   |        `- error: no such module 'Combine'
 2 | import Foundation
 3 |
Failed frontend command:
/root/.local/share/swiftly/toolchains/6.4.0/usr/bin/swift-frontend -frontend -c /host/spi-builder-workspace/.build/out/Intermediates.noindex/SmartNetwork.build/Debug-android-aarch64/SmartNetwork-t.build/DerivedSources/resource_bundle_accessor.swift /host/spi-builder-workspace/Source/Address/SmartURL.swift /host/spi-builder-workspace/Source/Address/SmartURLExt.swift /host/spi-builder-workspace/Source/Address/SmartUrlComponents+URL.swift /host/spi-builder-workspace/Source/Address/SmartUrlComponents.swift /host/spi-builder-workspace/Source/Address/SmartUrlComponentsExt.swift /host/spi-builder-workspace/Source/CURLConvertible.swift /host/spi-builder-workspace/Source/Content/DataContent.swift /host/spi-builder-workspace/Source/Content/DecodableContent.swift /host/spi-builder-workspace/Source/Content/DecodableKeyPath.swift /host/spi-builder-workspace/Source/Content/Deserializable.swift /host/spi-builder-workspace/Source/Content/ImageContent.swift /host/spi-builder-workspace/Source/Content/JSONContent.swift /host/spi-builder-workspace/Source/Content/VoidContent.swift /host/spi-builder-workspace/Source/CrossPlatform.swift /host/spi-builder-workspace/Source/Error/RequestDecodingError.swift /host/spi-builder-workspace/Source/Error/RequestEncodingError.swift /host/spi-builder-workspace/Source/Error/RequestError.swift /host/spi-builder-workspace/Source/Error/RequestErrorDescription.swift /host/spi-builder-workspace/Source/Error/StatusCode.swift /host/spi-builder-workspace/Source/Extensions/Cancellable+SN.swift /host/spi-builder-workspace/Source/Extensions/Collection+SN.swift /host/spi-builder-workspace/Source/Extensions/DecodeByKeyPath.swift /host/spi-builder-workspace/Source/Extensions/DelayedQueue+SN.swift /host/spi-builder-workspace/Source/Extensions/Optional+SN.swift /host/spi-builder-workspace/Source/Extensions/Result+Recover.swift /host/spi-builder-workspace/Source/JSONDecoding.swift /host/spi-builder-workspace/Source/Managers/DecodableRequestManager.swift /host/spi-builder-workspace/Source/Managers/Request/AnyRequest.swift /host/spi-builder-workspace/Source/Managers/Request/RequestCompletion.swift /host/spi-builder-workspace/Source/Managers/Request/TypedRequest.swift /host/spi-builder-workspace/Source/Managers/RequestManager.swift /host/spi-builder-workspace/Source/Managers/SmartRequestManager.swift /host/spi-builder-workspace/Source/Managers/TypedRequestManager.swift /host/spi-builder-workspace/Source/Parameters/Body.MultipartForm.swift /host/spi-builder-workspace/Source/Parameters/Body.XFormEncoder.swift /host/spi-builder-workspace/Source/Parameters/CacheSettings.swift /host/spi-builder-workspace/Source/Parameters/EncodedBody.swift /host/spi-builder-workspace/Source/Parameters/HTTPBody.swift /host/spi-builder-workspace/Source/Parameters/HTTPMethod.swift -primary-file /host/spi-builder-workspace/Source/Parameters/ImageFormat.swift -primary-file /host/spi-builder-workspace/Source/Parameters/Parameters.swift -primary-file /host/spi-builder-workspace/Source/Parameters/Scheme.swift -primary-file /host/spi-builder-workspace/Source/Parameters/SmartItem.swift -primary-file /host/spi-builder-workspace/Source/Parameters/SmartItems.swift -primary-file /host/spi-builder-workspace/Source/Parameters/UserInfo.swift -primary-file /host/spi-builder-workspace/Source/Parameters/UserInfoKey.swift -primary-file /host/spi-builder-workspace/Source/Plugin/Plugin.swift -primary-file /host/spi-builder-workspace/Source/Plugin/PluginPriority.swift -primary-file /host/spi-builder-workspace/Source/Plugin/Plugins.Basic.swift /host/spi-builder-workspace/Source/Plugin/Plugins.Bearer.swift /host/spi-builder-workspace/Source/Plugin/Plugins.JSONHeaders.swift /host/spi-builder-workspace/Source/Plugin/Plugins.Log.swift /host/spi-builder-workspace/Source/Plugin/Plugins.LogOS.swift /host/spi-builder-workspace/Source/Plugin/Plugins.StatusCode.swift /host/spi-builder-workspace/Source/Plugin/Plugins.TokenPlugin.swift /host/spi-builder-workspace/Source/Retrier/AnyErrorRetrier.swift /host/spi-builder-workspace/Source/Retrier/ConnectionErrorRetrier.swift /host/spi-builder-workspace/Source/Retrier/SmartRetrier.swift /host/spi-builder-workspace/Source/SmartNetworkSettings.swift /host/spi-builder-workspace/Source/SmartRequest.swift /host/spi-builder-workspace/Source/SmartResponse.swift /host/spi-builder-workspace/Source/SmartSendable.swift /host/spi-builder-workspace/Source/StopTheLine/StopTheLine.swift /host/spi-builder-workspace/Source/StopTheLine/StopTheLineAction.swift /host/spi-builder-workspace/Source/StopTheLine/StopTheLineResult.swift /host/spi-builder-workspace/Source/Stub/HTTPStubBody.swift /host/spi-builder-workspace/Source/Stub/HTTPStubCondition.swift /host/spi-builder-workspace/Source/Stub/HTTPStubProtocol.swift /host/spi-builder-workspace/Source/Stub/HTTPStubResponse.swift /host/spi-builder-workspace/Source/Stub/HTTPStubServer.swift /host/spi-builder-workspace/Source/Task+SN.swift /host/spi-builder-workspace/Source/Task/DetachedTask.swift /host/spi-builder-workspace/Source/Task/SmartTask.swift /host/spi-builder-workspace/Source/Task/SmartTasking.swift /host/spi-builder-workspace/Source/URLSession/SmartURLSession.swift /host/spi-builder-workspace/Source/URLSession/URLRequestRepresentation.swift /host/spi-builder-workspace/Source/URLSession/URLSession+SN.swift /host/spi-builder-workspace/Source/UserInfo+Keys.swift -supplementary-output-file-map /host/spi-builder-workspace/.build/out/Intermediates.noindex/SmartNetwork.build/Debug-android-aarch64/SmartNetwork-t.build/Objects-normal/aarch64/supplementaryOutputs-13 -target aarch64-unknown-linux-android28 -Xllvm -aarch64-use-tbi -disable-objc-interop -sdk /android-ndk/android-ndk-r30/toolchains/llvm/prebuilt/linux-x86_64/sysroot -sysroot /android-ndk/android-ndk-r30/toolchains/llvm/prebuilt/linux-x86_64/sysroot -I /host/spi-builder-workspace/.build/out/Products/Debug-android-aarch64 -module-cache-path /host/spi-builder-workspace/.build/out/ModuleCache.noindex -color-diagnostics -Xcc -fcolor-diagnostics -enable-testing -g -debug-info-format\=dwarf -dwarf-version\=4 -swift-version 6 -Onone -D SWIFT_PACKAGE -D DEBUG -D SWIFT_MODULE_RESOURCE_BUNDLE_AVAILABLE -D Xcode -serialize-debugging-options -enable-experimental-feature DebugDescriptionMacro -empty-abi-descriptor -external-plugin-path /root/.local/share/swiftly/toolchains/6.4.0/usr/lib/swift/host/plugins/testing\#/root/.local/share/swiftly/toolchains/6.4.0/usr/bin/swift-plugin-server -validate-clang-modules-once -clang-build-session-file /host/spi-builder-workspace/.build/out/ModuleCache.noindex/Session.modulevalidation -Xcc -working-directory -Xcc /host -resource-dir /root/.swiftpm/swift-sdks/swift-6.4.0-RELEASE_android.artifactbundle/swift-android/swift-resources/usr/lib/swift-aarch64 -enable-anonymous-context-mangled-names -file-compilation-dir /host -Xcc -resource-dir -Xcc /android-ndk/android-ndk-r30/toolchains/llvm/prebuilt/linux-x86_64/lib/clang/21 -Xcc -fno-omit-frame-pointer -Xcc -D_LIBCPP_HARDENING_MODE\=_LIBCPP_HARDENING_MODE_DEBUG -Xcc -fmodules-prune-interval\=86400 -Xcc -fmodules-prune-after\=345600 -Xcc -I/host/spi-builder-workspace/.build/out/Products/Debug-android-aarch64/include -Xcc -I/host/spi-builder-workspace/.build/out/Intermediates.noindex/SmartNetwork.build/Debug-android-aarch64/SmartNetwork-t.build/DerivedSources-normal/aarch64 -Xcc -I/host/spi-builder-workspace/.build/out/Intermediates.noindex/SmartNetwork.build/Debug-android-aarch64/SmartNetwork-t.build/DerivedSources/aarch64 -Xcc -I/host/spi-builder-workspace/.build/out/Intermediates.noindex/SmartNetwork.build/Debug-android-aarch64/SmartNetwork-t.build/DerivedSources -Xcc -DSWIFT_PACKAGE -Xcc -DDEBUG\=1 -no-auto-bridging-header-chaining -module-name SmartNetwork -package-name spi_builder_workspace -const-gather-protocols-file /host/spi-builder-workspace/.build/out/Intermediates.noindex/SmartNetwork.build/Debug-android-aarch64/SmartNetwork-t.build/Objects-normal/aarch64/SmartNetwork_const_extract_protocols.json -in-process-plugin-server-path /root/.local/share/swiftly/toolchains/6.4.0/usr/lib/swift/host/libSwiftInProcPluginServer.so -plugin-path /root/.local/share/swiftly/toolchains/6.4.0/usr/lib/swift/host/plugins -plugin-path /root/.local/share/swiftly/toolchains/6.4.0/usr/local/lib/swift/host/plugins -parse-as-library -o /host/spi-builder-workspace/.build/out/Intermediates.noindex/SmartNetwork.build/Debug-android-aarch64/SmartNetwork-t.build/Objects-normal/aarch64/ImageFormat.o -o /host/spi-builder-workspace/.build/out/Intermediates.noindex/SmartNetwork.build/Debug-android-aarch64/SmartNetwork-t.build/Objects-normal/aarch64/Parameters.o -o /host/spi-builder-workspace/.build/out/Intermediates.noindex/SmartNetwork.build/Debug-android-aarch64/SmartNetwork-t.build/Objects-normal/aarch64/Scheme.o -o /host/spi-builder-workspace/.build/out/Intermediates.noindex/SmartNetwork.build/Debug-android-aarch64/SmartNetwork-t.build/Objects-normal/aarch64/SmartItem.o -o /host/spi-builder-workspace/.build/out/Intermediates.noindex/SmartNetwork.build/Debug-android-aarch64/SmartNetwork-t.build/Objects-normal/aarch64/SmartItems.o -o /host/spi-builder-workspace/.build/out/Intermediates.noindex/SmartNetwork.build/Debug-android-aarch64/SmartNetwork-t.build/Objects-normal/aarch64/UserInfo.o -o /host/spi-builder-workspace/.build/out/Intermediates.noindex/SmartNetwork.build/Debug-android-aarch64/SmartNetwork-t.build/Objects-normal/aarch64/UserInfoKey.o -o /host/spi-builder-workspace/.build/out/Intermediates.noindex/SmartNetwork.build/Debug-android-aarch64/SmartNetwork-t.build/Objects-normal/aarch64/Plugin.o -o /host/spi-builder-workspace/.build/out/Intermediates.noindex/SmartNetwork.build/Debug-android-aarch64/SmartNetwork-t.build/Objects-normal/aarch64/PluginPriority.o -o /host/spi-builder-workspace/.build/out/Intermediates.noindex/SmartNetwork.build/Debug-android-aarch64/SmartNetwork-t.build/Objects-normal/aarch64/Plugins.Basic.o -index-unit-output-path /SmartNetwork.build/Debug-android-aarch64/SmartNetwork-t.build/Objects-normal/aarch64/ImageFormat.o -index-unit-output-path /SmartNetwork.build/Debug-android-aarch64/SmartNetwork-t.build/Objects-normal/aarch64/Parameters.o -index-unit-output-path /SmartNetwork.build/Debug-android-aarch64/SmartNetwork-t.build/Objects-normal/aarch64/Scheme.o -index-unit-output-path /SmartNetwork.build/Debug-android-aarch64/SmartNetwork-t.build/Objects-normal/aarch64/SmartItem.o -index-unit-output-path /SmartNetwork.build/Debug-android-aarch64/SmartNetwork-t.build/Objects-normal/aarch64/SmartItems.o -index-unit-output-path /SmartNetwork.build/Debug-android-aarch64/SmartNetwork-t.build/Objects-normal/aarch64/UserInfo.o -index-unit-output-path /SmartNetwork.build/Debug-android-aarch64/SmartNetwork-t.build/Objects-normal/aarch64/UserInfoKey.o -index-unit-output-path /SmartNetwork.build/Debug-android-aarch64/SmartNetwork-t.build/Objects-normal/aarch64/Plugin.o -index-unit-output-path /SmartNetwork.build/Debug-android-aarch64/SmartNetwork-t.build/Objects-normal/aarch64/PluginPriority.o -index-unit-output-path /SmartNetwork.build/Debug-android-aarch64/SmartNetwork-t.build/Objects-normal/aarch64/Plugins.Basic.o -index-store-path /host/spi-builder-workspace/.build/out -index-system-modules
error: Build failed
BUILD FAILURE 6.4 android