Build Information
Failed to build SwiftKeychain, reference main (7639ff), with Swift 6.4 for watchOS using Xcode 27.0 on 19 Sep 2026 09:22:36 UTC.
Build Command
env DEVELOPER_DIR=/Applications/Xcode-27.0.0-Release.Candidate.app xcrun xcodebuild -IDEClonedSourcePackagesDirPathOverride=$PWD/.dependencies -skipMacroValidation -skipPackagePluginValidation -derivedDataPath $PWD/.derivedData build -scheme SwiftKeychain -destination generic/platform=watchOSBuild Log
========================================
RunAll
========================================
Builder version: 5.1.0
Interrupt handler set up.
========================================
Checkout
========================================
Clone URL: https://github.com/ShenghaiWang/SwiftKeychain.git
Reference: main
Initialized empty Git repository in /Users/admin/builder/spi-builder-workspace/.git/
From https://github.com/ShenghaiWang/SwiftKeychain
* branch main -> FETCH_HEAD
* [new branch] main -> origin/main
HEAD is now at 7639ff4 Update version
Cloned https://github.com/ShenghaiWang/SwiftKeychain.git
Revision (git rev-parse @):
7639ff424dad6ad530e01b641ae8a3296f05d4ef
SUCCESS checkout https://github.com/ShenghaiWang/SwiftKeychain.git at main
========================================
Build
========================================
Selected platform: watchOS
Swift version: 6.4
Building package at path: $PWD
https://github.com/ShenghaiWang/SwiftKeychain.git
Command line invocation:
/Applications/Xcode-27.0.0-Release.Candidate.app/Contents/Developer/usr/bin/xcodebuild -IDEClonedSourcePackagesDirPathOverride=/Users/admin/builder/spi-builder-workspace/.dependencies -resolvePackageDependencies
Resolve Package Graph
Fetching from https://github.com/apple/swift-docc-plugin
Fetching from https://github.com/swiftlang/swift-docc-symbolkit
Creating working copy of package ‘swift-docc-symbolkit’
Checking out 1.0.0 of package ‘swift-docc-symbolkit’
Creating working copy of package ‘swift-docc-plugin’
Checking out 1.5.0 of package ‘swift-docc-plugin’
Resolve Package Graph
Resolved source packages:
SwiftKeychain: /Users/admin/builder/spi-builder-workspace
SymbolKit: https://github.com/swiftlang/swift-docc-symbolkit @ 1.0.0
SwiftDocCPlugin: https://github.com/apple/swift-docc-plugin @ 1.5.0
resolved source packages: SwiftKeychain, SymbolKit, SwiftDocCPlugin
2026-09-19 05:21:03.281 xcodebuild[529:3020] [MT] IDERunDestination: Supported platforms for the buildables in the current scheme is empty.
{
"dependencies" : [
{
"identity" : "swift-docc-plugin",
"requirement" : {
"range" : [
{
"lower_bound" : "1.1.0",
"upper_bound" : "2.0.0"
}
]
},
"type" : "sourceControl",
"url" : "https://github.com/apple/swift-docc-plugin"
}
],
"manifest_display_name" : "SwiftKeychain",
"name" : "SwiftKeychain",
"path" : "/Users/admin/builder/spi-builder-workspace",
"platforms" : [
{
"name" : "macos",
"version" : "10.15"
},
{
"name" : "ios",
"version" : "13.0"
},
{
"name" : "watchos",
"version" : "6.0"
},
{
"name" : "tvos",
"version" : "13.0"
}
],
"products" : [
{
"name" : "SwiftKeychain",
"targets" : [
"SwiftKeychain"
],
"type" : {
"library" : [
"automatic"
]
}
}
],
"targets" : [
{
"c99name" : "SwiftKeychainTests",
"module_type" : "SwiftTarget",
"name" : "SwiftKeychainTests",
"path" : "Tests/SwiftKeychainTests",
"sources" : [
"SwiftKeychainTests.swift"
],
"target_dependencies" : [
"SwiftKeychain"
],
"type" : "test"
},
{
"c99name" : "SwiftKeychain",
"module_type" : "SwiftTarget",
"name" : "SwiftKeychain",
"path" : "Sources/SwiftKeychain",
"product_memberships" : [
"SwiftKeychain"
],
"sources" : [
"AttibuteValueType/AccessibilityValue.swift",
"AttibuteValueType/AuthenticationType.swift",
"AttibuteValueType/CertificateEncoding.swift",
"AttibuteValueType/CertificateType.swift",
"AttibuteValueType/KeyClass.swift",
"AttibuteValueType/KeyType.swift",
"AttibuteValueType/ProtocolType.swift",
"Extension/SecAccess.swift",
"Extension/SecAccessControl.swift",
"Extension/SecPolicy.swift",
"Item/Certificate.swift",
"Item/GenericPassword.swift",
"Item/Identity.swift",
"Item/InternetPassword.swift",
"Item/Item.swift",
"Item/ItemValue.swift",
"Item/Key.swift",
"Item/KeyValue.swift",
"KeychainError.swift",
"Result/OperationResult.swift",
"Result/ResultKey.swift",
"Search/SearchAttribute.swift",
"SwiftKeychain.swift"
],
"type" : "library"
}
],
"tools_version" : "5.7"
}
{
"workspace" : {
"name" : "SwiftKeychain",
"schemes" : [
"SwiftKeychain"
]
}
}
2026-09-19 05:21:56.034 xcodebuild[822:5104] [MT] IDERunDestination: Supported platforms for the buildables in the current scheme is empty.
Running build ...
env DEVELOPER_DIR=/Applications/Xcode-27.0.0-Release.Candidate.app xcrun xcodebuild -IDEClonedSourcePackagesDirPathOverride=$PWD/.dependencies -skipMacroValidation -skipPackagePluginValidation -derivedDataPath $PWD/.derivedData build -scheme SwiftKeychain -destination generic/platform=watchOS
Command line invocation:
/Applications/Xcode-27.0.0-Release.Candidate.app/Contents/Developer/usr/bin/xcodebuild -IDEClonedSourcePackagesDirPathOverride=/Users/admin/builder/spi-builder-workspace/.dependencies -skipMacroValidation -skipPackagePluginValidation -derivedDataPath /Users/admin/builder/spi-builder-workspace/.derivedData build -scheme SwiftKeychain -destination generic/platform=watchOS
Resolve Package Graph
Resolve Package Graph
Resolved source packages:
SwiftKeychain: /Users/admin/builder/spi-builder-workspace
SymbolKit: https://github.com/swiftlang/swift-docc-symbolkit @ 1.0.0
SwiftDocCPlugin: https://github.com/apple/swift-docc-plugin @ 1.5.0
ComputePackagePrebuildTargetDependencyGraph
Prepare packages
CreateBuildRequest
SendProjectDescription
CreateBuildOperation
ComputeTargetDependencyGraph
note: Building targets in dependency order
note: Target dependency graph (2 targets)
Target 'SwiftKeychain-product' in project 'SwiftKeychain'
➜ Explicit dependency on target 'SwiftKeychain' in project 'SwiftKeychain'
Target 'SwiftKeychain' in project 'SwiftKeychain' (no dependencies)
GatherProvisioningInputs
CreateBuildDescription
ExecuteExternalTool /Applications/Xcode-27.0.0-Release.Candidate.app/Contents/Developer/Toolchains/XcodeDefault.xctoolchain/usr/bin/clang -v -E -dM -isysroot /Applications/Xcode-27.0.0-Release.Candidate.app/Contents/Developer/Platforms/WatchOS.platform/Developer/SDKs/WatchOS27.0.sdk -x c -c /dev/null
ExecuteExternalTool /Applications/Xcode-27.0.0-Release.Candidate.app/Contents/Developer/Toolchains/XcodeDefault.xctoolchain/usr/bin/swiftc --version
ExecuteExternalTool /Applications/Xcode-27.0.0-Release.Candidate.app/Contents/Developer/Toolchains/XcodeDefault.xctoolchain/usr/bin/ld -version_details
ReadFileContents /Applications/Xcode-27.0.0-Release.Candidate.app/Contents/Developer/Toolchains/XcodeDefault.xctoolchain/usr/share/docc/features.json
Build description signature: b6d4955fbca4738cb0781be3d3390871
Build description path: /Users/admin/builder/spi-builder-workspace/.derivedData/Build/Intermediates.noindex/XCBuildData/b6d4955fbca4738cb0781be3d3390871.xcbuilddata
CreateBuildDirectory /Users/admin/builder/spi-builder-workspace/.derivedData/SDKExplicitPrecompiledModules
cd /Users/admin/builder/spi-builder-workspace/.swiftpm/xcode
builtin-create-build-directory /Users/admin/builder/spi-builder-workspace/.derivedData/SDKExplicitPrecompiledModules
CreateBuildDirectory /Users/admin/builder/spi-builder-workspace/.derivedData/CompilationCache.noindex
cd /Users/admin/builder/spi-builder-workspace/.swiftpm/xcode
builtin-create-build-directory /Users/admin/builder/spi-builder-workspace/.derivedData/CompilationCache.noindex
CreateBuildDirectory /Users/admin/builder/spi-builder-workspace/.derivedData/ModuleCache.noindex
cd /Users/admin/builder/spi-builder-workspace/.swiftpm/xcode
builtin-create-build-directory /Users/admin/builder/spi-builder-workspace/.derivedData/ModuleCache.noindex
ClangStatCache /Applications/Xcode-27.0.0-Release.Candidate.app/Contents/Developer/Toolchains/XcodeDefault.xctoolchain/usr/bin/clang-stat-cache /Applications/Xcode-27.0.0-Release.Candidate.app/Contents/Developer/Platforms/WatchOS.platform/Developer/SDKs/WatchOS27.0.sdk /Users/admin/builder/spi-builder-workspace/.derivedData/SDKStatCaches.noindex/watchos27.0-24R360-e829b21a6f8c9b70876ba0858053c04477534ef55a1706bf4c1112bbb242f0a2.sdkstatcache
cd /Users/admin/builder/spi-builder-workspace/.swiftpm/xcode
/Applications/Xcode-27.0.0-Release.Candidate.app/Contents/Developer/Toolchains/XcodeDefault.xctoolchain/usr/bin/clang-stat-cache /Applications/Xcode-27.0.0-Release.Candidate.app/Contents/Developer/Platforms/WatchOS.platform/Developer/SDKs/WatchOS27.0.sdk -o /Users/admin/builder/spi-builder-workspace/.derivedData/SDKStatCaches.noindex/watchos27.0-24R360-e829b21a6f8c9b70876ba0858053c04477534ef55a1706bf4c1112bbb242f0a2.sdkstatcache
CreateBuildDirectory /Users/admin/builder/spi-builder-workspace/.derivedData/Build/Products
cd /Users/admin/builder/spi-builder-workspace/.swiftpm/xcode
builtin-create-build-directory /Users/admin/builder/spi-builder-workspace/.derivedData/Build/Products
CreateBuildDirectory /Users/admin/builder/spi-builder-workspace/.derivedData/Build/Intermediates.noindex
cd /Users/admin/builder/spi-builder-workspace/.swiftpm/xcode
builtin-create-build-directory /Users/admin/builder/spi-builder-workspace/.derivedData/Build/Intermediates.noindex
CreateBuildDirectory /Users/admin/builder/spi-builder-workspace/.derivedData/Build/Intermediates.noindex/SwiftExplicitPrecompiledModules
cd /Users/admin/builder/spi-builder-workspace/.swiftpm/xcode
builtin-create-build-directory /Users/admin/builder/spi-builder-workspace/.derivedData/Build/Intermediates.noindex/SwiftExplicitPrecompiledModules
CreateBuildDirectory /Users/admin/builder/spi-builder-workspace/.derivedData/Build/Intermediates.noindex/PrecompiledHeaders
cd /Users/admin/builder/spi-builder-workspace/.swiftpm/xcode
builtin-create-build-directory /Users/admin/builder/spi-builder-workspace/.derivedData/Build/Intermediates.noindex/PrecompiledHeaders
CreateBuildDirectory /Users/admin/builder/spi-builder-workspace/.derivedData/Build/Intermediates.noindex/ExplicitPrecompiledModules
cd /Users/admin/builder/spi-builder-workspace/.swiftpm/xcode
builtin-create-build-directory /Users/admin/builder/spi-builder-workspace/.derivedData/Build/Intermediates.noindex/ExplicitPrecompiledModules
CreateBuildDirectory /Users/admin/builder/spi-builder-workspace/.derivedData/Build/Products/Debug-watchos
cd /Users/admin/builder/spi-builder-workspace/.swiftpm/xcode
builtin-create-build-directory /Users/admin/builder/spi-builder-workspace/.derivedData/Build/Products/Debug-watchos
CreateBuildDirectory /Users/admin/builder/spi-builder-workspace/.derivedData/Build/Intermediates.noindex/EagerLinkingTBDs/Debug-watchos
cd /Users/admin/builder/spi-builder-workspace/.swiftpm/xcode
builtin-create-build-directory /Users/admin/builder/spi-builder-workspace/.derivedData/Build/Intermediates.noindex/EagerLinkingTBDs/Debug-watchos
CreateBuildDirectory /Users/admin/builder/spi-builder-workspace/.derivedData/Build/Products/Debug-watchos/PackageFrameworks
cd /Users/admin/builder/spi-builder-workspace/.swiftpm/xcode
builtin-create-build-directory /Users/admin/builder/spi-builder-workspace/.derivedData/Build/Products/Debug-watchos/PackageFrameworks
WriteAuxiliaryFile /Users/admin/builder/spi-builder-workspace/.derivedData/Build/Intermediates.noindex/SwiftKeychain.build/Debug-watchos/SwiftKeychain-t.build/SwiftKeychain.DependencyMetadataFileList (in target 'SwiftKeychain' from project 'SwiftKeychain')
cd /Users/admin/builder/spi-builder-workspace
write-file /Users/admin/builder/spi-builder-workspace/.derivedData/Build/Intermediates.noindex/SwiftKeychain.build/Debug-watchos/SwiftKeychain-t.build/SwiftKeychain.DependencyMetadataFileList
WriteAuxiliaryFile /Users/admin/builder/spi-builder-workspace/.derivedData/Build/Intermediates.noindex/SwiftKeychain.build/Debug-watchos/SwiftKeychain-t.build/SwiftKeychain.DependencyStaticMetadataFileList (in target 'SwiftKeychain' from project 'SwiftKeychain')
cd /Users/admin/builder/spi-builder-workspace
write-file /Users/admin/builder/spi-builder-workspace/.derivedData/Build/Intermediates.noindex/SwiftKeychain.build/Debug-watchos/SwiftKeychain-t.build/SwiftKeychain.DependencyStaticMetadataFileList
WriteAuxiliaryFile /Users/admin/builder/spi-builder-workspace/.derivedData/Build/Intermediates.noindex/SwiftKeychain.build/Debug-watchos/SwiftKeychain-t.build/SwiftKeychain.modulemap (in target 'SwiftKeychain' from project 'SwiftKeychain')
cd /Users/admin/builder/spi-builder-workspace
write-file /Users/admin/builder/spi-builder-workspace/.derivedData/Build/Intermediates.noindex/SwiftKeychain.build/Debug-watchos/SwiftKeychain-t.build/SwiftKeychain.modulemap
WriteAuxiliaryFile /Users/admin/builder/spi-builder-workspace/.derivedData/Build/Intermediates.noindex/SwiftKeychain.build/Debug-watchos/SwiftKeychain-t.build/Objects-normal/arm64_32/SwiftKeychain.SwiftFileList (in target 'SwiftKeychain' from project 'SwiftKeychain')
cd /Users/admin/builder/spi-builder-workspace
write-file /Users/admin/builder/spi-builder-workspace/.derivedData/Build/Intermediates.noindex/SwiftKeychain.build/Debug-watchos/SwiftKeychain-t.build/Objects-normal/arm64_32/SwiftKeychain.SwiftFileList
WriteAuxiliaryFile /Users/admin/builder/spi-builder-workspace/.derivedData/Build/Intermediates.noindex/SwiftKeychain.build/Debug-watchos/SwiftKeychain-t.build/Objects-normal/arm64/SwiftKeychain_const_extract_protocols.json (in target 'SwiftKeychain' from project 'SwiftKeychain')
cd /Users/admin/builder/spi-builder-workspace
write-file /Users/admin/builder/spi-builder-workspace/.derivedData/Build/Intermediates.noindex/SwiftKeychain.build/Debug-watchos/SwiftKeychain-t.build/Objects-normal/arm64/SwiftKeychain_const_extract_protocols.json
WriteAuxiliaryFile /Users/admin/builder/spi-builder-workspace/.derivedData/Build/Intermediates.noindex/SwiftKeychain.build/Debug-watchos/SwiftKeychain-t.build/Objects-normal/arm64_32/SwiftKeychain-OutputFileMap.json (in target 'SwiftKeychain' from project 'SwiftKeychain')
cd /Users/admin/builder/spi-builder-workspace
write-file /Users/admin/builder/spi-builder-workspace/.derivedData/Build/Intermediates.noindex/SwiftKeychain.build/Debug-watchos/SwiftKeychain-t.build/Objects-normal/arm64_32/SwiftKeychain-OutputFileMap.json
WriteAuxiliaryFile /Users/admin/builder/spi-builder-workspace/.derivedData/Build/Intermediates.noindex/SwiftKeychain.build/Debug-watchos/SwiftKeychain-t.build/Objects-normal/arm64_32/SwiftKeychain.LinkFileList (in target 'SwiftKeychain' from project 'SwiftKeychain')
cd /Users/admin/builder/spi-builder-workspace
write-file /Users/admin/builder/spi-builder-workspace/.derivedData/Build/Intermediates.noindex/SwiftKeychain.build/Debug-watchos/SwiftKeychain-t.build/Objects-normal/arm64_32/SwiftKeychain.LinkFileList
WriteAuxiliaryFile /Users/admin/builder/spi-builder-workspace/.derivedData/Build/Intermediates.noindex/SwiftKeychain.build/Debug-watchos/SwiftKeychain-t.build/Objects-normal/arm64_32/SwiftKeychain_const_extract_protocols.json (in target 'SwiftKeychain' from project 'SwiftKeychain')
cd /Users/admin/builder/spi-builder-workspace
write-file /Users/admin/builder/spi-builder-workspace/.derivedData/Build/Intermediates.noindex/SwiftKeychain.build/Debug-watchos/SwiftKeychain-t.build/Objects-normal/arm64_32/SwiftKeychain_const_extract_protocols.json
WriteAuxiliaryFile /Users/admin/builder/spi-builder-workspace/.derivedData/Build/Intermediates.noindex/SwiftKeychain.build/Debug-watchos/SwiftKeychain-t.build/Objects-normal/arm64_32/SwiftKeychain.SwiftConstValuesFileList (in target 'SwiftKeychain' from project 'SwiftKeychain')
cd /Users/admin/builder/spi-builder-workspace
write-file /Users/admin/builder/spi-builder-workspace/.derivedData/Build/Intermediates.noindex/SwiftKeychain.build/Debug-watchos/SwiftKeychain-t.build/Objects-normal/arm64_32/SwiftKeychain.SwiftConstValuesFileList
WriteAuxiliaryFile /Users/admin/builder/spi-builder-workspace/.derivedData/Build/Intermediates.noindex/SwiftKeychain.build/Debug-watchos/SwiftKeychain-t.build/Objects-normal/arm64/SwiftKeychain.SwiftFileList (in target 'SwiftKeychain' from project 'SwiftKeychain')
cd /Users/admin/builder/spi-builder-workspace
write-file /Users/admin/builder/spi-builder-workspace/.derivedData/Build/Intermediates.noindex/SwiftKeychain.build/Debug-watchos/SwiftKeychain-t.build/Objects-normal/arm64/SwiftKeychain.SwiftFileList
WriteAuxiliaryFile /Users/admin/builder/spi-builder-workspace/.derivedData/Build/Intermediates.noindex/SwiftKeychain.build/Debug-watchos/SwiftKeychain-t.build/Objects-normal/arm64/SwiftKeychain-OutputFileMap.json (in target 'SwiftKeychain' from project 'SwiftKeychain')
cd /Users/admin/builder/spi-builder-workspace
write-file /Users/admin/builder/spi-builder-workspace/.derivedData/Build/Intermediates.noindex/SwiftKeychain.build/Debug-watchos/SwiftKeychain-t.build/Objects-normal/arm64/SwiftKeychain-OutputFileMap.json
WriteAuxiliaryFile /Users/admin/builder/spi-builder-workspace/.derivedData/Build/Intermediates.noindex/SwiftKeychain.build/Debug-watchos/SwiftKeychain-t.build/Objects-normal/arm64/SwiftKeychain.LinkFileList (in target 'SwiftKeychain' from project 'SwiftKeychain')
cd /Users/admin/builder/spi-builder-workspace
write-file /Users/admin/builder/spi-builder-workspace/.derivedData/Build/Intermediates.noindex/SwiftKeychain.build/Debug-watchos/SwiftKeychain-t.build/Objects-normal/arm64/SwiftKeychain.LinkFileList
WriteAuxiliaryFile /Users/admin/builder/spi-builder-workspace/.derivedData/Build/Intermediates.noindex/SwiftKeychain.build/Debug-watchos/SwiftKeychain-t.build/Objects-normal/arm64/SwiftKeychain.SwiftConstValuesFileList (in target 'SwiftKeychain' from project 'SwiftKeychain')
cd /Users/admin/builder/spi-builder-workspace
write-file /Users/admin/builder/spi-builder-workspace/.derivedData/Build/Intermediates.noindex/SwiftKeychain.build/Debug-watchos/SwiftKeychain-t.build/Objects-normal/arm64/SwiftKeychain.SwiftConstValuesFileList
Copy /Users/admin/builder/spi-builder-workspace/.derivedData/Build/Intermediates.noindex/GeneratedModuleMaps-watchos/SwiftKeychain.modulemap /Users/admin/builder/spi-builder-workspace/.derivedData/Build/Intermediates.noindex/SwiftKeychain.build/Debug-watchos/SwiftKeychain-t.build/SwiftKeychain.modulemap (in target 'SwiftKeychain' from project 'SwiftKeychain')
cd /Users/admin/builder/spi-builder-workspace
builtin-copy -exclude .DS_Store -exclude CVS -exclude .svn -exclude .git -exclude .hg -resolve-src-symlinks /Users/admin/builder/spi-builder-workspace/.derivedData/Build/Intermediates.noindex/SwiftKeychain.build/Debug-watchos/SwiftKeychain-t.build/SwiftKeychain.modulemap /Users/admin/builder/spi-builder-workspace/.derivedData/Build/Intermediates.noindex/GeneratedModuleMaps-watchos
SwiftDriver SwiftKeychain normal arm64_32 com.apple.xcode.tools.swift.compiler (in target 'SwiftKeychain' from project 'SwiftKeychain')
cd /Users/admin/builder/spi-builder-workspace/.swiftpm/xcode
builtin-SwiftDriver -- /Applications/Xcode-27.0.0-Release.Candidate.app/Contents/Developer/Toolchains/XcodeDefault.xctoolchain/usr/bin/swiftc -parse-as-library -module-name SwiftKeychain -Onone @/Users/admin/builder/spi-builder-workspace/.derivedData/Build/Intermediates.noindex/SwiftKeychain.build/Debug-watchos/SwiftKeychain-t.build/Objects-normal/arm64_32/SwiftKeychain.SwiftFileList -DSWIFT_PACKAGE -DDEBUG -DSWIFT_MODULE_RESOURCE_BUNDLE_UNAVAILABLE -DXcode -plugin-path /Applications/Xcode-27.0.0-Release.Candidate.app/Contents/Developer/Toolchains/XcodeDefault.xctoolchain/usr/lib/swift/host/plugins/testing -enable-experimental-feature DebugDescriptionMacro -sdk /Applications/Xcode-27.0.0-Release.Candidate.app/Contents/Developer/Platforms/WatchOS.platform/Developer/SDKs/WatchOS27.0.sdk -target arm64_32-apple-watchos9.0 -g -module-cache-path /Users/admin/builder/spi-builder-workspace/.derivedData/ModuleCache.noindex -Xfrontend -serialize-debugging-options -profile-coverage-mapping -profile-generate -enable-testing -index-store-path /Users/admin/builder/spi-builder-workspace/.derivedData/Index.noindex/DataStore -Xcc -D_LIBCPP_HARDENING_MODE\=_LIBCPP_HARDENING_MODE_DEBUG -swift-version 5 -I /Users/admin/builder/spi-builder-workspace/.derivedData/Build/Products/Debug-watchos -Isystem /Applications/Xcode-27.0.0-Release.Candidate.app/Contents/Developer/Platforms/WatchOS.platform/Developer/usr/lib -F /Users/admin/builder/spi-builder-workspace/.derivedData/Build/Products/Debug-watchos -F /Applications/Xcode-27.0.0-Release.Candidate.app/Contents/Developer/Platforms/WatchOS.platform/Developer/Library/Frameworks -F /Applications/Xcode-27.0.0-Release.Candidate.app/Contents/Developer/Platforms/WatchOS.platform/Developer/SDKs/WatchOS27.0.sdk/Developer/Library/Frameworks -c -j10 -enable-batch-mode -incremental -Xcc -ivfsstatcache -Xcc /Users/admin/builder/spi-builder-workspace/.derivedData/SDKStatCaches.noindex/watchos27.0-24R360-e829b21a6f8c9b70876ba0858053c04477534ef55a1706bf4c1112bbb242f0a2.sdkstatcache -output-file-map /Users/admin/builder/spi-builder-workspace/.derivedData/Build/Intermediates.noindex/SwiftKeychain.build/Debug-watchos/SwiftKeychain-t.build/Objects-normal/arm64_32/SwiftKeychain-OutputFileMap.json -save-temps -no-color-diagnostics -explicit-module-build -module-cache-path /Users/admin/builder/spi-builder-workspace/.derivedData/Build/Intermediates.noindex/SwiftExplicitPrecompiledModules -clang-scanner-module-cache-path /Users/admin/builder/spi-builder-workspace/.derivedData/ModuleCache.noindex -sdk-module-cache-path /Users/admin/builder/spi-builder-workspace/.derivedData/SDKExplicitPrecompiledModules -emit-dependencies -emit-module -emit-module-path /Users/admin/builder/spi-builder-workspace/.derivedData/Build/Intermediates.noindex/SwiftKeychain.build/Debug-watchos/SwiftKeychain-t.build/Objects-normal/arm64_32/SwiftKeychain.swiftmodule -serialize-diagnostics -dependency-scan-serialize-diagnostics-path /Users/admin/builder/spi-builder-workspace/.derivedData/Build/Intermediates.noindex/SwiftKeychain.build/Debug-watchos/SwiftKeychain-t.build/Objects-normal/arm64_32/SwiftKeychain-dependency-scan.dia -validate-clang-modules-once -clang-build-session-file /Users/admin/builder/spi-builder-workspace/.derivedData/ModuleCache.noindex/Session.modulevalidation -Xcc -fmodules-prune-interval\=86400 -Xcc -fmodules-prune-after\=345600 -emit-const-values -const-gather-protocols-list /Users/admin/builder/spi-builder-workspace/.derivedData/Build/Intermediates.noindex/SwiftKeychain.build/Debug-watchos/SwiftKeychain-t.build/Objects-normal/arm64_32/SwiftKeychain_const_extract_protocols.json -Xcc -I/Users/admin/builder/spi-builder-workspace/.derivedData/Build/Products/Debug-watchos/include -Xcc -I/Users/admin/builder/spi-builder-workspace/.derivedData/Build/Intermediates.noindex/SwiftKeychain.build/Debug-watchos/SwiftKeychain-t.build/DerivedSources-normal/arm64_32 -Xcc -I/Users/admin/builder/spi-builder-workspace/.derivedData/Build/Intermediates.noindex/SwiftKeychain.build/Debug-watchos/SwiftKeychain-t.build/DerivedSources/arm64_32 -Xcc -I/Users/admin/builder/spi-builder-workspace/.derivedData/Build/Intermediates.noindex/SwiftKeychain.build/Debug-watchos/SwiftKeychain-t.build/DerivedSources -Xcc -DSWIFT_PACKAGE -Xcc -DDEBUG\=1 -emit-objc-header -emit-objc-header-path /Users/admin/builder/spi-builder-workspace/.derivedData/Build/Intermediates.noindex/SwiftKeychain.build/Debug-watchos/SwiftKeychain-t.build/Objects-normal/arm64_32/SwiftKeychain-Swift.h -working-directory /Users/admin/builder/spi-builder-workspace/.swiftpm/xcode -experimental-emit-module-separately -disable-cmo
SwiftDriver SwiftKeychain normal arm64 com.apple.xcode.tools.swift.compiler (in target 'SwiftKeychain' from project 'SwiftKeychain')
cd /Users/admin/builder/spi-builder-workspace/.swiftpm/xcode
builtin-SwiftDriver -- /Applications/Xcode-27.0.0-Release.Candidate.app/Contents/Developer/Toolchains/XcodeDefault.xctoolchain/usr/bin/swiftc -parse-as-library -module-name SwiftKeychain -Onone @/Users/admin/builder/spi-builder-workspace/.derivedData/Build/Intermediates.noindex/SwiftKeychain.build/Debug-watchos/SwiftKeychain-t.build/Objects-normal/arm64/SwiftKeychain.SwiftFileList -DSWIFT_PACKAGE -DDEBUG -DSWIFT_MODULE_RESOURCE_BUNDLE_UNAVAILABLE -DXcode -plugin-path /Applications/Xcode-27.0.0-Release.Candidate.app/Contents/Developer/Toolchains/XcodeDefault.xctoolchain/usr/lib/swift/host/plugins/testing -enable-experimental-feature DebugDescriptionMacro -sdk /Applications/Xcode-27.0.0-Release.Candidate.app/Contents/Developer/Platforms/WatchOS.platform/Developer/SDKs/WatchOS27.0.sdk -target arm64-apple-watchos9.0 -g -module-cache-path /Users/admin/builder/spi-builder-workspace/.derivedData/ModuleCache.noindex -Xfrontend -serialize-debugging-options -profile-coverage-mapping -profile-generate -enable-testing -index-store-path /Users/admin/builder/spi-builder-workspace/.derivedData/Index.noindex/DataStore -Xcc -D_LIBCPP_HARDENING_MODE\=_LIBCPP_HARDENING_MODE_DEBUG -swift-version 5 -I /Users/admin/builder/spi-builder-workspace/.derivedData/Build/Products/Debug-watchos -Isystem /Applications/Xcode-27.0.0-Release.Candidate.app/Contents/Developer/Platforms/WatchOS.platform/Developer/usr/lib -F /Users/admin/builder/spi-builder-workspace/.derivedData/Build/Products/Debug-watchos -F /Applications/Xcode-27.0.0-Release.Candidate.app/Contents/Developer/Platforms/WatchOS.platform/Developer/Library/Frameworks -F /Applications/Xcode-27.0.0-Release.Candidate.app/Contents/Developer/Platforms/WatchOS.platform/Developer/SDKs/WatchOS27.0.sdk/Developer/Library/Frameworks -c -j10 -enable-batch-mode -incremental -Xcc -ivfsstatcache -Xcc /Users/admin/builder/spi-builder-workspace/.derivedData/SDKStatCaches.noindex/watchos27.0-24R360-e829b21a6f8c9b70876ba0858053c04477534ef55a1706bf4c1112bbb242f0a2.sdkstatcache -output-file-map /Users/admin/builder/spi-builder-workspace/.derivedData/Build/Intermediates.noindex/SwiftKeychain.build/Debug-watchos/SwiftKeychain-t.build/Objects-normal/arm64/SwiftKeychain-OutputFileMap.json -save-temps -no-color-diagnostics -explicit-module-build -module-cache-path /Users/admin/builder/spi-builder-workspace/.derivedData/Build/Intermediates.noindex/SwiftExplicitPrecompiledModules -clang-scanner-module-cache-path /Users/admin/builder/spi-builder-workspace/.derivedData/ModuleCache.noindex -sdk-module-cache-path /Users/admin/builder/spi-builder-workspace/.derivedData/SDKExplicitPrecompiledModules -emit-dependencies -emit-module -emit-module-path /Users/admin/builder/spi-builder-workspace/.derivedData/Build/Intermediates.noindex/SwiftKeychain.build/Debug-watchos/SwiftKeychain-t.build/Objects-normal/arm64/SwiftKeychain.swiftmodule -serialize-diagnostics -dependency-scan-serialize-diagnostics-path /Users/admin/builder/spi-builder-workspace/.derivedData/Build/Intermediates.noindex/SwiftKeychain.build/Debug-watchos/SwiftKeychain-t.build/Objects-normal/arm64/SwiftKeychain-dependency-scan.dia -validate-clang-modules-once -clang-build-session-file /Users/admin/builder/spi-builder-workspace/.derivedData/ModuleCache.noindex/Session.modulevalidation -Xcc -fmodules-prune-interval\=86400 -Xcc -fmodules-prune-after\=345600 -emit-const-values -const-gather-protocols-list /Users/admin/builder/spi-builder-workspace/.derivedData/Build/Intermediates.noindex/SwiftKeychain.build/Debug-watchos/SwiftKeychain-t.build/Objects-normal/arm64/SwiftKeychain_const_extract_protocols.json -Xcc -I/Users/admin/builder/spi-builder-workspace/.derivedData/Build/Products/Debug-watchos/include -Xcc -I/Users/admin/builder/spi-builder-workspace/.derivedData/Build/Intermediates.noindex/SwiftKeychain.build/Debug-watchos/SwiftKeychain-t.build/DerivedSources-normal/arm64 -Xcc -I/Users/admin/builder/spi-builder-workspace/.derivedData/Build/Intermediates.noindex/SwiftKeychain.build/Debug-watchos/SwiftKeychain-t.build/DerivedSources/arm64 -Xcc -I/Users/admin/builder/spi-builder-workspace/.derivedData/Build/Intermediates.noindex/SwiftKeychain.build/Debug-watchos/SwiftKeychain-t.build/DerivedSources -Xcc -DSWIFT_PACKAGE -Xcc -DDEBUG\=1 -emit-objc-header -emit-objc-header-path /Users/admin/builder/spi-builder-workspace/.derivedData/Build/Intermediates.noindex/SwiftKeychain.build/Debug-watchos/SwiftKeychain-t.build/Objects-normal/arm64/SwiftKeychain-Swift.h -working-directory /Users/admin/builder/spi-builder-workspace/.swiftpm/xcode -experimental-emit-module-separately -disable-cmo
SwiftExplicitDependencyGeneratePcm arm64 /Users/admin/builder/spi-builder-workspace/.derivedData/SDKExplicitPrecompiledModules/_Builtin_stdarg-A7UU8LE6MP85SM26YO7PBZNUQ.pcm
SwiftExplicitDependencyGeneratePcm arm64 /Users/admin/builder/spi-builder-workspace/.derivedData/SDKExplicitPrecompiledModules/ptrcheck-AIF0NDOYZ8ORBNHQAQR5NNB8M.pcm
SwiftExplicitDependencyGeneratePcm arm64 /Users/admin/builder/spi-builder-workspace/.derivedData/SDKExplicitPrecompiledModules/_Builtin_float-C0CW5Q4HGBQYKE77TC42IAFB5.pcm
SwiftExplicitDependencyGeneratePcm arm64 /Users/admin/builder/spi-builder-workspace/.derivedData/SDKExplicitPrecompiledModules/_SwiftConcurrencyShims-659N52XSKR5F0QSB880BH2FJR.pcm
SwiftExplicitDependencyGeneratePcm arm64 /Users/admin/builder/spi-builder-workspace/.derivedData/SDKExplicitPrecompiledModules/SwiftShims-4MXFZPV6FEB0XBYXCGPWAMQGL.pcm
SwiftExplicitDependencyGeneratePcm arm64 /Users/admin/builder/spi-builder-workspace/.derivedData/SDKExplicitPrecompiledModules/_Builtin_stddef-1FU30Y8SWFB7OUUHMJQH5J6FM.pcm
SwiftExplicitDependencyGeneratePcm arm64 /Users/admin/builder/spi-builder-workspace/.derivedData/SDKExplicitPrecompiledModules/_Builtin_stdbool-83J96QSOFE9VX04AAS6310UAE.pcm
SwiftExplicitDependencyGeneratePcm arm64 /Users/admin/builder/spi-builder-workspace/.derivedData/SDKExplicitPrecompiledModules/ptrauth-3TZ9WJCGLYD25HQPWH4968ONX.pcm
SwiftExplicitDependencyGeneratePcm arm64 /Users/admin/builder/spi-builder-workspace/.derivedData/SDKExplicitPrecompiledModules/_AvailabilityInternal-BUNV3UXM65NT37THI4W1AM0SF.pcm
SwiftExplicitDependencyGeneratePcm arm64_32 /Users/admin/builder/spi-builder-workspace/.derivedData/SDKExplicitPrecompiledModules/_AvailabilityInternal-244WAN3Z1QBT7PIA64EZEFY1R.pcm
SwiftExplicitDependencyGeneratePcm arm64_32 /Users/admin/builder/spi-builder-workspace/.derivedData/SDKExplicitPrecompiledModules/_SwiftConcurrencyShims-6RTBPQ03V7BM9SPRK8SUE055H.pcm
SwiftExplicitDependencyGeneratePcm arm64_32 /Users/admin/builder/spi-builder-workspace/.derivedData/SDKExplicitPrecompiledModules/_Builtin_stddef-H44EFHQX6XSS5MZ7QP6YJZ76.pcm
SwiftExplicitDependencyGeneratePcm arm64_32 /Users/admin/builder/spi-builder-workspace/.derivedData/SDKExplicitPrecompiledModules/_Builtin_float-6KO8O3PEWRCA4WC6PPLOYO6WJ.pcm
SwiftExplicitDependencyGeneratePcm arm64_32 /Users/admin/builder/spi-builder-workspace/.derivedData/SDKExplicitPrecompiledModules/SwiftShims-9CQQGWTSNTN9EB5NSHDWUJICH.pcm
SwiftExplicitDependencyGeneratePcm arm64_32 /Users/admin/builder/spi-builder-workspace/.derivedData/SDKExplicitPrecompiledModules/ptrauth-BFXF358ME5AK535N5A9Z766WU.pcm
SwiftExplicitDependencyGeneratePcm arm64_32 /Users/admin/builder/spi-builder-workspace/.derivedData/SDKExplicitPrecompiledModules/ptrcheck-7ELIH9BTIGVKX3UBITM9N72WD.pcm
SwiftExplicitDependencyGeneratePcm arm64_32 /Users/admin/builder/spi-builder-workspace/.derivedData/SDKExplicitPrecompiledModules/_Builtin_stdarg-D305JG44A2WPI6CJY37X3QJE8.pcm
SwiftExplicitDependencyGeneratePcm arm64_32 /Users/admin/builder/spi-builder-workspace/.derivedData/SDKExplicitPrecompiledModules/_Builtin_stdbool-A967K8W8YUYEC9SN52KJ7OO88.pcm
SwiftExplicitDependencyGeneratePcm arm64 /Users/admin/builder/spi-builder-workspace/.derivedData/SDKExplicitPrecompiledModules/_DarwinFoundation1-7SPX3MD0HMP55E4OLNCPNDQ53.pcm
SwiftExplicitDependencyGeneratePcm arm64_32 /Users/admin/builder/spi-builder-workspace/.derivedData/SDKExplicitPrecompiledModules/_DarwinFoundation1-2GWF9RFMPLQW4PDHS3NARVI3G.pcm
SwiftExplicitDependencyGeneratePcm arm64 /Users/admin/builder/spi-builder-workspace/.derivedData/SDKExplicitPrecompiledModules/_Builtin_limits-9GWPA2B0H20DYUNYHYCWKABJG.pcm
SwiftExplicitDependencyGeneratePcm arm64 /Users/admin/builder/spi-builder-workspace/.derivedData/SDKExplicitPrecompiledModules/_DarwinFoundation2-D0XAPJU49S5E9XMKYOFGSTB1Q.pcm
SwiftExplicitDependencyGeneratePcm arm64_32 /Users/admin/builder/spi-builder-workspace/.derivedData/SDKExplicitPrecompiledModules/_Builtin_limits-3VKBU2AFTD65PAJZ5CJ3LHFM2.pcm
SwiftExplicitDependencyGeneratePcm arm64_32 /Users/admin/builder/spi-builder-workspace/.derivedData/SDKExplicitPrecompiledModules/_DarwinFoundation2-9MY8GOSYRO0M9MKNXF6D3MBNK.pcm
SwiftExplicitDependencyGeneratePcm arm64 /Users/admin/builder/spi-builder-workspace/.derivedData/SDKExplicitPrecompiledModules/_Builtin_stdint-8XMILLJZEGRN2XG7XZUXZ5RLX.pcm
SwiftExplicitDependencyGeneratePcm arm64 /Users/admin/builder/spi-builder-workspace/.derivedData/SDKExplicitPrecompiledModules/sys_types-2KXQLI78OUCDP779AE68GZJ2.pcm
SwiftExplicitDependencyGeneratePcm arm64 /Users/admin/builder/spi-builder-workspace/.derivedData/SDKExplicitPrecompiledModules/string_h-E6PRXK75PHIPCZFWOFCQ3QBMK.pcm
SwiftExplicitDependencyGeneratePcm arm64_32 /Users/admin/builder/spi-builder-workspace/.derivedData/SDKExplicitPrecompiledModules/string_h-BFVLUQUSBZWYMLCU9QI7VZALW.pcm
SwiftExplicitDependencyGeneratePcm arm64_32 /Users/admin/builder/spi-builder-workspace/.derivedData/SDKExplicitPrecompiledModules/_Builtin_stdint-1HMXWI3V0V4TXHRWZOMZGZ80Y.pcm
SwiftExplicitDependencyGeneratePcm arm64_32 /Users/admin/builder/spi-builder-workspace/.derivedData/SDKExplicitPrecompiledModules/sys_types-8TLLMW08ZJWDGIIPKOYFGHHZW.pcm
SwiftExplicitDependencyGeneratePcm arm64 /Users/admin/builder/spi-builder-workspace/.derivedData/SDKExplicitPrecompiledModules/_DarwinFoundation3-B97LRG0E9GON2NUE65TVG81HU.pcm
SwiftExplicitDependencyGeneratePcm arm64_32 /Users/admin/builder/spi-builder-workspace/.derivedData/SDKExplicitPrecompiledModules/_DarwinFoundation3-3DUTYQDQSD9HUAAVY947NMWOI.pcm
SwiftExplicitDependencyGeneratePcm arm64 /Users/admin/builder/spi-builder-workspace/.derivedData/SDKExplicitPrecompiledModules/_Builtin_inttypes-3UQSCM7WNM9EK4HZML8TY5J3D.pcm
SwiftExplicitDependencyGeneratePcm arm64_32 /Users/admin/builder/spi-builder-workspace/.derivedData/SDKExplicitPrecompiledModules/_Builtin_inttypes-D2KPCR4PEX9AQA33NGLUT5SBR.pcm
SwiftExplicitDependencyGeneratePcm arm64 /Users/admin/builder/spi-builder-workspace/.derivedData/SDKExplicitPrecompiledModules/Darwin-3984OXKFNSPE77NT743WK8SEX.pcm
SwiftExplicitDependencyGeneratePcm arm64_32 /Users/admin/builder/spi-builder-workspace/.derivedData/SDKExplicitPrecompiledModules/Darwin-3FVT1SKLN2ZQ5RVOABMTQBB34.pcm
SwiftExplicitDependencyGeneratePcm arm64 /Users/admin/builder/spi-builder-workspace/.derivedData/SDKExplicitPrecompiledModules/ObjectiveC-72IVD3VS2RS8Q28D9PIMY0KQP.pcm
SwiftExplicitDependencyGeneratePcm arm64_32 /Users/admin/builder/spi-builder-workspace/.derivedData/SDKExplicitPrecompiledModules/ObjectiveC-6IJNELR2E80E7LUKESVCP2KET.pcm
SwiftExplicitDependencyGeneratePcm arm64 /Users/admin/builder/spi-builder-workspace/.derivedData/SDKExplicitPrecompiledModules/os_object-3SDKD7F87FTZ26OON37DRYT6O.pcm
SwiftExplicitDependencyGeneratePcm arm64_32 /Users/admin/builder/spi-builder-workspace/.derivedData/SDKExplicitPrecompiledModules/os_object-5YWTC6L4756IWSTPGXS5NM0D0.pcm
SwiftExplicitDependencyGeneratePcm arm64 /Users/admin/builder/spi-builder-workspace/.derivedData/SDKExplicitPrecompiledModules/os_workgroup-89GG5G7YC2D0ZTK6AZXXQ20DH.pcm
SwiftExplicitDependencyGeneratePcm arm64_32 /Users/admin/builder/spi-builder-workspace/.derivedData/SDKExplicitPrecompiledModules/os_workgroup-5JHTPDMNBUNHLJI8LPHKQK1JK.pcm
SwiftExplicitDependencyGeneratePcm arm64 /Users/admin/builder/spi-builder-workspace/.derivedData/SDKExplicitPrecompiledModules/Dispatch-1NLJOVAK60XP0DUB05XA59EIM.pcm
SwiftExplicitDependencyGeneratePcm arm64_32 /Users/admin/builder/spi-builder-workspace/.derivedData/SDKExplicitPrecompiledModules/Dispatch-2P62F1T4XV63S4P99TUDTOK2Q.pcm
SwiftExplicitDependencyGeneratePcm arm64 /Users/admin/builder/spi-builder-workspace/.derivedData/SDKExplicitPrecompiledModules/XPC-40DR0X1DHKGCV4J1IOLFS8MOU.pcm
SwiftExplicitDependencyGeneratePcm arm64 /Users/admin/builder/spi-builder-workspace/.derivedData/SDKExplicitPrecompiledModules/CoreFoundation-8T2L24YC5NU7WO6WQJWRY7W08.pcm
SwiftExplicitDependencyGeneratePcm arm64_32 /Users/admin/builder/spi-builder-workspace/.derivedData/SDKExplicitPrecompiledModules/XPC-81Y45QFY96XYYFCW2GT6FY8S4.pcm
SwiftExplicitDependencyGeneratePcm arm64_32 /Users/admin/builder/spi-builder-workspace/.derivedData/SDKExplicitPrecompiledModules/CoreFoundation-8E6Y4BA3EXYKUGJ24GT9LGV3N.pcm
SwiftExplicitDependencyGeneratePcm arm64 /Users/admin/builder/spi-builder-workspace/.derivedData/SDKExplicitPrecompiledModules/Security-6RZ6YBRU8WCUHRFFRVUK5WKMM.pcm
SwiftExplicitDependencyGeneratePcm arm64_32 /Users/admin/builder/spi-builder-workspace/.derivedData/SDKExplicitPrecompiledModules/Security-D7TOWF88VWF67TB9HAFP5UWB1.pcm
SwiftExplicitDependencyGeneratePcm arm64 /Users/admin/builder/spi-builder-workspace/.derivedData/SDKExplicitPrecompiledModules/Foundation-DLBKUSGXN8QHAT8W0OARR9S8A.pcm
SwiftExplicitDependencyGeneratePcm arm64_32 /Users/admin/builder/spi-builder-workspace/.derivedData/SDKExplicitPrecompiledModules/Foundation-BJ2VQGI3OGR34500MEQ1VKHPH.pcm
SwiftExplicitDependencyGeneratePcm arm64 /Users/admin/builder/spi-builder-workspace/.derivedData/SDKExplicitPrecompiledModules/LocalAuthentication-E2VERNNN1K2IWY24TR43TU59K.pcm
SwiftExplicitDependencyGeneratePcm arm64_32 /Users/admin/builder/spi-builder-workspace/.derivedData/SDKExplicitPrecompiledModules/LocalAuthentication-ATD947DC6Q0HA129OWBMG6HNP.pcm
SwiftEmitModule normal arm64 Emitting\ module\ for\ SwiftKeychain (in target 'SwiftKeychain' from project 'SwiftKeychain')
/Users/admin/builder/spi-builder-workspace/Sources/SwiftKeychain/Extension/SecAccess.swift:5:42: error: 'SecTrustedApplication' is unavailable in watchOS
3 | extension SecAccess {
4 | public static func new(name: String,
5 | trustedlist: [SecTrustedApplication],
| `- error: 'SecTrustedApplication' is unavailable in watchOS
6 | accessRef: UnsafeMutablePointer<SecAccess?>) throws -> SecAccess {
7 | var access: SecAccess?
Security.SecTrustedApplication:2:14: note: 'SecTrustedApplication' has been explicitly marked unavailable here
1 | @available(watchOS, unavailable)
2 | public class SecTrustedApplication : _CFObject {
| `- note: 'SecTrustedApplication' has been explicitly marked unavailable here
3 | }
/Users/admin/builder/spi-builder-workspace/Sources/SwiftKeychain/Extension/SecAccess.swift:6:60: error: 'SecAccess' is unavailable in watchOS
4 | public static func new(name: String,
5 | trustedlist: [SecTrustedApplication],
6 | accessRef: UnsafeMutablePointer<SecAccess?>) throws -> SecAccess {
| `- error: 'SecAccess' is unavailable in watchOS
7 | var access: SecAccess?
8 | let status = SecAccessCreate(name as CFString, trustedlist as CFArray, &access)
Security.SecAccess:2:14: note: 'SecAccess' has been explicitly marked unavailable here
1 | @available(watchOS, unavailable)
2 | public class SecAccess : _CFObject {
| `- note: 'SecAccess' has been explicitly marked unavailable here
3 | }
/Users/admin/builder/spi-builder-workspace/Sources/SwiftKeychain/Extension/SecAccess.swift:6:83: error: 'SecAccess' is unavailable in watchOS
4 | public static func new(name: String,
5 | trustedlist: [SecTrustedApplication],
6 | accessRef: UnsafeMutablePointer<SecAccess?>) throws -> SecAccess {
| `- error: 'SecAccess' is unavailable in watchOS
7 | var access: SecAccess?
8 | let status = SecAccessCreate(name as CFString, trustedlist as CFArray, &access)
Security.SecAccess:2:14: note: 'SecAccess' has been explicitly marked unavailable here
1 | @available(watchOS, unavailable)
2 | public class SecAccess : _CFObject {
| `- note: 'SecAccess' has been explicitly marked unavailable here
3 | }
/Users/admin/builder/spi-builder-workspace/Sources/SwiftKeychain/Extension/SecAccess.swift:3:11: error: 'SecAccess' is unavailable in watchOS
1 | import Foundation
2 |
3 | extension SecAccess {
| `- error: 'SecAccess' is unavailable in watchOS
4 | public static func new(name: String,
5 | trustedlist: [SecTrustedApplication],
Security.SecAccess:2:14: note: 'SecAccess' has been explicitly marked unavailable here
1 | @available(watchOS, unavailable)
2 | public class SecAccess : _CFObject {
| `- note: 'SecAccess' has been explicitly marked unavailable here
3 | }
/Users/admin/builder/spi-builder-workspace/Sources/SwiftKeychain/Item/Certificate.swift:5:21: error: 'SecAccess' is unavailable in watchOS
3 | public struct Certificate: ItemValue {
4 | public enum Attribute: KeyValue {
5 | case access(SecAccess)
| `- error: 'SecAccess' is unavailable in watchOS
6 | case accessGroup(String)
7 | case accessible(AccessibilityValue)
Security.SecAccess:2:14: note: 'SecAccess' has been explicitly marked unavailable here
1 | @available(watchOS, unavailable)
2 | public class SecAccess : _CFObject {
| `- note: 'SecAccess' has been explicitly marked unavailable here
3 | }
/Users/admin/builder/spi-builder-workspace/Sources/SwiftKeychain/Item/GenericPassword.swift:5:21: error: 'SecAccess' is unavailable in watchOS
3 | public struct GenericPassword: ItemValue {
4 | public enum Attribute: KeyValue {
5 | case access(SecAccess)
| `- error: 'SecAccess' is unavailable in watchOS
6 | case accessControl(SecAccessControl)
7 | case accessGroup(String)
Security.SecAccess:2:14: note: 'SecAccess' has been explicitly marked unavailable here
1 | @available(watchOS, unavailable)
2 | public class SecAccess : _CFObject {
| `- note: 'SecAccess' has been explicitly marked unavailable here
3 | }
/Users/admin/builder/spi-builder-workspace/Sources/SwiftKeychain/Item/Identity.swift:5:21: error: 'SecAccess' is unavailable in watchOS
3 | public struct Identity: ItemValue {
4 | public enum Attribute: KeyValue {
5 | case access(SecAccess)
| `- error: 'SecAccess' is unavailable in watchOS
6 | case accessGroup(String)
7 | case accessible(AccessibilityValue)
Security.SecAccess:2:14: note: 'SecAccess' has been explicitly marked unavailable here
1 | @available(watchOS, unavailable)
2 | public class SecAccess : _CFObject {
| `- note: 'SecAccess' has been explicitly marked unavailable here
3 | }
/Users/admin/builder/spi-builder-workspace/Sources/SwiftKeychain/Item/InternetPassword.swift:5:21: error: 'SecAccess' is unavailable in watchOS
3 | public struct InternetPassword: ItemValue {
4 | public enum Attribute: KeyValue {
5 | case access(SecAccess)
| `- error: 'SecAccess' is unavailable in watchOS
6 | case accessGroup(String)
7 | case accessible(AccessibilityValue)
Security.SecAccess:2:14: note: 'SecAccess' has been explicitly marked unavailable here
1 | @available(watchOS, unavailable)
2 | public class SecAccess : _CFObject {
| `- note: 'SecAccess' has been explicitly marked unavailable here
3 | }
/Users/admin/builder/spi-builder-workspace/Sources/SwiftKeychain/Item/Key.swift:5:21: error: 'SecAccess' is unavailable in watchOS
3 | public struct Key: ItemValue {
4 | public enum Attribute: KeyValue {
5 | case access(SecAccess)
| `- error: 'SecAccess' is unavailable in watchOS
6 | case accessGroup(String)
7 | case accessible(AccessibilityValue)
Security.SecAccess:2:14: note: 'SecAccess' has been explicitly marked unavailable here
1 | @available(watchOS, unavailable)
2 | public class SecAccess : _CFObject {
| `- note: 'SecAccess' has been explicitly marked unavailable here
3 | }
/Users/admin/builder/spi-builder-workspace/Sources/SwiftKeychain/Result/OperationResult.swift:131:34: error: 'kSecAttrAccess' is unavailable in watchOS
129 | public var value: String {
130 | switch self {
131 | case .access: return kSecAttrAccess as String
| `- error: 'kSecAttrAccess' is unavailable in watchOS
132 | case .accessControl: return kSecAttrAccessControl as String
133 | case .accessible: return kSecAttrAccessible as String
/Applications/Xcode-27.0.0-Release.Candidate.app/Contents/Developer/Platforms/WatchOS.platform/Developer/SDKs/WatchOS27.0.sdk/System/Library/Frameworks/Security.framework/Headers/SecItem.h:450:26: note: 'kSecAttrAccess' has been explicitly marked unavailable here
448 | extern const CFStringRef kSecAttrAccessible
449 | API_AVAILABLE(macos(10.9), ios(4.0));
450 | extern const CFStringRef kSecAttrAccess
| `- note: 'kSecAttrAccess' has been explicitly marked unavailable here
451 | API_AVAILABLE(macos(10.7), ios(NA));
452 | extern const CFStringRef kSecAttrAccessControl
/Users/admin/builder/spi-builder-workspace/Sources/SwiftKeychain/Result/OperationResult.swift:171:31: error: 'kSecAttrPRF' is unavailable in watchOS
169 | case .applicationTag: return kSecAttrApplicationTag as String
170 | case .keyType: return kSecAttrKeyType as String
171 | case .PRF: return kSecAttrPRF as String
| `- error: 'kSecAttrPRF' is unavailable in watchOS
172 | case .salt: return kSecAttrSalt as String
173 | case .rounds: return kSecAttrRounds as String
/Applications/Xcode-27.0.0-Release.Candidate.app/Contents/Developer/Platforms/WatchOS.platform/Developer/SDKs/WatchOS27.0.sdk/System/Library/Frameworks/Security.framework/Headers/SecItem.h:524:26: note: 'kSecAttrPRF' has been explicitly marked unavailable here
522 | extern const CFStringRef kSecAttrKeyType
523 | API_AVAILABLE(macos(10.6), ios(2.0));
524 | extern const CFStringRef kSecAttrPRF
| `- note: 'kSecAttrPRF' has been explicitly marked unavailable here
525 | API_AVAILABLE(macos(10.7), ios(NA));
526 | extern const CFStringRef kSecAttrSalt
/Users/admin/builder/spi-builder-workspace/Sources/SwiftKeychain/Result/OperationResult.swift:172:32: error: 'kSecAttrSalt' is unavailable in watchOS
170 | case .keyType: return kSecAttrKeyType as String
171 | case .PRF: return kSecAttrPRF as String
172 | case .salt: return kSecAttrSalt as String
| `- error: 'kSecAttrSalt' is unavailable in watchOS
173 | case .rounds: return kSecAttrRounds as String
174 | case .keySizeInBits: return kSecAttrKeySizeInBits as String
/Applications/Xcode-27.0.0-Release.Candidate.app/Contents/Developer/Platforms/WatchOS.platform/Developer/SDKs/WatchOS27.0.sdk/System/Library/Frameworks/Security.framework/Headers/SecItem.h:526:26: note: 'kSecAttrSalt' has been explicitly marked unavailable here
524 | extern const CFStringRef kSecAttrPRF
525 | API_AVAILABLE(macos(10.7), ios(NA));
526 | extern const CFStringRef kSecAttrSalt
| `- note: 'kSecAttrSalt' has been explicitly marked unavailable here
527 | API_AVAILABLE(macos(10.7), ios(NA));
528 | extern const CFStringRef kSecAttrRounds
SwiftCompile normal arm64 (in target 'SwiftKeychain' from project 'SwiftKeychain')
cd /Users/admin/builder/spi-builder-workspace/.swiftpm/xcode
/Users/admin/builder/spi-builder-workspace/Sources/SwiftKeychain/Result/OperationResult.swift:173:34: error: 'kSecAttrRounds' is unavailable in watchOS
171 | case .PRF: return kSecAttrPRF as String
172 | case .salt: return kSecAttrSalt as String
173 | case .rounds: return kSecAttrRounds as String
| `- error: 'kSecAttrRounds' is unavailable in watchOS
174 | case .keySizeInBits: return kSecAttrKeySizeInBits as String
175 | case .effectiveKeySize: return kSecAttrEffectiveKeySize as String
/Applications/Xcode-27.0.0-Release.Candidate.app/Contents/Developer/Platforms/WatchOS.platform/Developer/SDKs/WatchOS27.0.sdk/System/Library/Frameworks/Security.framework/Headers/SecItem.h:528:26: note: 'kSecAttrRounds' has been explicitly marked unavailable here
526 | extern const CFStringRef kSecAttrSalt
527 | API_AVAILABLE(macos(10.7), ios(NA));
528 | extern const CFStringRef kSecAttrRounds
| `- note: 'kSecAttrRounds' has been explicitly marked unavailable here
529 | API_AVAILABLE(macos(10.7), ios(NA));
530 | extern const CFStringRef kSecAttrKeySizeInBits
Failed frontend command:
/Applications/Xcode-27.0.0-Release.Candidate.app/Contents/Developer/Toolchains/XcodeDefault.xctoolchain/usr/bin/swift-frontend -frontend -emit-module -experimental-skip-non-inlinable-function-bodies-without-types /Users/admin/builder/spi-builder-workspace/Sources/SwiftKeychain/AttibuteValueType/AccessibilityValue.swift /Users/admin/builder/spi-builder-workspace/Sources/SwiftKeychain/AttibuteValueType/AuthenticationType.swift /Users/admin/builder/spi-builder-workspace/Sources/SwiftKeychain/AttibuteValueType/CertificateEncoding.swift /Users/admin/builder/spi-builder-workspace/Sources/SwiftKeychain/AttibuteValueType/CertificateType.swift /Users/admin/builder/spi-builder-workspace/Sources/SwiftKeychain/AttibuteValueType/KeyClass.swift /Users/admin/builder/spi-builder-workspace/Sources/SwiftKeychain/AttibuteValueType/KeyType.swift /Users/admin/builder/spi-builder-workspace/Sources/SwiftKeychain/AttibuteValueType/ProtocolType.swift /Users/admin/builder/spi-builder-workspace/Sources/SwiftKeychain/Extension/SecAccess.swift /Users/admin/builder/spi-builder-workspace/Sources/SwiftKeychain/Extension/SecAccessControl.swift /Users/admin/builder/spi-builder-workspace/Sources/SwiftKeychain/Extension/SecPolicy.swift /Users/admin/builder/spi-builder-workspace/Sources/SwiftKeychain/Item/Certificate.swift /Users/admin/builder/spi-builder-workspace/Sources/SwiftKeychain/Item/GenericPassword.swift /Users/admin/builder/spi-builder-workspace/Sources/SwiftKeychain/Item/Identity.swift /Users/admin/builder/spi-builder-workspace/Sources/SwiftKeychain/Item/InternetPassword.swift /Users/admin/builder/spi-builder-workspace/Sources/SwiftKeychain/Item/Item.swift /Users/admin/builder/spi-builder-workspace/Sources/SwiftKeychain/Item/ItemValue.swift /Users/admin/builder/spi-builder-workspace/Sources/SwiftKeychain/Item/Key.swift /Users/admin/builder/spi-builder-workspace/Sources/SwiftKeychain/Item/KeyValue.swift /Users/admin/builder/spi-builder-workspace/Sources/SwiftKeychain/KeychainError.swift /Users/admin/builder/spi-builder-workspace/Sources/SwiftKeychain/Result/OperationResult.swift /Users/admin/builder/spi-builder-workspace/Sources/SwiftKeychain/Result/ResultKey.swift /Users/admin/builder/spi-builder-workspace/Sources/SwiftKeychain/Search/SearchAttribute.swift /Users/admin/builder/spi-builder-workspace/Sources/SwiftKeychain/SwiftKeychain.swift -target arm64-apple-watchos9.0 -disable-cross-import-overlay-search -load-resolved-plugin /Applications/Xcode-27.0.0-Release.Candidate.app/Contents/Developer/Platforms/WatchOS.platform/Developer/usr/lib/swift/host/plugins/libFoundationMacros.dylib\#/Applications/Xcode-27.0.0-Release.Candidate.app/Contents/Developer/Platforms/WatchOS.platform/Developer/usr/bin/swift-plugin-server\#FoundationMacros -load-resolved-plugin /Applications/Xcode-27.0.0-Release.Candidate.app/Contents/Developer/Platforms/WatchOS.platform/Developer/usr/lib/swift/host/plugins/libObservationMacros.dylib\#/Applications/Xcode-27.0.0-Release.Candidate.app/Contents/Developer/Platforms/WatchOS.platform/Developer/usr/bin/swift-plugin-server\#ObservationMacros -load-resolved-plugin /Applications/Xcode-27.0.0-Release.Candidate.app/Contents/Developer/Platforms/WatchOS.platform/Developer/usr/lib/swift/host/plugins/libSwiftMacros.dylib\#/Applications/Xcode-27.0.0-Release.Candidate.app/Contents/Developer/Platforms/WatchOS.platform/Developer/usr/bin/swift-plugin-server\#SwiftMacros -disable-implicit-swift-modules -Xcc -fno-implicit-modules -Xcc -fno-implicit-module-maps -explicit-swift-module-map-file /Users/admin/builder/spi-builder-workspace/.derivedData/Build/Intermediates.noindex/SwiftKeychain.build/Debug-watchos/SwiftKeychain-t.build/Objects-normal/arm64/SwiftKeychain-dependencies-2.json -Xllvm -aarch64-use-tbi -enable-objc-interop -stack-check -sdk /Applications/Xcode-27.0.0-Release.Candidate.app/Contents/Developer/Platforms/WatchOS.platform/Developer/SDKs/WatchOS27.0.sdk -I /Users/admin/builder/spi-builder-workspace/.derivedData/Build/Products/Debug-watchos -Isystem /Applications/Xcode-27.0.0-Release.Candidate.app/Contents/Developer/Platforms/WatchOS.platform/Developer/usr/lib -F /Users/admin/builder/spi-builder-workspace/.derivedData/Build/Products/Debug-watchos -F /Applications/Xcode-27.0.0-Release.Candidate.app/Contents/Developer/Platforms/WatchOS.platform/Developer/Library/Frameworks -F /Applications/Xcode-27.0.0-Release.Candidate.app/Contents/Developer/Platforms/WatchOS.platform/Developer/SDKs/WatchOS27.0.sdk/Developer/Library/Frameworks -module-cache-path /Users/admin/builder/spi-builder-workspace/.derivedData/Build/Intermediates.noindex/SwiftExplicitPrecompiledModules -no-color-diagnostics -Xcc -fno-color-diagnostics -enable-testing -g -debug-info-format\=dwarf -dwarf-version\=4 -profile-generate -profile-coverage-mapping -swift-version 5 -Onone -D SWIFT_PACKAGE -D DEBUG -D SWIFT_MODULE_RESOURCE_BUNDLE_UNAVAILABLE -D Xcode -serialize-debugging-options -enable-experimental-feature DebugDescriptionMacro -empty-abi-descriptor -validate-clang-modules-once -clang-build-session-file /Users/admin/builder/spi-builder-workspace/.derivedData/ModuleCache.noindex/Session.modulevalidation -Xcc -working-directory -Xcc /Users/admin/builder/spi-builder-workspace/.swiftpm/xcode -enable-anonymous-context-mangled-names -file-compilation-dir /Users/admin/builder/spi-builder-workspace/.swiftpm/xcode -Xcc -D_LIBCPP_HARDENING_MODE\=_LIBCPP_HARDENING_MODE_DEBUG -Xcc -ivfsstatcache -Xcc /Users/admin/builder/spi-builder-workspace/.derivedData/SDKStatCaches.noindex/watchos27.0-24R360-e829b21a6f8c9b70876ba0858053c04477534ef55a1706bf4c1112bbb242f0a2.sdkstatcache -Xcc -fmodules-prune-interval\=86400 -Xcc -fmodules-prune-after\=345600 -Xcc -I/Users/admin/builder/spi-builder-workspace/.derivedData/Build/Products/Debug-watchos/include -Xcc -I/Users/admin/builder/spi-builder-workspace/.derivedData/Build/Intermediates.noindex/SwiftKeychain.build/Debug-watchos/SwiftKeychain-t.build/DerivedSources-normal/arm64 -Xcc -I/Users/admin/builder/spi-builder-workspace/.derivedData/Build/Intermediates.noindex/SwiftKeychain.build/Debug-watchos/SwiftKeychain-t.build/DerivedSources/arm64 -Xcc -I/Users/admin/builder/spi-builder-workspace/.derivedData/Build/Intermediates.noindex/SwiftKeychain.build/Debug-watchos/SwiftKeychain-t.build/DerivedSources -Xcc -DSWIFT_PACKAGE -Xcc -DDEBUG\=1 -no-auto-bridging-header-chaining -module-name SwiftKeychain -const-gather-protocols-file /Users/admin/builder/spi-builder-workspace/.derivedData/Build/Intermediates.noindex/SwiftKeychain.build/Debug-watchos/SwiftKeychain-t.build/Objects-normal/arm64/SwiftKeychain_const_extract_protocols.json -disable-clang-spi -clang-target arm64-apple-watchos27.0 -target-sdk-version 27.0 -target-sdk-name watchos27.0 -in-process-plugin-server-path /Applications/Xcode-27.0.0-Release.Candidate.app/Contents/Developer/Toolchains/XcodeDefault.xctoolchain/usr/lib/swift/host/libSwiftInProcPluginServer.dylib -emit-module-doc-path /Users/admin/builder/spi-builder-workspace/.derivedData/Build/Intermediates.noindex/SwiftKeychain.build/Debug-watchos/SwiftKeychain-t.build/Objects-normal/arm64/SwiftKeychain.swiftdoc -emit-module-source-info-path /Users/admin/builder/spi-builder-workspace/.derivedData/Build/Intermediates.noindex/SwiftKeychain.build/Debug-watchos/SwiftKeychain-t.build/Objects-normal/arm64/SwiftKeychain.swiftsourceinfo -emit-objc-header-path /Users/admin/builder/spi-builder-workspace/.derivedData/Build/Intermediates.noindex/SwiftKeychain.build/Debug-watchos/SwiftKeychain-t.build/Objects-normal/arm64/SwiftKeychain-Swift.h -serialize-diagnostics-path /Users/admin/builder/spi-builder-workspace/.derivedData/Build/Intermediates.noindex/SwiftKeychain.build/Debug-watchos/SwiftKeychain-t.build/Objects-normal/arm64/SwiftKeychain-primary-emit-module.dia -emit-dependencies-path /Users/admin/builder/spi-builder-workspace/.derivedData/Build/Intermediates.noindex/SwiftKeychain.build/Debug-watchos/SwiftKeychain-t.build/Objects-normal/arm64/SwiftKeychain-primary-emit-module.d -parse-as-library -o /Users/admin/builder/spi-builder-workspace/.derivedData/Build/Intermediates.noindex/SwiftKeychain.build/Debug-watchos/SwiftKeychain-t.build/Objects-normal/arm64/SwiftKeychain.swiftmodule -emit-abi-descriptor-path /Users/admin/builder/spi-builder-workspace/.derivedData/Build/Intermediates.noindex/SwiftKeychain.build/Debug-watchos/SwiftKeychain-t.build/Objects-normal/arm64/SwiftKeychain.abi.json
SwiftCompile normal arm64 Compiling\ ItemValue.swift,\ Key.swift /Users/admin/builder/spi-builder-workspace/Sources/SwiftKeychain/Item/ItemValue.swift /Users/admin/builder/spi-builder-workspace/Sources/SwiftKeychain/Item/Key.swift (in target 'SwiftKeychain' from project 'SwiftKeychain')
SwiftCompile normal arm64 /Users/admin/builder/spi-builder-workspace/Sources/SwiftKeychain/Item/ItemValue.swift (in target 'SwiftKeychain' from project 'SwiftKeychain')
cd /Users/admin/builder/spi-builder-workspace/.swiftpm/xcode
builtin-SwiftPerFileCompile ItemValue.swift
SwiftCompile normal arm64 /Users/admin/builder/spi-builder-workspace/Sources/SwiftKeychain/Item/Key.swift (in target 'SwiftKeychain' from project 'SwiftKeychain')
cd /Users/admin/builder/spi-builder-workspace/.swiftpm/xcode
builtin-SwiftPerFileCompile Key.swift
/Users/admin/builder/spi-builder-workspace/Sources/SwiftKeychain/Item/Key.swift:5:21: error: 'SecAccess' is unavailable in watchOS
3 | public struct Key: ItemValue {
4 | public enum Attribute: KeyValue {
5 | case access(SecAccess)
| `- error: 'SecAccess' is unavailable in watchOS
6 | case accessGroup(String)
7 | case accessible(AccessibilityValue)
Security.SecAccess:2:14: note: 'SecAccess' has been explicitly marked unavailable here
1 | @available(watchOS, unavailable)
2 | public class SecAccess : _CFObject {
| `- note: 'SecAccess' has been explicitly marked unavailable here
3 | }
/Users/admin/builder/spi-builder-workspace/Sources/SwiftKeychain/Item/Key.swift:29:34: error: 'kSecAttrAccess' is unavailable in watchOS
27 | public var key: String {
28 | switch self {
29 | case .access: return kSecAttrAccess as String
| `- error: 'kSecAttrAccess' is unavailable in watchOS
30 | case .accessGroup: return kSecAttrAccessGroup as String
31 | case .accessible: return kSecAttrAccessible as String
/Applications/Xcode-27.0.0-Release.Candidate.app/Contents/Developer/Platforms/WatchOS.platform/Developer/SDKs/WatchOS27.0.sdk/System/Library/Frameworks/Security.framework/Headers/SecItem.h:450:26: note: 'kSecAttrAccess' has been explicitly marked unavailable here
448 | extern const CFStringRef kSecAttrAccessible
449 | API_AVAILABLE(macos(10.9), ios(4.0));
450 | extern const CFStringRef kSecAttrAccess
| `- note: 'kSecAttrAccess' has been explicitly marked unavailable here
451 | API_AVAILABLE(macos(10.7), ios(NA));
452 | extern const CFStringRef kSecAttrAccessControl
/Users/admin/builder/spi-builder-workspace/Sources/SwiftKeychain/Item/Key.swift:38:31: error: 'kSecAttrPRF' is unavailable in watchOS
36 | case .applicationTag: return kSecAttrApplicationTag as String
37 | case .keyType: return kSecAttrKeyType as String
38 | case .PRF: return kSecAttrPRF as String
| `- error: 'kSecAttrPRF' is unavailable in watchOS
39 | case .salt: return kSecAttrSalt as String
40 | case .rounds: return kSecAttrRounds as String
/Applications/Xcode-27.0.0-Release.Candidate.app/Contents/Developer/Platforms/WatchOS.platform/Developer/SDKs/WatchOS27.0.sdk/System/Library/Frameworks/Security.framework/Headers/SecItem.h:524:26: note: 'kSecAttrPRF' has been explicitly marked unavailable here
522 | extern const CFStringRef kSecAttrKeyType
523 | API_AVAILABLE(macos(10.6), ios(2.0));
524 | extern const CFStringRef kSecAttrPRF
| `- note: 'kSecAttrPRF' has been explicitly marked unavailable here
525 | API_AVAILABLE(macos(10.7), ios(NA));
526 | extern const CFStringRef kSecAttrSalt
/Users/admin/builder/spi-builder-workspace/Sources/SwiftKeychain/Item/Key.swift:39:32: error: 'kSecAttrSalt' is unavailable in watchOS
37 | case .keyType: return kSecAttrKeyType as String
38 | case .PRF: return kSecAttrPRF as String
39 | case .salt: return kSecAttrSalt as String
| `- error: 'kSecAttrSalt' is unavailable in watchOS
40 | case .rounds: return kSecAttrRounds as String
41 | case .keySizeInBits: return kSecAttrKeySizeInBits as String
/Applications/Xcode-27.0.0-Release.Candidate.app/Contents/Developer/Platforms/WatchOS.platform/Developer/SDKs/WatchOS27.0.sdk/System/Library/Frameworks/Security.framework/Headers/SecItem.h:526:26: note: 'kSecAttrSalt' has been explicitly marked unavailable here
524 | extern const CFStringRef kSecAttrPRF
525 | API_AVAILABLE(macos(10.7), ios(NA));
526 | extern const CFStringRef kSecAttrSalt
| `- note: 'kSecAttrSalt' has been explicitly marked unavailable here
527 | API_AVAILABLE(macos(10.7), ios(NA));
528 | extern const CFStringRef kSecAttrRounds
SwiftCompile normal arm64 Compiling\ KeyValue.swift,\ KeychainError.swift /Users/admin/builder/spi-builder-workspace/Sources/SwiftKeychain/Item/KeyValue.swift /Users/admin/builder/spi-builder-workspace/Sources/SwiftKeychain/KeychainError.swift (in target 'SwiftKeychain' from project 'SwiftKeychain')
SwiftCompile normal arm64 /Users/admin/builder/spi-builder-workspace/Sources/SwiftKeychain/Item/KeyValue.swift (in target 'SwiftKeychain' from project 'SwiftKeychain')
cd /Users/admin/builder/spi-builder-workspace/.swiftpm/xcode
builtin-SwiftPerFileCompile KeyValue.swift
SwiftCompile normal arm64 /Users/admin/builder/spi-builder-workspace/Sources/SwiftKeychain/KeychainError.swift (in target 'SwiftKeychain' from project 'SwiftKeychain')
cd /Users/admin/builder/spi-builder-workspace/.swiftpm/xcode
builtin-SwiftPerFileCompile KeychainError.swift
SwiftCompile normal arm64 Compiling\ OperationResult.swift,\ ResultKey.swift /Users/admin/builder/spi-builder-workspace/Sources/SwiftKeychain/Result/OperationResult.swift /Users/admin/builder/spi-builder-workspace/Sources/SwiftKeychain/Result/ResultKey.swift (in target 'SwiftKeychain' from project 'SwiftKeychain')
/Users/admin/builder/spi-builder-workspace/Sources/SwiftKeychain/Result/OperationResult.swift:131:34: error: 'kSecAttrAccess' is unavailable in watchOS
129 | public var value: String {
130 | switch self {
131 | case .access: return kSecAttrAccess as String
| `- error: 'kSecAttrAccess' is unavailable in watchOS
132 | case .accessControl: return kSecAttrAccessControl as String
133 | case .accessible: return kSecAttrAccessible as String
/Applications/Xcode-27.0.0-Release.Candidate.app/Contents/Developer/Platforms/WatchOS.platform/Developer/SDKs/WatchOS27.0.sdk/System/Library/Frameworks/Security.framework/Headers/SecItem.h:450:26: note: 'kSecAttrAccess' has been explicitly marked unavailable here
448 | extern const CFStringRef kSecAttrAccessible
449 | API_AVAILABLE(macos(10.9), ios(4.0));
450 | extern const CFStringRef kSecAttrAccess
| `- note: 'kSecAttrAccess' has been explicitly marked unavailable here
451 | API_AVAILABLE(macos(10.7), ios(NA));
452 | extern const CFStringRef kSecAttrAccessControl
/Users/admin/builder/spi-builder-workspace/Sources/SwiftKeychain/Result/OperationResult.swift:171:31: error: 'kSecAttrPRF' is unavailable in watchOS
169 | case .applicationTag: return kSecAttrApplicationTag as String
170 | case .keyType: return kSecAttrKeyType as String
171 | case .PRF: return kSecAttrPRF as String
| `- error: 'kSecAttrPRF' is unavailable in watchOS
172 | case .salt: return kSecAttrSalt as String
173 | case .rounds: return kSecAttrRounds as String
/Applications/Xcode-27.0.0-Release.Candidate.app/Contents/Developer/Platforms/WatchOS.platform/Developer/SDKs/WatchOS27.0.sdk/System/Library/Frameworks/Security.framework/Headers/SecItem.h:524:26: note: 'kSecAttrPRF' has been explicitly marked unavailable here
522 | extern const CFStringRef kSecAttrKeyType
523 | API_AVAILABLE(macos(10.6), ios(2.0));
524 | extern const CFStringRef kSecAttrPRF
| `- note: 'kSecAttrPRF' has been explicitly marked unavailable here
525 | API_AVAILABLE(macos(10.7), ios(NA));
526 | extern const CFStringRef kSecAttrSalt
/Users/admin/builder/spi-builder-workspace/Sources/SwiftKeychain/Result/OperationResult.swift:172:32: error: 'kSecAttrSalt' is unavailable in watchOS
170 | case .keyType: return kSecAttrKeyType as String
171 | case .PRF: return kSecAttrPRF as String
172 | case .salt: return kSecAttrSalt as String
| `- error: 'kSecAttrSalt' is unavailable in watchOS
173 | case .rounds: return kSecAttrRounds as String
174 | case .keySizeInBits: return kSecAttrKeySizeInBits as String
/Applications/Xcode-27.0.0-Release.Candidate.app/Contents/Developer/Platforms/WatchOS.platform/Developer/SDKs/WatchOS27.0.sdk/System/Library/Frameworks/Security.framework/Headers/SecItem.h:526:26: note: 'kSecAttrSalt' has been explicitly marked unavailable here
524 | extern const CFStringRef kSecAttrPRF
525 | API_AVAILABLE(macos(10.7), ios(NA));
526 | extern const CFStringRef kSecAttrSalt
| `- note: 'kSecAttrSalt' has been explicitly marked unavailable here
527 | API_AVAILABLE(macos(10.7), ios(NA));
528 | extern const CFStringRef kSecAttrRounds
SwiftCompile normal arm64 /Users/admin/builder/spi-builder-workspace/Sources/SwiftKeychain/Result/OperationResult.swift (in target 'SwiftKeychain' from project 'SwiftKeychain')
cd /Users/admin/builder/spi-builder-workspace/.swiftpm/xcode
builtin-SwiftPerFileCompile OperationResult.swift
SwiftCompile normal arm64 /Users/admin/builder/spi-builder-workspace/Sources/SwiftKeychain/Result/ResultKey.swift (in target 'SwiftKeychain' from project 'SwiftKeychain')
cd /Users/admin/builder/spi-builder-workspace/.swiftpm/xcode
builtin-SwiftPerFileCompile ResultKey.swift
SwiftCompile normal arm64 Compiling\ AccessibilityValue.swift,\ AuthenticationType.swift,\ CertificateEncoding.swift /Users/admin/builder/spi-builder-workspace/Sources/SwiftKeychain/AttibuteValueType/AccessibilityValue.swift /Users/admin/builder/spi-builder-workspace/Sources/SwiftKeychain/AttibuteValueType/AuthenticationType.swift /Users/admin/builder/spi-builder-workspace/Sources/SwiftKeychain/AttibuteValueType/CertificateEncoding.swift (in target 'SwiftKeychain' from project 'SwiftKeychain')
SwiftCompile normal arm64 /Users/admin/builder/spi-builder-workspace/Sources/SwiftKeychain/AttibuteValueType/AccessibilityValue.swift (in target 'SwiftKeychain' from project 'SwiftKeychain')
cd /Users/admin/builder/spi-builder-workspace/.swiftpm/xcode
builtin-SwiftPerFileCompile AccessibilityValue.swift
SwiftCompile normal arm64 /Users/admin/builder/spi-builder-workspace/Sources/SwiftKeychain/AttibuteValueType/AuthenticationType.swift (in target 'SwiftKeychain' from project 'SwiftKeychain')
cd /Users/admin/builder/spi-builder-workspace/.swiftpm/xcode
builtin-SwiftPerFileCompile AuthenticationType.swift
SwiftCompile normal arm64 /Users/admin/builder/spi-builder-workspace/Sources/SwiftKeychain/AttibuteValueType/CertificateEncoding.swift (in target 'SwiftKeychain' from project 'SwiftKeychain')
cd /Users/admin/builder/spi-builder-workspace/.swiftpm/xcode
builtin-SwiftPerFileCompile CertificateEncoding.swift
SwiftCompile normal arm64 Compiling\ ProtocolType.swift,\ SecAccess.swift,\ SecAccessControl.swift /Users/admin/builder/spi-builder-workspace/Sources/SwiftKeychain/AttibuteValueType/ProtocolType.swift /Users/admin/builder/spi-builder-workspace/Sources/SwiftKeychain/Extension/SecAccess.swift /Users/admin/builder/spi-builder-workspace/Sources/SwiftKeychain/Extension/SecAccessControl.swift (in target 'SwiftKeychain' from project 'SwiftKeychain')
/Users/admin/builder/spi-builder-workspace/Sources/SwiftKeychain/Extension/SecAccess.swift:5:42: error: 'SecTrustedApplication' is unavailable in watchOS
3 | extension SecAccess {
4 | public static func new(name: String,
5 | trustedlist: [SecTrustedApplication],
| `- error: 'SecTrustedApplication' is unavailable in watchOS
6 | accessRef: UnsafeMutablePointer<SecAccess?>) throws -> SecAccess {
7 | var access: SecAccess?
Security.SecTrustedApplication:2:14: note: 'SecTrustedApplication' has been explicitly marked unavailable here
1 | @available(watchOS, unavailable)
2 | public class SecTrustedApplication : _CFObject {
| `- note: 'SecTrustedApplication' has been explicitly marked unavailable here
3 | }
/Users/admin/builder/spi-builder-workspace/Sources/SwiftKeychain/Extension/SecAccess.swift:6:60: error: 'SecAccess' is unavailable in watchOS
4 | public static func new(name: String,
5 | trustedlist: [SecTrustedApplication],
6 | accessRef: UnsafeMutablePointer<SecAccess?>) throws -> SecAccess {
| `- error: 'SecAccess' is unavailable in watchOS
7 | var access: SecAccess?
8 | let status = SecAccessCreate(name as CFString, trustedlist as CFArray, &access)
Security.SecAccess:2:14: note: 'SecAccess' has been explicitly marked unavailable here
1 | @available(watchOS, unavailable)
2 | public class SecAccess : _CFObject {
| `- note: 'SecAccess' has been explicitly marked unavailable here
3 | }
/Users/admin/builder/spi-builder-workspace/Sources/SwiftKeychain/Extension/SecAccess.swift:6:83: error: 'SecAccess' is unavailable in watchOS
4 | public static func new(name: String,
5 | trustedlist: [SecTrustedApplication],
6 | accessRef: UnsafeMutablePointer<SecAccess?>) throws -> SecAccess {
| `- error: 'SecAccess' is unavailable in watchOS
7 | var access: SecAccess?
8 | let status = SecAccessCreate(name as CFString, trustedlist as CFArray, &access)
Security.SecAccess:2:14: note: 'SecAccess' has been explicitly marked unavailable here
1 | @available(watchOS, unavailable)
2 | public class SecAccess : _CFObject {
| `- note: 'SecAccess' has been explicitly marked unavailable here
3 | }
/Users/admin/builder/spi-builder-workspace/Sources/SwiftKeychain/Extension/SecAccess.swift:3:11: error: 'SecAccess' is unavailable in watchOS
1 | import Foundation
2 |
3 | extension SecAccess {
| `- error: 'SecAccess' is unavailable in watchOS
4 | public static func new(name: String,
5 | trustedlist: [SecTrustedApplication],
Security.SecAccess:2:14: note: 'SecAccess' has been explicitly marked unavailable here
1 | @available(watchOS, unavailable)
2 | public class SecAccess : _CFObject {
| `- note: 'SecAccess' has been explicitly marked unavailable here
3 | }
/Users/admin/builder/spi-builder-workspace/Sources/SwiftKeychain/Extension/SecAccess.swift:7:21: error: 'SecAccess' is unavailable in watchOS
5 | trustedlist: [SecTrustedApplication],
6 | accessRef: UnsafeMutablePointer<SecAccess?>) throws -> SecAccess {
7 | var access: SecAccess?
| `- error: 'SecAccess' is unavailable in watchOS
8 | let status = SecAccessCreate(name as CFString, trustedlist as CFArray, &access)
9 | if let access {
Security.SecAccess:2:14: note: 'SecAccess' has been explicitly marked unavailable here
1 | @available(watchOS, unavailable)
2 | public class SecAccess : _CFObject {
| `- note: 'SecAccess' has been explicitly marked unavailable here
3 | }
SwiftCompile normal arm64 /Users/admin/builder/spi-builder-workspace/Sources/SwiftKeychain/AttibuteValueType/ProtocolType.swift (in target 'SwiftKeychain' from project 'SwiftKeychain')
cd /Users/admin/builder/spi-builder-workspace/.swiftpm/xcode
builtin-SwiftPerFileCompile ProtocolType.swift
SwiftCompile normal arm64 /Users/admin/builder/spi-builder-workspace/Sources/SwiftKeychain/Extension/SecAccess.swift (in target 'SwiftKeychain' from project 'SwiftKeychain')
cd /Users/admin/builder/spi-builder-workspace/.swiftpm/xcode
builtin-SwiftPerFileCompile SecAccess.swift
SwiftCompile normal arm64 /Users/admin/builder/spi-builder-workspace/Sources/SwiftKeychain/Extension/SecAccessControl.swift (in target 'SwiftKeychain' from project 'SwiftKeychain')
cd /Users/admin/builder/spi-builder-workspace/.swiftpm/xcode
builtin-SwiftPerFileCompile SecAccessControl.swift
SwiftCompile normal arm64 Compiling\ SecPolicy.swift,\ Certificate.swift /Users/admin/builder/spi-builder-workspace/Sources/SwiftKeychain/Extension/SecPolicy.swift /Users/admin/builder/spi-builder-workspace/Sources/SwiftKeychain/Item/Certificate.swift (in target 'SwiftKeychain' from project 'SwiftKeychain')
/Users/admin/builder/spi-builder-workspace/Sources/SwiftKeychain/Item/Certificate.swift:5:21: error: 'SecAccess' is unavailable in watchOS
3 | public struct Certificate: ItemValue {
4 | public enum Attribute: KeyValue {
5 | case access(SecAccess)
| `- error: 'SecAccess' is unavailable in watchOS
6 | case accessGroup(String)
7 | case accessible(AccessibilityValue)
Security.SecAccess:2:14: note: 'SecAccess' has been explicitly marked unavailable here
1 | @available(watchOS, unavailable)
2 | public class SecAccess : _CFObject {
| `- note: 'SecAccess' has been explicitly marked unavailable here
3 | }
SwiftCompile normal arm64 /Users/admin/builder/spi-builder-workspace/Sources/SwiftKeychain/Extension/SecPolicy.swift (in target 'SwiftKeychain' from project 'SwiftKeychain')
cd /Users/admin/builder/spi-builder-workspace/.swiftpm/xcode
builtin-SwiftPerFileCompile SecPolicy.swift
SwiftCompile normal arm64 /Users/admin/builder/spi-builder-workspace/Sources/SwiftKeychain/Item/Certificate.swift (in target 'SwiftKeychain' from project 'SwiftKeychain')
cd /Users/admin/builder/spi-builder-workspace/.swiftpm/xcode
builtin-SwiftPerFileCompile Certificate.swift
SwiftCompile normal arm64 Compiling\ SearchAttribute.swift,\ SwiftKeychain.swift /Users/admin/builder/spi-builder-workspace/Sources/SwiftKeychain/Search/SearchAttribute.swift /Users/admin/builder/spi-builder-workspace/Sources/SwiftKeychain/SwiftKeychain.swift (in target 'SwiftKeychain' from project 'SwiftKeychain')
/Users/admin/builder/spi-builder-workspace/Sources/SwiftKeychain/Search/SearchAttribute.swift:54:41: error: 'kSecMatchSubjectStartsWith' is unavailable in watchOS
52 | case .emailAddressIfPresent: return kSecMatchEmailAddressIfPresent as String
53 | case .subjectContains: return kSecMatchSubjectContains as String
54 | case .subjectStartsWith: return kSecMatchSubjectStartsWith as String
| `- error: 'kSecMatchSubjectStartsWith' is unavailable in watchOS
55 | case .subjectEndsWith: return kSecMatchSubjectEndsWith as String
56 | case .subjectWholeString: return kSecMatchSubjectWholeString as String
/Applications/Xcode-27.0.0-Release.Candidate.app/Contents/Developer/Platforms/WatchOS.platform/Developer/SDKs/WatchOS27.0.sdk/System/Library/Frameworks/Security.framework/Headers/SecItem.h:910:26: note: 'kSecMatchSubjectStartsWith' has been explicitly marked unavailable here
908 | extern const CFStringRef kSecMatchHostOrSubdomainOfHost
909 | API_AVAILABLE(macos(15.0), ios(18.0));
910 | extern const CFStringRef kSecMatchSubjectStartsWith
| `- note: 'kSecMatchSubjectStartsWith' has been explicitly marked unavailable here
911 | API_AVAILABLE(macos(10.7), ios(NA));
912 | extern const CFStringRef kSecMatchSubjectEndsWith
/Users/admin/builder/spi-builder-workspace/Sources/SwiftKeychain/Search/SearchAttribute.swift:55:39: error: 'kSecMatchSubjectEndsWith' is unavailable in watchOS
53 | case .subjectContains: return kSecMatchSubjectContains as String
54 | case .subjectStartsWith: return kSecMatchSubjectStartsWith as String
55 | case .subjectEndsWith: return kSecMatchSubjectEndsWith as String
| `- error: 'kSecMatchSubjectEndsWith' is unavailable in watchOS
56 | case .subjectWholeString: return kSecMatchSubjectWholeString as String
57 | case .caseInsensitive: return kSecMatchCaseInsensitive as String
/Applications/Xcode-27.0.0-Release.Candidate.app/Contents/Developer/Platforms/WatchOS.platform/Developer/SDKs/WatchOS27.0.sdk/System/Library/Frameworks/Security.framework/Headers/SecItem.h:912:26: note: 'kSecMatchSubjectEndsWith' has been explicitly marked unavailable here
910 | extern const CFStringRef kSecMatchSubjectStartsWith
911 | API_AVAILABLE(macos(10.7), ios(NA));
912 | extern const CFStringRef kSecMatchSubjectEndsWith
| `- note: 'kSecMatchSubjectEndsWith' has been explicitly marked unavailable here
913 | API_AVAILABLE(macos(10.7), ios(NA));
914 | extern const CFStringRef kSecMatchSubjectWholeString
/Users/admin/builder/spi-builder-workspace/Sources/SwiftKeychain/Search/SearchAttribute.swift:56:42: error: 'kSecMatchSubjectWholeString' is unavailable in watchOS
54 | case .subjectStartsWith: return kSecMatchSubjectStartsWith as String
55 | case .subjectEndsWith: return kSecMatchSubjectEndsWith as String
56 | case .subjectWholeString: return kSecMatchSubjectWholeString as String
| `- error: 'kSecMatchSubjectWholeString' is unavailable in watchOS
57 | case .caseInsensitive: return kSecMatchCaseInsensitive as String
58 | case .diacriticInsensitive: return kSecMatchDiacriticInsensitive as String
/Applications/Xcode-27.0.0-Release.Candidate.app/Contents/Developer/Platforms/WatchOS.platform/Developer/SDKs/WatchOS27.0.sdk/System/Library/Frameworks/Security.framework/Headers/SecItem.h:914:26: note: 'kSecMatchSubjectWholeString' has been explicitly marked unavailable here
912 | extern const CFStringRef kSecMatchSubjectEndsWith
913 | API_AVAILABLE(macos(10.7), ios(NA));
914 | extern const CFStringRef kSecMatchSubjectWholeString
| `- note: 'kSecMatchSubjectWholeString' has been explicitly marked unavailable here
915 | API_AVAILABLE(macos(10.7), ios(NA));
916 | extern const CFStringRef kSecMatchCaseInsensitive
/Users/admin/builder/spi-builder-workspace/Sources/SwiftKeychain/Search/SearchAttribute.swift:58:44: error: 'kSecMatchDiacriticInsensitive' is unavailable in watchOS
56 | case .subjectWholeString: return kSecMatchSubjectWholeString as String
57 | case .caseInsensitive: return kSecMatchCaseInsensitive as String
58 | case .diacriticInsensitive: return kSecMatchDiacriticInsensitive as String
| `- error: 'kSecMatchDiacriticInsensitive' is unavailable in watchOS
59 | case .widthInsensitive: return kSecMatchWidthInsensitive as String
60 | case .trustedOnly: return kSecMatchTrustedOnly as String
/Applications/Xcode-27.0.0-Release.Candidate.app/Contents/Developer/Platforms/WatchOS.platform/Developer/SDKs/WatchOS27.0.sdk/System/Library/Frameworks/Security.framework/Headers/SecItem.h:918:26: note: 'kSecMatchDiacriticInsensitive' has been explicitly marked unavailable here
916 | extern const CFStringRef kSecMatchCaseInsensitive
917 | API_AVAILABLE(macos(10.6), ios(2.0));
918 | extern const CFStringRef kSecMatchDiacriticInsensitive
| `- note: 'kSecMatchDiacriticInsensitive' has been explicitly marked unavailable here
919 | API_AVAILABLE(macos(10.7), ios(NA));
920 | extern const CFStringRef kSecMatchWidthInsensitive
/Users/admin/builder/spi-builder-workspace/Sources/SwiftKeychain/Search/SearchAttribute.swift:59:40: error: 'kSecMatchWidthInsensitive' is unavailable in watchOS
57 | case .caseInsensitive: return kSecMatchCaseInsensitive as String
58 | case .diacriticInsensitive: return kSecMatchDiacriticInsensitive as String
59 | case .widthInsensitive: return kSecMatchWidthInsensitive as String
| `- error: 'kSecMatchWidthInsensitive' is unavailable in watchOS
60 | case .trustedOnly: return kSecMatchTrustedOnly as String
61 | case .validOnDate: return kSecMatchValidOnDate as String
/Applications/Xcode-27.0.0-Release.Candidate.app/Contents/Developer/Platforms/WatchOS.platform/Developer/SDKs/WatchOS27.0.sdk/System/Library/Frameworks/Security.framework/Headers/SecItem.h:920:26: note: 'kSecMatchWidthInsensitive' has been explicitly marked unavailable here
918 | extern const CFStringRef kSecMatchDiacriticInsensitive
919 | API_AVAILABLE(macos(10.7), ios(NA));
920 | extern const CFStringRef kSecMatchWidthInsensitive
| `- note: 'kSecMatchWidthInsensitive' has been explicitly marked unavailable here
921 | API_AVAILABLE(macos(10.7), ios(NA));
922 | extern const CFStringRef kSecMatchTrustedOnly
/Users/admin/builder/spi-builder-workspace/Sources/SwiftKeychain/Search/SearchAttribute.swift:63:35: warning: 'kSecUseItemList' was deprecated in watchOS 5.0: Not implemented on this platform [#DeprecatedDeclaration]
61 | case .validOnDate: return kSecMatchValidOnDate as String
62 | case .limit: return kSecMatchLimit as String
63 | case .useItemList: return kSecUseItemList as String
| `- warning: 'kSecUseItemList' was deprecated in watchOS 5.0: Not implemented on this platform [#DeprecatedDeclaration]
64 | case .useKeychain: return kSecUseKeychain as String
65 | case .useAuthenticationUI: return kSecUseAuthenticationUI as String
SwiftCompile normal arm64 /Users/admin/builder/spi-builder-workspace/Sources/SwiftKeychain/Search/SearchAttribute.swift (in target 'SwiftKeychain' from project 'SwiftKeychain')
cd /Users/admin/builder/spi-builder-workspace/.swiftpm/xcode
builtin-SwiftPerFileCompile SearchAttribute.swift
SwiftCompile normal arm64 /Users/admin/builder/spi-builder-workspace/Sources/SwiftKeychain/SwiftKeychain.swift (in target 'SwiftKeychain' from project 'SwiftKeychain')
cd /Users/admin/builder/spi-builder-workspace/.swiftpm/xcode
builtin-SwiftPerFileCompile SwiftKeychain.swift
SwiftCompile normal arm64 Compiling\ GenericPassword.swift,\ Identity.swift /Users/admin/builder/spi-builder-workspace/Sources/SwiftKeychain/Item/GenericPassword.swift /Users/admin/builder/spi-builder-workspace/Sources/SwiftKeychain/Item/Identity.swift (in target 'SwiftKeychain' from project 'SwiftKeychain')
/Users/admin/builder/spi-builder-workspace/Sources/SwiftKeychain/Item/GenericPassword.swift:5:21: error: 'SecAccess' is unavailable in watchOS
3 | public struct GenericPassword: ItemValue {
4 | public enum Attribute: KeyValue {
5 | case access(SecAccess)
| `- error: 'SecAccess' is unavailable in watchOS
6 | case accessControl(SecAccessControl)
7 | case accessGroup(String)
Security.SecAccess:2:14: note: 'SecAccess' has been explicitly marked unavailable here
1 | @available(watchOS, unavailable)
2 | public class SecAccess : _CFObject {
| `- note: 'SecAccess' has been explicitly marked unavailable here
3 | }
/Users/admin/builder/spi-builder-workspace/Sources/SwiftKeychain/Item/GenericPassword.swift:25:34: error: 'kSecAttrAccess' is unavailable in watchOS
23 | public var key: String {
24 | switch self {
25 | case .access: return kSecAttrAccess as String
| `- error: 'kSecAttrAccess' is unavailable in watchOS
26 | case .accessControl: return kSecAttrAccessControl as String
27 | case .accessGroup: return kSecAttrAccessGroup as String
/Applications/Xcode-27.0.0-Release.Candidate.app/Contents/Developer/Platforms/WatchOS.platform/Developer/SDKs/WatchOS27.0.sdk/System/Library/Frameworks/Security.framework/Headers/SecItem.h:450:26: note: 'kSecAttrAccess' has been explicitly marked unavailable here
448 | extern const CFStringRef kSecAttrAccessible
449 | API_AVAILABLE(macos(10.9), ios(4.0));
450 | extern const CFStringRef kSecAttrAccess
| `- note: 'kSecAttrAccess' has been explicitly marked unavailable here
451 | API_AVAILABLE(macos(10.7), ios(NA));
452 | extern const CFStringRef kSecAttrAccessControl
/Users/admin/builder/spi-builder-workspace/Sources/SwiftKeychain/Item/Identity.swift:5:21: error: 'SecAccess' is unavailable in watchOS
3 | public struct Identity: ItemValue {
4 | public enum Attribute: KeyValue {
5 | case access(SecAccess)
| `- error: 'SecAccess' is unavailable in watchOS
6 | case accessGroup(String)
7 | case accessible(AccessibilityValue)
Security.SecAccess:2:14: note: 'SecAccess' has been explicitly marked unavailable here
1 | @available(watchOS, unavailable)
2 | public class SecAccess : _CFObject {
| `- note: 'SecAccess' has been explicitly marked unavailable here
3 | }
/Users/admin/builder/spi-builder-workspace/Sources/SwiftKeychain/Item/Identity.swift:36:34: error: 'kSecAttrAccess' is unavailable in watchOS
34 | public var key: String {
35 | switch self {
36 | case .access: return kSecAttrAccess as String
| `- error: 'kSecAttrAccess' is unavailable in watchOS
37 | case .accessGroup: return kSecAttrAccessGroup as String
38 | case .accessible: return kSecAttrAccessible as String
/Applications/Xcode-27.0.0-Release.Candidate.app/Contents/Developer/Platforms/WatchOS.platform/Developer/SDKs/WatchOS27.0.sdk/System/Library/Frameworks/Security.framework/Headers/SecItem.h:450:26: note: 'kSecAttrAccess' has been explicitly marked unavailable here
448 | extern const CFStringRef kSecAttrAccessible
449 | API_AVAILABLE(macos(10.9), ios(4.0));
450 | extern const CFStringRef kSecAttrAccess
| `- note: 'kSecAttrAccess' has been explicitly marked unavailable here
451 | API_AVAILABLE(macos(10.7), ios(NA));
452 | extern const CFStringRef kSecAttrAccessControl
/Users/admin/builder/spi-builder-workspace/Sources/SwiftKeychain/Item/Identity.swift:45:31: error: 'kSecAttrPRF' is unavailable in watchOS
43 | case .applicationTag: return kSecAttrApplicationTag as String
44 | case .keyType: return kSecAttrKeyType as String
45 | case .PRF: return kSecAttrPRF as String
| `- error: 'kSecAttrPRF' is unavailable in watchOS
46 | case .salt: return kSecAttrSalt as String
47 | case .rounds: return kSecAttrRounds as String
/Applications/Xcode-27.0.0-Release.Candidate.app/Contents/Developer/Platforms/WatchOS.platform/Developer/SDKs/WatchOS27.0.sdk/System/Library/Frameworks/Security.framework/Headers/SecItem.h:524:26: note: 'kSecAttrPRF' has been explicitly marked unavailable here
522 | extern const CFStringRef kSecAttrKeyType
523 | API_AVAILABLE(macos(10.6), ios(2.0));
524 | extern const CFStringRef kSecAttrPRF
| `- note: 'kSecAttrPRF' has been explicitly marked unavailable here
525 | API_AVAILABLE(macos(10.7), ios(NA));
526 | extern const CFStringRef kSecAttrSalt
/Users/admin/builder/spi-builder-workspace/Sources/SwiftKeychain/Item/Identity.swift:46:32: error: 'kSecAttrSalt' is unavailable in watchOS
44 | case .keyType: return kSecAttrKeyType as String
45 | case .PRF: return kSecAttrPRF as String
46 | case .salt: return kSecAttrSalt as String
| `- error: 'kSecAttrSalt' is unavailable in watchOS
47 | case .rounds: return kSecAttrRounds as String
48 | case .keySizeInBits: return kSecAttrKeySizeInBits as String
/Applications/Xcode-27.0.0-Release.Candidate.app/Contents/Developer/Platforms/WatchOS.platform/Developer/SDKs/WatchOS27.0.sdk/System/Library/Frameworks/Security.framework/Headers/SecItem.h:526:26: note: 'kSecAttrSalt' has been explicitly marked unavailable here
524 | extern const CFStringRef kSecAttrPRF
525 | API_AVAILABLE(macos(10.7), ios(NA));
526 | extern const CFStringRef kSecAttrSalt
| `- note: 'kSecAttrSalt' has been explicitly marked unavailable here
527 | API_AVAILABLE(macos(10.7), ios(NA));
528 | extern const CFStringRef kSecAttrRounds
SwiftCompile normal arm64 /Users/admin/builder/spi-builder-workspace/Sources/SwiftKeychain/Item/GenericPassword.swift (in target 'SwiftKeychain' from project 'SwiftKeychain')
cd /Users/admin/builder/spi-builder-workspace/.swiftpm/xcode
builtin-SwiftPerFileCompile GenericPassword.swift
SwiftCompile normal arm64 /Users/admin/builder/spi-builder-workspace/Sources/SwiftKeychain/Item/Identity.swift (in target 'SwiftKeychain' from project 'SwiftKeychain')
cd /Users/admin/builder/spi-builder-workspace/.swiftpm/xcode
builtin-SwiftPerFileCompile Identity.swift
SwiftCompile normal arm64 Compiling\ CertificateType.swift,\ KeyClass.swift,\ KeyType.swift /Users/admin/builder/spi-builder-workspace/Sources/SwiftKeychain/AttibuteValueType/CertificateType.swift /Users/admin/builder/spi-builder-workspace/Sources/SwiftKeychain/AttibuteValueType/KeyClass.swift /Users/admin/builder/spi-builder-workspace/Sources/SwiftKeychain/AttibuteValueType/KeyType.swift (in target 'SwiftKeychain' from project 'SwiftKeychain')
/Users/admin/builder/spi-builder-workspace/Sources/SwiftKeychain/AttibuteValueType/KeyType.swift:30:27: error: 'kSecAttrKeyTypeDSA' is unavailable in watchOS
28 | switch self {
29 | case .RSA: return kSecAttrKeyTypeRSA as String
30 | case .DSA: return kSecAttrKeyTypeDSA as String
| `- error: 'kSecAttrKeyTypeDSA' is unavailable in watchOS
31 | case .AES: return kSecAttrKeyTypeAES as String
32 | case .DES: return kSecAttrKeyTypeDES as String
/Applications/Xcode-27.0.0-Release.Candidate.app/Contents/Developer/Platforms/WatchOS.platform/Developer/SDKs/WatchOS27.0.sdk/System/Library/Frameworks/Security.framework/Headers/SecItem.h:785:26: note: 'kSecAttrKeyTypeDSA' has been explicitly marked unavailable here
783 | extern const CFStringRef kSecAttrKeyTypeRSA
784 | API_AVAILABLE(macos(10.7), ios(2.0));
785 | extern const CFStringRef kSecAttrKeyTypeDSA
| `- note: 'kSecAttrKeyTypeDSA' has been explicitly marked unavailable here
786 | API_AVAILABLE(macos(10.7), ios(NA));
787 | extern const CFStringRef kSecAttrKeyTypeAES
/Users/admin/builder/spi-builder-workspace/Sources/SwiftKeychain/AttibuteValueType/KeyType.swift:31:27: error: 'kSecAttrKeyTypeAES' is unavailable in watchOS
29 | case .RSA: return kSecAttrKeyTypeRSA as String
30 | case .DSA: return kSecAttrKeyTypeDSA as String
31 | case .AES: return kSecAttrKeyTypeAES as String
| `- error: 'kSecAttrKeyTypeAES' is unavailable in watchOS
32 | case .DES: return kSecAttrKeyTypeDES as String
33 | case .ThreeDES: return kSecAttrKeyType3DES as String
/Applications/Xcode-27.0.0-Release.Candidate.app/Contents/Developer/Platforms/WatchOS.platform/Developer/SDKs/WatchOS27.0.sdk/System/Library/Frameworks/Security.framework/Headers/SecItem.h:787:26: note: 'kSecAttrKeyTypeAES' has been explicitly marked unavailable here
785 | extern const CFStringRef kSecAttrKeyTypeDSA
786 | API_AVAILABLE(macos(10.7), ios(NA));
787 | extern const CFStringRef kSecAttrKeyTypeAES
| `- note: 'kSecAttrKeyTypeAES' has been explicitly marked unavailable here
788 | API_AVAILABLE(macos(10.7), ios(NA));
789 | extern const CFStringRef kSecAttrKeyTypeDES
/Users/admin/builder/spi-builder-workspace/Sources/SwiftKeychain/AttibuteValueType/KeyType.swift:32:27: error: 'kSecAttrKeyTypeDES' is unavailable in watchOS
30 | case .DSA: return kSecAttrKeyTypeDSA as String
31 | case .AES: return kSecAttrKeyTypeAES as String
32 | case .DES: return kSecAttrKeyTypeDES as String
| `- error: 'kSecAttrKeyTypeDES' is unavailable in watchOS
33 | case .ThreeDES: return kSecAttrKeyType3DES as String
34 | case .RC4: return kSecAttrKeyTypeRC4 as String
/Applications/Xcode-27.0.0-Release.Candidate.app/Contents/Developer/Platforms/WatchOS.platform/Developer/SDKs/WatchOS27.0.sdk/System/Library/Frameworks/Security.framework/Headers/SecItem.h:789:26: note: 'kSecAttrKeyTypeDES' has been explicitly marked unavailable here
787 | extern const CFStringRef kSecAttrKeyTypeAES
788 | API_AVAILABLE(macos(10.7), ios(NA));
789 | extern const CFStringRef kSecAttrKeyTypeDES
| `- note: 'kSecAttrKeyTypeDES' has been explicitly marked unavailable here
790 | API_AVAILABLE(macos(10.7), ios(NA));
791 | extern const CFStringRef kSecAttrKeyType3DES
/Users/admin/builder/spi-builder-workspace/Sources/SwiftKeychain/AttibuteValueType/KeyType.swift:33:32: error: 'kSecAttrKeyType3DES' is unavailable in watchOS
31 | case .AES: return kSecAttrKeyTypeAES as String
32 | case .DES: return kSecAttrKeyTypeDES as String
33 | case .ThreeDES: return kSecAttrKeyType3DES as String
| `- error: 'kSecAttrKeyType3DES' is unavailable in watchOS
34 | case .RC4: return kSecAttrKeyTypeRC4 as String
35 | case .RC2: return kSecAttrKeyTypeRC2 as String
/Applications/Xcode-27.0.0-Release.Candidate.app/Contents/Developer/Platforms/WatchOS.platform/Developer/SDKs/WatchOS27.0.sdk/System/Library/Frameworks/Security.framework/Headers/SecItem.h:791:26: note: 'kSecAttrKeyType3DES' has been explicitly marked unavailable here
789 | extern const CFStringRef kSecAttrKeyTypeDES
790 | API_AVAILABLE(macos(10.7), ios(NA));
791 | extern const CFStringRef kSecAttrKeyType3DES
| `- note: 'kSecAttrKeyType3DES' has been explicitly marked unavailable here
792 | API_AVAILABLE(macos(10.7), ios(NA));
793 | extern const CFStringRef kSecAttrKeyTypeRC4
/Users/admin/builder/spi-builder-workspace/Sources/SwiftKeychain/AttibuteValueType/KeyType.swift:34:27: error: 'kSecAttrKeyTypeRC4' is unavailable in watchOS
32 | case .DES: return kSecAttrKeyTypeDES as String
33 | case .ThreeDES: return kSecAttrKeyType3DES as String
34 | case .RC4: return kSecAttrKeyTypeRC4 as String
| `- error: 'kSecAttrKeyTypeRC4' is unavailable in watchOS
35 | case .RC2: return kSecAttrKeyTypeRC2 as String
36 | case .CAST: return kSecAttrKeyTypeCAST as String
/Applications/Xcode-27.0.0-Release.Candidate.app/Contents/Developer/Platforms/WatchOS.platform/Developer/SDKs/WatchOS27.0.sdk/System/Library/Frameworks/Security.framework/Headers/SecItem.h:793:26: note: 'kSecAttrKeyTypeRC4' has been explicitly marked unavailable here
791 | extern const CFStringRef kSecAttrKeyType3DES
792 | API_AVAILABLE(macos(10.7), ios(NA));
793 | extern const CFStringRef kSecAttrKeyTypeRC4
| `- note: 'kSecAttrKeyTypeRC4' has been explicitly marked unavailable here
794 | API_AVAILABLE(macos(10.7), ios(NA));
795 | extern const CFStringRef kSecAttrKeyTypeRC2
/Users/admin/builder/spi-builder-workspace/Sources/SwiftKeychain/AttibuteValueType/KeyType.swift:35:27: error: 'kSecAttrKeyTypeRC2' is unavailable in watchOS
33 | case .ThreeDES: return kSecAttrKeyType3DES as String
34 | case .RC4: return kSecAttrKeyTypeRC4 as String
35 | case .RC2: return kSecAttrKeyTypeRC2 as String
| `- error: 'kSecAttrKeyTypeRC2' is unavailable in watchOS
36 | case .CAST: return kSecAttrKeyTypeCAST as String
37 | case .ECDSA: return kSecAttrKeyTypeECDSA as String
/Applications/Xcode-27.0.0-Release.Candidate.app/Contents/Developer/Platforms/WatchOS.platform/Developer/SDKs/WatchOS27.0.sdk/System/Library/Frameworks/Security.framework/Headers/SecItem.h:795:26: note: 'kSecAttrKeyTypeRC2' has been explicitly marked unavailable here
793 | extern const CFStringRef kSecAttrKeyTypeRC4
794 | API_AVAILABLE(macos(10.7), ios(NA));
795 | extern const CFStringRef kSecAttrKeyTypeRC2
| `- note: 'kSecAttrKeyTypeRC2' has been explicitly marked unavailable here
796 | API_AVAILABLE(macos(10.7), ios(NA));
797 | extern const CFStringRef kSecAttrKeyTypeCAST
/Users/admin/builder/spi-builder-workspace/Sources/SwiftKeychain/AttibuteValueType/KeyType.swift:36:28: error: 'kSecAttrKeyTypeCAST' is unavailable in watchOS
34 | case .RC4: return kSecAttrKeyTypeRC4 as String
35 | case .RC2: return kSecAttrKeyTypeRC2 as String
36 | case .CAST: return kSecAttrKeyTypeCAST as String
| `- error: 'kSecAttrKeyTypeCAST' is unavailable in watchOS
37 | case .ECDSA: return kSecAttrKeyTypeECDSA as String
38 | case .EC: return kSecAttrKeyTypeEC as String
/Applications/Xcode-27.0.0-Release.Candidate.app/Contents/Developer/Platforms/WatchOS.platform/Developer/SDKs/WatchOS27.0.sdk/System/Library/Frameworks/Security.framework/Headers/SecItem.h:797:26: note: 'kSecAttrKeyTypeCAST' has been explicitly marked unavailable here
795 | extern const CFStringRef kSecAttrKeyTypeRC2
796 | API_AVAILABLE(macos(10.7), ios(NA));
797 | extern const CFStringRef kSecAttrKeyTypeCAST
| `- note: 'kSecAttrKeyTypeCAST' has been explicitly marked unavailable here
798 | API_AVAILABLE(macos(10.7), ios(NA));
799 | extern const CFStringRef kSecAttrKeyTypeECDSA
SwiftCompile normal arm64 /Users/admin/builder/spi-builder-workspace/Sources/SwiftKeychain/AttibuteValueType/CertificateType.swift (in target 'SwiftKeychain' from project 'SwiftKeychain')
cd /Users/admin/builder/spi-builder-workspace/.swiftpm/xcode
builtin-SwiftPerFileCompile CertificateType.swift
SwiftCompile normal arm64 /Users/admin/builder/spi-builder-workspace/Sources/SwiftKeychain/AttibuteValueType/KeyClass.swift (in target 'SwiftKeychain' from project 'SwiftKeychain')
cd /Users/admin/builder/spi-builder-workspace/.swiftpm/xcode
builtin-SwiftPerFileCompile KeyClass.swift
SwiftCompile normal arm64 /Users/admin/builder/spi-builder-workspace/Sources/SwiftKeychain/AttibuteValueType/KeyType.swift (in target 'SwiftKeychain' from project 'SwiftKeychain')
cd /Users/admin/builder/spi-builder-workspace/.swiftpm/xcode
builtin-SwiftPerFileCompile KeyType.swift
SwiftEmitModule normal arm64_32 Emitting\ module\ for\ SwiftKeychain (in target 'SwiftKeychain' from project 'SwiftKeychain')
SwiftCompile normal arm64_32 (in target 'SwiftKeychain' from project 'SwiftKeychain')
cd /Users/admin/builder/spi-builder-workspace/.swiftpm/xcode
PruneExplicitPrecompiledModules /Users/admin/builder/spi-builder-workspace/.derivedData/SDKExplicitPrecompiledModules
PruneExplicitPrecompiledModules /Users/admin/builder/spi-builder-workspace/.derivedData/Build/Intermediates.noindex/ExplicitPrecompiledModules
PruneExplicitPrecompiledModules /Users/admin/builder/spi-builder-workspace/.derivedData/Build/Intermediates.noindex/SwiftExplicitPrecompiledModules
2026-09-19 05:22:04.979 xcodebuild[873:5473] [MT] IDERunDestination: Supported platforms for the buildables in the current scheme is empty.
** BUILD FAILED **
The following build commands failed:
SwiftCompile normal arm64 (in target 'SwiftKeychain' from project 'SwiftKeychain')
SwiftEmitModule normal arm64 Emitting\ module\ for\ SwiftKeychain (in target 'SwiftKeychain' from project 'SwiftKeychain')
Building workspace SwiftKeychain with scheme SwiftKeychain
(3 failures)
Command line invocation:
/Applications/Xcode-27.0.0-Release.Candidate.app/Contents/Developer/usr/bin/xcodebuild -IDEClonedSourcePackagesDirPathOverride=/Users/admin/builder/spi-builder-workspace/.dependencies -resolvePackageDependencies
Resolve Package Graph
Resolved source packages:
SwiftDocCPlugin: https://github.com/apple/swift-docc-plugin @ 1.5.0
SwiftKeychain: /Users/admin/builder/spi-builder-workspace
SymbolKit: https://github.com/swiftlang/swift-docc-symbolkit @ 1.0.0
resolved source packages: SwiftDocCPlugin, SwiftKeychain, SymbolKit
2026-09-19 05:22:21.585 xcodebuild[1068:6544] [MT] IDERunDestination: Supported platforms for the buildables in the current scheme is empty.
{
"dependencies" : [
{
"identity" : "swift-docc-plugin",
"requirement" : {
"range" : [
{
"lower_bound" : "1.1.0",
"upper_bound" : "2.0.0"
}
]
},
"type" : "sourceControl",
"url" : "https://github.com/apple/swift-docc-plugin"
}
],
"manifest_display_name" : "SwiftKeychain",
"name" : "SwiftKeychain",
"path" : "/Users/admin/builder/spi-builder-workspace",
"platforms" : [
{
"name" : "macos",
"version" : "10.15"
},
{
"name" : "ios",
"version" : "13.0"
},
{
"name" : "watchos",
"version" : "6.0"
},
{
"name" : "tvos",
"version" : "13.0"
}
],
"products" : [
{
"name" : "SwiftKeychain",
"targets" : [
"SwiftKeychain"
],
"type" : {
"library" : [
"automatic"
]
}
}
],
"targets" : [
{
"c99name" : "SwiftKeychainTests",
"module_type" : "SwiftTarget",
"name" : "SwiftKeychainTests",
"path" : "Tests/SwiftKeychainTests",
"sources" : [
"SwiftKeychainTests.swift"
],
"target_dependencies" : [
"SwiftKeychain"
],
"type" : "test"
},
{
"c99name" : "SwiftKeychain",
"module_type" : "SwiftTarget",
"name" : "SwiftKeychain",
"path" : "Sources/SwiftKeychain",
"product_memberships" : [
"SwiftKeychain"
],
"sources" : [
"AttibuteValueType/AccessibilityValue.swift",
"AttibuteValueType/AuthenticationType.swift",
"AttibuteValueType/CertificateEncoding.swift",
"AttibuteValueType/CertificateType.swift",
"AttibuteValueType/KeyClass.swift",
"AttibuteValueType/KeyType.swift",
"AttibuteValueType/ProtocolType.swift",
"Extension/SecAccess.swift",
"Extension/SecAccessControl.swift",
"Extension/SecPolicy.swift",
"Item/Certificate.swift",
"Item/GenericPassword.swift",
"Item/Identity.swift",
"Item/InternetPassword.swift",
"Item/Item.swift",
"Item/ItemValue.swift",
"Item/Key.swift",
"Item/KeyValue.swift",
"KeychainError.swift",
"Result/OperationResult.swift",
"Result/ResultKey.swift",
"Search/SearchAttribute.swift",
"SwiftKeychain.swift"
],
"type" : "library"
}
],
"tools_version" : "5.7"
}
{
"workspace" : {
"name" : "SwiftKeychain",
"schemes" : [
"SwiftKeychain"
]
}
}
2026-09-19 05:22:28.765 xcodebuild[1126:6926] [MT] IDERunDestination: Supported platforms for the buildables in the current scheme is empty.
Running build ...
env DEVELOPER_DIR=/Applications/Xcode-27.0.0-Release.Candidate.app xcrun xcodebuild -IDEClonedSourcePackagesDirPathOverride=$PWD/.dependencies -skipMacroValidation -skipPackagePluginValidation -derivedDataPath $PWD/.derivedData build -scheme SwiftKeychain -destination generic/platform=watchOS
Command line invocation:
/Applications/Xcode-27.0.0-Release.Candidate.app/Contents/Developer/usr/bin/xcodebuild -IDEClonedSourcePackagesDirPathOverride=/Users/admin/builder/spi-builder-workspace/.dependencies -skipMacroValidation -skipPackagePluginValidation -derivedDataPath /Users/admin/builder/spi-builder-workspace/.derivedData build -scheme SwiftKeychain -destination generic/platform=watchOS
Resolve Package Graph
Resolved source packages:
SwiftDocCPlugin: https://github.com/apple/swift-docc-plugin @ 1.5.0
SymbolKit: https://github.com/swiftlang/swift-docc-symbolkit @ 1.0.0
SwiftKeychain: /Users/admin/builder/spi-builder-workspace
ComputePackagePrebuildTargetDependencyGraph
Prepare packages
CreateBuildRequest
SendProjectDescription
CreateBuildOperation
ComputeTargetDependencyGraph
note: Building targets in dependency order
note: Target dependency graph (2 targets)
Target 'SwiftKeychain-product' in project 'SwiftKeychain'
➜ Explicit dependency on target 'SwiftKeychain' in project 'SwiftKeychain'
Target 'SwiftKeychain' in project 'SwiftKeychain' (no dependencies)
GatherProvisioningInputs
CreateBuildDescription
ClangStatCache /Applications/Xcode-27.0.0-Release.Candidate.app/Contents/Developer/Toolchains/XcodeDefault.xctoolchain/usr/bin/clang-stat-cache /Applications/Xcode-27.0.0-Release.Candidate.app/Contents/Developer/Platforms/WatchOS.platform/Developer/SDKs/WatchOS27.0.sdk /Users/admin/builder/spi-builder-workspace/.derivedData/SDKStatCaches.noindex/watchos27.0-24R360-e829b21a6f8c9b70876ba0858053c04477534ef55a1706bf4c1112bbb242f0a2.sdkstatcache
cd /Users/admin/builder/spi-builder-workspace/.swiftpm/xcode
/Applications/Xcode-27.0.0-Release.Candidate.app/Contents/Developer/Toolchains/XcodeDefault.xctoolchain/usr/bin/clang-stat-cache /Applications/Xcode-27.0.0-Release.Candidate.app/Contents/Developer/Platforms/WatchOS.platform/Developer/SDKs/WatchOS27.0.sdk -o /Users/admin/builder/spi-builder-workspace/.derivedData/SDKStatCaches.noindex/watchos27.0-24R360-e829b21a6f8c9b70876ba0858053c04477534ef55a1706bf4c1112bbb242f0a2.sdkstatcache
SwiftDriver SwiftKeychain normal arm64_32 com.apple.xcode.tools.swift.compiler (in target 'SwiftKeychain' from project 'SwiftKeychain')
cd /Users/admin/builder/spi-builder-workspace/.swiftpm/xcode
builtin-SwiftDriver -- /Applications/Xcode-27.0.0-Release.Candidate.app/Contents/Developer/Toolchains/XcodeDefault.xctoolchain/usr/bin/swiftc -parse-as-library -module-name SwiftKeychain -Onone @/Users/admin/builder/spi-builder-workspace/.derivedData/Build/Intermediates.noindex/SwiftKeychain.build/Debug-watchos/SwiftKeychain-t.build/Objects-normal/arm64_32/SwiftKeychain.SwiftFileList -DSWIFT_PACKAGE -DDEBUG -DSWIFT_MODULE_RESOURCE_BUNDLE_UNAVAILABLE -DXcode -plugin-path /Applications/Xcode-27.0.0-Release.Candidate.app/Contents/Developer/Toolchains/XcodeDefault.xctoolchain/usr/lib/swift/host/plugins/testing -enable-experimental-feature DebugDescriptionMacro -sdk /Applications/Xcode-27.0.0-Release.Candidate.app/Contents/Developer/Platforms/WatchOS.platform/Developer/SDKs/WatchOS27.0.sdk -target arm64_32-apple-watchos9.0 -g -module-cache-path /Users/admin/builder/spi-builder-workspace/.derivedData/ModuleCache.noindex -Xfrontend -serialize-debugging-options -profile-coverage-mapping -profile-generate -enable-testing -index-store-path /Users/admin/builder/spi-builder-workspace/.derivedData/Index.noindex/DataStore -Xcc -D_LIBCPP_HARDENING_MODE\=_LIBCPP_HARDENING_MODE_DEBUG -swift-version 5 -I /Users/admin/builder/spi-builder-workspace/.derivedData/Build/Products/Debug-watchos -Isystem /Applications/Xcode-27.0.0-Release.Candidate.app/Contents/Developer/Platforms/WatchOS.platform/Developer/usr/lib -F /Users/admin/builder/spi-builder-workspace/.derivedData/Build/Products/Debug-watchos -F /Applications/Xcode-27.0.0-Release.Candidate.app/Contents/Developer/Platforms/WatchOS.platform/Developer/Library/Frameworks -F /Applications/Xcode-27.0.0-Release.Candidate.app/Contents/Developer/Platforms/WatchOS.platform/Developer/SDKs/WatchOS27.0.sdk/Developer/Library/Frameworks -c -j10 -enable-batch-mode -incremental -Xcc -ivfsstatcache -Xcc /Users/admin/builder/spi-builder-workspace/.derivedData/SDKStatCaches.noindex/watchos27.0-24R360-e829b21a6f8c9b70876ba0858053c04477534ef55a1706bf4c1112bbb242f0a2.sdkstatcache -output-file-map /Users/admin/builder/spi-builder-workspace/.derivedData/Build/Intermediates.noindex/SwiftKeychain.build/Debug-watchos/SwiftKeychain-t.build/Objects-normal/arm64_32/SwiftKeychain-OutputFileMap.json -save-temps -no-color-diagnostics -explicit-module-build -module-cache-path /Users/admin/builder/spi-builder-workspace/.derivedData/Build/Intermediates.noindex/SwiftExplicitPrecompiledModules -clang-scanner-module-cache-path /Users/admin/builder/spi-builder-workspace/.derivedData/ModuleCache.noindex -sdk-module-cache-path /Users/admin/builder/spi-builder-workspace/.derivedData/SDKExplicitPrecompiledModules -emit-dependencies -emit-module -emit-module-path /Users/admin/builder/spi-builder-workspace/.derivedData/Build/Intermediates.noindex/SwiftKeychain.build/Debug-watchos/SwiftKeychain-t.build/Objects-normal/arm64_32/SwiftKeychain.swiftmodule -serialize-diagnostics -dependency-scan-serialize-diagnostics-path /Users/admin/builder/spi-builder-workspace/.derivedData/Build/Intermediates.noindex/SwiftKeychain.build/Debug-watchos/SwiftKeychain-t.build/Objects-normal/arm64_32/SwiftKeychain-dependency-scan.dia -validate-clang-modules-once -clang-build-session-file /Users/admin/builder/spi-builder-workspace/.derivedData/ModuleCache.noindex/Session.modulevalidation -Xcc -fmodules-prune-interval\=86400 -Xcc -fmodules-prune-after\=345600 -emit-const-values -const-gather-protocols-list /Users/admin/builder/spi-builder-workspace/.derivedData/Build/Intermediates.noindex/SwiftKeychain.build/Debug-watchos/SwiftKeychain-t.build/Objects-normal/arm64_32/SwiftKeychain_const_extract_protocols.json -Xcc -I/Users/admin/builder/spi-builder-workspace/.derivedData/Build/Products/Debug-watchos/include -Xcc -I/Users/admin/builder/spi-builder-workspace/.derivedData/Build/Intermediates.noindex/SwiftKeychain.build/Debug-watchos/SwiftKeychain-t.build/DerivedSources-normal/arm64_32 -Xcc -I/Users/admin/builder/spi-builder-workspace/.derivedData/Build/Intermediates.noindex/SwiftKeychain.build/Debug-watchos/SwiftKeychain-t.build/DerivedSources/arm64_32 -Xcc -I/Users/admin/builder/spi-builder-workspace/.derivedData/Build/Intermediates.noindex/SwiftKeychain.build/Debug-watchos/SwiftKeychain-t.build/DerivedSources -Xcc -DSWIFT_PACKAGE -Xcc -DDEBUG\=1 -emit-objc-header -emit-objc-header-path /Users/admin/builder/spi-builder-workspace/.derivedData/Build/Intermediates.noindex/SwiftKeychain.build/Debug-watchos/SwiftKeychain-t.build/Objects-normal/arm64_32/SwiftKeychain-Swift.h -working-directory /Users/admin/builder/spi-builder-workspace/.swiftpm/xcode -experimental-emit-module-separately -disable-cmo
SwiftDriver SwiftKeychain normal arm64 com.apple.xcode.tools.swift.compiler (in target 'SwiftKeychain' from project 'SwiftKeychain')
cd /Users/admin/builder/spi-builder-workspace/.swiftpm/xcode
builtin-SwiftDriver -- /Applications/Xcode-27.0.0-Release.Candidate.app/Contents/Developer/Toolchains/XcodeDefault.xctoolchain/usr/bin/swiftc -parse-as-library -module-name SwiftKeychain -Onone @/Users/admin/builder/spi-builder-workspace/.derivedData/Build/Intermediates.noindex/SwiftKeychain.build/Debug-watchos/SwiftKeychain-t.build/Objects-normal/arm64/SwiftKeychain.SwiftFileList -DSWIFT_PACKAGE -DDEBUG -DSWIFT_MODULE_RESOURCE_BUNDLE_UNAVAILABLE -DXcode -plugin-path /Applications/Xcode-27.0.0-Release.Candidate.app/Contents/Developer/Toolchains/XcodeDefault.xctoolchain/usr/lib/swift/host/plugins/testing -enable-experimental-feature DebugDescriptionMacro -sdk /Applications/Xcode-27.0.0-Release.Candidate.app/Contents/Developer/Platforms/WatchOS.platform/Developer/SDKs/WatchOS27.0.sdk -target arm64-apple-watchos9.0 -g -module-cache-path /Users/admin/builder/spi-builder-workspace/.derivedData/ModuleCache.noindex -Xfrontend -serialize-debugging-options -profile-coverage-mapping -profile-generate -enable-testing -index-store-path /Users/admin/builder/spi-builder-workspace/.derivedData/Index.noindex/DataStore -Xcc -D_LIBCPP_HARDENING_MODE\=_LIBCPP_HARDENING_MODE_DEBUG -swift-version 5 -I /Users/admin/builder/spi-builder-workspace/.derivedData/Build/Products/Debug-watchos -Isystem /Applications/Xcode-27.0.0-Release.Candidate.app/Contents/Developer/Platforms/WatchOS.platform/Developer/usr/lib -F /Users/admin/builder/spi-builder-workspace/.derivedData/Build/Products/Debug-watchos -F /Applications/Xcode-27.0.0-Release.Candidate.app/Contents/Developer/Platforms/WatchOS.platform/Developer/Library/Frameworks -F /Applications/Xcode-27.0.0-Release.Candidate.app/Contents/Developer/Platforms/WatchOS.platform/Developer/SDKs/WatchOS27.0.sdk/Developer/Library/Frameworks -c -j10 -enable-batch-mode -incremental -Xcc -ivfsstatcache -Xcc /Users/admin/builder/spi-builder-workspace/.derivedData/SDKStatCaches.noindex/watchos27.0-24R360-e829b21a6f8c9b70876ba0858053c04477534ef55a1706bf4c1112bbb242f0a2.sdkstatcache -output-file-map /Users/admin/builder/spi-builder-workspace/.derivedData/Build/Intermediates.noindex/SwiftKeychain.build/Debug-watchos/SwiftKeychain-t.build/Objects-normal/arm64/SwiftKeychain-OutputFileMap.json -save-temps -no-color-diagnostics -explicit-module-build -module-cache-path /Users/admin/builder/spi-builder-workspace/.derivedData/Build/Intermediates.noindex/SwiftExplicitPrecompiledModules -clang-scanner-module-cache-path /Users/admin/builder/spi-builder-workspace/.derivedData/ModuleCache.noindex -sdk-module-cache-path /Users/admin/builder/spi-builder-workspace/.derivedData/SDKExplicitPrecompiledModules -emit-dependencies -emit-module -emit-module-path /Users/admin/builder/spi-builder-workspace/.derivedData/Build/Intermediates.noindex/SwiftKeychain.build/Debug-watchos/SwiftKeychain-t.build/Objects-normal/arm64/SwiftKeychain.swiftmodule -serialize-diagnostics -dependency-scan-serialize-diagnostics-path /Users/admin/builder/spi-builder-workspace/.derivedData/Build/Intermediates.noindex/SwiftKeychain.build/Debug-watchos/SwiftKeychain-t.build/Objects-normal/arm64/SwiftKeychain-dependency-scan.dia -validate-clang-modules-once -clang-build-session-file /Users/admin/builder/spi-builder-workspace/.derivedData/ModuleCache.noindex/Session.modulevalidation -Xcc -fmodules-prune-interval\=86400 -Xcc -fmodules-prune-after\=345600 -emit-const-values -const-gather-protocols-list /Users/admin/builder/spi-builder-workspace/.derivedData/Build/Intermediates.noindex/SwiftKeychain.build/Debug-watchos/SwiftKeychain-t.build/Objects-normal/arm64/SwiftKeychain_const_extract_protocols.json -Xcc -I/Users/admin/builder/spi-builder-workspace/.derivedData/Build/Products/Debug-watchos/include -Xcc -I/Users/admin/builder/spi-builder-workspace/.derivedData/Build/Intermediates.noindex/SwiftKeychain.build/Debug-watchos/SwiftKeychain-t.build/DerivedSources-normal/arm64 -Xcc -I/Users/admin/builder/spi-builder-workspace/.derivedData/Build/Intermediates.noindex/SwiftKeychain.build/Debug-watchos/SwiftKeychain-t.build/DerivedSources/arm64 -Xcc -I/Users/admin/builder/spi-builder-workspace/.derivedData/Build/Intermediates.noindex/SwiftKeychain.build/Debug-watchos/SwiftKeychain-t.build/DerivedSources -Xcc -DSWIFT_PACKAGE -Xcc -DDEBUG\=1 -emit-objc-header -emit-objc-header-path /Users/admin/builder/spi-builder-workspace/.derivedData/Build/Intermediates.noindex/SwiftKeychain.build/Debug-watchos/SwiftKeychain-t.build/Objects-normal/arm64/SwiftKeychain-Swift.h -working-directory /Users/admin/builder/spi-builder-workspace/.swiftpm/xcode -experimental-emit-module-separately -disable-cmo
SwiftEmitModule normal arm64_32 Emitting\ module\ for\ SwiftKeychain (in target 'SwiftKeychain' from project 'SwiftKeychain')
SwiftCompile normal arm64_32 (in target 'SwiftKeychain' from project 'SwiftKeychain')
cd /Users/admin/builder/spi-builder-workspace/.swiftpm/xcode
/Users/admin/builder/spi-builder-workspace/Sources/SwiftKeychain/Extension/SecAccess.swift:5:42: error: 'SecTrustedApplication' is unavailable in watchOS
3 | extension SecAccess {
4 | public static func new(name: String,
5 | trustedlist: [SecTrustedApplication],
| `- error: 'SecTrustedApplication' is unavailable in watchOS
6 | accessRef: UnsafeMutablePointer<SecAccess?>) throws -> SecAccess {
7 | var access: SecAccess?
Security.SecTrustedApplication:2:14: note: 'SecTrustedApplication' has been explicitly marked unavailable here
1 | @available(watchOS, unavailable)
2 | public class SecTrustedApplication : _CFObject {
| `- note: 'SecTrustedApplication' has been explicitly marked unavailable here
3 | }
/Users/admin/builder/spi-builder-workspace/Sources/SwiftKeychain/Extension/SecAccess.swift:6:60: error: 'SecAccess' is unavailable in watchOS
4 | public static func new(name: String,
5 | trustedlist: [SecTrustedApplication],
6 | accessRef: UnsafeMutablePointer<SecAccess?>) throws -> SecAccess {
| `- error: 'SecAccess' is unavailable in watchOS
7 | var access: SecAccess?
8 | let status = SecAccessCreate(name as CFString, trustedlist as CFArray, &access)
Security.SecAccess:2:14: note: 'SecAccess' has been explicitly marked unavailable here
1 | @available(watchOS, unavailable)
2 | public class SecAccess : _CFObject {
| `- note: 'SecAccess' has been explicitly marked unavailable here
3 | }
/Users/admin/builder/spi-builder-workspace/Sources/SwiftKeychain/Extension/SecAccess.swift:6:83: error: 'SecAccess' is unavailable in watchOS
4 | public static func new(name: String,
5 | trustedlist: [SecTrustedApplication],
6 | accessRef: UnsafeMutablePointer<SecAccess?>) throws -> SecAccess {
| `- error: 'SecAccess' is unavailable in watchOS
7 | var access: SecAccess?
8 | let status = SecAccessCreate(name as CFString, trustedlist as CFArray, &access)
Security.SecAccess:2:14: note: 'SecAccess' has been explicitly marked unavailable here
1 | @available(watchOS, unavailable)
2 | public class SecAccess : _CFObject {
| `- note: 'SecAccess' has been explicitly marked unavailable here
3 | }
/Users/admin/builder/spi-builder-workspace/Sources/SwiftKeychain/Extension/SecAccess.swift:3:11: error: 'SecAccess' is unavailable in watchOS
1 | import Foundation
2 |
3 | extension SecAccess {
| `- error: 'SecAccess' is unavailable in watchOS
4 | public static func new(name: String,
5 | trustedlist: [SecTrustedApplication],
Security.SecAccess:2:14: note: 'SecAccess' has been explicitly marked unavailable here
1 | @available(watchOS, unavailable)
2 | public class SecAccess : _CFObject {
| `- note: 'SecAccess' has been explicitly marked unavailable here
3 | }
/Users/admin/builder/spi-builder-workspace/Sources/SwiftKeychain/Item/Certificate.swift:5:21: error: 'SecAccess' is unavailable in watchOS
3 | public struct Certificate: ItemValue {
4 | public enum Attribute: KeyValue {
5 | case access(SecAccess)
| `- error: 'SecAccess' is unavailable in watchOS
6 | case accessGroup(String)
7 | case accessible(AccessibilityValue)
Security.SecAccess:2:14: note: 'SecAccess' has been explicitly marked unavailable here
1 | @available(watchOS, unavailable)
2 | public class SecAccess : _CFObject {
| `- note: 'SecAccess' has been explicitly marked unavailable here
3 | }
/Users/admin/builder/spi-builder-workspace/Sources/SwiftKeychain/Item/GenericPassword.swift:5:21: error: 'SecAccess' is unavailable in watchOS
3 | public struct GenericPassword: ItemValue {
4 | public enum Attribute: KeyValue {
5 | case access(SecAccess)
| `- error: 'SecAccess' is unavailable in watchOS
6 | case accessControl(SecAccessControl)
7 | case accessGroup(String)
Security.SecAccess:2:14: note: 'SecAccess' has been explicitly marked unavailable here
1 | @available(watchOS, unavailable)
2 | public class SecAccess : _CFObject {
| `- note: 'SecAccess' has been explicitly marked unavailable here
3 | }
/Users/admin/builder/spi-builder-workspace/Sources/SwiftKeychain/Item/Identity.swift:5:21: error: 'SecAccess' is unavailable in watchOS
3 | public struct Identity: ItemValue {
4 | public enum Attribute: KeyValue {
5 | case access(SecAccess)
| `- error: 'SecAccess' is unavailable in watchOS
6 | case accessGroup(String)
7 | case accessible(AccessibilityValue)
Security.SecAccess:2:14: note: 'SecAccess' has been explicitly marked unavailable here
1 | @available(watchOS, unavailable)
2 | public class SecAccess : _CFObject {
| `- note: 'SecAccess' has been explicitly marked unavailable here
3 | }
/Users/admin/builder/spi-builder-workspace/Sources/SwiftKeychain/Item/InternetPassword.swift:5:21: error: 'SecAccess' is unavailable in watchOS
3 | public struct InternetPassword: ItemValue {
4 | public enum Attribute: KeyValue {
5 | case access(SecAccess)
| `- error: 'SecAccess' is unavailable in watchOS
6 | case accessGroup(String)
7 | case accessible(AccessibilityValue)
Security.SecAccess:2:14: note: 'SecAccess' has been explicitly marked unavailable here
1 | @available(watchOS, unavailable)
2 | public class SecAccess : _CFObject {
| `- note: 'SecAccess' has been explicitly marked unavailable here
3 | }
/Users/admin/builder/spi-builder-workspace/Sources/SwiftKeychain/Item/Key.swift:5:21: error: 'SecAccess' is unavailable in watchOS
3 | public struct Key: ItemValue {
4 | public enum Attribute: KeyValue {
5 | case access(SecAccess)
| `- error: 'SecAccess' is unavailable in watchOS
6 | case accessGroup(String)
7 | case accessible(AccessibilityValue)
Security.SecAccess:2:14: note: 'SecAccess' has been explicitly marked unavailable here
1 | @available(watchOS, unavailable)
2 | public class SecAccess : _CFObject {
| `- note: 'SecAccess' has been explicitly marked unavailable here
3 | }
/Users/admin/builder/spi-builder-workspace/Sources/SwiftKeychain/Result/OperationResult.swift:131:34: error: 'kSecAttrAccess' is unavailable in watchOS
129 | public var value: String {
130 | switch self {
131 | case .access: return kSecAttrAccess as String
| `- error: 'kSecAttrAccess' is unavailable in watchOS
132 | case .accessControl: return kSecAttrAccessControl as String
133 | case .accessible: return kSecAttrAccessible as String
/Applications/Xcode-27.0.0-Release.Candidate.app/Contents/Developer/Platforms/WatchOS.platform/Developer/SDKs/WatchOS27.0.sdk/System/Library/Frameworks/Security.framework/Headers/SecItem.h:450:26: note: 'kSecAttrAccess' has been explicitly marked unavailable here
448 | extern const CFStringRef kSecAttrAccessible
449 | API_AVAILABLE(macos(10.9), ios(4.0));
450 | extern const CFStringRef kSecAttrAccess
| `- note: 'kSecAttrAccess' has been explicitly marked unavailable here
451 | API_AVAILABLE(macos(10.7), ios(NA));
452 | extern const CFStringRef kSecAttrAccessControl
/Users/admin/builder/spi-builder-workspace/Sources/SwiftKeychain/Result/OperationResult.swift:171:31: error: 'kSecAttrPRF' is unavailable in watchOS
169 | case .applicationTag: return kSecAttrApplicationTag as String
170 | case .keyType: return kSecAttrKeyType as String
171 | case .PRF: return kSecAttrPRF as String
| `- error: 'kSecAttrPRF' is unavailable in watchOS
172 | case .salt: return kSecAttrSalt as String
173 | case .rounds: return kSecAttrRounds as String
/Applications/Xcode-27.0.0-Release.Candidate.app/Contents/Developer/Platforms/WatchOS.platform/Developer/SDKs/WatchOS27.0.sdk/System/Library/Frameworks/Security.framework/Headers/SecItem.h:524:26: note: 'kSecAttrPRF' has been explicitly marked unavailable here
522 | extern const CFStringRef kSecAttrKeyType
523 | API_AVAILABLE(macos(10.6), ios(2.0));
524 | extern const CFStringRef kSecAttrPRF
| `- note: 'kSecAttrPRF' has been explicitly marked unavailable here
525 | API_AVAILABLE(macos(10.7), ios(NA));
526 | extern const CFStringRef kSecAttrSalt
/Users/admin/builder/spi-builder-workspace/Sources/SwiftKeychain/Result/OperationResult.swift:172:32: error: 'kSecAttrSalt' is unavailable in watchOS
170 | case .keyType: return kSecAttrKeyType as String
171 | case .PRF: return kSecAttrPRF as String
172 | case .salt: return kSecAttrSalt as String
| `- error: 'kSecAttrSalt' is unavailable in watchOS
173 | case .rounds: return kSecAttrRounds as String
174 | case .keySizeInBits: return kSecAttrKeySizeInBits as String
/Applications/Xcode-27.0.0-Release.Candidate.app/Contents/Developer/Platforms/WatchOS.platform/Developer/SDKs/WatchOS27.0.sdk/System/Library/Frameworks/Security.framework/Headers/SecItem.h:526:26: note: 'kSecAttrSalt' has been explicitly marked unavailable here
524 | extern const CFStringRef kSecAttrPRF
525 | API_AVAILABLE(macos(10.7), ios(NA));
526 | extern const CFStringRef kSecAttrSalt
| `- note: 'kSecAttrSalt' has been explicitly marked unavailable here
527 | API_AVAILABLE(macos(10.7), ios(NA));
528 | extern const CFStringRef kSecAttrRounds
SwiftCompile normal arm64_32 Compiling\ OperationResult.swift,\ ResultKey.swift /Users/admin/builder/spi-builder-workspace/Sources/SwiftKeychain/Result/OperationResult.swift /Users/admin/builder/spi-builder-workspace/Sources/SwiftKeychain/Result/ResultKey.swift (in target 'SwiftKeychain' from project 'SwiftKeychain')
/Users/admin/builder/spi-builder-workspace/Sources/SwiftKeychain/Result/OperationResult.swift:131:34: error: 'kSecAttrAccess' is unavailable in watchOS
129 | public var value: String {
130 | switch self {
131 | case .access: return kSecAttrAccess as String
| `- error: 'kSecAttrAccess' is unavailable in watchOS
132 | case .accessControl: return kSecAttrAccessControl as String
133 | case .accessible: return kSecAttrAccessible as String
/Applications/Xcode-27.0.0-Release.Candidate.app/Contents/Developer/Platforms/WatchOS.platform/Developer/SDKs/WatchOS27.0.sdk/System/Library/Frameworks/Security.framework/Headers/SecItem.h:450:26: note: 'kSecAttrAccess' has been explicitly marked unavailable here
448 | extern const CFStringRef kSecAttrAccessible
449 | API_AVAILABLE(macos(10.9), ios(4.0));
450 | extern const CFStringRef kSecAttrAccess
| `- note: 'kSecAttrAccess' has been explicitly marked unavailable here
451 | API_AVAILABLE(macos(10.7), ios(NA));
452 | extern const CFStringRef kSecAttrAccessControl
/Users/admin/builder/spi-builder-workspace/Sources/SwiftKeychain/Result/OperationResult.swift:171:31: error: 'kSecAttrPRF' is unavailable in watchOS
169 | case .applicationTag: return kSecAttrApplicationTag as String
170 | case .keyType: return kSecAttrKeyType as String
171 | case .PRF: return kSecAttrPRF as String
| `- error: 'kSecAttrPRF' is unavailable in watchOS
172 | case .salt: return kSecAttrSalt as String
173 | case .rounds: return kSecAttrRounds as String
/Applications/Xcode-27.0.0-Release.Candidate.app/Contents/Developer/Platforms/WatchOS.platform/Developer/SDKs/WatchOS27.0.sdk/System/Library/Frameworks/Security.framework/Headers/SecItem.h:524:26: note: 'kSecAttrPRF' has been explicitly marked unavailable here
522 | extern const CFStringRef kSecAttrKeyType
523 | API_AVAILABLE(macos(10.6), ios(2.0));
524 | extern const CFStringRef kSecAttrPRF
| `- note: 'kSecAttrPRF' has been explicitly marked unavailable here
525 | API_AVAILABLE(macos(10.7), ios(NA));
526 | extern const CFStringRef kSecAttrSalt
/Users/admin/builder/spi-builder-workspace/Sources/SwiftKeychain/Result/OperationResult.swift:172:32: error: 'kSecAttrSalt' is unavailable in watchOS
170 | case .keyType: return kSecAttrKeyType as String
171 | case .PRF: return kSecAttrPRF as String
172 | case .salt: return kSecAttrSalt as String
| `- error: 'kSecAttrSalt' is unavailable in watchOS
173 | case .rounds: return kSecAttrRounds as String
174 | case .keySizeInBits: return kSecAttrKeySizeInBits as String
/Applications/Xcode-27.0.0-Release.Candidate.app/Contents/Developer/Platforms/WatchOS.platform/Developer/SDKs/WatchOS27.0.sdk/System/Library/Frameworks/Security.framework/Headers/SecItem.h:526:26: note: 'kSecAttrSalt' has been explicitly marked unavailable here
524 | extern const CFStringRef kSecAttrPRF
525 | API_AVAILABLE(macos(10.7), ios(NA));
526 | extern const CFStringRef kSecAttrSalt
| `- note: 'kSecAttrSalt' has been explicitly marked unavailable here
527 | API_AVAILABLE(macos(10.7), ios(NA));
528 | extern const CFStringRef kSecAttrRounds
SwiftCompile normal arm64_32 /Users/admin/builder/spi-builder-workspace/Sources/SwiftKeychain/Result/OperationResult.swift (in target 'SwiftKeychain' from project 'SwiftKeychain')
cd /Users/admin/builder/spi-builder-workspace/.swiftpm/xcode
builtin-SwiftPerFileCompile OperationResult.swift
SwiftCompile normal arm64_32 /Users/admin/builder/spi-builder-workspace/Sources/SwiftKeychain/Result/ResultKey.swift (in target 'SwiftKeychain' from project 'SwiftKeychain')
cd /Users/admin/builder/spi-builder-workspace/.swiftpm/xcode
builtin-SwiftPerFileCompile ResultKey.swift
SwiftCompile normal arm64_32 Compiling\ InternetPassword.swift,\ Item.swift /Users/admin/builder/spi-builder-workspace/Sources/SwiftKeychain/Item/InternetPassword.swift /Users/admin/builder/spi-builder-workspace/Sources/SwiftKeychain/Item/Item.swift (in target 'SwiftKeychain' from project 'SwiftKeychain')
/Users/admin/builder/spi-builder-workspace/Sources/SwiftKeychain/Item/InternetPassword.swift:5:21: error: 'SecAccess' is unavailable in watchOS
3 | public struct InternetPassword: ItemValue {
4 | public enum Attribute: KeyValue {
5 | case access(SecAccess)
| `- error: 'SecAccess' is unavailable in watchOS
6 | case accessGroup(String)
7 | case accessible(AccessibilityValue)
Security.SecAccess:2:14: note: 'SecAccess' has been explicitly marked unavailable here
1 | @available(watchOS, unavailable)
2 | public class SecAccess : _CFObject {
| `- note: 'SecAccess' has been explicitly marked unavailable here
3 | }
SwiftCompile normal arm64_32 /Users/admin/builder/spi-builder-workspace/Sources/SwiftKeychain/Item/InternetPassword.swift (in target 'SwiftKeychain' from project 'SwiftKeychain')
cd /Users/admin/builder/spi-builder-workspace/.swiftpm/xcode
builtin-SwiftPerFileCompile InternetPassword.swift
SwiftCompile normal arm64_32 /Users/admin/builder/spi-builder-workspace/Sources/SwiftKeychain/Item/Item.swift (in target 'SwiftKeychain' from project 'SwiftKeychain')
cd /Users/admin/builder/spi-builder-workspace/.swiftpm/xcode
builtin-SwiftPerFileCompile Item.swift
SwiftCompile normal arm64_32 Compiling\ ProtocolType.swift,\ SecAccess.swift,\ SecAccessControl.swift /Users/admin/builder/spi-builder-workspace/Sources/SwiftKeychain/AttibuteValueType/ProtocolType.swift /Users/admin/builder/spi-builder-workspace/Sources/SwiftKeychain/Extension/SecAccess.swift /Users/admin/builder/spi-builder-workspace/Sources/SwiftKeychain/Extension/SecAccessControl.swift (in target 'SwiftKeychain' from project 'SwiftKeychain')
/Users/admin/builder/spi-builder-workspace/Sources/SwiftKeychain/Extension/SecAccess.swift:5:42: error: 'SecTrustedApplication' is unavailable in watchOS
3 | extension SecAccess {
4 | public static func new(name: String,
5 | trustedlist: [SecTrustedApplication],
| `- error: 'SecTrustedApplication' is unavailable in watchOS
6 | accessRef: UnsafeMutablePointer<SecAccess?>) throws -> SecAccess {
7 | var access: SecAccess?
Security.SecTrustedApplication:2:14: note: 'SecTrustedApplication' has been explicitly marked unavailable here
1 | @available(watchOS, unavailable)
2 | public class SecTrustedApplication : _CFObject {
| `- note: 'SecTrustedApplication' has been explicitly marked unavailable here
3 | }
/Users/admin/builder/spi-builder-workspace/Sources/SwiftKeychain/Extension/SecAccess.swift:6:60: error: 'SecAccess' is unavailable in watchOS
4 | public static func new(name: String,
5 | trustedlist: [SecTrustedApplication],
6 | accessRef: UnsafeMutablePointer<SecAccess?>) throws -> SecAccess {
| `- error: 'SecAccess' is unavailable in watchOS
7 | var access: SecAccess?
8 | let status = SecAccessCreate(name as CFString, trustedlist as CFArray, &access)
Security.SecAccess:2:14: note: 'SecAccess' has been explicitly marked unavailable here
1 | @available(watchOS, unavailable)
2 | public class SecAccess : _CFObject {
| `- note: 'SecAccess' has been explicitly marked unavailable here
3 | }
/Users/admin/builder/spi-builder-workspace/Sources/SwiftKeychain/Extension/SecAccess.swift:6:83: error: 'SecAccess' is unavailable in watchOS
4 | public static func new(name: String,
5 | trustedlist: [SecTrustedApplication],
6 | accessRef: UnsafeMutablePointer<SecAccess?>) throws -> SecAccess {
| `- error: 'SecAccess' is unavailable in watchOS
7 | var access: SecAccess?
8 | let status = SecAccessCreate(name as CFString, trustedlist as CFArray, &access)
Security.SecAccess:2:14: note: 'SecAccess' has been explicitly marked unavailable here
1 | @available(watchOS, unavailable)
2 | public class SecAccess : _CFObject {
| `- note: 'SecAccess' has been explicitly marked unavailable here
3 | }
/Users/admin/builder/spi-builder-workspace/Sources/SwiftKeychain/Extension/SecAccess.swift:3:11: error: 'SecAccess' is unavailable in watchOS
1 | import Foundation
2 |
3 | extension SecAccess {
| `- error: 'SecAccess' is unavailable in watchOS
4 | public static func new(name: String,
5 | trustedlist: [SecTrustedApplication],
Security.SecAccess:2:14: note: 'SecAccess' has been explicitly marked unavailable here
1 | @available(watchOS, unavailable)
2 | public class SecAccess : _CFObject {
| `- note: 'SecAccess' has been explicitly marked unavailable here
3 | }
/Users/admin/builder/spi-builder-workspace/Sources/SwiftKeychain/Extension/SecAccess.swift:7:21: error: 'SecAccess' is unavailable in watchOS
5 | trustedlist: [SecTrustedApplication],
6 | accessRef: UnsafeMutablePointer<SecAccess?>) throws -> SecAccess {
7 | var access: SecAccess?
| `- error: 'SecAccess' is unavailable in watchOS
8 | let status = SecAccessCreate(name as CFString, trustedlist as CFArray, &access)
9 | if let access {
Security.SecAccess:2:14: note: 'SecAccess' has been explicitly marked unavailable here
1 | @available(watchOS, unavailable)
2 | public class SecAccess : _CFObject {
| `- note: 'SecAccess' has been explicitly marked unavailable here
3 | }
SwiftCompile normal arm64_32 /Users/admin/builder/spi-builder-workspace/Sources/SwiftKeychain/AttibuteValueType/ProtocolType.swift (in target 'SwiftKeychain' from project 'SwiftKeychain')
cd /Users/admin/builder/spi-builder-workspace/.swiftpm/xcode
builtin-SwiftPerFileCompile ProtocolType.swift
SwiftCompile normal arm64_32 /Users/admin/builder/spi-builder-workspace/Sources/SwiftKeychain/Extension/SecAccess.swift (in target 'SwiftKeychain' from project 'SwiftKeychain')
cd /Users/admin/builder/spi-builder-workspace/.swiftpm/xcode
builtin-SwiftPerFileCompile SecAccess.swift
SwiftCompile normal arm64_32 /Users/admin/builder/spi-builder-workspace/Sources/SwiftKeychain/Extension/SecAccessControl.swift (in target 'SwiftKeychain' from project 'SwiftKeychain')
cd /Users/admin/builder/spi-builder-workspace/.swiftpm/xcode
builtin-SwiftPerFileCompile SecAccessControl.swift
SwiftCompile normal arm64_32 Compiling\ ItemValue.swift,\ Key.swift /Users/admin/builder/spi-builder-workspace/Sources/SwiftKeychain/Item/ItemValue.swift /Users/admin/builder/spi-builder-workspace/Sources/SwiftKeychain/Item/Key.swift (in target 'SwiftKeychain' from project 'SwiftKeychain')
/Users/admin/builder/spi-builder-workspace/Sources/SwiftKeychain/Item/Key.swift:5:21: error: 'SecAccess' is unavailable in watchOS
3 | public struct Key: ItemValue {
4 | public enum Attribute: KeyValue {
5 | case access(SecAccess)
| `- error: 'SecAccess' is unavailable in watchOS
6 | case accessGroup(String)
7 | case accessible(AccessibilityValue)
Security.SecAccess:2:14: note: 'SecAccess' has been explicitly marked unavailable here
1 | @available(watchOS, unavailable)
2 | public class SecAccess : _CFObject {
| `- note: 'SecAccess' has been explicitly marked unavailable here
3 | }
/Users/admin/builder/spi-builder-workspace/Sources/SwiftKeychain/Item/Key.swift:29:34: error: 'kSecAttrAccess' is unavailable in watchOS
27 | public var key: String {
28 | switch self {
29 | case .access: return kSecAttrAccess as String
| `- error: 'kSecAttrAccess' is unavailable in watchOS
30 | case .accessGroup: return kSecAttrAccessGroup as String
31 | case .accessible: return kSecAttrAccessible as String
/Applications/Xcode-27.0.0-Release.Candidate.app/Contents/Developer/Platforms/WatchOS.platform/Developer/SDKs/WatchOS27.0.sdk/System/Library/Frameworks/Security.framework/Headers/SecItem.h:450:26: note: 'kSecAttrAccess' has been explicitly marked unavailable here
448 | extern const CFStringRef kSecAttrAccessible
449 | API_AVAILABLE(macos(10.9), ios(4.0));
450 | extern const CFStringRef kSecAttrAccess
| `- note: 'kSecAttrAccess' has been explicitly marked unavailable here
451 | API_AVAILABLE(macos(10.7), ios(NA));
452 | extern const CFStringRef kSecAttrAccessControl
/Users/admin/builder/spi-builder-workspace/Sources/SwiftKeychain/Item/Key.swift:38:31: error: 'kSecAttrPRF' is unavailable in watchOS
36 | case .applicationTag: return kSecAttrApplicationTag as String
37 | case .keyType: return kSecAttrKeyType as String
38 | case .PRF: return kSecAttrPRF as String
| `- error: 'kSecAttrPRF' is unavailable in watchOS
39 | case .salt: return kSecAttrSalt as String
40 | case .rounds: return kSecAttrRounds as String
/Applications/Xcode-27.0.0-Release.Candidate.app/Contents/Developer/Platforms/WatchOS.platform/Developer/SDKs/WatchOS27.0.sdk/System/Library/Frameworks/Security.framework/Headers/SecItem.h:524:26: note: 'kSecAttrPRF' has been explicitly marked unavailable here
522 | extern const CFStringRef kSecAttrKeyType
523 | API_AVAILABLE(macos(10.6), ios(2.0));
524 | extern const CFStringRef kSecAttrPRF
| `- note: 'kSecAttrPRF' has been explicitly marked unavailable here
525 | API_AVAILABLE(macos(10.7), ios(NA));
526 | extern const CFStringRef kSecAttrSalt
/Users/admin/builder/spi-builder-workspace/Sources/SwiftKeychain/Item/Key.swift:39:32: error: 'kSecAttrSalt' is unavailable in watchOS
37 | case .keyType: return kSecAttrKeyType as String
38 | case .PRF: return kSecAttrPRF as String
39 | case .salt: return kSecAttrSalt as String
| `- error: 'kSecAttrSalt' is unavailable in watchOS
40 | case .rounds: return kSecAttrRounds as String
41 | case .keySizeInBits: return kSecAttrKeySizeInBits as String
/Applications/Xcode-27.0.0-Release.Candidate.app/Contents/Developer/Platforms/WatchOS.platform/Developer/SDKs/WatchOS27.0.sdk/System/Library/Frameworks/Security.framework/Headers/SecItem.h:526:26: note: 'kSecAttrSalt' has been explicitly marked unavailable here
524 | extern const CFStringRef kSecAttrPRF
525 | API_AVAILABLE(macos(10.7), ios(NA));
526 | extern const CFStringRef kSecAttrSalt
| `- note: 'kSecAttrSalt' has been explicitly marked unavailable here
527 | API_AVAILABLE(macos(10.7), ios(NA));
528 | extern const CFStringRef kSecAttrRounds
SwiftCompile normal arm64_32 /Users/admin/builder/spi-builder-workspace/Sources/SwiftKeychain/Item/ItemValue.swift (in target 'SwiftKeychain' from project 'SwiftKeychain')
cd /Users/admin/builder/spi-builder-workspace/.swiftpm/xcode
builtin-SwiftPerFileCompile ItemValue.swift
SwiftCompile normal arm64_32 /Users/admin/builder/spi-builder-workspace/Sources/SwiftKeychain/Item/Key.swift (in target 'SwiftKeychain' from project 'SwiftKeychain')
cd /Users/admin/builder/spi-builder-workspace/.swiftpm/xcode
builtin-SwiftPerFileCompile Key.swift
SwiftCompile normal arm64_32 Compiling\ AccessibilityValue.swift,\ AuthenticationType.swift,\ CertificateEncoding.swift /Users/admin/builder/spi-builder-workspace/Sources/SwiftKeychain/AttibuteValueType/AccessibilityValue.swift /Users/admin/builder/spi-builder-workspace/Sources/SwiftKeychain/AttibuteValueType/AuthenticationType.swift /Users/admin/builder/spi-builder-workspace/Sources/SwiftKeychain/AttibuteValueType/CertificateEncoding.swift (in target 'SwiftKeychain' from project 'SwiftKeychain')
SwiftCompile normal arm64_32 /Users/admin/builder/spi-builder-workspace/Sources/SwiftKeychain/AttibuteValueType/AccessibilityValue.swift (in target 'SwiftKeychain' from project 'SwiftKeychain')
cd /Users/admin/builder/spi-builder-workspace/.swiftpm/xcode
builtin-SwiftPerFileCompile AccessibilityValue.swift
SwiftCompile normal arm64_32 /Users/admin/builder/spi-builder-workspace/Sources/SwiftKeychain/AttibuteValueType/AuthenticationType.swift (in target 'SwiftKeychain' from project 'SwiftKeychain')
cd /Users/admin/builder/spi-builder-workspace/.swiftpm/xcode
builtin-SwiftPerFileCompile AuthenticationType.swift
SwiftCompile normal arm64_32 /Users/admin/builder/spi-builder-workspace/Sources/SwiftKeychain/AttibuteValueType/CertificateEncoding.swift (in target 'SwiftKeychain' from project 'SwiftKeychain')
cd /Users/admin/builder/spi-builder-workspace/.swiftpm/xcode
builtin-SwiftPerFileCompile CertificateEncoding.swift
SwiftCompile normal arm64_32 Compiling\ SecPolicy.swift,\ Certificate.swift /Users/admin/builder/spi-builder-workspace/Sources/SwiftKeychain/Extension/SecPolicy.swift /Users/admin/builder/spi-builder-workspace/Sources/SwiftKeychain/Item/Certificate.swift (in target 'SwiftKeychain' from project 'SwiftKeychain')
/Users/admin/builder/spi-builder-workspace/Sources/SwiftKeychain/Item/Certificate.swift:5:21: error: 'SecAccess' is unavailable in watchOS
3 | public struct Certificate: ItemValue {
4 | public enum Attribute: KeyValue {
5 | case access(SecAccess)
| `- error: 'SecAccess' is unavailable in watchOS
6 | case accessGroup(String)
7 | case accessible(AccessibilityValue)
Security.SecAccess:2:14: note: 'SecAccess' has been explicitly marked unavailable here
1 | @available(watchOS, unavailable)
2 | public class SecAccess : _CFObject {
| `- note: 'SecAccess' has been explicitly marked unavailable here
3 | }
SwiftCompile normal arm64_32 /Users/admin/builder/spi-builder-workspace/Sources/SwiftKeychain/Extension/SecPolicy.swift (in target 'SwiftKeychain' from project 'SwiftKeychain')
cd /Users/admin/builder/spi-builder-workspace/.swiftpm/xcode
builtin-SwiftPerFileCompile SecPolicy.swift
SwiftCompile normal arm64_32 /Users/admin/builder/spi-builder-workspace/Sources/SwiftKeychain/Item/Certificate.swift (in target 'SwiftKeychain' from project 'SwiftKeychain')
cd /Users/admin/builder/spi-builder-workspace/.swiftpm/xcode
builtin-SwiftPerFileCompile Certificate.swift
SwiftCompile normal arm64_32 Compiling\ KeyValue.swift,\ KeychainError.swift /Users/admin/builder/spi-builder-workspace/Sources/SwiftKeychain/Item/KeyValue.swift /Users/admin/builder/spi-builder-workspace/Sources/SwiftKeychain/KeychainError.swift (in target 'SwiftKeychain' from project 'SwiftKeychain')
SwiftCompile normal arm64_32 /Users/admin/builder/spi-builder-workspace/Sources/SwiftKeychain/Item/KeyValue.swift (in target 'SwiftKeychain' from project 'SwiftKeychain')
cd /Users/admin/builder/spi-builder-workspace/.swiftpm/xcode
builtin-SwiftPerFileCompile KeyValue.swift
SwiftCompile normal arm64_32 /Users/admin/builder/spi-builder-workspace/Sources/SwiftKeychain/KeychainError.swift (in target 'SwiftKeychain' from project 'SwiftKeychain')
cd /Users/admin/builder/spi-builder-workspace/.swiftpm/xcode
builtin-SwiftPerFileCompile KeychainError.swift
SwiftEmitModule normal arm64 Emitting\ module\ for\ SwiftKeychain (in target 'SwiftKeychain' from project 'SwiftKeychain')
/Users/admin/builder/spi-builder-workspace/Sources/SwiftKeychain/Extension/SecAccess.swift:5:42: error: 'SecTrustedApplication' is unavailable in watchOS
3 | extension SecAccess {
4 | public static func new(name: String,
5 | trustedlist: [SecTrustedApplication],
| `- error: 'SecTrustedApplication' is unavailable in watchOS
6 | accessRef: UnsafeMutablePointer<SecAccess?>) throws -> SecAccess {
7 | var access: SecAccess?
Security.SecTrustedApplication:2:14: note: 'SecTrustedApplication' has been explicitly marked unavailable here
1 | @available(watchOS, unavailable)
2 | public class SecTrustedApplication : _CFObject {
| `- note: 'SecTrustedApplication' has been explicitly marked unavailable here
3 | }
/Users/admin/builder/spi-builder-workspace/Sources/SwiftKeychain/Extension/SecAccess.swift:6:60: error: 'SecAccess' is unavailable in watchOS
4 | public static func new(name: String,
5 | trustedlist: [SecTrustedApplication],
6 | accessRef: UnsafeMutablePointer<SecAccess?>) throws -> SecAccess {
| `- error: 'SecAccess' is unavailable in watchOS
7 | var access: SecAccess?
8 | let status = SecAccessCreate(name as CFString, trustedlist as CFArray, &access)
Security.SecAccess:2:14: note: 'SecAccess' has been explicitly marked unavailable here
1 | @available(watchOS, unavailable)
2 | public class SecAccess : _CFObject {
| `- note: 'SecAccess' has been explicitly marked unavailable here
3 | }
/Users/admin/builder/spi-builder-workspace/Sources/SwiftKeychain/Extension/SecAccess.swift:6:83: error: 'SecAccess' is unavailable in watchOS
4 | public static func new(name: String,
5 | trustedlist: [SecTrustedApplication],
6 | accessRef: UnsafeMutablePointer<SecAccess?>) throws -> SecAccess {
| `- error: 'SecAccess' is unavailable in watchOS
7 | var access: SecAccess?
8 | let status = SecAccessCreate(name as CFString, trustedlist as CFArray, &access)
Security.SecAccess:2:14: note: 'SecAccess' has been explicitly marked unavailable here
1 | @available(watchOS, unavailable)
2 | public class SecAccess : _CFObject {
| `- note: 'SecAccess' has been explicitly marked unavailable here
3 | }
/Users/admin/builder/spi-builder-workspace/Sources/SwiftKeychain/Extension/SecAccess.swift:3:11: error: 'SecAccess' is unavailable in watchOS
1 | import Foundation
2 |
3 | extension SecAccess {
| `- error: 'SecAccess' is unavailable in watchOS
4 | public static func new(name: String,
5 | trustedlist: [SecTrustedApplication],
Security.SecAccess:2:14: note: 'SecAccess' has been explicitly marked unavailable here
1 | @available(watchOS, unavailable)
2 | public class SecAccess : _CFObject {
| `- note: 'SecAccess' has been explicitly marked unavailable here
3 | }
/Users/admin/builder/spi-builder-workspace/Sources/SwiftKeychain/Item/Certificate.swift:5:21: error: 'SecAccess' is unavailable in watchOS
3 | public struct Certificate: ItemValue {
4 | public enum Attribute: KeyValue {
5 | case access(SecAccess)
| `- error: 'SecAccess' is unavailable in watchOS
6 | case accessGroup(String)
7 | case accessible(AccessibilityValue)
Security.SecAccess:2:14: note: 'SecAccess' has been explicitly marked unavailable here
1 | @available(watchOS, unavailable)
2 | public class SecAccess : _CFObject {
| `- note: 'SecAccess' has been explicitly marked unavailable here
3 | }
/Users/admin/builder/spi-builder-workspace/Sources/SwiftKeychain/Item/GenericPassword.swift:5:21: error: 'SecAccess' is unavailable in watchOS
3 | public struct GenericPassword: ItemValue {
4 | public enum Attribute: KeyValue {
5 | case access(SecAccess)
| `- error: 'SecAccess' is unavailable in watchOS
6 | case accessControl(SecAccessControl)
7 | case accessGroup(String)
Security.SecAccess:2:14: note: 'SecAccess' has been explicitly marked unavailable here
1 | @available(watchOS, unavailable)
2 | public class SecAccess : _CFObject {
| `- note: 'SecAccess' has been explicitly marked unavailable here
3 | }
/Users/admin/builder/spi-builder-workspace/Sources/SwiftKeychain/Item/Identity.swift:5:21: error: 'SecAccess' is unavailable in watchOS
3 | public struct Identity: ItemValue {
4 | public enum Attribute: KeyValue {
5 | case access(SecAccess)
| `- error: 'SecAccess' is unavailable in watchOS
6 | case accessGroup(String)
7 | case accessible(AccessibilityValue)
Security.SecAccess:2:14: note: 'SecAccess' has been explicitly marked unavailable here
1 | @available(watchOS, unavailable)
2 | public class SecAccess : _CFObject {
| `- note: 'SecAccess' has been explicitly marked unavailable here
3 | }
/Users/admin/builder/spi-builder-workspace/Sources/SwiftKeychain/Item/InternetPassword.swift:5:21: error: 'SecAccess' is unavailable in watchOS
3 | public struct InternetPassword: ItemValue {
4 | public enum Attribute: KeyValue {
5 | case access(SecAccess)
| `- error: 'SecAccess' is unavailable in watchOS
6 | case accessGroup(String)
7 | case accessible(AccessibilityValue)
Security.SecAccess:2:14: note: 'SecAccess' has been explicitly marked unavailable here
1 | @available(watchOS, unavailable)
2 | public class SecAccess : _CFObject {
| `- note: 'SecAccess' has been explicitly marked unavailable here
3 | }
/Users/admin/builder/spi-builder-workspace/Sources/SwiftKeychain/Item/Key.swift:5:21: error: 'SecAccess' is unavailable in watchOS
3 | public struct Key: ItemValue {
4 | public enum Attribute: KeyValue {
5 | case access(SecAccess)
| `- error: 'SecAccess' is unavailable in watchOS
6 | case accessGroup(String)
7 | case accessible(AccessibilityValue)
Security.SecAccess:2:14: note: 'SecAccess' has been explicitly marked unavailable here
1 | @available(watchOS, unavailable)
2 | public class SecAccess : _CFObject {
| `- note: 'SecAccess' has been explicitly marked unavailable here
3 | }
/Users/admin/builder/spi-builder-workspace/Sources/SwiftKeychain/Result/OperationResult.swift:131:34: error: 'kSecAttrAccess' is unavailable in watchOS
129 | public var value: String {
130 | switch self {
131 | case .access: return kSecAttrAccess as String
| `- error: 'kSecAttrAccess' is unavailable in watchOS
132 | case .accessControl: return kSecAttrAccessControl as String
133 | case .accessible: return kSecAttrAccessible as String
/Applications/Xcode-27.0.0-Release.Candidate.app/Contents/Developer/Platforms/WatchOS.platform/Developer/SDKs/WatchOS27.0.sdk/System/Library/Frameworks/Security.framework/Headers/SecItem.h:450:26: note: 'kSecAttrAccess' has been explicitly marked unavailable here
448 | extern const CFStringRef kSecAttrAccessible
449 | API_AVAILABLE(macos(10.9), ios(4.0));
450 | extern const CFStringRef kSecAttrAccess
| `- note: 'kSecAttrAccess' has been explicitly marked unavailable here
451 | API_AVAILABLE(macos(10.7), ios(NA));
452 | extern const CFStringRef kSecAttrAccessControl
/Users/admin/builder/spi-builder-workspace/Sources/SwiftKeychain/Result/OperationResult.swift:171:31: error: 'kSecAttrPRF' is unavailable in watchOS
169 | case .applicationTag: return kSecAttrApplicationTag as String
170 | case .keyType: return kSecAttrKeyType as String
171 | case .PRF: return kSecAttrPRF as String
| `- error: 'kSecAttrPRF' is unavailable in watchOS
172 | case .salt: return kSecAttrSalt as String
173 | case .rounds: return kSecAttrRounds as String
/Applications/Xcode-27.0.0-Release.Candidate.app/Contents/Developer/Platforms/WatchOS.platform/Developer/SDKs/WatchOS27.0.sdk/System/Library/Frameworks/Security.framework/Headers/SecItem.h:524:26: note: 'kSecAttrPRF' has been explicitly marked unavailable here
522 | extern const CFStringRef kSecAttrKeyType
523 | API_AVAILABLE(macos(10.6), ios(2.0));
524 | extern const CFStringRef kSecAttrPRF
| `- note: 'kSecAttrPRF' has been explicitly marked unavailable here
525 | API_AVAILABLE(macos(10.7), ios(NA));
526 | extern const CFStringRef kSecAttrSalt
/Users/admin/builder/spi-builder-workspace/Sources/SwiftKeychain/Result/OperationResult.swift:172:32: error: 'kSecAttrSalt' is unavailable in watchOS
170 | case .keyType: return kSecAttrKeyType as String
171 | case .PRF: return kSecAttrPRF as String
172 | case .salt: return kSecAttrSalt as String
| `- error: 'kSecAttrSalt' is unavailable in watchOS
173 | case .rounds: return kSecAttrRounds as String
174 | case .keySizeInBits: return kSecAttrKeySizeInBits as String
/Applications/Xcode-27.0.0-Release.Candidate.app/Contents/Developer/Platforms/WatchOS.platform/Developer/SDKs/WatchOS27.0.sdk/System/Library/Frameworks/Security.framework/Headers/SecItem.h:526:26: note: 'kSecAttrSalt' has been explicitly marked unavailable here
524 | extern const CFStringRef kSecAttrPRF
525 | API_AVAILABLE(macos(10.7), ios(NA));
526 | extern const CFStringRef kSecAttrSalt
| `- note: 'kSecAttrSalt' has been explicitly marked unavailable here
527 | API_AVAILABLE(macos(10.7), ios(NA));
528 | extern const CFStringRef kSecAttrRounds
/Users/admin/builder/spi-builder-workspace/Sources/SwiftKeychain/Result/OperationResult.swift:173:34: error: 'kSecAttrRounds' is unavailable in watchOS
171 | case .PRF: return kSecAttrPRF as String
172 | case .salt: return kSecAttrSalt as String
173 | case .rounds: return kSecAttrRounds as String
| `- error: 'kSecAttrRounds' is unavailable in watchOS
174 | case .keySizeInBits: return kSecAttrKeySizeInBits as String
175 | case .effectiveKeySize: return kSecAttrEffectiveKeySize as String
/Applications/Xcode-27.0.0-Release.Candidate.app/Contents/Developer/Platforms/WatchOS.platform/Developer/SDKs/WatchOS27.0.sdk/System/Library/Frameworks/Security.framework/Headers/SecItem.h:528:26: note: 'kSecAttrRounds' has been explicitly marked unavailable here
526 | extern const CFStringRef kSecAttrSalt
527 | API_AVAILABLE(macos(10.7), ios(NA));
528 | extern const CFStringRef kSecAttrRounds
| `- note: 'kSecAttrRounds' has been explicitly marked unavailable here
529 | API_AVAILABLE(macos(10.7), ios(NA));
530 | extern const CFStringRef kSecAttrKeySizeInBits
Failed frontend command:
/Applications/Xcode-27.0.0-Release.Candidate.app/Contents/Developer/Toolchains/XcodeDefault.xctoolchain/usr/bin/swift-frontend -frontend -emit-module -experimental-skip-non-inlinable-function-bodies-without-types /Users/admin/builder/spi-builder-workspace/Sources/SwiftKeychain/AttibuteValueType/AccessibilityValue.swift /Users/admin/builder/spi-builder-workspace/Sources/SwiftKeychain/AttibuteValueType/AuthenticationType.swift /Users/admin/builder/spi-builder-workspace/Sources/SwiftKeychain/AttibuteValueType/CertificateEncoding.swift /Users/admin/builder/spi-builder-workspace/Sources/SwiftKeychain/AttibuteValueType/CertificateType.swift /Users/admin/builder/spi-builder-workspace/Sources/SwiftKeychain/AttibuteValueType/KeyClass.swift /Users/admin/builder/spi-builder-workspace/Sources/SwiftKeychain/AttibuteValueType/KeyType.swift /Users/admin/builder/spi-builder-workspace/Sources/SwiftKeychain/AttibuteValueType/ProtocolType.swift /Users/admin/builder/spi-builder-workspace/Sources/SwiftKeychain/Extension/SecAccess.swift /Users/admin/builder/spi-builder-workspace/Sources/SwiftKeychain/Extension/SecAccessControl.swift /Users/admin/builder/spi-builder-workspace/Sources/SwiftKeychain/Extension/SecPolicy.swift /Users/admin/builder/spi-builder-workspace/Sources/SwiftKeychain/Item/Certificate.swift /Users/admin/builder/spi-builder-workspace/Sources/SwiftKeychain/Item/GenericPassword.swift /Users/admin/builder/spi-builder-workspace/Sources/SwiftKeychain/Item/Identity.swift /Users/admin/builder/spi-builder-workspace/Sources/SwiftKeychain/Item/InternetPassword.swift /Users/admin/builder/spi-builder-workspace/Sources/SwiftKeychain/Item/Item.swift /Users/admin/builder/spi-builder-workspace/Sources/SwiftKeychain/Item/ItemValue.swift /Users/admin/builder/spi-builder-workspace/Sources/SwiftKeychain/Item/Key.swift /Users/admin/builder/spi-builder-workspace/Sources/SwiftKeychain/Item/KeyValue.swift /Users/admin/builder/spi-builder-workspace/Sources/SwiftKeychain/KeychainError.swift /Users/admin/builder/spi-builder-workspace/Sources/SwiftKeychain/Result/OperationResult.swift /Users/admin/builder/spi-builder-workspace/Sources/SwiftKeychain/Result/ResultKey.swift /Users/admin/builder/spi-builder-workspace/Sources/SwiftKeychain/Search/SearchAttribute.swift /Users/admin/builder/spi-builder-workspace/Sources/SwiftKeychain/SwiftKeychain.swift -target arm64-apple-watchos9.0 -disable-cross-import-overlay-search -load-resolved-plugin /Applications/Xcode-27.0.0-Release.Candidate.app/Contents/Developer/Platforms/WatchOS.platform/Developer/usr/lib/swift/host/plugins/libFoundationMacros.dylib\#/Applications/Xcode-27.0.0-Release.Candidate.app/Contents/Developer/Platforms/WatchOS.platform/Developer/usr/bin/swift-plugin-server\#FoundationMacros -load-resolved-plugin /Applications/Xcode-27.0.0-Release.Candidate.app/Contents/Developer/Platforms/WatchOS.platform/Developer/usr/lib/swift/host/plugins/libObservationMacros.dylib\#/Applications/Xcode-27.0.0-Release.Candidate.app/Contents/Developer/Platforms/WatchOS.platform/Developer/usr/bin/swift-plugin-server\#ObservationMacros -load-resolved-plugin /Applications/Xcode-27.0.0-Release.Candidate.app/Contents/Developer/Platforms/WatchOS.platform/Developer/usr/lib/swift/host/plugins/libSwiftMacros.dylib\#/Applications/Xcode-27.0.0-Release.Candidate.app/Contents/Developer/Platforms/WatchOS.platform/Developer/usr/bin/swift-plugin-server\#SwiftMacros -disable-implicit-swift-modules -Xcc -fno-implicit-modules -Xcc -fno-implicit-module-maps -explicit-swift-module-map-file /Users/admin/builder/spi-builder-workspace/.derivedData/Build/Intermediates.noindex/SwiftKeychain.build/Debug-watchos/SwiftKeychain-t.build/Objects-normal/arm64/SwiftKeychain-dependencies-2.json -Xllvm -aarch64-use-tbi -enable-objc-interop -stack-check -sdk /Applications/Xcode-27.0.0-Release.Candidate.app/Contents/Developer/Platforms/WatchOS.platform/Developer/SDKs/WatchOS27.0.sdk -I /Users/admin/builder/spi-builder-workspace/.derivedData/Build/Products/Debug-watchos -Isystem /Applications/Xcode-27.0.0-Release.Candidate.app/Contents/Developer/Platforms/WatchOS.platform/Developer/usr/lib -F /Users/admin/builder/spi-builder-workspace/.derivedData/Build/Products/Debug-watchos -F /Applications/Xcode-27.0.0-Release.Candidate.app/Contents/Developer/Platforms/WatchOS.platform/Developer/Library/Frameworks -F /Applications/Xcode-27.0.0-Release.Candidate.app/Contents/Developer/Platforms/WatchOS.platform/Developer/SDKs/WatchOS27.0.sdk/Developer/Library/Frameworks -module-cache-path /Users/admin/builder/spi-builder-workspace/.derivedData/Build/Intermediates.noindex/SwiftExplicitPrecompiledModules -no-color-diagnostics -Xcc -fno-color-diagnostics -enable-testing -g -debug-info-format\=dwarf -dwarf-version\=4 -profile-generate -profile-coverage-mapping -swift-version 5 -Onone -D SWIFT_PACKAGE -D DEBUG -D SWIFT_MODULE_RESOURCE_BUNDLE_UNAVAILABLE -D Xcode -serialize-debugging-options -enable-experimental-feature DebugDescriptionMacro -empty-abi-descriptor -validate-clang-modules-once -clang-build-session-file /Users/admin/builder/spi-builder-workspace/.derivedData/ModuleCache.noindex/Session.modulevalidation -Xcc -working-directory -Xcc /Users/admin/builder/spi-builder-workspace/.swiftpm/xcode -enable-anonymous-context-mangled-names -file-compilation-dir /Users/admin/builder/spi-builder-workspace/.swiftpm/xcode -Xcc -D_LIBCPP_HARDENING_MODE\=_LIBCPP_HARDENING_MODE_DEBUG -Xcc -ivfsstatcache -Xcc /Users/admin/builder/spi-builder-workspace/.derivedData/SDKStatCaches.noindex/watchos27.0-24R360-e829b21a6f8c9b70876ba0858053c04477534ef55a1706bf4c1112bbb242f0a2.sdkstatcache -Xcc -fmodules-prune-interval\=86400 -Xcc -fmodules-prune-after\=345600 -Xcc -I/Users/admin/builder/spi-builder-workspace/.derivedData/Build/Products/Debug-watchos/include -Xcc -I/Users/admin/builder/spi-builder-workspace/.derivedData/Build/Intermediates.noindex/SwiftKeychain.build/Debug-watchos/SwiftKeychain-t.build/DerivedSources-normal/arm64 -Xcc -I/Users/admin/builder/spi-builder-workspace/.derivedData/Build/Intermediates.noindex/SwiftKeychain.build/Debug-watchos/SwiftKeychain-t.build/DerivedSources/arm64 -Xcc -I/Users/admin/builder/spi-builder-workspace/.derivedData/Build/Intermediates.noindex/SwiftKeychain.build/Debug-watchos/SwiftKeychain-t.build/DerivedSources -Xcc -DSWIFT_PACKAGE -Xcc -DDEBUG\=1 -no-auto-bridging-header-chaining -module-name SwiftKeychain -const-gather-protocols-file /Users/admin/builder/spi-builder-workspace/.derivedData/Build/Intermediates.noindex/SwiftKeychain.build/Debug-watchos/SwiftKeychain-t.build/Objects-normal/arm64/SwiftKeychain_const_extract_protocols.json -disable-clang-spi -clang-target arm64-apple-watchos27.0 -target-sdk-version 27.0 -target-sdk-name watchos27.0 -in-process-plugin-server-path /Applications/Xcode-27.0.0-Release.Candidate.app/Contents/Developer/Toolchains/XcodeDefault.xctoolchain/usr/lib/swift/host/libSwiftInProcPluginServer.dylib -emit-module-doc-path /Users/admin/builder/spi-builder-workspace/.derivedData/Build/Intermediates.noindex/SwiftKeychain.build/Debug-watchos/SwiftKeychain-t.build/Objects-normal/arm64/SwiftKeychain.swiftdoc -emit-module-source-info-path /Users/admin/builder/spi-builder-workspace/.derivedData/Build/Intermediates.noindex/SwiftKeychain.build/Debug-watchos/SwiftKeychain-t.build/Objects-normal/arm64/SwiftKeychain.swiftsourceinfo -emit-objc-header-path /Users/admin/builder/spi-builder-workspace/.derivedData/Build/Intermediates.noindex/SwiftKeychain.build/Debug-watchos/SwiftKeychain-t.build/Objects-normal/arm64/SwiftKeychain-Swift.h -serialize-diagnostics-path /Users/admin/builder/spi-builder-workspace/.derivedData/Build/Intermediates.noindex/SwiftKeychain.build/Debug-watchos/SwiftKeychain-t.build/Objects-normal/arm64/SwiftKeychain-primary-emit-module.dia -emit-dependencies-path /Users/admin/builder/spi-builder-workspace/.derivedData/Build/Intermediates.noindex/SwiftKeychain.build/Debug-watchos/SwiftKeychain-t.build/Objects-normal/arm64/SwiftKeychain-primary-emit-module.d -parse-as-library -o /Users/admin/builder/spi-builder-workspace/.derivedData/Build/Intermediates.noindex/SwiftKeychain.build/Debug-watchos/SwiftKeychain-t.build/Objects-normal/arm64/SwiftKeychain.swiftmodule -emit-abi-descriptor-path /Users/admin/builder/spi-builder-workspace/.derivedData/Build/Intermediates.noindex/SwiftKeychain.build/Debug-watchos/SwiftKeychain-t.build/Objects-normal/arm64/SwiftKeychain.abi.json
SwiftCompile normal arm64 (in target 'SwiftKeychain' from project 'SwiftKeychain')
cd /Users/admin/builder/spi-builder-workspace/.swiftpm/xcode
SwiftCompile normal arm64_32 Compiling\ SearchAttribute.swift,\ SwiftKeychain.swift /Users/admin/builder/spi-builder-workspace/Sources/SwiftKeychain/Search/SearchAttribute.swift /Users/admin/builder/spi-builder-workspace/Sources/SwiftKeychain/SwiftKeychain.swift (in target 'SwiftKeychain' from project 'SwiftKeychain')
/Users/admin/builder/spi-builder-workspace/Sources/SwiftKeychain/Search/SearchAttribute.swift:54:41: error: 'kSecMatchSubjectStartsWith' is unavailable in watchOS
52 | case .emailAddressIfPresent: return kSecMatchEmailAddressIfPresent as String
53 | case .subjectContains: return kSecMatchSubjectContains as String
54 | case .subjectStartsWith: return kSecMatchSubjectStartsWith as String
| `- error: 'kSecMatchSubjectStartsWith' is unavailable in watchOS
55 | case .subjectEndsWith: return kSecMatchSubjectEndsWith as String
56 | case .subjectWholeString: return kSecMatchSubjectWholeString as String
/Applications/Xcode-27.0.0-Release.Candidate.app/Contents/Developer/Platforms/WatchOS.platform/Developer/SDKs/WatchOS27.0.sdk/System/Library/Frameworks/Security.framework/Headers/SecItem.h:910:26: note: 'kSecMatchSubjectStartsWith' has been explicitly marked unavailable here
908 | extern const CFStringRef kSecMatchHostOrSubdomainOfHost
909 | API_AVAILABLE(macos(15.0), ios(18.0));
910 | extern const CFStringRef kSecMatchSubjectStartsWith
| `- note: 'kSecMatchSubjectStartsWith' has been explicitly marked unavailable here
911 | API_AVAILABLE(macos(10.7), ios(NA));
912 | extern const CFStringRef kSecMatchSubjectEndsWith
/Users/admin/builder/spi-builder-workspace/Sources/SwiftKeychain/Search/SearchAttribute.swift:55:39: error: 'kSecMatchSubjectEndsWith' is unavailable in watchOS
53 | case .subjectContains: return kSecMatchSubjectContains as String
54 | case .subjectStartsWith: return kSecMatchSubjectStartsWith as String
55 | case .subjectEndsWith: return kSecMatchSubjectEndsWith as String
| `- error: 'kSecMatchSubjectEndsWith' is unavailable in watchOS
56 | case .subjectWholeString: return kSecMatchSubjectWholeString as String
57 | case .caseInsensitive: return kSecMatchCaseInsensitive as String
/Applications/Xcode-27.0.0-Release.Candidate.app/Contents/Developer/Platforms/WatchOS.platform/Developer/SDKs/WatchOS27.0.sdk/System/Library/Frameworks/Security.framework/Headers/SecItem.h:912:26: note: 'kSecMatchSubjectEndsWith' has been explicitly marked unavailable here
910 | extern const CFStringRef kSecMatchSubjectStartsWith
911 | API_AVAILABLE(macos(10.7), ios(NA));
912 | extern const CFStringRef kSecMatchSubjectEndsWith
| `- note: 'kSecMatchSubjectEndsWith' has been explicitly marked unavailable here
913 | API_AVAILABLE(macos(10.7), ios(NA));
914 | extern const CFStringRef kSecMatchSubjectWholeString
/Users/admin/builder/spi-builder-workspace/Sources/SwiftKeychain/Search/SearchAttribute.swift:56:42: error: 'kSecMatchSubjectWholeString' is unavailable in watchOS
54 | case .subjectStartsWith: return kSecMatchSubjectStartsWith as String
55 | case .subjectEndsWith: return kSecMatchSubjectEndsWith as String
56 | case .subjectWholeString: return kSecMatchSubjectWholeString as String
| `- error: 'kSecMatchSubjectWholeString' is unavailable in watchOS
57 | case .caseInsensitive: return kSecMatchCaseInsensitive as String
58 | case .diacriticInsensitive: return kSecMatchDiacriticInsensitive as String
/Applications/Xcode-27.0.0-Release.Candidate.app/Contents/Developer/Platforms/WatchOS.platform/Developer/SDKs/WatchOS27.0.sdk/System/Library/Frameworks/Security.framework/Headers/SecItem.h:914:26: note: 'kSecMatchSubjectWholeString' has been explicitly marked unavailable here
912 | extern const CFStringRef kSecMatchSubjectEndsWith
913 | API_AVAILABLE(macos(10.7), ios(NA));
914 | extern const CFStringRef kSecMatchSubjectWholeString
| `- note: 'kSecMatchSubjectWholeString' has been explicitly marked unavailable here
915 | API_AVAILABLE(macos(10.7), ios(NA));
916 | extern const CFStringRef kSecMatchCaseInsensitive
/Users/admin/builder/spi-builder-workspace/Sources/SwiftKeychain/Search/SearchAttribute.swift:58:44: error: 'kSecMatchDiacriticInsensitive' is unavailable in watchOS
56 | case .subjectWholeString: return kSecMatchSubjectWholeString as String
57 | case .caseInsensitive: return kSecMatchCaseInsensitive as String
58 | case .diacriticInsensitive: return kSecMatchDiacriticInsensitive as String
| `- error: 'kSecMatchDiacriticInsensitive' is unavailable in watchOS
59 | case .widthInsensitive: return kSecMatchWidthInsensitive as String
60 | case .trustedOnly: return kSecMatchTrustedOnly as String
/Applications/Xcode-27.0.0-Release.Candidate.app/Contents/Developer/Platforms/WatchOS.platform/Developer/SDKs/WatchOS27.0.sdk/System/Library/Frameworks/Security.framework/Headers/SecItem.h:918:26: note: 'kSecMatchDiacriticInsensitive' has been explicitly marked unavailable here
916 | extern const CFStringRef kSecMatchCaseInsensitive
917 | API_AVAILABLE(macos(10.6), ios(2.0));
918 | extern const CFStringRef kSecMatchDiacriticInsensitive
| `- note: 'kSecMatchDiacriticInsensitive' has been explicitly marked unavailable here
919 | API_AVAILABLE(macos(10.7), ios(NA));
920 | extern const CFStringRef kSecMatchWidthInsensitive
/Users/admin/builder/spi-builder-workspace/Sources/SwiftKeychain/Search/SearchAttribute.swift:59:40: error: 'kSecMatchWidthInsensitive' is unavailable in watchOS
57 | case .caseInsensitive: return kSecMatchCaseInsensitive as String
58 | case .diacriticInsensitive: return kSecMatchDiacriticInsensitive as String
59 | case .widthInsensitive: return kSecMatchWidthInsensitive as String
| `- error: 'kSecMatchWidthInsensitive' is unavailable in watchOS
60 | case .trustedOnly: return kSecMatchTrustedOnly as String
61 | case .validOnDate: return kSecMatchValidOnDate as String
/Applications/Xcode-27.0.0-Release.Candidate.app/Contents/Developer/Platforms/WatchOS.platform/Developer/SDKs/WatchOS27.0.sdk/System/Library/Frameworks/Security.framework/Headers/SecItem.h:920:26: note: 'kSecMatchWidthInsensitive' has been explicitly marked unavailable here
918 | extern const CFStringRef kSecMatchDiacriticInsensitive
919 | API_AVAILABLE(macos(10.7), ios(NA));
920 | extern const CFStringRef kSecMatchWidthInsensitive
| `- note: 'kSecMatchWidthInsensitive' has been explicitly marked unavailable here
921 | API_AVAILABLE(macos(10.7), ios(NA));
922 | extern const CFStringRef kSecMatchTrustedOnly
/Users/admin/builder/spi-builder-workspace/Sources/SwiftKeychain/Search/SearchAttribute.swift:63:35: warning: 'kSecUseItemList' was deprecated in watchOS 5.0: Not implemented on this platform [#DeprecatedDeclaration]
61 | case .validOnDate: return kSecMatchValidOnDate as String
62 | case .limit: return kSecMatchLimit as String
63 | case .useItemList: return kSecUseItemList as String
| `- warning: 'kSecUseItemList' was deprecated in watchOS 5.0: Not implemented on this platform [#DeprecatedDeclaration]
64 | case .useKeychain: return kSecUseKeychain as String
65 | case .useAuthenticationUI: return kSecUseAuthenticationUI as String
SwiftCompile normal arm64_32 /Users/admin/builder/spi-builder-workspace/Sources/SwiftKeychain/Search/SearchAttribute.swift (in target 'SwiftKeychain' from project 'SwiftKeychain')
cd /Users/admin/builder/spi-builder-workspace/.swiftpm/xcode
builtin-SwiftPerFileCompile SearchAttribute.swift
SwiftCompile normal arm64_32 /Users/admin/builder/spi-builder-workspace/Sources/SwiftKeychain/SwiftKeychain.swift (in target 'SwiftKeychain' from project 'SwiftKeychain')
cd /Users/admin/builder/spi-builder-workspace/.swiftpm/xcode
builtin-SwiftPerFileCompile SwiftKeychain.swift
SwiftCompile normal arm64 Compiling\ InternetPassword.swift,\ Item.swift /Users/admin/builder/spi-builder-workspace/Sources/SwiftKeychain/Item/InternetPassword.swift /Users/admin/builder/spi-builder-workspace/Sources/SwiftKeychain/Item/Item.swift (in target 'SwiftKeychain' from project 'SwiftKeychain')
SwiftCompile normal arm64 /Users/admin/builder/spi-builder-workspace/Sources/SwiftKeychain/Item/InternetPassword.swift (in target 'SwiftKeychain' from project 'SwiftKeychain')
cd /Users/admin/builder/spi-builder-workspace/.swiftpm/xcode
builtin-SwiftPerFileCompile InternetPassword.swift
SwiftCompile normal arm64 /Users/admin/builder/spi-builder-workspace/Sources/SwiftKeychain/Item/Item.swift (in target 'SwiftKeychain' from project 'SwiftKeychain')
cd /Users/admin/builder/spi-builder-workspace/.swiftpm/xcode
builtin-SwiftPerFileCompile Item.swift
PruneExplicitPrecompiledModules /Users/admin/builder/spi-builder-workspace/.derivedData/SDKExplicitPrecompiledModules
PruneExplicitPrecompiledModules /Users/admin/builder/spi-builder-workspace/.derivedData/Build/Intermediates.noindex/ExplicitPrecompiledModules
PruneExplicitPrecompiledModules /Users/admin/builder/spi-builder-workspace/.derivedData/Build/Intermediates.noindex/SwiftExplicitPrecompiledModules
2026-09-19 05:22:35.551 xcodebuild[1177:7282] [MT] IDERunDestination: Supported platforms for the buildables in the current scheme is empty.
** BUILD FAILED **
The following build commands failed:
SwiftEmitModule normal arm64 Emitting\ module\ for\ SwiftKeychain (in target 'SwiftKeychain' from project 'SwiftKeychain')
SwiftCompile normal arm64 (in target 'SwiftKeychain' from project 'SwiftKeychain')
Building workspace SwiftKeychain with scheme SwiftKeychain
(3 failures)
BUILD FAILURE 6.4 watchOS