Build Information
Failed to build Kkhay, reference main (b4a282), with Swift 6.1 for Wasm on 28 Oct 2026 03:48:27 UTC.
Build Command
bash -c docker run --pull=always --rm -v "checkouts-54344843-1":/host -w "$PWD" -e JAVA_HOME="/root/.sdkman/candidates/java/current" -e SPI_BUILD="1" -e SPI_PROCESSING="1" registry.gitlab.com/saguaro1/spi-images:wasm-6.1-latest swift build --swift-sdk wasm32-unknown-wasi 2>&1Build Log
========================================
RunAll
========================================
Builder version: 5.1.3
Interrupt handler set up.
========================================
Checkout
========================================
Clone URL: https://github.com/boboaungdev/kkhay-swift.git
Reference: main
Initialized empty Git repository in /host/spi-builder-workspace/.git/
hint: Using 'master' as the name for the initial branch. This default branch name
hint: is subject to change. To configure the initial branch name to use in all
hint: of your new repositories, which will suppress this warning, call:
hint:
hint: git config --global init.defaultBranch <name>
hint:
hint: Names commonly chosen instead of 'master' are 'main', 'trunk' and
hint: 'development'. The just-created branch can be renamed via this command:
hint:
hint: git branch -m <name>
From https://github.com/boboaungdev/kkhay-swift
* branch main -> FETCH_HEAD
* [new branch] main -> origin/main
HEAD is now at b4a2829 fix(models): implement Encodable conformance for PaymentRecord and WebhookEvent
Cloned https://github.com/boboaungdev/kkhay-swift.git
Revision (git rev-parse @):
b4a28297b851c7cb2f4ca2758bb611b4d3de1304
SUCCESS checkout https://github.com/boboaungdev/kkhay-swift.git at main
========================================
Build
========================================
Selected platform: wasm
Swift version: 6.1
Building package at path: $PWD
https://github.com/boboaungdev/kkhay-swift.git
https://github.com/boboaungdev/kkhay-swift.git
WARNING: environment variable SUPPRESS_SWIFT_6_FLAGS is not set
Running build ...
bash -c docker run --pull=always --rm -v "checkouts-54344843-1":/host -w "$PWD" -e JAVA_HOME="/root/.sdkman/candidates/java/current" -e SPI_BUILD="1" -e SPI_PROCESSING="1" registry.gitlab.com/saguaro1/spi-images:wasm-6.1-latest swift build --swift-sdk wasm32-unknown-wasi -Xswiftc -Xfrontend -Xswiftc -stats-output-dir -Xswiftc -Xfrontend -Xswiftc .stats -Xswiftc -strict-concurrency=complete -Xswiftc -enable-upcoming-feature -Xswiftc StrictConcurrency -Xswiftc -enable-upcoming-feature -Xswiftc DisableOutwardActorInference -Xswiftc -enable-upcoming-feature -Xswiftc GlobalActorIsolatedTypesUsability -Xswiftc -enable-upcoming-feature -Xswiftc InferSendableFromCaptures 2>&1
wasm-6.1-latest: Pulling from saguaro1/spi-images
Digest: sha256:f257c9b8465670613eb336f6def351d681b1d395aebdb231a45bac980c1f9d3c
Status: Image is up to date for registry.gitlab.com/saguaro1/spi-images:wasm-6.1-latest
Building for debugging...
[0/2] Write sources
[1/2] Write swift-version-24593BA9C3E375BF.txt
error: emit-module command failed with exit code 1 (use -v to see invocation)
[3/7] Emitting module Kkhay
/host/spi-builder-workspace/Sources/Kkhay/Webhook.swift:2:8: error: no such module 'CryptoKit'
1 | import Foundation
2 | import CryptoKit
| `- error: no such module 'CryptoKit'
3 |
4 | public enum KkhayWebhook {
[4/7] Compiling Kkhay Models.swift
/host/spi-builder-workspace/Sources/Kkhay/Webhook.swift:2:8: error: no such module 'CryptoKit'
1 | import Foundation
2 | import CryptoKit
| `- error: no such module 'CryptoKit'
3 |
4 | public enum KkhayWebhook {
[5/7] Compiling Kkhay Webhook.swift
/host/spi-builder-workspace/Sources/Kkhay/Webhook.swift:2:8: error: no such module 'CryptoKit'
1 | import Foundation
2 | import CryptoKit
| `- error: no such module 'CryptoKit'
3 |
4 | public enum KkhayWebhook {
[6/7] Compiling Kkhay KkhayClient.swift
/host/spi-builder-workspace/Sources/Kkhay/Webhook.swift:2:8: error: no such module 'CryptoKit'
1 | import Foundation
2 | import CryptoKit
| `- error: no such module 'CryptoKit'
3 |
4 | public enum KkhayWebhook {
[7/7] Compiling Kkhay Errors.swift
/host/spi-builder-workspace/Sources/Kkhay/Webhook.swift:2:8: error: no such module 'CryptoKit'
1 | import Foundation
2 | import CryptoKit
| `- error: no such module 'CryptoKit'
3 |
4 | public enum KkhayWebhook {
Running build ...
bash -c docker run --pull=always --rm -v "checkouts-54344843-1":/host -w "$PWD" -e JAVA_HOME="/root/.sdkman/candidates/java/current" -e SPI_BUILD="1" -e SPI_PROCESSING="1" registry.gitlab.com/saguaro1/spi-images:wasm-6.1-latest swift build --swift-sdk wasm32-unknown-wasi 2>&1
wasm-6.1-latest: Pulling from saguaro1/spi-images
Digest: sha256:f257c9b8465670613eb336f6def351d681b1d395aebdb231a45bac980c1f9d3c
Status: Image is up to date for registry.gitlab.com/saguaro1/spi-images:wasm-6.1-latest
[0/1] Planning build
Building for debugging...
[0/1] Write swift-version-24593BA9C3E375BF.txt
error: emit-module command failed with exit code 1 (use -v to see invocation)
[2/6] Emitting module Kkhay
/host/spi-builder-workspace/Sources/Kkhay/Webhook.swift:2:8: error: no such module 'CryptoKit'
1 | import Foundation
2 | import CryptoKit
| `- error: no such module 'CryptoKit'
3 |
4 | public enum KkhayWebhook {
[3/6] Compiling Kkhay Errors.swift
/host/spi-builder-workspace/Sources/Kkhay/Webhook.swift:2:8: error: no such module 'CryptoKit'
1 | import Foundation
2 | import CryptoKit
| `- error: no such module 'CryptoKit'
3 |
4 | public enum KkhayWebhook {
[4/6] Compiling Kkhay KkhayClient.swift
/host/spi-builder-workspace/Sources/Kkhay/Webhook.swift:2:8: error: no such module 'CryptoKit'
1 | import Foundation
2 | import CryptoKit
| `- error: no such module 'CryptoKit'
3 |
4 | public enum KkhayWebhook {
[5/6] Compiling Kkhay Webhook.swift
/host/spi-builder-workspace/Sources/Kkhay/Webhook.swift:2:8: error: no such module 'CryptoKit'
1 | import Foundation
2 | import CryptoKit
| `- error: no such module 'CryptoKit'
3 |
4 | public enum KkhayWebhook {
[6/6] Compiling Kkhay Models.swift
/host/spi-builder-workspace/Sources/Kkhay/Webhook.swift:2:8: error: no such module 'CryptoKit'
1 | import Foundation
2 | import CryptoKit
| `- error: no such module 'CryptoKit'
3 |
4 | public enum KkhayWebhook {
BUILD FAILURE 6.1 wasm