The Swift Package Index logo.Swift Package Index

Build Information

Failed to build SwiftZlib, reference v0.1.1 (861dd3), with Swift 6.4 for watchOS using Xcode 27.0 on 23 Sep 2026 01:18:35 UTC.

Build Command

env DEVELOPER_DIR=/Applications/Xcode-27.0.0-Release.Candidate.app xcrun xcodebuild -IDEClonedSourcePackagesDirPathOverride=$PWD/.dependencies -skipMacroValidation -skipPackagePluginValidation -derivedDataPath $PWD/.derivedData build -scheme SwiftZlib-Package -destination generic/platform=watchOS

Build Log

      |                           ~~~~~
  942 |                                 s->pending - (beg)); \
      |                                 ~~~~~~~~~~~^~~~~~~
/Users/admin/builder/spi-builder-workspace/Sources/CZLib/deflate.c:1137:21: warning: implicit conversion loses integer precision: 'ulg' (aka 'unsigned long') to 'uInt' (aka 'unsigned int') [-Wshorten-64-to-32]
 1137 |                     HCRC_UPDATE(beg);
      |                     ^~~~~~~~~~~~~~~~
/Users/admin/builder/spi-builder-workspace/Sources/CZLib/deflate.c:942:44: note: expanded from macro 'HCRC_UPDATE'
  941 |             strm->adler = crc32(strm->adler, s->pending_buf + (beg), \
      |                           ~~~~~
  942 |                                 s->pending - (beg)); \
      |                                 ~~~~~~~~~~~^~~~~~~
/Users/admin/builder/spi-builder-workspace/Sources/CZLib/deflate.c:1148:13: warning: implicit conversion loses integer precision: 'ulg' (aka 'unsigned long') to 'uInt' (aka 'unsigned int') [-Wshorten-64-to-32]
 1148 |             HCRC_UPDATE(beg);
      |             ^~~~~~~~~~~~~~~~
/Users/admin/builder/spi-builder-workspace/Sources/CZLib/deflate.c:942:44: note: expanded from macro 'HCRC_UPDATE'
  941 |             strm->adler = crc32(strm->adler, s->pending_buf + (beg), \
      |                           ~~~~~
  942 |                                 s->pending - (beg)); \
      |                                 ~~~~~~~~~~~^~~~~~~
/Users/admin/builder/spi-builder-workspace/Sources/CZLib/deflate.c:1632:50: warning: implicit conversion loses integer precision: 'ulg' (aka 'unsigned long') to 'unsigned int' [-Wshorten-64-to-32]
 1632 |     unsigned min_block = MIN(s->pending_buf_size - 5, s->w_size);
      |              ~~~~~~~~~       ~~~~~~~~~~~~~~~~~~~~^~~
/Users/admin/builder/spi-builder-workspace/Sources/CZLib/deflate.c:1610:39: note: expanded from macro 'MIN'
 1610 | #define MIN(a, b) ((a) > (b) ? (b) : (a))
      |                                       ^
/Users/admin/builder/spi-builder-workspace/Sources/CZLib/deflate.c:1651:28: warning: implicit conversion loses integer precision: 'long' to 'unsigned int' [-Wshorten-64-to-32]
 1651 |         left = s->strstart - s->block_start;    /* bytes left in window */
      |              ~ ~~~~~~~~~~~~^~~~~~~~~~~~~~~~
/Users/admin/builder/spi-builder-workspace/Sources/CZLib/deflate.c:1757:27: warning: implicit conversion loses integer precision: 'ulg' (aka 'unsigned long') to 'unsigned int' [-Wshorten-64-to-32]
 1757 |     have = s->window_size - s->strstart;
      |          ~ ~~~~~~~~~~~~~~~^~~~~~~~~~~~~
/Users/admin/builder/spi-builder-workspace/Sources/CZLib/deflate.c:1786:36: warning: implicit conversion loses integer precision: 'ulg' (aka 'unsigned long') to 'unsigned int' [-Wshorten-64-to-32]
 1786 |     have = MIN(s->pending_buf_size - have, MAX_STORED);
      |          ~     ~~~~~~~~~~~~~~~~~~~~^~~~~~
/Users/admin/builder/spi-builder-workspace/Sources/CZLib/deflate.c:1610:39: note: expanded from macro 'MIN'
 1610 | #define MIN(a, b) ((a) > (b) ? (b) : (a))
      |                                       ^
/Users/admin/builder/spi-builder-workspace/Sources/CZLib/deflate.c:1788:24: warning: implicit conversion loses integer precision: 'long' to 'unsigned int' [-Wshorten-64-to-32]
 1788 |     left = s->strstart - s->block_start;
      |          ~ ~~~~~~~~~~~~^~~~~~~~~~~~~~~~
16 warnings generated.
CompileC /Users/admin/builder/spi-builder-workspace/.derivedData/Build/Intermediates.noindex/SwiftZlib.build/Debug-watchos/CZLib-t.build/Objects-normal/arm64/crc32.o /Users/admin/builder/spi-builder-workspace/Sources/CZLib/crc32.c normal arm64 c com.apple.compilers.llvm.clang.1_0.compiler (in target 'CZLib' from project 'SwiftZlib')
    cd /Users/admin/builder/spi-builder-workspace/.swiftpm/xcode

    Using response file: /Users/admin/builder/spi-builder-workspace/.derivedData/Build/Intermediates.noindex/SwiftZlib.build/Debug-watchos/CZLib-t.build/Objects-normal/arm64/7187679823f38a2a940e0043cdf9d637-common-args.resp

    /Applications/Xcode-27.0.0-Release.Candidate.app/Contents/Developer/Toolchains/XcodeDefault.xctoolchain/usr/bin/clang -x c -ivfsstatcache /Users/admin/builder/spi-builder-workspace/.derivedData/SDKStatCaches.noindex/watchos27.0-24R360-e829b21a6f8c9b70876ba0858053c04477534ef55a1706bf4c1112bbb242f0a2.sdkstatcache -target arm64-apple-watchos9.0 -fmessage-length\=0 -fdiagnostics-show-note-include-stack -fmacro-backtrace-limit\=0 -fno-color-diagnostics -fmodules-prune-interval\=86400 -fmodules-prune-after\=345600 -fbuild-session-file\=/Users/admin/builder/spi-builder-workspace/.derivedData/ModuleCache.noindex/Session.modulevalidation -fmodules-validate-once-per-build-session -Wnon-modular-include-in-framework-module -Werror\=non-modular-include-in-framework-module -Wno-trigraphs -Wno-missing-field-initializers -Wno-missing-prototypes -Wno-return-type -Wno-missing-braces -Wparentheses -Wswitch -Wno-unused-function -Wno-unused-label -Wno-unused-parameter -Wno-unused-variable -Wunused-value -Wno-empty-body -Wno-uninitialized -Wno-unknown-pragmas -Wno-shadow -Wno-four-char-constants -Wno-conversion -Wno-constant-conversion -Wno-int-conversion -Wno-bool-conversion -Wno-enum-conversion -Wno-float-conversion -Wno-non-literal-null-conversion -Wno-objc-literal-conversion -Wshorten-64-to-32 -Wpointer-sign -Wno-newline-eof -Wno-implicit-fallthrough -isysroot /Applications/Xcode-27.0.0-Release.Candidate.app/Contents/Developer/Platforms/WatchOS.platform/Developer/SDKs/WatchOS27.0.sdk -fstrict-aliasing -Wdeprecated-declarations -Wno-sign-conversion -Wno-infinite-recursion -Wno-comma -Wno-block-capture-autoreleasing -Wno-strict-prototypes -Wno-semicolon-before-method-body -index-store-path /Users/admin/builder/spi-builder-workspace/.derivedData/Index.noindex/DataStore @/Users/admin/builder/spi-builder-workspace/.derivedData/Build/Intermediates.noindex/SwiftZlib.build/Debug-watchos/CZLib-t.build/Objects-normal/arm64/7187679823f38a2a940e0043cdf9d637-common-args.resp -MMD -MT dependencies -MF /Users/admin/builder/spi-builder-workspace/.derivedData/Build/Intermediates.noindex/SwiftZlib.build/Debug-watchos/CZLib-t.build/Objects-normal/arm64/crc32.d --serialize-diagnostics /Users/admin/builder/spi-builder-workspace/.derivedData/Build/Intermediates.noindex/SwiftZlib.build/Debug-watchos/CZLib-t.build/Objects-normal/arm64/crc32.dia -c /Users/admin/builder/spi-builder-workspace/Sources/CZLib/crc32.c -o /Users/admin/builder/spi-builder-workspace/.derivedData/Build/Intermediates.noindex/SwiftZlib.build/Debug-watchos/CZLib-t.build/Objects-normal/arm64/crc32.o -index-unit-output-path /SwiftZlib.build/Debug-watchos/CZLib-t.build/Objects-normal/arm64/crc32.o
/Users/admin/builder/spi-builder-workspace/Sources/CZLib/crc32.c:622:39: warning: implicit conversion loses integer precision: 'unsigned long' to 'z_crc_t' (aka 'unsigned int') [-Wshorten-64-to-32]
  622 |         crc = multmodp(Z_BATCH_ZEROS, crc) ^ crc1;
      |               ~~~~~~~~                ^~~
/Users/admin/builder/spi-builder-workspace/Sources/CZLib/crc32.c:623:39: warning: implicit conversion loses integer precision: 'unsigned long' to 'z_crc_t' (aka 'unsigned int') [-Wshorten-64-to-32]
  623 |         crc = multmodp(Z_BATCH_ZEROS, crc) ^ crc2;
      |               ~~~~~~~~                ^~~
/Users/admin/builder/spi-builder-workspace/Sources/CZLib/crc32.c:644:29: warning: implicit conversion loses integer precision: 'unsigned long' to 'z_crc_t' (aka 'unsigned int') [-Wshorten-64-to-32]
  644 |         crc = multmodp(val, crc) ^ crc1;
      |               ~~~~~~~~      ^~~
/Users/admin/builder/spi-builder-workspace/Sources/CZLib/crc32.c:645:29: warning: implicit conversion loses integer precision: 'unsigned long' to 'z_crc_t' (aka 'unsigned int') [-Wshorten-64-to-32]
  645 |         crc = multmodp(val, crc) ^ crc2;
      |               ~~~~~~~~      ^~~
/Users/admin/builder/spi-builder-workspace/Sources/CZLib/crc32.c:1025:39: warning: implicit conversion loses integer precision: 'uLong' (aka 'unsigned long') to 'z_crc_t' (aka 'unsigned int') [-Wshorten-64-to-32]
 1025 |     return multmodp(x2nmodp(len2, 3), crc1) ^ (crc2 & 0xffffffff);
      |            ~~~~~~~~                   ^~~~
/Users/admin/builder/spi-builder-workspace/Sources/CZLib/crc32.c:1048:25: warning: implicit conversion loses integer precision: 'uLong' (aka 'unsigned long') to 'z_crc_t' (aka 'unsigned int') [-Wshorten-64-to-32]
 1048 |     return multmodp(op, crc1) ^ (crc2 & 0xffffffff);
      |            ~~~~~~~~     ^~~~
/Users/admin/builder/spi-builder-workspace/Sources/CZLib/crc32.c:1048:21: warning: implicit conversion loses integer precision: 'uLong' (aka 'unsigned long') to 'z_crc_t' (aka 'unsigned int') [-Wshorten-64-to-32]
 1048 |     return multmodp(op, crc1) ^ (crc2 & 0xffffffff);
      |            ~~~~~~~~ ^~
7 warnings generated.
CompileC /Users/admin/builder/spi-builder-workspace/.derivedData/Build/Intermediates.noindex/SwiftZlib.build/Debug-watchos/CZLib-t.build/Objects-normal/arm64/adler32.o /Users/admin/builder/spi-builder-workspace/Sources/CZLib/adler32.c normal arm64 c com.apple.compilers.llvm.clang.1_0.compiler (in target 'CZLib' from project 'SwiftZlib')
    cd /Users/admin/builder/spi-builder-workspace/.swiftpm/xcode

    Using response file: /Users/admin/builder/spi-builder-workspace/.derivedData/Build/Intermediates.noindex/SwiftZlib.build/Debug-watchos/CZLib-t.build/Objects-normal/arm64/7187679823f38a2a940e0043cdf9d637-common-args.resp

    /Applications/Xcode-27.0.0-Release.Candidate.app/Contents/Developer/Toolchains/XcodeDefault.xctoolchain/usr/bin/clang -x c -ivfsstatcache /Users/admin/builder/spi-builder-workspace/.derivedData/SDKStatCaches.noindex/watchos27.0-24R360-e829b21a6f8c9b70876ba0858053c04477534ef55a1706bf4c1112bbb242f0a2.sdkstatcache -target arm64-apple-watchos9.0 -fmessage-length\=0 -fdiagnostics-show-note-include-stack -fmacro-backtrace-limit\=0 -fno-color-diagnostics -fmodules-prune-interval\=86400 -fmodules-prune-after\=345600 -fbuild-session-file\=/Users/admin/builder/spi-builder-workspace/.derivedData/ModuleCache.noindex/Session.modulevalidation -fmodules-validate-once-per-build-session -Wnon-modular-include-in-framework-module -Werror\=non-modular-include-in-framework-module -Wno-trigraphs -Wno-missing-field-initializers -Wno-missing-prototypes -Wno-return-type -Wno-missing-braces -Wparentheses -Wswitch -Wno-unused-function -Wno-unused-label -Wno-unused-parameter -Wno-unused-variable -Wunused-value -Wno-empty-body -Wno-uninitialized -Wno-unknown-pragmas -Wno-shadow -Wno-four-char-constants -Wno-conversion -Wno-constant-conversion -Wno-int-conversion -Wno-bool-conversion -Wno-enum-conversion -Wno-float-conversion -Wno-non-literal-null-conversion -Wno-objc-literal-conversion -Wshorten-64-to-32 -Wpointer-sign -Wno-newline-eof -Wno-implicit-fallthrough -isysroot /Applications/Xcode-27.0.0-Release.Candidate.app/Contents/Developer/Platforms/WatchOS.platform/Developer/SDKs/WatchOS27.0.sdk -fstrict-aliasing -Wdeprecated-declarations -Wno-sign-conversion -Wno-infinite-recursion -Wno-comma -Wno-block-capture-autoreleasing -Wno-strict-prototypes -Wno-semicolon-before-method-body -index-store-path /Users/admin/builder/spi-builder-workspace/.derivedData/Index.noindex/DataStore @/Users/admin/builder/spi-builder-workspace/.derivedData/Build/Intermediates.noindex/SwiftZlib.build/Debug-watchos/CZLib-t.build/Objects-normal/arm64/7187679823f38a2a940e0043cdf9d637-common-args.resp -MMD -MT dependencies -MF /Users/admin/builder/spi-builder-workspace/.derivedData/Build/Intermediates.noindex/SwiftZlib.build/Debug-watchos/CZLib-t.build/Objects-normal/arm64/adler32.d --serialize-diagnostics /Users/admin/builder/spi-builder-workspace/.derivedData/Build/Intermediates.noindex/SwiftZlib.build/Debug-watchos/CZLib-t.build/Objects-normal/arm64/adler32.dia -c /Users/admin/builder/spi-builder-workspace/Sources/CZLib/adler32.c -o /Users/admin/builder/spi-builder-workspace/.derivedData/Build/Intermediates.noindex/SwiftZlib.build/Debug-watchos/CZLib-t.build/Objects-normal/arm64/adler32.o -index-unit-output-path /SwiftZlib.build/Debug-watchos/CZLib-t.build/Objects-normal/arm64/adler32.o
PrecompileModule /Users/admin/builder/spi-builder-workspace/.derivedData/Build/Intermediates.noindex/ExplicitPrecompiledModules/zlib-G5HE7BYXZZ7DK5TI9N0KVOT0.scan
    cd /
    builtin-precompileModule /Users/admin/builder/spi-builder-workspace/.derivedData/Build/Intermediates.noindex/ExplicitPrecompiledModules/zlib-G5HE7BYXZZ7DK5TI9N0KVOT0.scan
PrecompileModule /Users/admin/builder/spi-builder-workspace/.derivedData/Build/Intermediates.noindex/ExplicitPrecompiledModules/_Builtin_inttypes-DLC8A1PYTW5NVMC9AFUOTEF0Z.scan
    cd /
    builtin-precompileModule /Users/admin/builder/spi-builder-workspace/.derivedData/Build/Intermediates.noindex/ExplicitPrecompiledModules/_Builtin_inttypes-DLC8A1PYTW5NVMC9AFUOTEF0Z.scan
PrecompileModule /Users/admin/builder/spi-builder-workspace/.derivedData/Build/Intermediates.noindex/ExplicitPrecompiledModules/zlib-6ZKS5UIT6J8TGAL89NHWU48AK.scan
    cd /
    builtin-precompileModule /Users/admin/builder/spi-builder-workspace/.derivedData/Build/Intermediates.noindex/ExplicitPrecompiledModules/zlib-6ZKS5UIT6J8TGAL89NHWU48AK.scan
PrecompileModule /Users/admin/builder/spi-builder-workspace/.derivedData/Build/Intermediates.noindex/ExplicitPrecompiledModules/_Builtin_inttypes-4LHUSXXDX4LW60ACX1XN39922.scan
    cd /
    builtin-precompileModule /Users/admin/builder/spi-builder-workspace/.derivedData/Build/Intermediates.noindex/ExplicitPrecompiledModules/_Builtin_inttypes-4LHUSXXDX4LW60ACX1XN39922.scan
PrecompileModule /Users/admin/builder/spi-builder-workspace/.derivedData/Build/Intermediates.noindex/ExplicitPrecompiledModules/Darwin-87AKA4LRHKRH7DEIPZP8PUANY.scan
    cd /
    builtin-precompileModule /Users/admin/builder/spi-builder-workspace/.derivedData/Build/Intermediates.noindex/ExplicitPrecompiledModules/Darwin-87AKA4LRHKRH7DEIPZP8PUANY.scan
CompileC /Users/admin/builder/spi-builder-workspace/.derivedData/Build/Intermediates.noindex/SwiftZlib.build/Debug-watchos/CZLib-t.build/Objects-normal/arm64_32/zlib_shim.o /Users/admin/builder/spi-builder-workspace/Sources/CZLib/zlib_shim.c normal arm64_32 c com.apple.compilers.llvm.clang.1_0.compiler (in target 'CZLib' from project 'SwiftZlib')
    cd /Users/admin/builder/spi-builder-workspace/.swiftpm/xcode

    Using response file: /Users/admin/builder/spi-builder-workspace/.derivedData/Build/Intermediates.noindex/SwiftZlib.build/Debug-watchos/CZLib-t.build/Objects-normal/arm64_32/7187679823f38a2a940e0043cdf9d637-common-args.resp

    /Applications/Xcode-27.0.0-Release.Candidate.app/Contents/Developer/Toolchains/XcodeDefault.xctoolchain/usr/bin/clang -x c -ivfsstatcache /Users/admin/builder/spi-builder-workspace/.derivedData/SDKStatCaches.noindex/watchos27.0-24R360-e829b21a6f8c9b70876ba0858053c04477534ef55a1706bf4c1112bbb242f0a2.sdkstatcache -target arm64_32-apple-watchos9.0 -fmessage-length\=0 -fdiagnostics-show-note-include-stack -fmacro-backtrace-limit\=0 -fno-color-diagnostics -fmodules-prune-interval\=86400 -fmodules-prune-after\=345600 -fbuild-session-file\=/Users/admin/builder/spi-builder-workspace/.derivedData/ModuleCache.noindex/Session.modulevalidation -fmodules-validate-once-per-build-session -Wnon-modular-include-in-framework-module -Werror\=non-modular-include-in-framework-module -Wno-trigraphs -Wno-missing-field-initializers -Wno-missing-prototypes -Wno-return-type -Wno-missing-braces -Wparentheses -Wswitch -Wno-unused-function -Wno-unused-label -Wno-unused-parameter -Wno-unused-variable -Wunused-value -Wno-empty-body -Wno-uninitialized -Wno-unknown-pragmas -Wno-shadow -Wno-four-char-constants -Wno-conversion -Wno-constant-conversion -Wno-int-conversion -Wno-bool-conversion -Wno-enum-conversion -Wno-float-conversion -Wno-non-literal-null-conversion -Wno-objc-literal-conversion -Wno-shorten-64-to-32 -Wpointer-sign -Wno-newline-eof -Wno-implicit-fallthrough -isysroot /Applications/Xcode-27.0.0-Release.Candidate.app/Contents/Developer/Platforms/WatchOS.platform/Developer/SDKs/WatchOS27.0.sdk -fstrict-aliasing -Wdeprecated-declarations -Wno-sign-conversion -Wno-infinite-recursion -Wno-comma -Wno-block-capture-autoreleasing -Wno-strict-prototypes -Wno-semicolon-before-method-body -index-store-path /Users/admin/builder/spi-builder-workspace/.derivedData/Index.noindex/DataStore @/Users/admin/builder/spi-builder-workspace/.derivedData/Build/Intermediates.noindex/SwiftZlib.build/Debug-watchos/CZLib-t.build/Objects-normal/arm64_32/7187679823f38a2a940e0043cdf9d637-common-args.resp -MMD -MT dependencies -MF /Users/admin/builder/spi-builder-workspace/.derivedData/Build/Intermediates.noindex/SwiftZlib.build/Debug-watchos/CZLib-t.build/Objects-normal/arm64_32/zlib_shim.d --serialize-diagnostics /Users/admin/builder/spi-builder-workspace/.derivedData/Build/Intermediates.noindex/SwiftZlib.build/Debug-watchos/CZLib-t.build/Objects-normal/arm64_32/zlib_shim.dia -c /Users/admin/builder/spi-builder-workspace/Sources/CZLib/zlib_shim.c -o /Users/admin/builder/spi-builder-workspace/.derivedData/Build/Intermediates.noindex/SwiftZlib.build/Debug-watchos/CZLib-t.build/Objects-normal/arm64_32/zlib_shim.o -index-unit-output-path /SwiftZlib.build/Debug-watchos/CZLib-t.build/Objects-normal/arm64_32/zlib_shim.o
PrecompileModule /Users/admin/builder/spi-builder-workspace/.derivedData/Build/Intermediates.noindex/ExplicitPrecompiledModules/Darwin-4URY8RLY5V9J7NIF10VXZENAJ.scan
    cd /
    builtin-precompileModule /Users/admin/builder/spi-builder-workspace/.derivedData/Build/Intermediates.noindex/ExplicitPrecompiledModules/Darwin-4URY8RLY5V9J7NIF10VXZENAJ.scan
CompileC /Users/admin/builder/spi-builder-workspace/.derivedData/Build/Intermediates.noindex/SwiftZlib.build/Debug-watchos/CZLib-t.build/Objects-normal/arm64/zlib_shim.o /Users/admin/builder/spi-builder-workspace/Sources/CZLib/zlib_shim.c normal arm64 c com.apple.compilers.llvm.clang.1_0.compiler (in target 'CZLib' from project 'SwiftZlib')
    cd /Users/admin/builder/spi-builder-workspace/.swiftpm/xcode

    Using response file: /Users/admin/builder/spi-builder-workspace/.derivedData/Build/Intermediates.noindex/SwiftZlib.build/Debug-watchos/CZLib-t.build/Objects-normal/arm64/7187679823f38a2a940e0043cdf9d637-common-args.resp

    /Applications/Xcode-27.0.0-Release.Candidate.app/Contents/Developer/Toolchains/XcodeDefault.xctoolchain/usr/bin/clang -x c -ivfsstatcache /Users/admin/builder/spi-builder-workspace/.derivedData/SDKStatCaches.noindex/watchos27.0-24R360-e829b21a6f8c9b70876ba0858053c04477534ef55a1706bf4c1112bbb242f0a2.sdkstatcache -target arm64-apple-watchos9.0 -fmessage-length\=0 -fdiagnostics-show-note-include-stack -fmacro-backtrace-limit\=0 -fno-color-diagnostics -fmodules-prune-interval\=86400 -fmodules-prune-after\=345600 -fbuild-session-file\=/Users/admin/builder/spi-builder-workspace/.derivedData/ModuleCache.noindex/Session.modulevalidation -fmodules-validate-once-per-build-session -Wnon-modular-include-in-framework-module -Werror\=non-modular-include-in-framework-module -Wno-trigraphs -Wno-missing-field-initializers -Wno-missing-prototypes -Wno-return-type -Wno-missing-braces -Wparentheses -Wswitch -Wno-unused-function -Wno-unused-label -Wno-unused-parameter -Wno-unused-variable -Wunused-value -Wno-empty-body -Wno-uninitialized -Wno-unknown-pragmas -Wno-shadow -Wno-four-char-constants -Wno-conversion -Wno-constant-conversion -Wno-int-conversion -Wno-bool-conversion -Wno-enum-conversion -Wno-float-conversion -Wno-non-literal-null-conversion -Wno-objc-literal-conversion -Wshorten-64-to-32 -Wpointer-sign -Wno-newline-eof -Wno-implicit-fallthrough -isysroot /Applications/Xcode-27.0.0-Release.Candidate.app/Contents/Developer/Platforms/WatchOS.platform/Developer/SDKs/WatchOS27.0.sdk -fstrict-aliasing -Wdeprecated-declarations -Wno-sign-conversion -Wno-infinite-recursion -Wno-comma -Wno-block-capture-autoreleasing -Wno-strict-prototypes -Wno-semicolon-before-method-body -index-store-path /Users/admin/builder/spi-builder-workspace/.derivedData/Index.noindex/DataStore @/Users/admin/builder/spi-builder-workspace/.derivedData/Build/Intermediates.noindex/SwiftZlib.build/Debug-watchos/CZLib-t.build/Objects-normal/arm64/7187679823f38a2a940e0043cdf9d637-common-args.resp -MMD -MT dependencies -MF /Users/admin/builder/spi-builder-workspace/.derivedData/Build/Intermediates.noindex/SwiftZlib.build/Debug-watchos/CZLib-t.build/Objects-normal/arm64/zlib_shim.d --serialize-diagnostics /Users/admin/builder/spi-builder-workspace/.derivedData/Build/Intermediates.noindex/SwiftZlib.build/Debug-watchos/CZLib-t.build/Objects-normal/arm64/zlib_shim.dia -c /Users/admin/builder/spi-builder-workspace/Sources/CZLib/zlib_shim.c -o /Users/admin/builder/spi-builder-workspace/.derivedData/Build/Intermediates.noindex/SwiftZlib.build/Debug-watchos/CZLib-t.build/Objects-normal/arm64/zlib_shim.o -index-unit-output-path /SwiftZlib.build/Debug-watchos/CZLib-t.build/Objects-normal/arm64/zlib_shim.o
SwiftExplicitDependencyGeneratePcm arm64_32 /Users/admin/builder/spi-builder-workspace/.derivedData/SDKExplicitPrecompiledModules/_Builtin_stdarg-D305JG44A2WPI6CJY37X3QJE8.pcm
SwiftExplicitDependencyGeneratePcm arm64_32 /Users/admin/builder/spi-builder-workspace/.derivedData/SDKExplicitPrecompiledModules/_Builtin_stddef-H44EFHQX6XSS5MZ7QP6YJZ76.pcm
SwiftExplicitDependencyGeneratePcm arm64_32 /Users/admin/builder/spi-builder-workspace/.derivedData/SDKExplicitPrecompiledModules/_Builtin_float-6KO8O3PEWRCA4WC6PPLOYO6WJ.pcm
SwiftExplicitDependencyGeneratePcm arm64_32 /Users/admin/builder/spi-builder-workspace/.derivedData/SDKExplicitPrecompiledModules/ptrcheck-7ELIH9BTIGVKX3UBITM9N72WD.pcm
SwiftExplicitDependencyGeneratePcm arm64_32 /Users/admin/builder/spi-builder-workspace/.derivedData/SDKExplicitPrecompiledModules/_SwiftConcurrencyShims-6RTBPQ03V7BM9SPRK8SUE055H.pcm
SwiftExplicitDependencyGeneratePcm arm64_32 /Users/admin/builder/spi-builder-workspace/.derivedData/SDKExplicitPrecompiledModules/_AvailabilityInternal-244WAN3Z1QBT7PIA64EZEFY1R.pcm
SwiftExplicitDependencyGeneratePcm arm64_32 /Users/admin/builder/spi-builder-workspace/.derivedData/SDKExplicitPrecompiledModules/SwiftShims-9CQQGWTSNTN9EB5NSHDWUJICH.pcm
SwiftExplicitDependencyGeneratePcm arm64_32 /Users/admin/builder/spi-builder-workspace/.derivedData/SDKExplicitPrecompiledModules/_Builtin_stdbool-A967K8W8YUYEC9SN52KJ7OO88.pcm
SwiftExplicitDependencyGeneratePcm arm64 /Users/admin/builder/spi-builder-workspace/.derivedData/SDKExplicitPrecompiledModules/_Builtin_float-C0CW5Q4HGBQYKE77TC42IAFB5.pcm
SwiftExplicitDependencyGeneratePcm arm64 /Users/admin/builder/spi-builder-workspace/.derivedData/SDKExplicitPrecompiledModules/ptrcheck-AIF0NDOYZ8ORBNHQAQR5NNB8M.pcm
SwiftExplicitDependencyGeneratePcm arm64 /Users/admin/builder/spi-builder-workspace/.derivedData/SDKExplicitPrecompiledModules/_Builtin_stddef-1FU30Y8SWFB7OUUHMJQH5J6FM.pcm
SwiftExplicitDependencyGeneratePcm arm64 /Users/admin/builder/spi-builder-workspace/.derivedData/SDKExplicitPrecompiledModules/ptrauth-3TZ9WJCGLYD25HQPWH4968ONX.pcm
SwiftExplicitDependencyGeneratePcm arm64 /Users/admin/builder/spi-builder-workspace/.derivedData/SDKExplicitPrecompiledModules/_Builtin_stdarg-A7UU8LE6MP85SM26YO7PBZNUQ.pcm
SwiftExplicitDependencyGeneratePcm arm64 /Users/admin/builder/spi-builder-workspace/.derivedData/SDKExplicitPrecompiledModules/SwiftShims-4MXFZPV6FEB0XBYXCGPWAMQGL.pcm
SwiftExplicitDependencyGeneratePcm arm64 /Users/admin/builder/spi-builder-workspace/.derivedData/SDKExplicitPrecompiledModules/_AvailabilityInternal-BUNV3UXM65NT37THI4W1AM0SF.pcm
SwiftExplicitDependencyGeneratePcm arm64_32 /Users/admin/builder/spi-builder-workspace/.derivedData/SDKExplicitPrecompiledModules/_DarwinFoundation1-2GWF9RFMPLQW4PDHS3NARVI3G.pcm
SwiftExplicitDependencyGeneratePcm arm64 /Users/admin/builder/spi-builder-workspace/.derivedData/SDKExplicitPrecompiledModules/_SwiftConcurrencyShims-659N52XSKR5F0QSB880BH2FJR.pcm
SwiftExplicitDependencyGeneratePcm arm64_32 /Users/admin/builder/spi-builder-workspace/.derivedData/SDKExplicitPrecompiledModules/ptrauth-BFXF358ME5AK535N5A9Z766WU.pcm
SwiftExplicitDependencyGeneratePcm arm64 /Users/admin/builder/spi-builder-workspace/.derivedData/SDKExplicitPrecompiledModules/_Builtin_stdbool-83J96QSOFE9VX04AAS6310UAE.pcm
SwiftExplicitDependencyGeneratePcm arm64 /Users/admin/builder/spi-builder-workspace/.derivedData/SDKExplicitPrecompiledModules/_DarwinFoundation1-7SPX3MD0HMP55E4OLNCPNDQ53.pcm
SwiftExplicitDependencyGeneratePcm arm64_32 /Users/admin/builder/spi-builder-workspace/.derivedData/SDKExplicitPrecompiledModules/_DarwinFoundation2-9MY8GOSYRO0M9MKNXF6D3MBNK.pcm
SwiftExplicitDependencyGeneratePcm arm64_32 /Users/admin/builder/spi-builder-workspace/.derivedData/SDKExplicitPrecompiledModules/_Builtin_limits-3VKBU2AFTD65PAJZ5CJ3LHFM2.pcm
CompileC /Users/admin/builder/spi-builder-workspace/.derivedData/Build/Intermediates.noindex/SwiftZlib.build/Debug-watchos/CZLib-t.build/Objects-normal/arm64_32/zutil.o /Users/admin/builder/spi-builder-workspace/Sources/CZLib/zutil.c normal arm64_32 c com.apple.compilers.llvm.clang.1_0.compiler (in target 'CZLib' from project 'SwiftZlib')
    cd /Users/admin/builder/spi-builder-workspace/.swiftpm/xcode

    Using response file: /Users/admin/builder/spi-builder-workspace/.derivedData/Build/Intermediates.noindex/SwiftZlib.build/Debug-watchos/CZLib-t.build/Objects-normal/arm64_32/7187679823f38a2a940e0043cdf9d637-common-args.resp

    /Applications/Xcode-27.0.0-Release.Candidate.app/Contents/Developer/Toolchains/XcodeDefault.xctoolchain/usr/bin/clang -x c -ivfsstatcache /Users/admin/builder/spi-builder-workspace/.derivedData/SDKStatCaches.noindex/watchos27.0-24R360-e829b21a6f8c9b70876ba0858053c04477534ef55a1706bf4c1112bbb242f0a2.sdkstatcache -target arm64_32-apple-watchos9.0 -fmessage-length\=0 -fdiagnostics-show-note-include-stack -fmacro-backtrace-limit\=0 -fno-color-diagnostics -fmodules-prune-interval\=86400 -fmodules-prune-after\=345600 -fbuild-session-file\=/Users/admin/builder/spi-builder-workspace/.derivedData/ModuleCache.noindex/Session.modulevalidation -fmodules-validate-once-per-build-session -Wnon-modular-include-in-framework-module -Werror\=non-modular-include-in-framework-module -Wno-trigraphs -Wno-missing-field-initializers -Wno-missing-prototypes -Wno-return-type -Wno-missing-braces -Wparentheses -Wswitch -Wno-unused-function -Wno-unused-label -Wno-unused-parameter -Wno-unused-variable -Wunused-value -Wno-empty-body -Wno-uninitialized -Wno-unknown-pragmas -Wno-shadow -Wno-four-char-constants -Wno-conversion -Wno-constant-conversion -Wno-int-conversion -Wno-bool-conversion -Wno-enum-conversion -Wno-float-conversion -Wno-non-literal-null-conversion -Wno-objc-literal-conversion -Wno-shorten-64-to-32 -Wpointer-sign -Wno-newline-eof -Wno-implicit-fallthrough -isysroot /Applications/Xcode-27.0.0-Release.Candidate.app/Contents/Developer/Platforms/WatchOS.platform/Developer/SDKs/WatchOS27.0.sdk -fstrict-aliasing -Wdeprecated-declarations -Wno-sign-conversion -Wno-infinite-recursion -Wno-comma -Wno-block-capture-autoreleasing -Wno-strict-prototypes -Wno-semicolon-before-method-body -index-store-path /Users/admin/builder/spi-builder-workspace/.derivedData/Index.noindex/DataStore @/Users/admin/builder/spi-builder-workspace/.derivedData/Build/Intermediates.noindex/SwiftZlib.build/Debug-watchos/CZLib-t.build/Objects-normal/arm64_32/7187679823f38a2a940e0043cdf9d637-common-args.resp -MMD -MT dependencies -MF /Users/admin/builder/spi-builder-workspace/.derivedData/Build/Intermediates.noindex/SwiftZlib.build/Debug-watchos/CZLib-t.build/Objects-normal/arm64_32/zutil.d --serialize-diagnostics /Users/admin/builder/spi-builder-workspace/.derivedData/Build/Intermediates.noindex/SwiftZlib.build/Debug-watchos/CZLib-t.build/Objects-normal/arm64_32/zutil.dia -c /Users/admin/builder/spi-builder-workspace/Sources/CZLib/zutil.c -o /Users/admin/builder/spi-builder-workspace/.derivedData/Build/Intermediates.noindex/SwiftZlib.build/Debug-watchos/CZLib-t.build/Objects-normal/arm64_32/zutil.o -index-unit-output-path /SwiftZlib.build/Debug-watchos/CZLib-t.build/Objects-normal/arm64_32/zutil.o
CompileC /Users/admin/builder/spi-builder-workspace/.derivedData/Build/Intermediates.noindex/SwiftZlib.build/Debug-watchos/CZLib-t.build/Objects-normal/arm64_32/gzwrite.o /Users/admin/builder/spi-builder-workspace/Sources/CZLib/gzwrite.c normal arm64_32 c com.apple.compilers.llvm.clang.1_0.compiler (in target 'CZLib' from project 'SwiftZlib')
    cd /Users/admin/builder/spi-builder-workspace/.swiftpm/xcode

    Using response file: /Users/admin/builder/spi-builder-workspace/.derivedData/Build/Intermediates.noindex/SwiftZlib.build/Debug-watchos/CZLib-t.build/Objects-normal/arm64_32/7187679823f38a2a940e0043cdf9d637-common-args.resp

    /Applications/Xcode-27.0.0-Release.Candidate.app/Contents/Developer/Toolchains/XcodeDefault.xctoolchain/usr/bin/clang -x c -ivfsstatcache /Users/admin/builder/spi-builder-workspace/.derivedData/SDKStatCaches.noindex/watchos27.0-24R360-e829b21a6f8c9b70876ba0858053c04477534ef55a1706bf4c1112bbb242f0a2.sdkstatcache -target arm64_32-apple-watchos9.0 -fmessage-length\=0 -fdiagnostics-show-note-include-stack -fmacro-backtrace-limit\=0 -fno-color-diagnostics -fmodules-prune-interval\=86400 -fmodules-prune-after\=345600 -fbuild-session-file\=/Users/admin/builder/spi-builder-workspace/.derivedData/ModuleCache.noindex/Session.modulevalidation -fmodules-validate-once-per-build-session -Wnon-modular-include-in-framework-module -Werror\=non-modular-include-in-framework-module -Wno-trigraphs -Wno-missing-field-initializers -Wno-missing-prototypes -Wno-return-type -Wno-missing-braces -Wparentheses -Wswitch -Wno-unused-function -Wno-unused-label -Wno-unused-parameter -Wno-unused-variable -Wunused-value -Wno-empty-body -Wno-uninitialized -Wno-unknown-pragmas -Wno-shadow -Wno-four-char-constants -Wno-conversion -Wno-constant-conversion -Wno-int-conversion -Wno-bool-conversion -Wno-enum-conversion -Wno-float-conversion -Wno-non-literal-null-conversion -Wno-objc-literal-conversion -Wno-shorten-64-to-32 -Wpointer-sign -Wno-newline-eof -Wno-implicit-fallthrough -isysroot /Applications/Xcode-27.0.0-Release.Candidate.app/Contents/Developer/Platforms/WatchOS.platform/Developer/SDKs/WatchOS27.0.sdk -fstrict-aliasing -Wdeprecated-declarations -Wno-sign-conversion -Wno-infinite-recursion -Wno-comma -Wno-block-capture-autoreleasing -Wno-strict-prototypes -Wno-semicolon-before-method-body -index-store-path /Users/admin/builder/spi-builder-workspace/.derivedData/Index.noindex/DataStore @/Users/admin/builder/spi-builder-workspace/.derivedData/Build/Intermediates.noindex/SwiftZlib.build/Debug-watchos/CZLib-t.build/Objects-normal/arm64_32/7187679823f38a2a940e0043cdf9d637-common-args.resp -MMD -MT dependencies -MF /Users/admin/builder/spi-builder-workspace/.derivedData/Build/Intermediates.noindex/SwiftZlib.build/Debug-watchos/CZLib-t.build/Objects-normal/arm64_32/gzwrite.d --serialize-diagnostics /Users/admin/builder/spi-builder-workspace/.derivedData/Build/Intermediates.noindex/SwiftZlib.build/Debug-watchos/CZLib-t.build/Objects-normal/arm64_32/gzwrite.dia -c /Users/admin/builder/spi-builder-workspace/Sources/CZLib/gzwrite.c -o /Users/admin/builder/spi-builder-workspace/.derivedData/Build/Intermediates.noindex/SwiftZlib.build/Debug-watchos/CZLib-t.build/Objects-normal/arm64_32/gzwrite.o -index-unit-output-path /SwiftZlib.build/Debug-watchos/CZLib-t.build/Objects-normal/arm64_32/gzwrite.o
CompileC /Users/admin/builder/spi-builder-workspace/.derivedData/Build/Intermediates.noindex/SwiftZlib.build/Debug-watchos/CZLib-t.build/Objects-normal/arm64_32/gzread.o /Users/admin/builder/spi-builder-workspace/Sources/CZLib/gzread.c normal arm64_32 c com.apple.compilers.llvm.clang.1_0.compiler (in target 'CZLib' from project 'SwiftZlib')
    cd /Users/admin/builder/spi-builder-workspace/.swiftpm/xcode

    Using response file: /Users/admin/builder/spi-builder-workspace/.derivedData/Build/Intermediates.noindex/SwiftZlib.build/Debug-watchos/CZLib-t.build/Objects-normal/arm64_32/7187679823f38a2a940e0043cdf9d637-common-args.resp

    /Applications/Xcode-27.0.0-Release.Candidate.app/Contents/Developer/Toolchains/XcodeDefault.xctoolchain/usr/bin/clang -x c -ivfsstatcache /Users/admin/builder/spi-builder-workspace/.derivedData/SDKStatCaches.noindex/watchos27.0-24R360-e829b21a6f8c9b70876ba0858053c04477534ef55a1706bf4c1112bbb242f0a2.sdkstatcache -target arm64_32-apple-watchos9.0 -fmessage-length\=0 -fdiagnostics-show-note-include-stack -fmacro-backtrace-limit\=0 -fno-color-diagnostics -fmodules-prune-interval\=86400 -fmodules-prune-after\=345600 -fbuild-session-file\=/Users/admin/builder/spi-builder-workspace/.derivedData/ModuleCache.noindex/Session.modulevalidation -fmodules-validate-once-per-build-session -Wnon-modular-include-in-framework-module -Werror\=non-modular-include-in-framework-module -Wno-trigraphs -Wno-missing-field-initializers -Wno-missing-prototypes -Wno-return-type -Wno-missing-braces -Wparentheses -Wswitch -Wno-unused-function -Wno-unused-label -Wno-unused-parameter -Wno-unused-variable -Wunused-value -Wno-empty-body -Wno-uninitialized -Wno-unknown-pragmas -Wno-shadow -Wno-four-char-constants -Wno-conversion -Wno-constant-conversion -Wno-int-conversion -Wno-bool-conversion -Wno-enum-conversion -Wno-float-conversion -Wno-non-literal-null-conversion -Wno-objc-literal-conversion -Wno-shorten-64-to-32 -Wpointer-sign -Wno-newline-eof -Wno-implicit-fallthrough -isysroot /Applications/Xcode-27.0.0-Release.Candidate.app/Contents/Developer/Platforms/WatchOS.platform/Developer/SDKs/WatchOS27.0.sdk -fstrict-aliasing -Wdeprecated-declarations -Wno-sign-conversion -Wno-infinite-recursion -Wno-comma -Wno-block-capture-autoreleasing -Wno-strict-prototypes -Wno-semicolon-before-method-body -index-store-path /Users/admin/builder/spi-builder-workspace/.derivedData/Index.noindex/DataStore @/Users/admin/builder/spi-builder-workspace/.derivedData/Build/Intermediates.noindex/SwiftZlib.build/Debug-watchos/CZLib-t.build/Objects-normal/arm64_32/7187679823f38a2a940e0043cdf9d637-common-args.resp -MMD -MT dependencies -MF /Users/admin/builder/spi-builder-workspace/.derivedData/Build/Intermediates.noindex/SwiftZlib.build/Debug-watchos/CZLib-t.build/Objects-normal/arm64_32/gzread.d --serialize-diagnostics /Users/admin/builder/spi-builder-workspace/.derivedData/Build/Intermediates.noindex/SwiftZlib.build/Debug-watchos/CZLib-t.build/Objects-normal/arm64_32/gzread.dia -c /Users/admin/builder/spi-builder-workspace/Sources/CZLib/gzread.c -o /Users/admin/builder/spi-builder-workspace/.derivedData/Build/Intermediates.noindex/SwiftZlib.build/Debug-watchos/CZLib-t.build/Objects-normal/arm64_32/gzread.o -index-unit-output-path /SwiftZlib.build/Debug-watchos/CZLib-t.build/Objects-normal/arm64_32/gzread.o
CompileC /Users/admin/builder/spi-builder-workspace/.derivedData/Build/Intermediates.noindex/SwiftZlib.build/Debug-watchos/CZLib-t.build/Objects-normal/arm64_32/gzlib.o /Users/admin/builder/spi-builder-workspace/Sources/CZLib/gzlib.c normal arm64_32 c com.apple.compilers.llvm.clang.1_0.compiler (in target 'CZLib' from project 'SwiftZlib')
    cd /Users/admin/builder/spi-builder-workspace/.swiftpm/xcode

    Using response file: /Users/admin/builder/spi-builder-workspace/.derivedData/Build/Intermediates.noindex/SwiftZlib.build/Debug-watchos/CZLib-t.build/Objects-normal/arm64_32/7187679823f38a2a940e0043cdf9d637-common-args.resp

    /Applications/Xcode-27.0.0-Release.Candidate.app/Contents/Developer/Toolchains/XcodeDefault.xctoolchain/usr/bin/clang -x c -ivfsstatcache /Users/admin/builder/spi-builder-workspace/.derivedData/SDKStatCaches.noindex/watchos27.0-24R360-e829b21a6f8c9b70876ba0858053c04477534ef55a1706bf4c1112bbb242f0a2.sdkstatcache -target arm64_32-apple-watchos9.0 -fmessage-length\=0 -fdiagnostics-show-note-include-stack -fmacro-backtrace-limit\=0 -fno-color-diagnostics -fmodules-prune-interval\=86400 -fmodules-prune-after\=345600 -fbuild-session-file\=/Users/admin/builder/spi-builder-workspace/.derivedData/ModuleCache.noindex/Session.modulevalidation -fmodules-validate-once-per-build-session -Wnon-modular-include-in-framework-module -Werror\=non-modular-include-in-framework-module -Wno-trigraphs -Wno-missing-field-initializers -Wno-missing-prototypes -Wno-return-type -Wno-missing-braces -Wparentheses -Wswitch -Wno-unused-function -Wno-unused-label -Wno-unused-parameter -Wno-unused-variable -Wunused-value -Wno-empty-body -Wno-uninitialized -Wno-unknown-pragmas -Wno-shadow -Wno-four-char-constants -Wno-conversion -Wno-constant-conversion -Wno-int-conversion -Wno-bool-conversion -Wno-enum-conversion -Wno-float-conversion -Wno-non-literal-null-conversion -Wno-objc-literal-conversion -Wno-shorten-64-to-32 -Wpointer-sign -Wno-newline-eof -Wno-implicit-fallthrough -isysroot /Applications/Xcode-27.0.0-Release.Candidate.app/Contents/Developer/Platforms/WatchOS.platform/Developer/SDKs/WatchOS27.0.sdk -fstrict-aliasing -Wdeprecated-declarations -Wno-sign-conversion -Wno-infinite-recursion -Wno-comma -Wno-block-capture-autoreleasing -Wno-strict-prototypes -Wno-semicolon-before-method-body -index-store-path /Users/admin/builder/spi-builder-workspace/.derivedData/Index.noindex/DataStore @/Users/admin/builder/spi-builder-workspace/.derivedData/Build/Intermediates.noindex/SwiftZlib.build/Debug-watchos/CZLib-t.build/Objects-normal/arm64_32/7187679823f38a2a940e0043cdf9d637-common-args.resp -MMD -MT dependencies -MF /Users/admin/builder/spi-builder-workspace/.derivedData/Build/Intermediates.noindex/SwiftZlib.build/Debug-watchos/CZLib-t.build/Objects-normal/arm64_32/gzlib.d --serialize-diagnostics /Users/admin/builder/spi-builder-workspace/.derivedData/Build/Intermediates.noindex/SwiftZlib.build/Debug-watchos/CZLib-t.build/Objects-normal/arm64_32/gzlib.dia -c /Users/admin/builder/spi-builder-workspace/Sources/CZLib/gzlib.c -o /Users/admin/builder/spi-builder-workspace/.derivedData/Build/Intermediates.noindex/SwiftZlib.build/Debug-watchos/CZLib-t.build/Objects-normal/arm64_32/gzlib.o -index-unit-output-path /SwiftZlib.build/Debug-watchos/CZLib-t.build/Objects-normal/arm64_32/gzlib.o
CompileC /Users/admin/builder/spi-builder-workspace/.derivedData/Build/Intermediates.noindex/SwiftZlib.build/Debug-watchos/CZLib-t.build/Objects-normal/arm64_32/gzclose.o /Users/admin/builder/spi-builder-workspace/Sources/CZLib/gzclose.c normal arm64_32 c com.apple.compilers.llvm.clang.1_0.compiler (in target 'CZLib' from project 'SwiftZlib')
    cd /Users/admin/builder/spi-builder-workspace/.swiftpm/xcode

    Using response file: /Users/admin/builder/spi-builder-workspace/.derivedData/Build/Intermediates.noindex/SwiftZlib.build/Debug-watchos/CZLib-t.build/Objects-normal/arm64_32/7187679823f38a2a940e0043cdf9d637-common-args.resp

    /Applications/Xcode-27.0.0-Release.Candidate.app/Contents/Developer/Toolchains/XcodeDefault.xctoolchain/usr/bin/clang -x c -ivfsstatcache /Users/admin/builder/spi-builder-workspace/.derivedData/SDKStatCaches.noindex/watchos27.0-24R360-e829b21a6f8c9b70876ba0858053c04477534ef55a1706bf4c1112bbb242f0a2.sdkstatcache -target arm64_32-apple-watchos9.0 -fmessage-length\=0 -fdiagnostics-show-note-include-stack -fmacro-backtrace-limit\=0 -fno-color-diagnostics -fmodules-prune-interval\=86400 -fmodules-prune-after\=345600 -fbuild-session-file\=/Users/admin/builder/spi-builder-workspace/.derivedData/ModuleCache.noindex/Session.modulevalidation -fmodules-validate-once-per-build-session -Wnon-modular-include-in-framework-module -Werror\=non-modular-include-in-framework-module -Wno-trigraphs -Wno-missing-field-initializers -Wno-missing-prototypes -Wno-return-type -Wno-missing-braces -Wparentheses -Wswitch -Wno-unused-function -Wno-unused-label -Wno-unused-parameter -Wno-unused-variable -Wunused-value -Wno-empty-body -Wno-uninitialized -Wno-unknown-pragmas -Wno-shadow -Wno-four-char-constants -Wno-conversion -Wno-constant-conversion -Wno-int-conversion -Wno-bool-conversion -Wno-enum-conversion -Wno-float-conversion -Wno-non-literal-null-conversion -Wno-objc-literal-conversion -Wno-shorten-64-to-32 -Wpointer-sign -Wno-newline-eof -Wno-implicit-fallthrough -isysroot /Applications/Xcode-27.0.0-Release.Candidate.app/Contents/Developer/Platforms/WatchOS.platform/Developer/SDKs/WatchOS27.0.sdk -fstrict-aliasing -Wdeprecated-declarations -Wno-sign-conversion -Wno-infinite-recursion -Wno-comma -Wno-block-capture-autoreleasing -Wno-strict-prototypes -Wno-semicolon-before-method-body -index-store-path /Users/admin/builder/spi-builder-workspace/.derivedData/Index.noindex/DataStore @/Users/admin/builder/spi-builder-workspace/.derivedData/Build/Intermediates.noindex/SwiftZlib.build/Debug-watchos/CZLib-t.build/Objects-normal/arm64_32/7187679823f38a2a940e0043cdf9d637-common-args.resp -MMD -MT dependencies -MF /Users/admin/builder/spi-builder-workspace/.derivedData/Build/Intermediates.noindex/SwiftZlib.build/Debug-watchos/CZLib-t.build/Objects-normal/arm64_32/gzclose.d --serialize-diagnostics /Users/admin/builder/spi-builder-workspace/.derivedData/Build/Intermediates.noindex/SwiftZlib.build/Debug-watchos/CZLib-t.build/Objects-normal/arm64_32/gzclose.dia -c /Users/admin/builder/spi-builder-workspace/Sources/CZLib/gzclose.c -o /Users/admin/builder/spi-builder-workspace/.derivedData/Build/Intermediates.noindex/SwiftZlib.build/Debug-watchos/CZLib-t.build/Objects-normal/arm64_32/gzclose.o -index-unit-output-path /SwiftZlib.build/Debug-watchos/CZLib-t.build/Objects-normal/arm64_32/gzclose.o
CompileC /Users/admin/builder/spi-builder-workspace/.derivedData/Build/Intermediates.noindex/SwiftZlib.build/Debug-watchos/CZLib-t.build/Objects-normal/arm64/zutil.o /Users/admin/builder/spi-builder-workspace/Sources/CZLib/zutil.c normal arm64 c com.apple.compilers.llvm.clang.1_0.compiler (in target 'CZLib' from project 'SwiftZlib')
    cd /Users/admin/builder/spi-builder-workspace/.swiftpm/xcode

    Using response file: /Users/admin/builder/spi-builder-workspace/.derivedData/Build/Intermediates.noindex/SwiftZlib.build/Debug-watchos/CZLib-t.build/Objects-normal/arm64/7187679823f38a2a940e0043cdf9d637-common-args.resp

    /Applications/Xcode-27.0.0-Release.Candidate.app/Contents/Developer/Toolchains/XcodeDefault.xctoolchain/usr/bin/clang -x c -ivfsstatcache /Users/admin/builder/spi-builder-workspace/.derivedData/SDKStatCaches.noindex/watchos27.0-24R360-e829b21a6f8c9b70876ba0858053c04477534ef55a1706bf4c1112bbb242f0a2.sdkstatcache -target arm64-apple-watchos9.0 -fmessage-length\=0 -fdiagnostics-show-note-include-stack -fmacro-backtrace-limit\=0 -fno-color-diagnostics -fmodules-prune-interval\=86400 -fmodules-prune-after\=345600 -fbuild-session-file\=/Users/admin/builder/spi-builder-workspace/.derivedData/ModuleCache.noindex/Session.modulevalidation -fmodules-validate-once-per-build-session -Wnon-modular-include-in-framework-module -Werror\=non-modular-include-in-framework-module -Wno-trigraphs -Wno-missing-field-initializers -Wno-missing-prototypes -Wno-return-type -Wno-missing-braces -Wparentheses -Wswitch -Wno-unused-function -Wno-unused-label -Wno-unused-parameter -Wno-unused-variable -Wunused-value -Wno-empty-body -Wno-uninitialized -Wno-unknown-pragmas -Wno-shadow -Wno-four-char-constants -Wno-conversion -Wno-constant-conversion -Wno-int-conversion -Wno-bool-conversion -Wno-enum-conversion -Wno-float-conversion -Wno-non-literal-null-conversion -Wno-objc-literal-conversion -Wshorten-64-to-32 -Wpointer-sign -Wno-newline-eof -Wno-implicit-fallthrough -isysroot /Applications/Xcode-27.0.0-Release.Candidate.app/Contents/Developer/Platforms/WatchOS.platform/Developer/SDKs/WatchOS27.0.sdk -fstrict-aliasing -Wdeprecated-declarations -Wno-sign-conversion -Wno-infinite-recursion -Wno-comma -Wno-block-capture-autoreleasing -Wno-strict-prototypes -Wno-semicolon-before-method-body -index-store-path /Users/admin/builder/spi-builder-workspace/.derivedData/Index.noindex/DataStore @/Users/admin/builder/spi-builder-workspace/.derivedData/Build/Intermediates.noindex/SwiftZlib.build/Debug-watchos/CZLib-t.build/Objects-normal/arm64/7187679823f38a2a940e0043cdf9d637-common-args.resp -MMD -MT dependencies -MF /Users/admin/builder/spi-builder-workspace/.derivedData/Build/Intermediates.noindex/SwiftZlib.build/Debug-watchos/CZLib-t.build/Objects-normal/arm64/zutil.d --serialize-diagnostics /Users/admin/builder/spi-builder-workspace/.derivedData/Build/Intermediates.noindex/SwiftZlib.build/Debug-watchos/CZLib-t.build/Objects-normal/arm64/zutil.dia -c /Users/admin/builder/spi-builder-workspace/Sources/CZLib/zutil.c -o /Users/admin/builder/spi-builder-workspace/.derivedData/Build/Intermediates.noindex/SwiftZlib.build/Debug-watchos/CZLib-t.build/Objects-normal/arm64/zutil.o -index-unit-output-path /SwiftZlib.build/Debug-watchos/CZLib-t.build/Objects-normal/arm64/zutil.o
CompileC /Users/admin/builder/spi-builder-workspace/.derivedData/Build/Intermediates.noindex/SwiftZlib.build/Debug-watchos/CZLib-t.build/Objects-normal/arm64/gzwrite.o /Users/admin/builder/spi-builder-workspace/Sources/CZLib/gzwrite.c normal arm64 c com.apple.compilers.llvm.clang.1_0.compiler (in target 'CZLib' from project 'SwiftZlib')
    cd /Users/admin/builder/spi-builder-workspace/.swiftpm/xcode

    Using response file: /Users/admin/builder/spi-builder-workspace/.derivedData/Build/Intermediates.noindex/SwiftZlib.build/Debug-watchos/CZLib-t.build/Objects-normal/arm64/7187679823f38a2a940e0043cdf9d637-common-args.resp

    /Applications/Xcode-27.0.0-Release.Candidate.app/Contents/Developer/Toolchains/XcodeDefault.xctoolchain/usr/bin/clang -x c -ivfsstatcache /Users/admin/builder/spi-builder-workspace/.derivedData/SDKStatCaches.noindex/watchos27.0-24R360-e829b21a6f8c9b70876ba0858053c04477534ef55a1706bf4c1112bbb242f0a2.sdkstatcache -target arm64-apple-watchos9.0 -fmessage-length\=0 -fdiagnostics-show-note-include-stack -fmacro-backtrace-limit\=0 -fno-color-diagnostics -fmodules-prune-interval\=86400 -fmodules-prune-after\=345600 -fbuild-session-file\=/Users/admin/builder/spi-builder-workspace/.derivedData/ModuleCache.noindex/Session.modulevalidation -fmodules-validate-once-per-build-session -Wnon-modular-include-in-framework-module -Werror\=non-modular-include-in-framework-module -Wno-trigraphs -Wno-missing-field-initializers -Wno-missing-prototypes -Wno-return-type -Wno-missing-braces -Wparentheses -Wswitch -Wno-unused-function -Wno-unused-label -Wno-unused-parameter -Wno-unused-variable -Wunused-value -Wno-empty-body -Wno-uninitialized -Wno-unknown-pragmas -Wno-shadow -Wno-four-char-constants -Wno-conversion -Wno-constant-conversion -Wno-int-conversion -Wno-bool-conversion -Wno-enum-conversion -Wno-float-conversion -Wno-non-literal-null-conversion -Wno-objc-literal-conversion -Wshorten-64-to-32 -Wpointer-sign -Wno-newline-eof -Wno-implicit-fallthrough -isysroot /Applications/Xcode-27.0.0-Release.Candidate.app/Contents/Developer/Platforms/WatchOS.platform/Developer/SDKs/WatchOS27.0.sdk -fstrict-aliasing -Wdeprecated-declarations -Wno-sign-conversion -Wno-infinite-recursion -Wno-comma -Wno-block-capture-autoreleasing -Wno-strict-prototypes -Wno-semicolon-before-method-body -index-store-path /Users/admin/builder/spi-builder-workspace/.derivedData/Index.noindex/DataStore @/Users/admin/builder/spi-builder-workspace/.derivedData/Build/Intermediates.noindex/SwiftZlib.build/Debug-watchos/CZLib-t.build/Objects-normal/arm64/7187679823f38a2a940e0043cdf9d637-common-args.resp -MMD -MT dependencies -MF /Users/admin/builder/spi-builder-workspace/.derivedData/Build/Intermediates.noindex/SwiftZlib.build/Debug-watchos/CZLib-t.build/Objects-normal/arm64/gzwrite.d --serialize-diagnostics /Users/admin/builder/spi-builder-workspace/.derivedData/Build/Intermediates.noindex/SwiftZlib.build/Debug-watchos/CZLib-t.build/Objects-normal/arm64/gzwrite.dia -c /Users/admin/builder/spi-builder-workspace/Sources/CZLib/gzwrite.c -o /Users/admin/builder/spi-builder-workspace/.derivedData/Build/Intermediates.noindex/SwiftZlib.build/Debug-watchos/CZLib-t.build/Objects-normal/arm64/gzwrite.o -index-unit-output-path /SwiftZlib.build/Debug-watchos/CZLib-t.build/Objects-normal/arm64/gzwrite.o
/Users/admin/builder/spi-builder-workspace/Sources/CZLib/gzwrite.c:86:20: warning: implicit conversion loses integer precision: 'ssize_t' (aka 'long') to 'int' [-Wshorten-64-to-32]
   86 |             writ = write(state->fd, strm->next_in, put);
      |                  ~ ^~~~~~~~~~~~~~~~~~~~~~~~~~~~~~~~~~~~
/Users/admin/builder/spi-builder-workspace/Sources/CZLib/gzwrite.c:116:24: warning: implicit conversion loses integer precision: 'ssize_t' (aka 'long') to 'int' [-Wshorten-64-to-32]
  116 |                 writ = write(state->fd, state->x.next, put);
      |                      ~ ^~~~~~~~~~~~~~~~~~~~~~~~~~~~~~~~~~~~
2 warnings generated.
CompileC /Users/admin/builder/spi-builder-workspace/.derivedData/Build/Intermediates.noindex/SwiftZlib.build/Debug-watchos/CZLib-t.build/Objects-normal/arm64/gzread.o /Users/admin/builder/spi-builder-workspace/Sources/CZLib/gzread.c normal arm64 c com.apple.compilers.llvm.clang.1_0.compiler (in target 'CZLib' from project 'SwiftZlib')
    cd /Users/admin/builder/spi-builder-workspace/.swiftpm/xcode

    Using response file: /Users/admin/builder/spi-builder-workspace/.derivedData/Build/Intermediates.noindex/SwiftZlib.build/Debug-watchos/CZLib-t.build/Objects-normal/arm64/7187679823f38a2a940e0043cdf9d637-common-args.resp

    /Applications/Xcode-27.0.0-Release.Candidate.app/Contents/Developer/Toolchains/XcodeDefault.xctoolchain/usr/bin/clang -x c -ivfsstatcache /Users/admin/builder/spi-builder-workspace/.derivedData/SDKStatCaches.noindex/watchos27.0-24R360-e829b21a6f8c9b70876ba0858053c04477534ef55a1706bf4c1112bbb242f0a2.sdkstatcache -target arm64-apple-watchos9.0 -fmessage-length\=0 -fdiagnostics-show-note-include-stack -fmacro-backtrace-limit\=0 -fno-color-diagnostics -fmodules-prune-interval\=86400 -fmodules-prune-after\=345600 -fbuild-session-file\=/Users/admin/builder/spi-builder-workspace/.derivedData/ModuleCache.noindex/Session.modulevalidation -fmodules-validate-once-per-build-session -Wnon-modular-include-in-framework-module -Werror\=non-modular-include-in-framework-module -Wno-trigraphs -Wno-missing-field-initializers -Wno-missing-prototypes -Wno-return-type -Wno-missing-braces -Wparentheses -Wswitch -Wno-unused-function -Wno-unused-label -Wno-unused-parameter -Wno-unused-variable -Wunused-value -Wno-empty-body -Wno-uninitialized -Wno-unknown-pragmas -Wno-shadow -Wno-four-char-constants -Wno-conversion -Wno-constant-conversion -Wno-int-conversion -Wno-bool-conversion -Wno-enum-conversion -Wno-float-conversion -Wno-non-literal-null-conversion -Wno-objc-literal-conversion -Wshorten-64-to-32 -Wpointer-sign -Wno-newline-eof -Wno-implicit-fallthrough -isysroot /Applications/Xcode-27.0.0-Release.Candidate.app/Contents/Developer/Platforms/WatchOS.platform/Developer/SDKs/WatchOS27.0.sdk -fstrict-aliasing -Wdeprecated-declarations -Wno-sign-conversion -Wno-infinite-recursion -Wno-comma -Wno-block-capture-autoreleasing -Wno-strict-prototypes -Wno-semicolon-before-method-body -index-store-path /Users/admin/builder/spi-builder-workspace/.derivedData/Index.noindex/DataStore @/Users/admin/builder/spi-builder-workspace/.derivedData/Build/Intermediates.noindex/SwiftZlib.build/Debug-watchos/CZLib-t.build/Objects-normal/arm64/7187679823f38a2a940e0043cdf9d637-common-args.resp -MMD -MT dependencies -MF /Users/admin/builder/spi-builder-workspace/.derivedData/Build/Intermediates.noindex/SwiftZlib.build/Debug-watchos/CZLib-t.build/Objects-normal/arm64/gzread.d --serialize-diagnostics /Users/admin/builder/spi-builder-workspace/.derivedData/Build/Intermediates.noindex/SwiftZlib.build/Debug-watchos/CZLib-t.build/Objects-normal/arm64/gzread.dia -c /Users/admin/builder/spi-builder-workspace/Sources/CZLib/gzread.c -o /Users/admin/builder/spi-builder-workspace/.derivedData/Build/Intermediates.noindex/SwiftZlib.build/Debug-watchos/CZLib-t.build/Objects-normal/arm64/gzread.o -index-unit-output-path /SwiftZlib.build/Debug-watchos/CZLib-t.build/Objects-normal/arm64/gzread.o
/Users/admin/builder/spi-builder-workspace/Sources/CZLib/gzread.c:30:15: warning: implicit conversion loses integer precision: 'ssize_t' (aka 'long') to 'int' [-Wshorten-64-to-32]
   30 |         ret = read(state->fd, buf + *have, get);
      |             ~ ^~~~~~~~~~~~~~~~~~~~~~~~~~~~~~~~~
1 warning generated.
CompileC /Users/admin/builder/spi-builder-workspace/.derivedData/Build/Intermediates.noindex/SwiftZlib.build/Debug-watchos/CZLib-t.build/Objects-normal/arm64/gzlib.o /Users/admin/builder/spi-builder-workspace/Sources/CZLib/gzlib.c normal arm64 c com.apple.compilers.llvm.clang.1_0.compiler (in target 'CZLib' from project 'SwiftZlib')
    cd /Users/admin/builder/spi-builder-workspace/.swiftpm/xcode

    Using response file: /Users/admin/builder/spi-builder-workspace/.derivedData/Build/Intermediates.noindex/SwiftZlib.build/Debug-watchos/CZLib-t.build/Objects-normal/arm64/7187679823f38a2a940e0043cdf9d637-common-args.resp

    /Applications/Xcode-27.0.0-Release.Candidate.app/Contents/Developer/Toolchains/XcodeDefault.xctoolchain/usr/bin/clang -x c -ivfsstatcache /Users/admin/builder/spi-builder-workspace/.derivedData/SDKStatCaches.noindex/watchos27.0-24R360-e829b21a6f8c9b70876ba0858053c04477534ef55a1706bf4c1112bbb242f0a2.sdkstatcache -target arm64-apple-watchos9.0 -fmessage-length\=0 -fdiagnostics-show-note-include-stack -fmacro-backtrace-limit\=0 -fno-color-diagnostics -fmodules-prune-interval\=86400 -fmodules-prune-after\=345600 -fbuild-session-file\=/Users/admin/builder/spi-builder-workspace/.derivedData/ModuleCache.noindex/Session.modulevalidation -fmodules-validate-once-per-build-session -Wnon-modular-include-in-framework-module -Werror\=non-modular-include-in-framework-module -Wno-trigraphs -Wno-missing-field-initializers -Wno-missing-prototypes -Wno-return-type -Wno-missing-braces -Wparentheses -Wswitch -Wno-unused-function -Wno-unused-label -Wno-unused-parameter -Wno-unused-variable -Wunused-value -Wno-empty-body -Wno-uninitialized -Wno-unknown-pragmas -Wno-shadow -Wno-four-char-constants -Wno-conversion -Wno-constant-conversion -Wno-int-conversion -Wno-bool-conversion -Wno-enum-conversion -Wno-float-conversion -Wno-non-literal-null-conversion -Wno-objc-literal-conversion -Wshorten-64-to-32 -Wpointer-sign -Wno-newline-eof -Wno-implicit-fallthrough -isysroot /Applications/Xcode-27.0.0-Release.Candidate.app/Contents/Developer/Platforms/WatchOS.platform/Developer/SDKs/WatchOS27.0.sdk -fstrict-aliasing -Wdeprecated-declarations -Wno-sign-conversion -Wno-infinite-recursion -Wno-comma -Wno-block-capture-autoreleasing -Wno-strict-prototypes -Wno-semicolon-before-method-body -index-store-path /Users/admin/builder/spi-builder-workspace/.derivedData/Index.noindex/DataStore @/Users/admin/builder/spi-builder-workspace/.derivedData/Build/Intermediates.noindex/SwiftZlib.build/Debug-watchos/CZLib-t.build/Objects-normal/arm64/7187679823f38a2a940e0043cdf9d637-common-args.resp -MMD -MT dependencies -MF /Users/admin/builder/spi-builder-workspace/.derivedData/Build/Intermediates.noindex/SwiftZlib.build/Debug-watchos/CZLib-t.build/Objects-normal/arm64/gzlib.d --serialize-diagnostics /Users/admin/builder/spi-builder-workspace/.derivedData/Build/Intermediates.noindex/SwiftZlib.build/Debug-watchos/CZLib-t.build/Objects-normal/arm64/gzlib.dia -c /Users/admin/builder/spi-builder-workspace/Sources/CZLib/gzlib.c -o /Users/admin/builder/spi-builder-workspace/.derivedData/Build/Intermediates.noindex/SwiftZlib.build/Debug-watchos/CZLib-t.build/Objects-normal/arm64/gzlib.o -index-unit-output-path /SwiftZlib.build/Debug-watchos/CZLib-t.build/Objects-normal/arm64/gzlib.o
CompileC /Users/admin/builder/spi-builder-workspace/.derivedData/Build/Intermediates.noindex/SwiftZlib.build/Debug-watchos/CZLib-t.build/Objects-normal/arm64/gzclose.o /Users/admin/builder/spi-builder-workspace/Sources/CZLib/gzclose.c normal arm64 c com.apple.compilers.llvm.clang.1_0.compiler (in target 'CZLib' from project 'SwiftZlib')
    cd /Users/admin/builder/spi-builder-workspace/.swiftpm/xcode

    Using response file: /Users/admin/builder/spi-builder-workspace/.derivedData/Build/Intermediates.noindex/SwiftZlib.build/Debug-watchos/CZLib-t.build/Objects-normal/arm64/7187679823f38a2a940e0043cdf9d637-common-args.resp

    /Applications/Xcode-27.0.0-Release.Candidate.app/Contents/Developer/Toolchains/XcodeDefault.xctoolchain/usr/bin/clang -x c -ivfsstatcache /Users/admin/builder/spi-builder-workspace/.derivedData/SDKStatCaches.noindex/watchos27.0-24R360-e829b21a6f8c9b70876ba0858053c04477534ef55a1706bf4c1112bbb242f0a2.sdkstatcache -target arm64-apple-watchos9.0 -fmessage-length\=0 -fdiagnostics-show-note-include-stack -fmacro-backtrace-limit\=0 -fno-color-diagnostics -fmodules-prune-interval\=86400 -fmodules-prune-after\=345600 -fbuild-session-file\=/Users/admin/builder/spi-builder-workspace/.derivedData/ModuleCache.noindex/Session.modulevalidation -fmodules-validate-once-per-build-session -Wnon-modular-include-in-framework-module -Werror\=non-modular-include-in-framework-module -Wno-trigraphs -Wno-missing-field-initializers -Wno-missing-prototypes -Wno-return-type -Wno-missing-braces -Wparentheses -Wswitch -Wno-unused-function -Wno-unused-label -Wno-unused-parameter -Wno-unused-variable -Wunused-value -Wno-empty-body -Wno-uninitialized -Wno-unknown-pragmas -Wno-shadow -Wno-four-char-constants -Wno-conversion -Wno-constant-conversion -Wno-int-conversion -Wno-bool-conversion -Wno-enum-conversion -Wno-float-conversion -Wno-non-literal-null-conversion -Wno-objc-literal-conversion -Wshorten-64-to-32 -Wpointer-sign -Wno-newline-eof -Wno-implicit-fallthrough -isysroot /Applications/Xcode-27.0.0-Release.Candidate.app/Contents/Developer/Platforms/WatchOS.platform/Developer/SDKs/WatchOS27.0.sdk -fstrict-aliasing -Wdeprecated-declarations -Wno-sign-conversion -Wno-infinite-recursion -Wno-comma -Wno-block-capture-autoreleasing -Wno-strict-prototypes -Wno-semicolon-before-method-body -index-store-path /Users/admin/builder/spi-builder-workspace/.derivedData/Index.noindex/DataStore @/Users/admin/builder/spi-builder-workspace/.derivedData/Build/Intermediates.noindex/SwiftZlib.build/Debug-watchos/CZLib-t.build/Objects-normal/arm64/7187679823f38a2a940e0043cdf9d637-common-args.resp -MMD -MT dependencies -MF /Users/admin/builder/spi-builder-workspace/.derivedData/Build/Intermediates.noindex/SwiftZlib.build/Debug-watchos/CZLib-t.build/Objects-normal/arm64/gzclose.d --serialize-diagnostics /Users/admin/builder/spi-builder-workspace/.derivedData/Build/Intermediates.noindex/SwiftZlib.build/Debug-watchos/CZLib-t.build/Objects-normal/arm64/gzclose.dia -c /Users/admin/builder/spi-builder-workspace/Sources/CZLib/gzclose.c -o /Users/admin/builder/spi-builder-workspace/.derivedData/Build/Intermediates.noindex/SwiftZlib.build/Debug-watchos/CZLib-t.build/Objects-normal/arm64/gzclose.o -index-unit-output-path /SwiftZlib.build/Debug-watchos/CZLib-t.build/Objects-normal/arm64/gzclose.o
SwiftExplicitDependencyGeneratePcm arm64 /Users/admin/builder/spi-builder-workspace/.derivedData/SDKExplicitPrecompiledModules/_DarwinFoundation2-D0XAPJU49S5E9XMKYOFGSTB1Q.pcm
SwiftExplicitDependencyGeneratePcm arm64 /Users/admin/builder/spi-builder-workspace/.derivedData/SDKExplicitPrecompiledModules/_Builtin_limits-9GWPA2B0H20DYUNYHYCWKABJG.pcm
Ld /Users/admin/builder/spi-builder-workspace/.derivedData/Build/Intermediates.noindex/SwiftZlib.build/Debug-watchos/CZLib-t.build/Objects-normal/arm64_32/Binary/CZLib.o normal arm64_32 (in target 'CZLib' from project 'SwiftZlib')
    cd /Users/admin/builder/spi-builder-workspace
    /Applications/Xcode-27.0.0-Release.Candidate.app/Contents/Developer/Toolchains/XcodeDefault.xctoolchain/usr/bin/clang -Xlinker -reproducible -target arm64_32-apple-watchos9.0 -r -isysroot /Applications/Xcode-27.0.0-Release.Candidate.app/Contents/Developer/Platforms/WatchOS.platform/Developer/SDKs/WatchOS27.0.sdk -O0 -Xlinker -no_warn_duplicate_libraries -F/Users/admin/builder/spi-builder-workspace/.derivedData/Build/Intermediates.noindex/EagerLinkingTBDs/Debug-watchos -F/Users/admin/builder/spi-builder-workspace/.derivedData/Build/Products/Debug-watchos -iframework /Applications/Xcode-27.0.0-Release.Candidate.app/Contents/Developer/Platforms/WatchOS.platform/Developer/Library/Frameworks -iframework /Applications/Xcode-27.0.0-Release.Candidate.app/Contents/Developer/Platforms/WatchOS.platform/Developer/SDKs/WatchOS27.0.sdk/Developer/Library/Frameworks -filelist /Users/admin/builder/spi-builder-workspace/.derivedData/Build/Intermediates.noindex/SwiftZlib.build/Debug-watchos/CZLib-t.build/Objects-normal/arm64_32/CZLib.LinkFileList -nostdlib -Xlinker -object_path_lto -Xlinker /Users/admin/builder/spi-builder-workspace/.derivedData/Build/Intermediates.noindex/SwiftZlib.build/Debug-watchos/CZLib-t.build/Objects-normal/arm64_32/CZLib_lto.o -Xlinker -no_deduplicate -Xlinker -debug_variant -Xlinker -dependency_info -Xlinker /Users/admin/builder/spi-builder-workspace/.derivedData/Build/Intermediates.noindex/SwiftZlib.build/Debug-watchos/CZLib-t.build/Objects-normal/arm64_32/CZLib_dependency_info.dat -o /Users/admin/builder/spi-builder-workspace/.derivedData/Build/Intermediates.noindex/SwiftZlib.build/Debug-watchos/CZLib-t.build/Objects-normal/arm64_32/Binary/CZLib.o
SwiftExplicitDependencyGeneratePcm arm64_32 /Users/admin/builder/spi-builder-workspace/.derivedData/SDKExplicitPrecompiledModules/sys_types-8TLLMW08ZJWDGIIPKOYFGHHZW.pcm
SwiftExplicitDependencyGeneratePcm arm64_32 /Users/admin/builder/spi-builder-workspace/.derivedData/SDKExplicitPrecompiledModules/_Builtin_stdint-1HMXWI3V0V4TXHRWZOMZGZ80Y.pcm
SwiftExplicitDependencyGeneratePcm arm64_32 /Users/admin/builder/spi-builder-workspace/.derivedData/SDKExplicitPrecompiledModules/string_h-BFVLUQUSBZWYMLCU9QI7VZALW.pcm
Ld /Users/admin/builder/spi-builder-workspace/.derivedData/Build/Intermediates.noindex/SwiftZlib.build/Debug-watchos/CZLib-t.build/Objects-normal/arm64/Binary/CZLib.o normal arm64 (in target 'CZLib' from project 'SwiftZlib')
    cd /Users/admin/builder/spi-builder-workspace
    /Applications/Xcode-27.0.0-Release.Candidate.app/Contents/Developer/Toolchains/XcodeDefault.xctoolchain/usr/bin/clang -Xlinker -reproducible -target arm64-apple-watchos9.0 -r -isysroot /Applications/Xcode-27.0.0-Release.Candidate.app/Contents/Developer/Platforms/WatchOS.platform/Developer/SDKs/WatchOS27.0.sdk -O0 -Xlinker -no_warn_duplicate_libraries -F/Users/admin/builder/spi-builder-workspace/.derivedData/Build/Intermediates.noindex/EagerLinkingTBDs/Debug-watchos -F/Users/admin/builder/spi-builder-workspace/.derivedData/Build/Products/Debug-watchos -iframework /Applications/Xcode-27.0.0-Release.Candidate.app/Contents/Developer/Platforms/WatchOS.platform/Developer/Library/Frameworks -iframework /Applications/Xcode-27.0.0-Release.Candidate.app/Contents/Developer/Platforms/WatchOS.platform/Developer/SDKs/WatchOS27.0.sdk/Developer/Library/Frameworks -filelist /Users/admin/builder/spi-builder-workspace/.derivedData/Build/Intermediates.noindex/SwiftZlib.build/Debug-watchos/CZLib-t.build/Objects-normal/arm64/CZLib.LinkFileList -nostdlib -Xlinker -object_path_lto -Xlinker /Users/admin/builder/spi-builder-workspace/.derivedData/Build/Intermediates.noindex/SwiftZlib.build/Debug-watchos/CZLib-t.build/Objects-normal/arm64/CZLib_lto.o -Xlinker -no_deduplicate -Xlinker -debug_variant -Xlinker -dependency_info -Xlinker /Users/admin/builder/spi-builder-workspace/.derivedData/Build/Intermediates.noindex/SwiftZlib.build/Debug-watchos/CZLib-t.build/Objects-normal/arm64/CZLib_dependency_info.dat -o /Users/admin/builder/spi-builder-workspace/.derivedData/Build/Intermediates.noindex/SwiftZlib.build/Debug-watchos/CZLib-t.build/Objects-normal/arm64/Binary/CZLib.o
CreateUniversalBinary /Users/admin/builder/spi-builder-workspace/.derivedData/Build/Products/Debug-watchos/CZLib.o normal arm64\ arm64_32 (in target 'CZLib' from project 'SwiftZlib')
    cd /Users/admin/builder/spi-builder-workspace
    /Applications/Xcode-27.0.0-Release.Candidate.app/Contents/Developer/Toolchains/XcodeDefault.xctoolchain/usr/bin/lipo -create /Users/admin/builder/spi-builder-workspace/.derivedData/Build/Intermediates.noindex/SwiftZlib.build/Debug-watchos/CZLib-t.build/Objects-normal/arm64/Binary/CZLib.o /Users/admin/builder/spi-builder-workspace/.derivedData/Build/Intermediates.noindex/SwiftZlib.build/Debug-watchos/CZLib-t.build/Objects-normal/arm64_32/Binary/CZLib.o -output /Users/admin/builder/spi-builder-workspace/.derivedData/Build/Products/Debug-watchos/CZLib.o
SwiftExplicitDependencyGeneratePcm arm64_32 /Users/admin/builder/spi-builder-workspace/.derivedData/SDKExplicitPrecompiledModules/_DarwinFoundation3-3DUTYQDQSD9HUAAVY947NMWOI.pcm
SwiftExplicitDependencyGeneratePcm arm64 /Users/admin/builder/spi-builder-workspace/.derivedData/SDKExplicitPrecompiledModules/_Builtin_stdint-8XMILLJZEGRN2XG7XZUXZ5RLX.pcm
SwiftExplicitDependencyGeneratePcm arm64 /Users/admin/builder/spi-builder-workspace/.derivedData/SDKExplicitPrecompiledModules/string_h-E6PRXK75PHIPCZFWOFCQ3QBMK.pcm
SwiftExplicitDependencyGeneratePcm arm64 /Users/admin/builder/spi-builder-workspace/.derivedData/SDKExplicitPrecompiledModules/sys_types-2KXQLI78OUCDP779AE68GZJ2.pcm
SwiftExplicitDependencyGeneratePcm arm64 /Users/admin/builder/spi-builder-workspace/.derivedData/SDKExplicitPrecompiledModules/_DarwinFoundation3-B97LRG0E9GON2NUE65TVG81HU.pcm
SwiftExplicitDependencyGeneratePcm arm64_32 /Users/admin/builder/spi-builder-workspace/.derivedData/SDKExplicitPrecompiledModules/_Builtin_inttypes-D2KPCR4PEX9AQA33NGLUT5SBR.pcm
SwiftExplicitDependencyGeneratePcm arm64_32 /Users/admin/builder/spi-builder-workspace/.derivedData/SDKExplicitPrecompiledModules/zlib-DFXT7SL3Z02DSSN7KCEFGJGDM.pcm
SwiftExplicitDependencyGeneratePcm arm64 /Users/admin/builder/spi-builder-workspace/.derivedData/SDKExplicitPrecompiledModules/_Builtin_inttypes-3UQSCM7WNM9EK4HZML8TY5J3D.pcm
SwiftExplicitDependencyGeneratePcm arm64 /Users/admin/builder/spi-builder-workspace/.derivedData/SDKExplicitPrecompiledModules/zlib-1493ITMO7TAQ9J3MSHHMOV6ZA.pcm
SwiftExplicitDependencyGeneratePcm arm64_32 /Users/admin/builder/spi-builder-workspace/.derivedData/SDKExplicitPrecompiledModules/Darwin-3FVT1SKLN2ZQ5RVOABMTQBB34.pcm
SwiftExplicitDependencyGeneratePcm arm64_32 /Users/admin/builder/spi-builder-workspace/.derivedData/Build/Intermediates.noindex/SwiftExplicitPrecompiledModules/CZLib-B40DK1UKFGGFJZPC3UD89N0JJ.pcm
SwiftExplicitDependencyGeneratePcm arm64 /Users/admin/builder/spi-builder-workspace/.derivedData/SDKExplicitPrecompiledModules/Darwin-3984OXKFNSPE77NT743WK8SEX.pcm
SwiftExplicitDependencyGeneratePcm arm64 /Users/admin/builder/spi-builder-workspace/.derivedData/Build/Intermediates.noindex/SwiftExplicitPrecompiledModules/CZLib-AWQDGJ1EW6IX4EKMCMSPG2ER4.pcm
SwiftExplicitDependencyGeneratePcm arm64_32 /Users/admin/builder/spi-builder-workspace/.derivedData/SDKExplicitPrecompiledModules/ObjectiveC-6IJNELR2E80E7LUKESVCP2KET.pcm
SwiftExplicitDependencyGeneratePcm arm64 /Users/admin/builder/spi-builder-workspace/.derivedData/SDKExplicitPrecompiledModules/ObjectiveC-72IVD3VS2RS8Q28D9PIMY0KQP.pcm
SwiftExplicitDependencyGeneratePcm arm64_32 /Users/admin/builder/spi-builder-workspace/.derivedData/SDKExplicitPrecompiledModules/os_object-5YWTC6L4756IWSTPGXS5NM0D0.pcm
SwiftExplicitDependencyGeneratePcm arm64 /Users/admin/builder/spi-builder-workspace/.derivedData/SDKExplicitPrecompiledModules/os_object-3SDKD7F87FTZ26OON37DRYT6O.pcm
SwiftExplicitDependencyGeneratePcm arm64_32 /Users/admin/builder/spi-builder-workspace/.derivedData/SDKExplicitPrecompiledModules/os_workgroup-5JHTPDMNBUNHLJI8LPHKQK1JK.pcm
SwiftExplicitDependencyGeneratePcm arm64 /Users/admin/builder/spi-builder-workspace/.derivedData/SDKExplicitPrecompiledModules/os_workgroup-89GG5G7YC2D0ZTK6AZXXQ20DH.pcm
SwiftExplicitDependencyGeneratePcm arm64_32 /Users/admin/builder/spi-builder-workspace/.derivedData/SDKExplicitPrecompiledModules/Dispatch-2P62F1T4XV63S4P99TUDTOK2Q.pcm
SwiftExplicitDependencyGeneratePcm arm64 /Users/admin/builder/spi-builder-workspace/.derivedData/SDKExplicitPrecompiledModules/Dispatch-1NLJOVAK60XP0DUB05XA59EIM.pcm
SwiftExplicitDependencyGeneratePcm arm64_32 /Users/admin/builder/spi-builder-workspace/.derivedData/SDKExplicitPrecompiledModules/XPC-81Y45QFY96XYYFCW2GT6FY8S4.pcm
SwiftExplicitDependencyGeneratePcm arm64_32 /Users/admin/builder/spi-builder-workspace/.derivedData/SDKExplicitPrecompiledModules/CoreFoundation-8E6Y4BA3EXYKUGJ24GT9LGV3N.pcm
SwiftExplicitDependencyGeneratePcm arm64 /Users/admin/builder/spi-builder-workspace/.derivedData/SDKExplicitPrecompiledModules/CoreFoundation-8T2L24YC5NU7WO6WQJWRY7W08.pcm
SwiftExplicitDependencyGeneratePcm arm64 /Users/admin/builder/spi-builder-workspace/.derivedData/SDKExplicitPrecompiledModules/XPC-40DR0X1DHKGCV4J1IOLFS8MOU.pcm
SwiftExplicitDependencyGeneratePcm arm64_32 /Users/admin/builder/spi-builder-workspace/.derivedData/SDKExplicitPrecompiledModules/Security-D7TOWF88VWF67TB9HAFP5UWB1.pcm
SwiftExplicitDependencyGeneratePcm arm64 /Users/admin/builder/spi-builder-workspace/.derivedData/SDKExplicitPrecompiledModules/Security-6RZ6YBRU8WCUHRFFRVUK5WKMM.pcm
SwiftExplicitDependencyGeneratePcm arm64_32 /Users/admin/builder/spi-builder-workspace/.derivedData/SDKExplicitPrecompiledModules/Foundation-BJ2VQGI3OGR34500MEQ1VKHPH.pcm
SwiftExplicitDependencyGeneratePcm arm64 /Users/admin/builder/spi-builder-workspace/.derivedData/SDKExplicitPrecompiledModules/Foundation-DLBKUSGXN8QHAT8W0OARR9S8A.pcm
SwiftCompile normal arm64_32 Compiling\ GzipFile.swift,\ GzipFileError.swift,\ SimpleFileCompressor.swift,\ SimpleFileDecompressor.swift /Users/admin/builder/spi-builder-workspace/Sources/SwiftZlib/FileOperations/GzipFile.swift /Users/admin/builder/spi-builder-workspace/Sources/SwiftZlib/FileOperations/GzipFileError.swift /Users/admin/builder/spi-builder-workspace/Sources/SwiftZlib/FileOperations/SimpleFileCompressor.swift /Users/admin/builder/spi-builder-workspace/Sources/SwiftZlib/FileOperations/SimpleFileDecompressor.swift (in target 'SwiftZlib' from project 'SwiftZlib')
SwiftCompile normal arm64_32 /Users/admin/builder/spi-builder-workspace/Sources/SwiftZlib/FileOperations/GzipFile.swift (in target 'SwiftZlib' from project 'SwiftZlib')
    cd /Users/admin/builder/spi-builder-workspace/.swiftpm/xcode
    builtin-SwiftPerFileCompile GzipFile.swift
SwiftCompile normal arm64_32 /Users/admin/builder/spi-builder-workspace/Sources/SwiftZlib/FileOperations/GzipFileError.swift (in target 'SwiftZlib' from project 'SwiftZlib')
    cd /Users/admin/builder/spi-builder-workspace/.swiftpm/xcode
    builtin-SwiftPerFileCompile GzipFileError.swift
SwiftCompile normal arm64_32 /Users/admin/builder/spi-builder-workspace/Sources/SwiftZlib/FileOperations/SimpleFileCompressor.swift (in target 'SwiftZlib' from project 'SwiftZlib')
    cd /Users/admin/builder/spi-builder-workspace/.swiftpm/xcode
    builtin-SwiftPerFileCompile SimpleFileCompressor.swift
SwiftCompile normal arm64_32 /Users/admin/builder/spi-builder-workspace/Sources/SwiftZlib/FileOperations/SimpleFileDecompressor.swift (in target 'SwiftZlib' from project 'SwiftZlib')
    cd /Users/admin/builder/spi-builder-workspace/.swiftpm/xcode
    builtin-SwiftPerFileCompile SimpleFileDecompressor.swift
SwiftCompile normal arm64_32 Compiling\ CompressionLevel.swift,\ CompressionMethod.swift,\ CompressionPhase.swift,\ CompressionStrategy.swift,\ Compressor.swift /Users/admin/builder/spi-builder-workspace/Sources/SwiftZlib/Core/Compression/CompressionLevel.swift /Users/admin/builder/spi-builder-workspace/Sources/SwiftZlib/Core/Compression/CompressionMethod.swift /Users/admin/builder/spi-builder-workspace/Sources/SwiftZlib/Core/Compression/CompressionPhase.swift /Users/admin/builder/spi-builder-workspace/Sources/SwiftZlib/Core/Compression/CompressionStrategy.swift /Users/admin/builder/spi-builder-workspace/Sources/SwiftZlib/Core/Compression/Compressor.swift (in target 'SwiftZlib' from project 'SwiftZlib')
SwiftCompile normal arm64_32 /Users/admin/builder/spi-builder-workspace/Sources/SwiftZlib/Core/Compression/CompressionLevel.swift (in target 'SwiftZlib' from project 'SwiftZlib')
    cd /Users/admin/builder/spi-builder-workspace/.swiftpm/xcode
    builtin-SwiftPerFileCompile CompressionLevel.swift
SwiftCompile normal arm64_32 /Users/admin/builder/spi-builder-workspace/Sources/SwiftZlib/Core/Compression/CompressionMethod.swift (in target 'SwiftZlib' from project 'SwiftZlib')
    cd /Users/admin/builder/spi-builder-workspace/.swiftpm/xcode
    builtin-SwiftPerFileCompile CompressionMethod.swift
SwiftCompile normal arm64_32 /Users/admin/builder/spi-builder-workspace/Sources/SwiftZlib/Core/Compression/CompressionPhase.swift (in target 'SwiftZlib' from project 'SwiftZlib')
    cd /Users/admin/builder/spi-builder-workspace/.swiftpm/xcode
    builtin-SwiftPerFileCompile CompressionPhase.swift
SwiftCompile normal arm64_32 /Users/admin/builder/spi-builder-workspace/Sources/SwiftZlib/Core/Compression/CompressionStrategy.swift (in target 'SwiftZlib' from project 'SwiftZlib')
    cd /Users/admin/builder/spi-builder-workspace/.swiftpm/xcode
    builtin-SwiftPerFileCompile CompressionStrategy.swift
SwiftCompile normal arm64_32 /Users/admin/builder/spi-builder-workspace/Sources/SwiftZlib/Core/Compression/Compressor.swift (in target 'SwiftZlib' from project 'SwiftZlib')
    cd /Users/admin/builder/spi-builder-workspace/.swiftpm/xcode
    builtin-SwiftPerFileCompile Compressor.swift
SwiftCompile normal arm64_32 Compiling\ StreamingDecompressor.swift,\ ZLibStreamBuilder.swift,\ Timer.swift,\ WindowBits.swift,\ ZLibError.swift /Users/admin/builder/spi-builder-workspace/Sources/SwiftZlib/Core/Stream/StreamingDecompressor.swift /Users/admin/builder/spi-builder-workspace/Sources/SwiftZlib/Core/Stream/ZLibStreamBuilder.swift /Users/admin/builder/spi-builder-workspace/Sources/SwiftZlib/Core/Timer.swift /Users/admin/builder/spi-builder-workspace/Sources/SwiftZlib/Core/WindowBits.swift /Users/admin/builder/spi-builder-workspace/Sources/SwiftZlib/Core/ZLibError.swift (in target 'SwiftZlib' from project 'SwiftZlib')
SwiftCompile normal arm64_32 /Users/admin/builder/spi-builder-workspace/Sources/SwiftZlib/Core/Stream/StreamingDecompressor.swift (in target 'SwiftZlib' from project 'SwiftZlib')
    cd /Users/admin/builder/spi-builder-workspace/.swiftpm/xcode
    builtin-SwiftPerFileCompile StreamingDecompressor.swift
SwiftCompile normal arm64_32 /Users/admin/builder/spi-builder-workspace/Sources/SwiftZlib/Core/Stream/ZLibStreamBuilder.swift (in target 'SwiftZlib' from project 'SwiftZlib')
    cd /Users/admin/builder/spi-builder-workspace/.swiftpm/xcode
    builtin-SwiftPerFileCompile ZLibStreamBuilder.swift
SwiftCompile normal arm64_32 /Users/admin/builder/spi-builder-workspace/Sources/SwiftZlib/Core/Timer.swift (in target 'SwiftZlib' from project 'SwiftZlib')
    cd /Users/admin/builder/spi-builder-workspace/.swiftpm/xcode
    builtin-SwiftPerFileCompile Timer.swift
SwiftCompile normal arm64_32 /Users/admin/builder/spi-builder-workspace/Sources/SwiftZlib/Core/WindowBits.swift (in target 'SwiftZlib' from project 'SwiftZlib')
    cd /Users/admin/builder/spi-builder-workspace/.swiftpm/xcode
    builtin-SwiftPerFileCompile WindowBits.swift
SwiftCompile normal arm64_32 /Users/admin/builder/spi-builder-workspace/Sources/SwiftZlib/Core/ZLibError.swift (in target 'SwiftZlib' from project 'SwiftZlib')
    cd /Users/admin/builder/spi-builder-workspace/.swiftpm/xcode
    builtin-SwiftPerFileCompile ZLibError.swift
SwiftCompile normal arm64_32 Compiling\ Decompressor.swift,\ BaseInflateBackDecompressor.swift,\ DecompressorType.swift,\ EnhancedInflateBackDecompressor.swift,\ InflateBackDecompressorCBridged.swift /Users/admin/builder/spi-builder-workspace/Sources/SwiftZlib/Core/Compression/Decompressor.swift /Users/admin/builder/spi-builder-workspace/Sources/SwiftZlib/Core/Compression/InflateBackDecompressors/BaseInflateBackDecompressor.swift /Users/admin/builder/spi-builder-workspace/Sources/SwiftZlib/Core/Compression/InflateBackDecompressors/DecompressorType.swift /Users/admin/builder/spi-builder-workspace/Sources/SwiftZlib/Core/Compression/InflateBackDecompressors/EnhancedInflateBackDecompressor.swift /Users/admin/builder/spi-builder-workspace/Sources/SwiftZlib/Core/Compression/InflateBackDecompressors/InflateBackDecompressorCBridged.swift (in target 'SwiftZlib' from project 'SwiftZlib')
SwiftCompile normal arm64_32 /Users/admin/builder/spi-builder-workspace/Sources/SwiftZlib/Core/Compression/Decompressor.swift (in target 'SwiftZlib' from project 'SwiftZlib')
    cd /Users/admin/builder/spi-builder-workspace/.swiftpm/xcode
    builtin-SwiftPerFileCompile Decompressor.swift
SwiftCompile normal arm64_32 /Users/admin/builder/spi-builder-workspace/Sources/SwiftZlib/Core/Compression/InflateBackDecompressors/BaseInflateBackDecompressor.swift (in target 'SwiftZlib' from project 'SwiftZlib')
    cd /Users/admin/builder/spi-builder-workspace/.swiftpm/xcode
    builtin-SwiftPerFileCompile BaseInflateBackDecompressor.swift
SwiftCompile normal arm64_32 /Users/admin/builder/spi-builder-workspace/Sources/SwiftZlib/Core/Compression/InflateBackDecompressors/DecompressorType.swift (in target 'SwiftZlib' from project 'SwiftZlib')
    cd /Users/admin/builder/spi-builder-workspace/.swiftpm/xcode
    builtin-SwiftPerFileCompile DecompressorType.swift
SwiftCompile normal arm64_32 /Users/admin/builder/spi-builder-workspace/Sources/SwiftZlib/Core/Compression/InflateBackDecompressors/EnhancedInflateBackDecompressor.swift (in target 'SwiftZlib' from project 'SwiftZlib')
    cd /Users/admin/builder/spi-builder-workspace/.swiftpm/xcode
    builtin-SwiftPerFileCompile EnhancedInflateBackDecompressor.swift
SwiftCompile normal arm64_32 /Users/admin/builder/spi-builder-workspace/Sources/SwiftZlib/Core/Compression/InflateBackDecompressors/InflateBackDecompressorCBridged.swift (in target 'SwiftZlib' from project 'SwiftZlib')
    cd /Users/admin/builder/spi-builder-workspace/.swiftpm/xcode
    builtin-SwiftPerFileCompile InflateBackDecompressorCBridged.swift
SwiftCompile normal arm64_32 Compiling\ FlushMode.swift,\ GzipHeader.swift,\ Logging.swift,\ MemoryLevel.swift,\ StreamingConfig.swift /Users/admin/builder/spi-builder-workspace/Sources/SwiftZlib/Core/FlushMode.swift /Users/admin/builder/spi-builder-workspace/Sources/SwiftZlib/Core/GzipHeader.swift /Users/admin/builder/spi-builder-workspace/Sources/SwiftZlib/Core/Logging.swift /Users/admin/builder/spi-builder-workspace/Sources/SwiftZlib/Core/MemoryLevel.swift /Users/admin/builder/spi-builder-workspace/Sources/SwiftZlib/Core/Stream/StreamingConfig.swift (in target 'SwiftZlib' from project 'SwiftZlib')
/Users/admin/builder/spi-builder-workspace/Sources/SwiftZlib/Core/GzipHeader.swift:252:73: error: integer literal '3735928559' overflows when stored into 'Int'
250 |         if let commentPtr {
251 |             // Validate pointer before deallocation
252 |             guard commentPtr != UnsafeMutablePointer<CChar>(bitPattern: 0xDEAD_BEEF) else {
    |                                                                         `- error: integer literal '3735928559' overflows when stored into 'Int'
253 |                 fatalError("Attempting to deallocate invalid pointer")
254 |             }
/Users/admin/builder/spi-builder-workspace/Sources/SwiftZlib/Core/GzipHeader.swift:245:70: error: integer literal '3735928559' overflows when stored into 'Int'
243 |         if let namePtr {
244 |             // Validate pointer before deallocation
245 |             guard namePtr != UnsafeMutablePointer<CChar>(bitPattern: 0xDEAD_BEEF) else {
    |                                                                      `- error: integer literal '3735928559' overflows when stored into 'Int'
246 |                 fatalError("Attempting to deallocate invalid pointer")
247 |             }
/Users/admin/builder/spi-builder-workspace/Sources/SwiftZlib/Core/GzipHeader.swift:238:71: error: integer literal '3735928559' overflows when stored into 'Int'
236 |         if let extraPtr {
237 |             // Validate pointer before deallocation
238 |             guard extraPtr != UnsafeMutablePointer<Bytef>(bitPattern: 0xDEAD_BEEF) else {
    |                                                                       `- error: integer literal '3735928559' overflows when stored into 'Int'
239 |                 fatalError("Attempting to deallocate invalid pointer")
240 |             }
Failed frontend command:
/Applications/Xcode-27.0.0-Release.Candidate.app/Contents/Developer/Toolchains/XcodeDefault.xctoolchain/usr/bin/swift-frontend -frontend -c /Users/admin/builder/spi-builder-workspace/Sources/SwiftZlib/API/Data+Extensions.swift /Users/admin/builder/spi-builder-workspace/Sources/SwiftZlib/API/String+Extensions.swift /Users/admin/builder/spi-builder-workspace/Sources/SwiftZlib/API/ZLib+Async.swift /Users/admin/builder/spi-builder-workspace/Sources/SwiftZlib/API/ZLib+AsyncStream.swift /Users/admin/builder/spi-builder-workspace/Sources/SwiftZlib/API/ZLib+Combine.swift /Users/admin/builder/spi-builder-workspace/Sources/SwiftZlib/API/ZLib+File.swift /Users/admin/builder/spi-builder-workspace/Sources/SwiftZlib/API/ZLib+FileChunked.swift /Users/admin/builder/spi-builder-workspace/Sources/SwiftZlib/API/ZLib+Stream.swift /Users/admin/builder/spi-builder-workspace/Sources/SwiftZlib/API/ZLib.swift /Users/admin/builder/spi-builder-workspace/Sources/SwiftZlib/API/ZLibErrorCode.swift /Users/admin/builder/spi-builder-workspace/Sources/SwiftZlib/Async/AsyncCompressor.swift /Users/admin/builder/spi-builder-workspace/Sources/SwiftZlib/Async/AsyncDecompressor.swift /Users/admin/builder/spi-builder-workspace/Sources/SwiftZlib/Async/AsyncZLibStream.swift /Users/admin/builder/spi-builder-workspace/Sources/SwiftZlib/Async/AsyncZLibStreamBuilder.swift /Users/admin/builder/spi-builder-workspace/Sources/SwiftZlib/Core/Compression/Compression.swift /Users/admin/builder/spi-builder-workspace/Sources/SwiftZlib/Core/Compression/CompressionLevel.swift /Users/admin/builder/spi-builder-workspace/Sources/SwiftZlib/Core/Compression/CompressionMethod.swift /Users/admin/builder/spi-builder-workspace/Sources/SwiftZlib/Core/Compression/CompressionPhase.swift /Users/admin/builder/spi-builder-workspace/Sources/SwiftZlib/Core/Compression/CompressionStrategy.swift /Users/admin/builder/spi-builder-workspace/Sources/SwiftZlib/Core/Compression/Compressor.swift /Users/admin/builder/spi-builder-workspace/Sources/SwiftZlib/Core/Compression/Decompressor.swift /Users/admin/builder/spi-builder-workspace/Sources/SwiftZlib/Core/Compression/InflateBackDecompressors/BaseInflateBackDecompressor.swift /Users/admin/builder/spi-builder-workspace/Sources/SwiftZlib/Core/Compression/InflateBackDecompressors/DecompressorType.swift /Users/admin/builder/spi-builder-workspace/Sources/SwiftZlib/Core/Compression/InflateBackDecompressors/EnhancedInflateBackDecompressor.swift /Users/admin/builder/spi-builder-workspace/Sources/SwiftZlib/Core/Compression/InflateBackDecompressors/InflateBackDecompressorCBridged.swift -primary-file /Users/admin/builder/spi-builder-workspace/Sources/SwiftZlib/Core/FlushMode.swift -primary-file /Users/admin/builder/spi-builder-workspace/Sources/SwiftZlib/Core/GzipHeader.swift -primary-file /Users/admin/builder/spi-builder-workspace/Sources/SwiftZlib/Core/Logging.swift -primary-file /Users/admin/builder/spi-builder-workspace/Sources/SwiftZlib/Core/MemoryLevel.swift -primary-file /Users/admin/builder/spi-builder-workspace/Sources/SwiftZlib/Core/Stream/StreamingConfig.swift /Users/admin/builder/spi-builder-workspace/Sources/SwiftZlib/Core/Stream/StreamingDecompressor.swift /Users/admin/builder/spi-builder-workspace/Sources/SwiftZlib/Core/Stream/ZLibStreamBuilder.swift /Users/admin/builder/spi-builder-workspace/Sources/SwiftZlib/Core/Timer.swift /Users/admin/builder/spi-builder-workspace/Sources/SwiftZlib/Core/WindowBits.swift /Users/admin/builder/spi-builder-workspace/Sources/SwiftZlib/Core/ZLibError.swift /Users/admin/builder/spi-builder-workspace/Sources/SwiftZlib/Core/ZLibStatus.swift /Users/admin/builder/spi-builder-workspace/Sources/SwiftZlib/Core/ZLibStream.swift /Users/admin/builder/spi-builder-workspace/Sources/SwiftZlib/FileOperations/ChunkedProcessor.swift /Users/admin/builder/spi-builder-workspace/Sources/SwiftZlib/FileOperations/FileChunkedCompressor.swift /Users/admin/builder/spi-builder-workspace/Sources/SwiftZlib/FileOperations/FileChunkedDecompressor.swift /Users/admin/builder/spi-builder-workspace/Sources/SwiftZlib/FileOperations/FileCompressor.swift /Users/admin/builder/spi-builder-workspace/Sources/SwiftZlib/FileOperations/FileDecompressor.swift /Users/admin/builder/spi-builder-workspace/Sources/SwiftZlib/FileOperations/FileProcessor.swift /Users/admin/builder/spi-builder-workspace/Sources/SwiftZlib/FileOperations/GzipFile.swift /Users/admin/builder/spi-builder-workspace/Sources/SwiftZlib/FileOperations/GzipFileError.swift /Users/admin/builder/spi-builder-workspace/Sources/SwiftZlib/FileOperations/SimpleFileCompressor.swift /Users/admin/builder/spi-builder-workspace/Sources/SwiftZlib/FileOperations/SimpleFileDecompressor.swift -supplementary-output-file-map /Users/admin/builder/spi-builder-workspace/.derivedData/Build/Intermediates.noindex/SwiftZlib.build/Debug-watchos/SwiftZlib-t.build/Objects-normal/arm64_32/supplementaryOutputs-9 -target arm64_32-apple-watchos9.0 -module-can-import-version Combine 3023 0 -module-can-import-version CoreFoundation 2412 5027.0.69 -disable-cross-import-overlay-search -load-resolved-plugin /Applications/Xcode-27.0.0-Release.Candidate.app/Contents/Developer/Platforms/WatchOS.platform/Developer/usr/lib/swift/host/plugins/libFoundationMacros.dylib\#/Applications/Xcode-27.0.0-Release.Candidate.app/Contents/Developer/Platforms/WatchOS.platform/Developer/usr/bin/swift-plugin-server\#FoundationMacros -load-resolved-plugin /Applications/Xcode-27.0.0-Release.Candidate.app/Contents/Developer/Platforms/WatchOS.platform/Developer/usr/lib/swift/host/plugins/libObservationMacros.dylib\#/Applications/Xcode-27.0.0-Release.Candidate.app/Contents/Developer/Platforms/WatchOS.platform/Developer/usr/bin/swift-plugin-server\#ObservationMacros -load-resolved-plugin /Applications/Xcode-27.0.0-Release.Candidate.app/Contents/Developer/Platforms/WatchOS.platform/Developer/usr/lib/swift/host/plugins/libSwiftMacros.dylib\#/Applications/Xcode-27.0.0-Release.Candidate.app/Contents/Developer/Platforms/WatchOS.platform/Developer/usr/bin/swift-plugin-server\#SwiftMacros -disable-implicit-swift-modules -Xcc -fno-implicit-modules -Xcc -fno-implicit-module-maps -explicit-swift-module-map-file /Users/admin/builder/spi-builder-workspace/.derivedData/Build/Intermediates.noindex/SwiftZlib.build/Debug-watchos/SwiftZlib-t.build/Objects-normal/arm64_32/SwiftZlib-dependencies-1.json -enable-objc-interop -sdk /Applications/Xcode-27.0.0-Release.Candidate.app/Contents/Developer/Platforms/WatchOS.platform/Developer/SDKs/WatchOS27.0.sdk -I /Users/admin/builder/spi-builder-workspace/.derivedData/Build/Products/Debug-watchos -Isystem /Applications/Xcode-27.0.0-Release.Candidate.app/Contents/Developer/Platforms/WatchOS.platform/Developer/usr/lib -F /Users/admin/builder/spi-builder-workspace/.derivedData/Build/Products/Debug-watchos/PackageFrameworks -F /Users/admin/builder/spi-builder-workspace/.derivedData/Build/Products/Debug-watchos -F /Applications/Xcode-27.0.0-Release.Candidate.app/Contents/Developer/Platforms/WatchOS.platform/Developer/Library/Frameworks -F /Applications/Xcode-27.0.0-Release.Candidate.app/Contents/Developer/Platforms/WatchOS.platform/Developer/SDKs/WatchOS27.0.sdk/Developer/Library/Frameworks -module-cache-path /Users/admin/builder/spi-builder-workspace/.derivedData/Build/Intermediates.noindex/SwiftExplicitPrecompiledModules -no-color-diagnostics -Xcc -fno-color-diagnostics -enable-testing -g -debug-info-format\=dwarf -dwarf-version\=4 -profile-generate -profile-coverage-mapping -swift-version 5 -Onone -D SWIFT_PACKAGE -D DEBUG -D SWIFT_MODULE_RESOURCE_BUNDLE_UNAVAILABLE -D ZLIB_VERBOSE_DISABLED -D Xcode -serialize-debugging-options -enable-experimental-feature DebugDescriptionMacro -empty-abi-descriptor -validate-clang-modules-once -clang-build-session-file /Users/admin/builder/spi-builder-workspace/.derivedData/ModuleCache.noindex/Session.modulevalidation -Xcc -working-directory -Xcc /Users/admin/builder/spi-builder-workspace/.swiftpm/xcode -enable-anonymous-context-mangled-names -file-compilation-dir /Users/admin/builder/spi-builder-workspace/.swiftpm/xcode -Xcc -fmodule-map-file\=/Users/admin/builder/spi-builder-workspace/.derivedData/Build/Intermediates.noindex/GeneratedModuleMaps-watchos/CZLib.modulemap -Xcc -D_LIBCPP_HARDENING_MODE\=_LIBCPP_HARDENING_MODE_DEBUG -Xcc -ivfsstatcache -Xcc /Users/admin/builder/spi-builder-workspace/.derivedData/SDKStatCaches.noindex/watchos27.0-24R360-e829b21a6f8c9b70876ba0858053c04477534ef55a1706bf4c1112bbb242f0a2.sdkstatcache -Xcc -fmodules-prune-interval\=86400 -Xcc -fmodules-prune-after\=345600 -Xcc -I/Users/admin/builder/spi-builder-workspace/Sources/CZLib/include -Xcc -I/Users/admin/builder/spi-builder-workspace/.derivedData/Build/Products/Debug-watchos/include -Xcc -I/Users/admin/builder/spi-builder-workspace/.derivedData/Build/Intermediates.noindex/SwiftZlib.build/Debug-watchos/SwiftZlib-t.build/DerivedSources-normal/arm64_32 -Xcc -I/Users/admin/builder/spi-builder-workspace/.derivedData/Build/Intermediates.noindex/SwiftZlib.build/Debug-watchos/SwiftZlib-t.build/DerivedSources/arm64_32 -Xcc -I/Users/admin/builder/spi-builder-workspace/.derivedData/Build/Intermediates.noindex/SwiftZlib.build/Debug-watchos/SwiftZlib-t.build/DerivedSources -Xcc -DSWIFT_PACKAGE -Xcc -DDEBUG\=1 -no-auto-bridging-header-chaining -module-name SwiftZlib -package-name spi_builder_workspace -const-gather-protocols-file /Users/admin/builder/spi-builder-workspace/.derivedData/Build/Intermediates.noindex/SwiftZlib.build/Debug-watchos/SwiftZlib-t.build/Objects-normal/arm64_32/SwiftZlib_const_extract_protocols.json -disable-clang-spi -clang-target arm64_32-apple-watchos27.0 -target-sdk-version 27.0 -target-sdk-name watchos27.0 -in-process-plugin-server-path /Applications/Xcode-27.0.0-Release.Candidate.app/Contents/Developer/Toolchains/XcodeDefault.xctoolchain/usr/lib/swift/host/libSwiftInProcPluginServer.dylib -parse-as-library -o /Users/admin/builder/spi-builder-workspace/.derivedData/Build/Intermediates.noindex/SwiftZlib.build/Debug-watchos/SwiftZlib-t.build/Objects-normal/arm64_32/FlushMode.o -o /Users/admin/builder/spi-builder-workspace/.derivedData/Build/Intermediates.noindex/SwiftZlib.build/Debug-watchos/SwiftZlib-t.build/Objects-normal/arm64_32/GzipHeader.o -o /Users/admin/builder/spi-builder-workspace/.derivedData/Build/Intermediates.noindex/SwiftZlib.build/Debug-watchos/SwiftZlib-t.build/Objects-normal/arm64_32/Logging.o -o /Users/admin/builder/spi-builder-workspace/.derivedData/Build/Intermediates.noindex/SwiftZlib.build/Debug-watchos/SwiftZlib-t.build/Objects-normal/arm64_32/MemoryLevel.o -o /Users/admin/builder/spi-builder-workspace/.derivedData/Build/Intermediates.noindex/SwiftZlib.build/Debug-watchos/SwiftZlib-t.build/Objects-normal/arm64_32/StreamingConfig.o -debug-module-path /Users/admin/builder/spi-builder-workspace/.derivedData/Build/Intermediates.noindex/SwiftZlib.build/Debug-watchos/SwiftZlib-t.build/Objects-normal/arm64_32/SwiftZlib.swiftmodule -index-unit-output-path /SwiftZlib.build/Debug-watchos/SwiftZlib-t.build/Objects-normal/arm64_32/FlushMode.o -index-unit-output-path /SwiftZlib.build/Debug-watchos/SwiftZlib-t.build/Objects-normal/arm64_32/GzipHeader.o -index-unit-output-path /SwiftZlib.build/Debug-watchos/SwiftZlib-t.build/Objects-normal/arm64_32/Logging.o -index-unit-output-path /SwiftZlib.build/Debug-watchos/SwiftZlib-t.build/Objects-normal/arm64_32/MemoryLevel.o -index-unit-output-path /SwiftZlib.build/Debug-watchos/SwiftZlib-t.build/Objects-normal/arm64_32/StreamingConfig.o -index-store-path /Users/admin/builder/spi-builder-workspace/.derivedData/Index.noindex/DataStore -index-system-modules
SwiftCompile normal arm64_32 /Users/admin/builder/spi-builder-workspace/Sources/SwiftZlib/Core/FlushMode.swift (in target 'SwiftZlib' from project 'SwiftZlib')
    cd /Users/admin/builder/spi-builder-workspace/.swiftpm/xcode
    builtin-SwiftPerFileCompile FlushMode.swift
SwiftCompile normal arm64_32 /Users/admin/builder/spi-builder-workspace/Sources/SwiftZlib/Core/GzipHeader.swift (in target 'SwiftZlib' from project 'SwiftZlib')
    cd /Users/admin/builder/spi-builder-workspace/.swiftpm/xcode
    builtin-SwiftPerFileCompile GzipHeader.swift
SwiftCompile normal arm64_32 /Users/admin/builder/spi-builder-workspace/Sources/SwiftZlib/Core/Logging.swift (in target 'SwiftZlib' from project 'SwiftZlib')
    cd /Users/admin/builder/spi-builder-workspace/.swiftpm/xcode
    builtin-SwiftPerFileCompile Logging.swift
SwiftCompile normal arm64_32 /Users/admin/builder/spi-builder-workspace/Sources/SwiftZlib/Core/MemoryLevel.swift (in target 'SwiftZlib' from project 'SwiftZlib')
    cd /Users/admin/builder/spi-builder-workspace/.swiftpm/xcode
    builtin-SwiftPerFileCompile MemoryLevel.swift
SwiftCompile normal arm64_32 /Users/admin/builder/spi-builder-workspace/Sources/SwiftZlib/Core/Stream/StreamingConfig.swift (in target 'SwiftZlib' from project 'SwiftZlib')
    cd /Users/admin/builder/spi-builder-workspace/.swiftpm/xcode
    builtin-SwiftPerFileCompile StreamingConfig.swift
SwiftCompile normal arm64_32 Compiling\ AsyncCompressor.swift,\ AsyncDecompressor.swift,\ AsyncZLibStream.swift,\ AsyncZLibStreamBuilder.swift,\ Compression.swift /Users/admin/builder/spi-builder-workspace/Sources/SwiftZlib/Async/AsyncCompressor.swift /Users/admin/builder/spi-builder-workspace/Sources/SwiftZlib/Async/AsyncDecompressor.swift /Users/admin/builder/spi-builder-workspace/Sources/SwiftZlib/Async/AsyncZLibStream.swift /Users/admin/builder/spi-builder-workspace/Sources/SwiftZlib/Async/AsyncZLibStreamBuilder.swift /Users/admin/builder/spi-builder-workspace/Sources/SwiftZlib/Core/Compression/Compression.swift (in target 'SwiftZlib' from project 'SwiftZlib')
SwiftCompile normal arm64_32 /Users/admin/builder/spi-builder-workspace/Sources/SwiftZlib/Async/AsyncCompressor.swift (in target 'SwiftZlib' from project 'SwiftZlib')
    cd /Users/admin/builder/spi-builder-workspace/.swiftpm/xcode
    builtin-SwiftPerFileCompile AsyncCompressor.swift
SwiftCompile normal arm64_32 /Users/admin/builder/spi-builder-workspace/Sources/SwiftZlib/Async/AsyncDecompressor.swift (in target 'SwiftZlib' from project 'SwiftZlib')
    cd /Users/admin/builder/spi-builder-workspace/.swiftpm/xcode
    builtin-SwiftPerFileCompile AsyncDecompressor.swift
SwiftCompile normal arm64_32 /Users/admin/builder/spi-builder-workspace/Sources/SwiftZlib/Async/AsyncZLibStream.swift (in target 'SwiftZlib' from project 'SwiftZlib')
    cd /Users/admin/builder/spi-builder-workspace/.swiftpm/xcode
    builtin-SwiftPerFileCompile AsyncZLibStream.swift
SwiftCompile normal arm64_32 /Users/admin/builder/spi-builder-workspace/Sources/SwiftZlib/Async/AsyncZLibStreamBuilder.swift (in target 'SwiftZlib' from project 'SwiftZlib')
    cd /Users/admin/builder/spi-builder-workspace/.swiftpm/xcode
    builtin-SwiftPerFileCompile AsyncZLibStreamBuilder.swift
SwiftCompile normal arm64_32 /Users/admin/builder/spi-builder-workspace/Sources/SwiftZlib/Core/Compression/Compression.swift (in target 'SwiftZlib' from project 'SwiftZlib')
    cd /Users/admin/builder/spi-builder-workspace/.swiftpm/xcode
    builtin-SwiftPerFileCompile Compression.swift
SwiftCompile normal arm64_32 Compiling\ Data+Extensions.swift,\ String+Extensions.swift,\ ZLib+Async.swift,\ ZLib+AsyncStream.swift,\ ZLib+Combine.swift /Users/admin/builder/spi-builder-workspace/Sources/SwiftZlib/API/Data+Extensions.swift /Users/admin/builder/spi-builder-workspace/Sources/SwiftZlib/API/String+Extensions.swift /Users/admin/builder/spi-builder-workspace/Sources/SwiftZlib/API/ZLib+Async.swift /Users/admin/builder/spi-builder-workspace/Sources/SwiftZlib/API/ZLib+AsyncStream.swift /Users/admin/builder/spi-builder-workspace/Sources/SwiftZlib/API/ZLib+Combine.swift (in target 'SwiftZlib' from project 'SwiftZlib')
SwiftCompile normal arm64_32 /Users/admin/builder/spi-builder-workspace/Sources/SwiftZlib/API/Data+Extensions.swift (in target 'SwiftZlib' from project 'SwiftZlib')
    cd /Users/admin/builder/spi-builder-workspace/.swiftpm/xcode
    builtin-SwiftPerFileCompile Data+Extensions.swift
SwiftCompile normal arm64_32 /Users/admin/builder/spi-builder-workspace/Sources/SwiftZlib/API/String+Extensions.swift (in target 'SwiftZlib' from project 'SwiftZlib')
    cd /Users/admin/builder/spi-builder-workspace/.swiftpm/xcode
    builtin-SwiftPerFileCompile String+Extensions.swift
SwiftCompile normal arm64_32 /Users/admin/builder/spi-builder-workspace/Sources/SwiftZlib/API/ZLib+Async.swift (in target 'SwiftZlib' from project 'SwiftZlib')
    cd /Users/admin/builder/spi-builder-workspace/.swiftpm/xcode
    builtin-SwiftPerFileCompile ZLib+Async.swift
SwiftCompile normal arm64_32 /Users/admin/builder/spi-builder-workspace/Sources/SwiftZlib/API/ZLib+AsyncStream.swift (in target 'SwiftZlib' from project 'SwiftZlib')
    cd /Users/admin/builder/spi-builder-workspace/.swiftpm/xcode
    builtin-SwiftPerFileCompile ZLib+AsyncStream.swift
SwiftCompile normal arm64_32 /Users/admin/builder/spi-builder-workspace/Sources/SwiftZlib/API/ZLib+Combine.swift (in target 'SwiftZlib' from project 'SwiftZlib')
    cd /Users/admin/builder/spi-builder-workspace/.swiftpm/xcode
    builtin-SwiftPerFileCompile ZLib+Combine.swift
SwiftCompile normal arm64_32 Compiling\ ZLibStatus.swift,\ ZLibStream.swift,\ ChunkedProcessor.swift,\ FileChunkedCompressor.swift /Users/admin/builder/spi-builder-workspace/Sources/SwiftZlib/Core/ZLibStatus.swift /Users/admin/builder/spi-builder-workspace/Sources/SwiftZlib/Core/ZLibStream.swift /Users/admin/builder/spi-builder-workspace/Sources/SwiftZlib/FileOperations/ChunkedProcessor.swift /Users/admin/builder/spi-builder-workspace/Sources/SwiftZlib/FileOperations/FileChunkedCompressor.swift (in target 'SwiftZlib' from project 'SwiftZlib')
SwiftCompile normal arm64_32 /Users/admin/builder/spi-builder-workspace/Sources/SwiftZlib/Core/ZLibStatus.swift (in target 'SwiftZlib' from project 'SwiftZlib')
    cd /Users/admin/builder/spi-builder-workspace/.swiftpm/xcode
    builtin-SwiftPerFileCompile ZLibStatus.swift
SwiftCompile normal arm64_32 /Users/admin/builder/spi-builder-workspace/Sources/SwiftZlib/Core/ZLibStream.swift (in target 'SwiftZlib' from project 'SwiftZlib')
    cd /Users/admin/builder/spi-builder-workspace/.swiftpm/xcode
    builtin-SwiftPerFileCompile ZLibStream.swift
SwiftCompile normal arm64_32 /Users/admin/builder/spi-builder-workspace/Sources/SwiftZlib/FileOperations/ChunkedProcessor.swift (in target 'SwiftZlib' from project 'SwiftZlib')
    cd /Users/admin/builder/spi-builder-workspace/.swiftpm/xcode
    builtin-SwiftPerFileCompile ChunkedProcessor.swift
SwiftCompile normal arm64_32 /Users/admin/builder/spi-builder-workspace/Sources/SwiftZlib/FileOperations/FileChunkedCompressor.swift (in target 'SwiftZlib' from project 'SwiftZlib')
    cd /Users/admin/builder/spi-builder-workspace/.swiftpm/xcode
    builtin-SwiftPerFileCompile FileChunkedCompressor.swift
SwiftCompile normal arm64_32 Compiling\ ZLib+File.swift,\ ZLib+FileChunked.swift,\ ZLib+Stream.swift,\ ZLib.swift,\ ZLibErrorCode.swift /Users/admin/builder/spi-builder-workspace/Sources/SwiftZlib/API/ZLib+File.swift /Users/admin/builder/spi-builder-workspace/Sources/SwiftZlib/API/ZLib+FileChunked.swift /Users/admin/builder/spi-builder-workspace/Sources/SwiftZlib/API/ZLib+Stream.swift /Users/admin/builder/spi-builder-workspace/Sources/SwiftZlib/API/ZLib.swift /Users/admin/builder/spi-builder-workspace/Sources/SwiftZlib/API/ZLibErrorCode.swift (in target 'SwiftZlib' from project 'SwiftZlib')
/Users/admin/builder/spi-builder-workspace/Sources/SwiftZlib/API/ZLib.swift:60:22: error: integer literal '1152921504606846976' overflows when stored into 'UInt'
 58 |         /// Is debug build
 59 |         public var isDebug: Bool {
 60 |             (flags & 0x1000_0000_0000_0000) != 0
    |                      `- error: integer literal '1152921504606846976' overflows when stored into 'UInt'
 61 |         }
 62 |
/Users/admin/builder/spi-builder-workspace/Sources/SwiftZlib/API/ZLib.swift:65:22: error: integer literal '2305843009213693952' overflows when stored into 'UInt'
 63 |         /// Is optimized build
 64 |         public var isOptimized: Bool {
 65 |             (flags & 0x2000_0000_0000_0000) != 0
    |                      `- error: integer literal '2305843009213693952' overflows when stored into 'UInt'
 66 |         }
 67 |
Failed frontend command:
/Applications/Xcode-27.0.0-Release.Candidate.app/Contents/Developer/Toolchains/XcodeDefault.xctoolchain/usr/bin/swift-frontend -frontend -c /Users/admin/builder/spi-builder-workspace/Sources/SwiftZlib/API/Data+Extensions.swift /Users/admin/builder/spi-builder-workspace/Sources/SwiftZlib/API/String+Extensions.swift /Users/admin/builder/spi-builder-workspace/Sources/SwiftZlib/API/ZLib+Async.swift /Users/admin/builder/spi-builder-workspace/Sources/SwiftZlib/API/ZLib+AsyncStream.swift /Users/admin/builder/spi-builder-workspace/Sources/SwiftZlib/API/ZLib+Combine.swift -primary-file /Users/admin/builder/spi-builder-workspace/Sources/SwiftZlib/API/ZLib+File.swift -primary-file /Users/admin/builder/spi-builder-workspace/Sources/SwiftZlib/API/ZLib+FileChunked.swift -primary-file /Users/admin/builder/spi-builder-workspace/Sources/SwiftZlib/API/ZLib+Stream.swift -primary-file /Users/admin/builder/spi-builder-workspace/Sources/SwiftZlib/API/ZLib.swift -primary-file /Users/admin/builder/spi-builder-workspace/Sources/SwiftZlib/API/ZLibErrorCode.swift /Users/admin/builder/spi-builder-workspace/Sources/SwiftZlib/Async/AsyncCompressor.swift /Users/admin/builder/spi-builder-workspace/Sources/SwiftZlib/Async/AsyncDecompressor.swift /Users/admin/builder/spi-builder-workspace/Sources/SwiftZlib/Async/AsyncZLibStream.swift /Users/admin/builder/spi-builder-workspace/Sources/SwiftZlib/Async/AsyncZLibStreamBuilder.swift /Users/admin/builder/spi-builder-workspace/Sources/SwiftZlib/Core/Compression/Compression.swift /Users/admin/builder/spi-builder-workspace/Sources/SwiftZlib/Core/Compression/CompressionLevel.swift /Users/admin/builder/spi-builder-workspace/Sources/SwiftZlib/Core/Compression/CompressionMethod.swift /Users/admin/builder/spi-builder-workspace/Sources/SwiftZlib/Core/Compression/CompressionPhase.swift /Users/admin/builder/spi-builder-workspace/Sources/SwiftZlib/Core/Compression/CompressionStrategy.swift /Users/admin/builder/spi-builder-workspace/Sources/SwiftZlib/Core/Compression/Compressor.swift /Users/admin/builder/spi-builder-workspace/Sources/SwiftZlib/Core/Compression/Decompressor.swift /Users/admin/builder/spi-builder-workspace/Sources/SwiftZlib/Core/Compression/InflateBackDecompressors/BaseInflateBackDecompressor.swift /Users/admin/builder/spi-builder-workspace/Sources/SwiftZlib/Core/Compression/InflateBackDecompressors/DecompressorType.swift /Users/admin/builder/spi-builder-workspace/Sources/SwiftZlib/Core/Compression/InflateBackDecompressors/EnhancedInflateBackDecompressor.swift /Users/admin/builder/spi-builder-workspace/Sources/SwiftZlib/Core/Compression/InflateBackDecompressors/InflateBackDecompressorCBridged.swift /Users/admin/builder/spi-builder-workspace/Sources/SwiftZlib/Core/FlushMode.swift /Users/admin/builder/spi-builder-workspace/Sources/SwiftZlib/Core/GzipHeader.swift /Users/admin/builder/spi-builder-workspace/Sources/SwiftZlib/Core/Logging.swift /Users/admin/builder/spi-builder-workspace/Sources/SwiftZlib/Core/MemoryLevel.swift /Users/admin/builder/spi-builder-workspace/Sources/SwiftZlib/Core/Stream/StreamingConfig.swift /Users/admin/builder/spi-builder-workspace/Sources/SwiftZlib/Core/Stream/StreamingDecompressor.swift /Users/admin/builder/spi-builder-workspace/Sources/SwiftZlib/Core/Stream/ZLibStreamBuilder.swift /Users/admin/builder/spi-builder-workspace/Sources/SwiftZlib/Core/Timer.swift /Users/admin/builder/spi-builder-workspace/Sources/SwiftZlib/Core/WindowBits.swift /Users/admin/builder/spi-builder-workspace/Sources/SwiftZlib/Core/ZLibError.swift /Users/admin/builder/spi-builder-workspace/Sources/SwiftZlib/Core/ZLibStatus.swift /Users/admin/builder/spi-builder-workspace/Sources/SwiftZlib/Core/ZLibStream.swift /Users/admin/builder/spi-builder-workspace/Sources/SwiftZlib/FileOperations/ChunkedProcessor.swift /Users/admin/builder/spi-builder-workspace/Sources/SwiftZlib/FileOperations/FileChunkedCompressor.swift /Users/admin/builder/spi-builder-workspace/Sources/SwiftZlib/FileOperations/FileChunkedDecompressor.swift /Users/admin/builder/spi-builder-workspace/Sources/SwiftZlib/FileOperations/FileCompressor.swift /Users/admin/builder/spi-builder-workspace/Sources/SwiftZlib/FileOperations/FileDecompressor.swift /Users/admin/builder/spi-builder-workspace/Sources/SwiftZlib/FileOperations/FileProcessor.swift /Users/admin/builder/spi-builder-workspace/Sources/SwiftZlib/FileOperations/GzipFile.swift /Users/admin/builder/spi-builder-workspace/Sources/SwiftZlib/FileOperations/GzipFileError.swift /Users/admin/builder/spi-builder-workspace/Sources/SwiftZlib/FileOperations/SimpleFileCompressor.swift /Users/admin/builder/spi-builder-workspace/Sources/SwiftZlib/FileOperations/SimpleFileDecompressor.swift -supplementary-output-file-map /Users/admin/builder/spi-builder-workspace/.derivedData/Build/Intermediates.noindex/SwiftZlib.build/Debug-watchos/SwiftZlib-t.build/Objects-normal/arm64_32/supplementaryOutputs-2 -target arm64_32-apple-watchos9.0 -module-can-import-version Combine 3023 0 -module-can-import-version CoreFoundation 2412 5027.0.69 -disable-cross-import-overlay-search -load-resolved-plugin /Applications/Xcode-27.0.0-Release.Candidate.app/Contents/Developer/Platforms/WatchOS.platform/Developer/usr/lib/swift/host/plugins/libFoundationMacros.dylib\#/Applications/Xcode-27.0.0-Release.Candidate.app/Contents/Developer/Platforms/WatchOS.platform/Developer/usr/bin/swift-plugin-server\#FoundationMacros -load-resolved-plugin /Applications/Xcode-27.0.0-Release.Candidate.app/Contents/Developer/Platforms/WatchOS.platform/Developer/usr/lib/swift/host/plugins/libObservationMacros.dylib\#/Applications/Xcode-27.0.0-Release.Candidate.app/Contents/Developer/Platforms/WatchOS.platform/Developer/usr/bin/swift-plugin-server\#ObservationMacros -load-resolved-plugin /Applications/Xcode-27.0.0-Release.Candidate.app/Contents/Developer/Platforms/WatchOS.platform/Developer/usr/lib/swift/host/plugins/libSwiftMacros.dylib\#/Applications/Xcode-27.0.0-Release.Candidate.app/Contents/Developer/Platforms/WatchOS.platform/Developer/usr/bin/swift-plugin-server\#SwiftMacros -disable-implicit-swift-modules -Xcc -fno-implicit-modules -Xcc -fno-implicit-module-maps -explicit-swift-module-map-file /Users/admin/builder/spi-builder-workspace/.derivedData/Build/Intermediates.noindex/SwiftZlib.build/Debug-watchos/SwiftZlib-t.build/Objects-normal/arm64_32/SwiftZlib-dependencies-1.json -enable-objc-interop -sdk /Applications/Xcode-27.0.0-Release.Candidate.app/Contents/Developer/Platforms/WatchOS.platform/Developer/SDKs/WatchOS27.0.sdk -I /Users/admin/builder/spi-builder-workspace/.derivedData/Build/Products/Debug-watchos -Isystem /Applications/Xcode-27.0.0-Release.Candidate.app/Contents/Developer/Platforms/WatchOS.platform/Developer/usr/lib -F /Users/admin/builder/spi-builder-workspace/.derivedData/Build/Products/Debug-watchos/PackageFrameworks -F /Users/admin/builder/spi-builder-workspace/.derivedData/Build/Products/Debug-watchos -F /Applications/Xcode-27.0.0-Release.Candidate.app/Contents/Developer/Platforms/WatchOS.platform/Developer/Library/Frameworks -F /Applications/Xcode-27.0.0-Release.Candidate.app/Contents/Developer/Platforms/WatchOS.platform/Developer/SDKs/WatchOS27.0.sdk/Developer/Library/Frameworks -module-cache-path /Users/admin/builder/spi-builder-workspace/.derivedData/Build/Intermediates.noindex/SwiftExplicitPrecompiledModules -no-color-diagnostics -Xcc -fno-color-diagnostics -enable-testing -g -debug-info-format\=dwarf -dwarf-version\=4 -profile-generate -profile-coverage-mapping -swift-version 5 -Onone -D SWIFT_PACKAGE -D DEBUG -D SWIFT_MODULE_RESOURCE_BUNDLE_UNAVAILABLE -D ZLIB_VERBOSE_DISABLED -D Xcode -serialize-debugging-options -enable-experimental-feature DebugDescriptionMacro -empty-abi-descriptor -validate-clang-modules-once -clang-build-session-file /Users/admin/builder/spi-builder-workspace/.derivedData/ModuleCache.noindex/Session.modulevalidation -Xcc -working-directory -Xcc /Users/admin/builder/spi-builder-workspace/.swiftpm/xcode -enable-anonymous-context-mangled-names -file-compilation-dir /Users/admin/builder/spi-builder-workspace/.swiftpm/xcode -Xcc -fmodule-map-file\=/Users/admin/builder/spi-builder-workspace/.derivedData/Build/Intermediates.noindex/GeneratedModuleMaps-watchos/CZLib.modulemap -Xcc -D_LIBCPP_HARDENING_MODE\=_LIBCPP_HARDENING_MODE_DEBUG -Xcc -ivfsstatcache -Xcc /Users/admin/builder/spi-builder-workspace/.derivedData/SDKStatCaches.noindex/watchos27.0-24R360-e829b21a6f8c9b70876ba0858053c04477534ef55a1706bf4c1112bbb242f0a2.sdkstatcache -Xcc -fmodules-prune-interval\=86400 -Xcc -fmodules-prune-after\=345600 -Xcc -I/Users/admin/builder/spi-builder-workspace/Sources/CZLib/include -Xcc -I/Users/admin/builder/spi-builder-workspace/.derivedData/Build/Products/Debug-watchos/include -Xcc -I/Users/admin/builder/spi-builder-workspace/.derivedData/Build/Intermediates.noindex/SwiftZlib.build/Debug-watchos/SwiftZlib-t.build/DerivedSources-normal/arm64_32 -Xcc -I/Users/admin/builder/spi-builder-workspace/.derivedData/Build/Intermediates.noindex/SwiftZlib.build/Debug-watchos/SwiftZlib-t.build/DerivedSources/arm64_32 -Xcc -I/Users/admin/builder/spi-builder-workspace/.derivedData/Build/Intermediates.noindex/SwiftZlib.build/Debug-watchos/SwiftZlib-t.build/DerivedSources -Xcc -DSWIFT_PACKAGE -Xcc -DDEBUG\=1 -no-auto-bridging-header-chaining -module-name SwiftZlib -package-name spi_builder_workspace -const-gather-protocols-file /Users/admin/builder/spi-builder-workspace/.derivedData/Build/Intermediates.noindex/SwiftZlib.build/Debug-watchos/SwiftZlib-t.build/Objects-normal/arm64_32/SwiftZlib_const_extract_protocols.json -disable-clang-spi -clang-target arm64_32-apple-watchos27.0 -target-sdk-version 27.0 -target-sdk-name watchos27.0 -in-process-plugin-server-path /Applications/Xcode-27.0.0-Release.Candidate.app/Contents/Developer/Toolchains/XcodeDefault.xctoolchain/usr/lib/swift/host/libSwiftInProcPluginServer.dylib -parse-as-library -o /Users/admin/builder/spi-builder-workspace/.derivedData/Build/Intermediates.noindex/SwiftZlib.build/Debug-watchos/SwiftZlib-t.build/Objects-normal/arm64_32/ZLib+File.o -o /Users/admin/builder/spi-builder-workspace/.derivedData/Build/Intermediates.noindex/SwiftZlib.build/Debug-watchos/SwiftZlib-t.build/Objects-normal/arm64_32/ZLib+FileChunked.o -o /Users/admin/builder/spi-builder-workspace/.derivedData/Build/Intermediates.noindex/SwiftZlib.build/Debug-watchos/SwiftZlib-t.build/Objects-normal/arm64_32/ZLib+Stream.o -o /Users/admin/builder/spi-builder-workspace/.derivedData/Build/Intermediates.noindex/SwiftZlib.build/Debug-watchos/SwiftZlib-t.build/Objects-normal/arm64_32/ZLib.o -o /Users/admin/builder/spi-builder-workspace/.derivedData/Build/Intermediates.noindex/SwiftZlib.build/Debug-watchos/SwiftZlib-t.build/Objects-normal/arm64_32/ZLibErrorCode.o -debug-module-path /Users/admin/builder/spi-builder-workspace/.derivedData/Build/Intermediates.noindex/SwiftZlib.build/Debug-watchos/SwiftZlib-t.build/Objects-normal/arm64_32/SwiftZlib.swiftmodule -index-unit-output-path /SwiftZlib.build/Debug-watchos/SwiftZlib-t.build/Objects-normal/arm64_32/ZLib+File.o -index-unit-output-path /SwiftZlib.build/Debug-watchos/SwiftZlib-t.build/Objects-normal/arm64_32/ZLib+FileChunked.o -index-unit-output-path /SwiftZlib.build/Debug-watchos/SwiftZlib-t.build/Objects-normal/arm64_32/ZLib+Stream.o -index-unit-output-path /SwiftZlib.build/Debug-watchos/SwiftZlib-t.build/Objects-normal/arm64_32/ZLib.o -index-unit-output-path /SwiftZlib.build/Debug-watchos/SwiftZlib-t.build/Objects-normal/arm64_32/ZLibErrorCode.o -index-store-path /Users/admin/builder/spi-builder-workspace/.derivedData/Index.noindex/DataStore -index-system-modules
SwiftCompile normal arm64_32 /Users/admin/builder/spi-builder-workspace/Sources/SwiftZlib/API/ZLib+File.swift (in target 'SwiftZlib' from project 'SwiftZlib')
    cd /Users/admin/builder/spi-builder-workspace/.swiftpm/xcode
    builtin-SwiftPerFileCompile ZLib+File.swift
SwiftCompile normal arm64_32 /Users/admin/builder/spi-builder-workspace/Sources/SwiftZlib/API/ZLib+FileChunked.swift (in target 'SwiftZlib' from project 'SwiftZlib')
    cd /Users/admin/builder/spi-builder-workspace/.swiftpm/xcode
    builtin-SwiftPerFileCompile ZLib+FileChunked.swift
SwiftCompile normal arm64_32 /Users/admin/builder/spi-builder-workspace/Sources/SwiftZlib/API/ZLib+Stream.swift (in target 'SwiftZlib' from project 'SwiftZlib')
    cd /Users/admin/builder/spi-builder-workspace/.swiftpm/xcode
    builtin-SwiftPerFileCompile ZLib+Stream.swift
SwiftCompile normal arm64_32 /Users/admin/builder/spi-builder-workspace/Sources/SwiftZlib/API/ZLib.swift (in target 'SwiftZlib' from project 'SwiftZlib')
    cd /Users/admin/builder/spi-builder-workspace/.swiftpm/xcode
    builtin-SwiftPerFileCompile ZLib.swift
SwiftCompile normal arm64_32 /Users/admin/builder/spi-builder-workspace/Sources/SwiftZlib/API/ZLibErrorCode.swift (in target 'SwiftZlib' from project 'SwiftZlib')
    cd /Users/admin/builder/spi-builder-workspace/.swiftpm/xcode
    builtin-SwiftPerFileCompile ZLibErrorCode.swift
SwiftEmitModule normal arm64_32 Emitting\ module\ for\ SwiftZlib (in target 'SwiftZlib' from project 'SwiftZlib')
SwiftCompile normal arm64_32 (in target 'SwiftZlib' from project 'SwiftZlib')
    cd /Users/admin/builder/spi-builder-workspace/.swiftpm/xcode

SwiftEmitModule normal arm64 Emitting\ module\ for\ SwiftZlib (in target 'SwiftZlib' from project 'SwiftZlib')
SwiftCompile normal arm64 (in target 'SwiftZlib' from project 'SwiftZlib')
    cd /Users/admin/builder/spi-builder-workspace/.swiftpm/xcode

SwiftDriverJobDiscovery normal arm64_32 Emitting module for SwiftZlib (in target 'SwiftZlib' from project 'SwiftZlib')
SwiftDriver\ Compilation\ Requirements SwiftZlib normal arm64_32 com.apple.xcode.tools.swift.compiler (in target 'SwiftZlib' from project 'SwiftZlib')
    cd /Users/admin/builder/spi-builder-workspace/.swiftpm/xcode
    builtin-Swift-Compilation-Requirements -- /Applications/Xcode-27.0.0-Release.Candidate.app/Contents/Developer/Toolchains/XcodeDefault.xctoolchain/usr/bin/swiftc -parse-as-library -module-name SwiftZlib -Onone @/Users/admin/builder/spi-builder-workspace/.derivedData/Build/Intermediates.noindex/SwiftZlib.build/Debug-watchos/SwiftZlib-t.build/Objects-normal/arm64_32/SwiftZlib.SwiftFileList -DSWIFT_PACKAGE -DDEBUG -DSWIFT_MODULE_RESOURCE_BUNDLE_UNAVAILABLE -DZLIB_VERBOSE_DISABLED -Xcc -fmodule-map-file\=/Users/admin/builder/spi-builder-workspace/.derivedData/Build/Intermediates.noindex/GeneratedModuleMaps-watchos/CZLib.modulemap -DXcode -plugin-path /Applications/Xcode-27.0.0-Release.Candidate.app/Contents/Developer/Toolchains/XcodeDefault.xctoolchain/usr/lib/swift/host/plugins/testing -enable-experimental-feature DebugDescriptionMacro -sdk /Applications/Xcode-27.0.0-Release.Candidate.app/Contents/Developer/Platforms/WatchOS.platform/Developer/SDKs/WatchOS27.0.sdk -target arm64_32-apple-watchos9.0 -g -module-cache-path /Users/admin/builder/spi-builder-workspace/.derivedData/ModuleCache.noindex -Xfrontend -serialize-debugging-options -profile-coverage-mapping -profile-generate -enable-testing -index-store-path /Users/admin/builder/spi-builder-workspace/.derivedData/Index.noindex/DataStore -Xcc -D_LIBCPP_HARDENING_MODE\=_LIBCPP_HARDENING_MODE_DEBUG -swift-version 5 -I /Users/admin/builder/spi-builder-workspace/.derivedData/Build/Products/Debug-watchos -Isystem /Applications/Xcode-27.0.0-Release.Candidate.app/Contents/Developer/Platforms/WatchOS.platform/Developer/usr/lib -F /Users/admin/builder/spi-builder-workspace/.derivedData/Build/Products/Debug-watchos/PackageFrameworks -F /Users/admin/builder/spi-builder-workspace/.derivedData/Build/Products/Debug-watchos -F /Applications/Xcode-27.0.0-Release.Candidate.app/Contents/Developer/Platforms/WatchOS.platform/Developer/Library/Frameworks -F /Applications/Xcode-27.0.0-Release.Candidate.app/Contents/Developer/Platforms/WatchOS.platform/Developer/SDKs/WatchOS27.0.sdk/Developer/Library/Frameworks -c -j10 -enable-batch-mode -incremental -Xcc -ivfsstatcache -Xcc /Users/admin/builder/spi-builder-workspace/.derivedData/SDKStatCaches.noindex/watchos27.0-24R360-e829b21a6f8c9b70876ba0858053c04477534ef55a1706bf4c1112bbb242f0a2.sdkstatcache -output-file-map /Users/admin/builder/spi-builder-workspace/.derivedData/Build/Intermediates.noindex/SwiftZlib.build/Debug-watchos/SwiftZlib-t.build/Objects-normal/arm64_32/SwiftZlib-OutputFileMap.json -save-temps -no-color-diagnostics -explicit-module-build -module-cache-path /Users/admin/builder/spi-builder-workspace/.derivedData/Build/Intermediates.noindex/SwiftExplicitPrecompiledModules -clang-scanner-module-cache-path /Users/admin/builder/spi-builder-workspace/.derivedData/ModuleCache.noindex -sdk-module-cache-path /Users/admin/builder/spi-builder-workspace/.derivedData/SDKExplicitPrecompiledModules -emit-dependencies -emit-module -emit-module-path /Users/admin/builder/spi-builder-workspace/.derivedData/Build/Intermediates.noindex/SwiftZlib.build/Debug-watchos/SwiftZlib-t.build/Objects-normal/arm64_32/SwiftZlib.swiftmodule -serialize-diagnostics -dependency-scan-serialize-diagnostics-path /Users/admin/builder/spi-builder-workspace/.derivedData/Build/Intermediates.noindex/SwiftZlib.build/Debug-watchos/SwiftZlib-t.build/Objects-normal/arm64_32/SwiftZlib-dependency-scan.dia -validate-clang-modules-once -clang-build-session-file /Users/admin/builder/spi-builder-workspace/.derivedData/ModuleCache.noindex/Session.modulevalidation -Xcc -fmodules-prune-interval\=86400 -Xcc -fmodules-prune-after\=345600 -package-name spi_builder_workspace -emit-const-values -const-gather-protocols-list /Users/admin/builder/spi-builder-workspace/.derivedData/Build/Intermediates.noindex/SwiftZlib.build/Debug-watchos/SwiftZlib-t.build/Objects-normal/arm64_32/SwiftZlib_const_extract_protocols.json -Xcc -I/Users/admin/builder/spi-builder-workspace/Sources/CZLib/include -Xcc -I/Users/admin/builder/spi-builder-workspace/.derivedData/Build/Products/Debug-watchos/include -Xcc -I/Users/admin/builder/spi-builder-workspace/.derivedData/Build/Intermediates.noindex/SwiftZlib.build/Debug-watchos/SwiftZlib-t.build/DerivedSources-normal/arm64_32 -Xcc -I/Users/admin/builder/spi-builder-workspace/.derivedData/Build/Intermediates.noindex/SwiftZlib.build/Debug-watchos/SwiftZlib-t.build/DerivedSources/arm64_32 -Xcc -I/Users/admin/builder/spi-builder-workspace/.derivedData/Build/Intermediates.noindex/SwiftZlib.build/Debug-watchos/SwiftZlib-t.build/DerivedSources -Xcc -DSWIFT_PACKAGE -Xcc -DDEBUG\=1 -emit-objc-header -emit-objc-header-path /Users/admin/builder/spi-builder-workspace/.derivedData/Build/Intermediates.noindex/SwiftZlib.build/Debug-watchos/SwiftZlib-t.build/Objects-normal/arm64_32/SwiftZlib-Swift.h -working-directory /Users/admin/builder/spi-builder-workspace/.swiftpm/xcode -experimental-emit-module-separately -disable-cmo
SwiftDriverJobDiscovery normal arm64 Emitting module for SwiftZlib (in target 'SwiftZlib' from project 'SwiftZlib')
SwiftDriver\ Compilation\ Requirements SwiftZlib normal arm64 com.apple.xcode.tools.swift.compiler (in target 'SwiftZlib' from project 'SwiftZlib')
    cd /Users/admin/builder/spi-builder-workspace/.swiftpm/xcode
    builtin-Swift-Compilation-Requirements -- /Applications/Xcode-27.0.0-Release.Candidate.app/Contents/Developer/Toolchains/XcodeDefault.xctoolchain/usr/bin/swiftc -parse-as-library -module-name SwiftZlib -Onone @/Users/admin/builder/spi-builder-workspace/.derivedData/Build/Intermediates.noindex/SwiftZlib.build/Debug-watchos/SwiftZlib-t.build/Objects-normal/arm64/SwiftZlib.SwiftFileList -DSWIFT_PACKAGE -DDEBUG -DSWIFT_MODULE_RESOURCE_BUNDLE_UNAVAILABLE -DZLIB_VERBOSE_DISABLED -Xcc -fmodule-map-file\=/Users/admin/builder/spi-builder-workspace/.derivedData/Build/Intermediates.noindex/GeneratedModuleMaps-watchos/CZLib.modulemap -DXcode -plugin-path /Applications/Xcode-27.0.0-Release.Candidate.app/Contents/Developer/Toolchains/XcodeDefault.xctoolchain/usr/lib/swift/host/plugins/testing -enable-experimental-feature DebugDescriptionMacro -sdk /Applications/Xcode-27.0.0-Release.Candidate.app/Contents/Developer/Platforms/WatchOS.platform/Developer/SDKs/WatchOS27.0.sdk -target arm64-apple-watchos9.0 -g -module-cache-path /Users/admin/builder/spi-builder-workspace/.derivedData/ModuleCache.noindex -Xfrontend -serialize-debugging-options -profile-coverage-mapping -profile-generate -enable-testing -index-store-path /Users/admin/builder/spi-builder-workspace/.derivedData/Index.noindex/DataStore -Xcc -D_LIBCPP_HARDENING_MODE\=_LIBCPP_HARDENING_MODE_DEBUG -swift-version 5 -I /Users/admin/builder/spi-builder-workspace/.derivedData/Build/Products/Debug-watchos -Isystem /Applications/Xcode-27.0.0-Release.Candidate.app/Contents/Developer/Platforms/WatchOS.platform/Developer/usr/lib -F /Users/admin/builder/spi-builder-workspace/.derivedData/Build/Products/Debug-watchos/PackageFrameworks -F /Users/admin/builder/spi-builder-workspace/.derivedData/Build/Products/Debug-watchos -F /Applications/Xcode-27.0.0-Release.Candidate.app/Contents/Developer/Platforms/WatchOS.platform/Developer/Library/Frameworks -F /Applications/Xcode-27.0.0-Release.Candidate.app/Contents/Developer/Platforms/WatchOS.platform/Developer/SDKs/WatchOS27.0.sdk/Developer/Library/Frameworks -c -j10 -enable-batch-mode -incremental -Xcc -ivfsstatcache -Xcc /Users/admin/builder/spi-builder-workspace/.derivedData/SDKStatCaches.noindex/watchos27.0-24R360-e829b21a6f8c9b70876ba0858053c04477534ef55a1706bf4c1112bbb242f0a2.sdkstatcache -output-file-map /Users/admin/builder/spi-builder-workspace/.derivedData/Build/Intermediates.noindex/SwiftZlib.build/Debug-watchos/SwiftZlib-t.build/Objects-normal/arm64/SwiftZlib-OutputFileMap.json -save-temps -no-color-diagnostics -explicit-module-build -module-cache-path /Users/admin/builder/spi-builder-workspace/.derivedData/Build/Intermediates.noindex/SwiftExplicitPrecompiledModules -clang-scanner-module-cache-path /Users/admin/builder/spi-builder-workspace/.derivedData/ModuleCache.noindex -sdk-module-cache-path /Users/admin/builder/spi-builder-workspace/.derivedData/SDKExplicitPrecompiledModules -emit-dependencies -emit-module -emit-module-path /Users/admin/builder/spi-builder-workspace/.derivedData/Build/Intermediates.noindex/SwiftZlib.build/Debug-watchos/SwiftZlib-t.build/Objects-normal/arm64/SwiftZlib.swiftmodule -serialize-diagnostics -dependency-scan-serialize-diagnostics-path /Users/admin/builder/spi-builder-workspace/.derivedData/Build/Intermediates.noindex/SwiftZlib.build/Debug-watchos/SwiftZlib-t.build/Objects-normal/arm64/SwiftZlib-dependency-scan.dia -validate-clang-modules-once -clang-build-session-file /Users/admin/builder/spi-builder-workspace/.derivedData/ModuleCache.noindex/Session.modulevalidation -Xcc -fmodules-prune-interval\=86400 -Xcc -fmodules-prune-after\=345600 -package-name spi_builder_workspace -emit-const-values -const-gather-protocols-list /Users/admin/builder/spi-builder-workspace/.derivedData/Build/Intermediates.noindex/SwiftZlib.build/Debug-watchos/SwiftZlib-t.build/Objects-normal/arm64/SwiftZlib_const_extract_protocols.json -Xcc -I/Users/admin/builder/spi-builder-workspace/Sources/CZLib/include -Xcc -I/Users/admin/builder/spi-builder-workspace/.derivedData/Build/Products/Debug-watchos/include -Xcc -I/Users/admin/builder/spi-builder-workspace/.derivedData/Build/Intermediates.noindex/SwiftZlib.build/Debug-watchos/SwiftZlib-t.build/DerivedSources-normal/arm64 -Xcc -I/Users/admin/builder/spi-builder-workspace/.derivedData/Build/Intermediates.noindex/SwiftZlib.build/Debug-watchos/SwiftZlib-t.build/DerivedSources/arm64 -Xcc -I/Users/admin/builder/spi-builder-workspace/.derivedData/Build/Intermediates.noindex/SwiftZlib.build/Debug-watchos/SwiftZlib-t.build/DerivedSources -Xcc -DSWIFT_PACKAGE -Xcc -DDEBUG\=1 -emit-objc-header -emit-objc-header-path /Users/admin/builder/spi-builder-workspace/.derivedData/Build/Intermediates.noindex/SwiftZlib.build/Debug-watchos/SwiftZlib-t.build/Objects-normal/arm64/SwiftZlib-Swift.h -working-directory /Users/admin/builder/spi-builder-workspace/.swiftpm/xcode -experimental-emit-module-separately -disable-cmo
Copy /Users/admin/builder/spi-builder-workspace/.derivedData/Build/Products/Debug-watchos/SwiftZlib.swiftmodule/arm64_32-apple-watchos.swiftmodule /Users/admin/builder/spi-builder-workspace/.derivedData/Build/Intermediates.noindex/SwiftZlib.build/Debug-watchos/SwiftZlib-t.build/Objects-normal/arm64_32/SwiftZlib.swiftmodule (in target 'SwiftZlib' from project 'SwiftZlib')
    cd /Users/admin/builder/spi-builder-workspace
    builtin-copy -exclude .DS_Store -exclude CVS -exclude .svn -exclude .git -exclude .hg -resolve-src-symlinks -rename /Users/admin/builder/spi-builder-workspace/.derivedData/Build/Intermediates.noindex/SwiftZlib.build/Debug-watchos/SwiftZlib-t.build/Objects-normal/arm64_32/SwiftZlib.swiftmodule /Users/admin/builder/spi-builder-workspace/.derivedData/Build/Products/Debug-watchos/SwiftZlib.swiftmodule/arm64_32-apple-watchos.swiftmodule
SwiftMergeGeneratedHeaders /Users/admin/builder/spi-builder-workspace/.derivedData/Build/Intermediates.noindex/GeneratedModuleMaps-watchos/SwiftZlib-Swift.h /Users/admin/builder/spi-builder-workspace/.derivedData/Build/Intermediates.noindex/SwiftZlib.build/Debug-watchos/SwiftZlib-t.build/Objects-normal/arm64/SwiftZlib-Swift.h /Users/admin/builder/spi-builder-workspace/.derivedData/Build/Intermediates.noindex/SwiftZlib.build/Debug-watchos/SwiftZlib-t.build/Objects-normal/arm64_32/SwiftZlib-Swift.h (in target 'SwiftZlib' from project 'SwiftZlib')
    cd /Users/admin/builder/spi-builder-workspace
    builtin-swiftHeaderTool -arch arm64 /Users/admin/builder/spi-builder-workspace/.derivedData/Build/Intermediates.noindex/SwiftZlib.build/Debug-watchos/SwiftZlib-t.build/Objects-normal/arm64/SwiftZlib-Swift.h -arch arm64_32 /Users/admin/builder/spi-builder-workspace/.derivedData/Build/Intermediates.noindex/SwiftZlib.build/Debug-watchos/SwiftZlib-t.build/Objects-normal/arm64_32/SwiftZlib-Swift.h -o /Users/admin/builder/spi-builder-workspace/.derivedData/Build/Intermediates.noindex/GeneratedModuleMaps-watchos/SwiftZlib-Swift.h
Copy /Users/admin/builder/spi-builder-workspace/.derivedData/Build/Products/Debug-watchos/SwiftZlib.swiftmodule/arm64_32-apple-watchos.swiftdoc /Users/admin/builder/spi-builder-workspace/.derivedData/Build/Intermediates.noindex/SwiftZlib.build/Debug-watchos/SwiftZlib-t.build/Objects-normal/arm64_32/SwiftZlib.swiftdoc (in target 'SwiftZlib' from project 'SwiftZlib')
    cd /Users/admin/builder/spi-builder-workspace
    builtin-copy -exclude .DS_Store -exclude CVS -exclude .svn -exclude .git -exclude .hg -resolve-src-symlinks -rename /Users/admin/builder/spi-builder-workspace/.derivedData/Build/Intermediates.noindex/SwiftZlib.build/Debug-watchos/SwiftZlib-t.build/Objects-normal/arm64_32/SwiftZlib.swiftdoc /Users/admin/builder/spi-builder-workspace/.derivedData/Build/Products/Debug-watchos/SwiftZlib.swiftmodule/arm64_32-apple-watchos.swiftdoc
Copy /Users/admin/builder/spi-builder-workspace/.derivedData/Build/Products/Debug-watchos/SwiftZlib.swiftmodule/arm64_32-apple-watchos.abi.json /Users/admin/builder/spi-builder-workspace/.derivedData/Build/Intermediates.noindex/SwiftZlib.build/Debug-watchos/SwiftZlib-t.build/Objects-normal/arm64_32/SwiftZlib.abi.json (in target 'SwiftZlib' from project 'SwiftZlib')
    cd /Users/admin/builder/spi-builder-workspace
    builtin-copy -exclude .DS_Store -exclude CVS -exclude .svn -exclude .git -exclude .hg -resolve-src-symlinks -rename /Users/admin/builder/spi-builder-workspace/.derivedData/Build/Intermediates.noindex/SwiftZlib.build/Debug-watchos/SwiftZlib-t.build/Objects-normal/arm64_32/SwiftZlib.abi.json /Users/admin/builder/spi-builder-workspace/.derivedData/Build/Products/Debug-watchos/SwiftZlib.swiftmodule/arm64_32-apple-watchos.abi.json
Copy /Users/admin/builder/spi-builder-workspace/.derivedData/Build/Products/Debug-watchos/SwiftZlib.swiftmodule/arm64-apple-watchos.swiftmodule /Users/admin/builder/spi-builder-workspace/.derivedData/Build/Intermediates.noindex/SwiftZlib.build/Debug-watchos/SwiftZlib-t.build/Objects-normal/arm64/SwiftZlib.swiftmodule (in target 'SwiftZlib' from project 'SwiftZlib')
    cd /Users/admin/builder/spi-builder-workspace
    builtin-copy -exclude .DS_Store -exclude CVS -exclude .svn -exclude .git -exclude .hg -resolve-src-symlinks -rename /Users/admin/builder/spi-builder-workspace/.derivedData/Build/Intermediates.noindex/SwiftZlib.build/Debug-watchos/SwiftZlib-t.build/Objects-normal/arm64/SwiftZlib.swiftmodule /Users/admin/builder/spi-builder-workspace/.derivedData/Build/Products/Debug-watchos/SwiftZlib.swiftmodule/arm64-apple-watchos.swiftmodule
Copy /Users/admin/builder/spi-builder-workspace/.derivedData/Build/Products/Debug-watchos/SwiftZlib.swiftmodule/arm64-apple-watchos.swiftdoc /Users/admin/builder/spi-builder-workspace/.derivedData/Build/Intermediates.noindex/SwiftZlib.build/Debug-watchos/SwiftZlib-t.build/Objects-normal/arm64/SwiftZlib.swiftdoc (in target 'SwiftZlib' from project 'SwiftZlib')
    cd /Users/admin/builder/spi-builder-workspace
    builtin-copy -exclude .DS_Store -exclude CVS -exclude .svn -exclude .git -exclude .hg -resolve-src-symlinks -rename /Users/admin/builder/spi-builder-workspace/.derivedData/Build/Intermediates.noindex/SwiftZlib.build/Debug-watchos/SwiftZlib-t.build/Objects-normal/arm64/SwiftZlib.swiftdoc /Users/admin/builder/spi-builder-workspace/.derivedData/Build/Products/Debug-watchos/SwiftZlib.swiftmodule/arm64-apple-watchos.swiftdoc
Copy /Users/admin/builder/spi-builder-workspace/.derivedData/Build/Products/Debug-watchos/SwiftZlib.swiftmodule/arm64-apple-watchos.abi.json /Users/admin/builder/spi-builder-workspace/.derivedData/Build/Intermediates.noindex/SwiftZlib.build/Debug-watchos/SwiftZlib-t.build/Objects-normal/arm64/SwiftZlib.abi.json (in target 'SwiftZlib' from project 'SwiftZlib')
    cd /Users/admin/builder/spi-builder-workspace
    builtin-copy -exclude .DS_Store -exclude CVS -exclude .svn -exclude .git -exclude .hg -resolve-src-symlinks -rename /Users/admin/builder/spi-builder-workspace/.derivedData/Build/Intermediates.noindex/SwiftZlib.build/Debug-watchos/SwiftZlib-t.build/Objects-normal/arm64/SwiftZlib.abi.json /Users/admin/builder/spi-builder-workspace/.derivedData/Build/Products/Debug-watchos/SwiftZlib.swiftmodule/arm64-apple-watchos.abi.json
Copy /Users/admin/builder/spi-builder-workspace/.derivedData/Build/Products/Debug-watchos/SwiftZlib.swiftmodule/Project/arm64_32-apple-watchos.swiftsourceinfo /Users/admin/builder/spi-builder-workspace/.derivedData/Build/Intermediates.noindex/SwiftZlib.build/Debug-watchos/SwiftZlib-t.build/Objects-normal/arm64_32/SwiftZlib.swiftsourceinfo (in target 'SwiftZlib' from project 'SwiftZlib')
    cd /Users/admin/builder/spi-builder-workspace
    builtin-copy -exclude .DS_Store -exclude CVS -exclude .svn -exclude .git -exclude .hg -resolve-src-symlinks -rename /Users/admin/builder/spi-builder-workspace/.derivedData/Build/Intermediates.noindex/SwiftZlib.build/Debug-watchos/SwiftZlib-t.build/Objects-normal/arm64_32/SwiftZlib.swiftsourceinfo /Users/admin/builder/spi-builder-workspace/.derivedData/Build/Products/Debug-watchos/SwiftZlib.swiftmodule/Project/arm64_32-apple-watchos.swiftsourceinfo
Copy /Users/admin/builder/spi-builder-workspace/.derivedData/Build/Products/Debug-watchos/SwiftZlib.swiftmodule/Project/arm64-apple-watchos.swiftsourceinfo /Users/admin/builder/spi-builder-workspace/.derivedData/Build/Intermediates.noindex/SwiftZlib.build/Debug-watchos/SwiftZlib-t.build/Objects-normal/arm64/SwiftZlib.swiftsourceinfo (in target 'SwiftZlib' from project 'SwiftZlib')
    cd /Users/admin/builder/spi-builder-workspace
    builtin-copy -exclude .DS_Store -exclude CVS -exclude .svn -exclude .git -exclude .hg -resolve-src-symlinks -rename /Users/admin/builder/spi-builder-workspace/.derivedData/Build/Intermediates.noindex/SwiftZlib.build/Debug-watchos/SwiftZlib-t.build/Objects-normal/arm64/SwiftZlib.swiftsourceinfo /Users/admin/builder/spi-builder-workspace/.derivedData/Build/Products/Debug-watchos/SwiftZlib.swiftmodule/Project/arm64-apple-watchos.swiftsourceinfo
SwiftCompile normal arm64 Compiling\ FileChunkedDecompressor.swift,\ FileCompressor.swift,\ FileDecompressor.swift,\ FileProcessor.swift /Users/admin/builder/spi-builder-workspace/Sources/SwiftZlib/FileOperations/FileChunkedDecompressor.swift /Users/admin/builder/spi-builder-workspace/Sources/SwiftZlib/FileOperations/FileCompressor.swift /Users/admin/builder/spi-builder-workspace/Sources/SwiftZlib/FileOperations/FileDecompressor.swift /Users/admin/builder/spi-builder-workspace/Sources/SwiftZlib/FileOperations/FileProcessor.swift (in target 'SwiftZlib' from project 'SwiftZlib')
SwiftCompile normal arm64 /Users/admin/builder/spi-builder-workspace/Sources/SwiftZlib/FileOperations/FileChunkedDecompressor.swift (in target 'SwiftZlib' from project 'SwiftZlib')
    cd /Users/admin/builder/spi-builder-workspace/.swiftpm/xcode
    builtin-SwiftPerFileCompile FileChunkedDecompressor.swift
SwiftCompile normal arm64 /Users/admin/builder/spi-builder-workspace/Sources/SwiftZlib/FileOperations/FileCompressor.swift (in target 'SwiftZlib' from project 'SwiftZlib')
    cd /Users/admin/builder/spi-builder-workspace/.swiftpm/xcode
    builtin-SwiftPerFileCompile FileCompressor.swift
SwiftCompile normal arm64 /Users/admin/builder/spi-builder-workspace/Sources/SwiftZlib/FileOperations/FileDecompressor.swift (in target 'SwiftZlib' from project 'SwiftZlib')
    cd /Users/admin/builder/spi-builder-workspace/.swiftpm/xcode
    builtin-SwiftPerFileCompile FileDecompressor.swift
SwiftCompile normal arm64 /Users/admin/builder/spi-builder-workspace/Sources/SwiftZlib/FileOperations/FileProcessor.swift (in target 'SwiftZlib' from project 'SwiftZlib')
    cd /Users/admin/builder/spi-builder-workspace/.swiftpm/xcode
    builtin-SwiftPerFileCompile FileProcessor.swift
SwiftCompile normal arm64 Compiling\ ZLibStatus.swift,\ ZLibStream.swift,\ ChunkedProcessor.swift,\ FileChunkedCompressor.swift /Users/admin/builder/spi-builder-workspace/Sources/SwiftZlib/Core/ZLibStatus.swift /Users/admin/builder/spi-builder-workspace/Sources/SwiftZlib/Core/ZLibStream.swift /Users/admin/builder/spi-builder-workspace/Sources/SwiftZlib/FileOperations/ChunkedProcessor.swift /Users/admin/builder/spi-builder-workspace/Sources/SwiftZlib/FileOperations/FileChunkedCompressor.swift (in target 'SwiftZlib' from project 'SwiftZlib')
SwiftCompile normal arm64 /Users/admin/builder/spi-builder-workspace/Sources/SwiftZlib/Core/ZLibStatus.swift (in target 'SwiftZlib' from project 'SwiftZlib')
    cd /Users/admin/builder/spi-builder-workspace/.swiftpm/xcode
    builtin-SwiftPerFileCompile ZLibStatus.swift
SwiftCompile normal arm64 /Users/admin/builder/spi-builder-workspace/Sources/SwiftZlib/Core/ZLibStream.swift (in target 'SwiftZlib' from project 'SwiftZlib')
    cd /Users/admin/builder/spi-builder-workspace/.swiftpm/xcode
    builtin-SwiftPerFileCompile ZLibStream.swift
SwiftCompile normal arm64 /Users/admin/builder/spi-builder-workspace/Sources/SwiftZlib/FileOperations/ChunkedProcessor.swift (in target 'SwiftZlib' from project 'SwiftZlib')
    cd /Users/admin/builder/spi-builder-workspace/.swiftpm/xcode
    builtin-SwiftPerFileCompile ChunkedProcessor.swift
SwiftCompile normal arm64 /Users/admin/builder/spi-builder-workspace/Sources/SwiftZlib/FileOperations/FileChunkedCompressor.swift (in target 'SwiftZlib' from project 'SwiftZlib')
    cd /Users/admin/builder/spi-builder-workspace/.swiftpm/xcode
    builtin-SwiftPerFileCompile FileChunkedCompressor.swift
PruneExplicitPrecompiledModules /Users/admin/builder/spi-builder-workspace/.derivedData/SDKExplicitPrecompiledModules
PruneExplicitPrecompiledModules /Users/admin/builder/spi-builder-workspace/.derivedData/Build/Intermediates.noindex/SwiftExplicitPrecompiledModules
PruneExplicitPrecompiledModules /Users/admin/builder/spi-builder-workspace/.derivedData/Build/Intermediates.noindex/ExplicitPrecompiledModules
2026-09-22 21:18:24.503 xcodebuild[623:3861] [MT] IDERunDestination: Supported platforms for the buildables in the current scheme is empty.
** BUILD FAILED **
The following build commands failed:
	SwiftCompile normal arm64_32 Compiling\ FlushMode.swift,\ GzipHeader.swift,\ Logging.swift,\ MemoryLevel.swift,\ StreamingConfig.swift /Users/admin/builder/spi-builder-workspace/Sources/SwiftZlib/Core/FlushMode.swift /Users/admin/builder/spi-builder-workspace/Sources/SwiftZlib/Core/GzipHeader.swift /Users/admin/builder/spi-builder-workspace/Sources/SwiftZlib/Core/Logging.swift /Users/admin/builder/spi-builder-workspace/Sources/SwiftZlib/Core/MemoryLevel.swift /Users/admin/builder/spi-builder-workspace/Sources/SwiftZlib/Core/Stream/StreamingConfig.swift (in target 'SwiftZlib' from project 'SwiftZlib')
	SwiftCompile normal arm64_32 /Users/admin/builder/spi-builder-workspace/Sources/SwiftZlib/Core/GzipHeader.swift (in target 'SwiftZlib' from project 'SwiftZlib')
	SwiftCompile normal arm64_32 Compiling\ ZLib+File.swift,\ ZLib+FileChunked.swift,\ ZLib+Stream.swift,\ ZLib.swift,\ ZLibErrorCode.swift /Users/admin/builder/spi-builder-workspace/Sources/SwiftZlib/API/ZLib+File.swift /Users/admin/builder/spi-builder-workspace/Sources/SwiftZlib/API/ZLib+FileChunked.swift /Users/admin/builder/spi-builder-workspace/Sources/SwiftZlib/API/ZLib+Stream.swift /Users/admin/builder/spi-builder-workspace/Sources/SwiftZlib/API/ZLib.swift /Users/admin/builder/spi-builder-workspace/Sources/SwiftZlib/API/ZLibErrorCode.swift (in target 'SwiftZlib' from project 'SwiftZlib')
	SwiftCompile normal arm64_32 /Users/admin/builder/spi-builder-workspace/Sources/SwiftZlib/API/ZLib.swift (in target 'SwiftZlib' from project 'SwiftZlib')
	Building workspace SwiftZlib with scheme SwiftZlib-Package
(5 failures)
Command line invocation:
    /Applications/Xcode-27.0.0-Release.Candidate.app/Contents/Developer/usr/bin/xcodebuild -IDEClonedSourcePackagesDirPathOverride=/Users/admin/builder/spi-builder-workspace/.dependencies -resolvePackageDependencies
Resolve Package Graph
Resolved source packages:
  SwiftZlib: /Users/admin/builder/spi-builder-workspace
resolved source packages: SwiftZlib
2026-09-22 21:18:31.842 xcodebuild[776:4455] [MT] IDERunDestination: Supported platforms for the buildables in the current scheme is empty.
{
  "dependencies" : [
  ],
  "manifest_display_name" : "SwiftZlib",
  "name" : "SwiftZlib",
  "path" : "/Users/admin/builder/spi-builder-workspace",
  "platforms" : [
    {
      "name" : "macos",
      "version" : "12.0"
    },
    {
      "name" : "ios",
      "version" : "14.0"
    },
    {
      "name" : "tvos",
      "version" : "14.0"
    },
    {
      "name" : "visionos",
      "version" : "1.0"
    }
  ],
  "products" : [
    {
      "name" : "SwiftZlib",
      "targets" : [
        "SwiftZlib"
      ],
      "type" : {
        "library" : [
          "automatic"
        ]
      }
    },
    {
      "name" : "SwiftZlibCLI",
      "targets" : [
        "SwiftZlibCLI"
      ],
      "type" : {
        "executable" : null
      }
    }
  ],
  "targets" : [
    {
      "c99name" : "SwiftZlibTests",
      "module_type" : "SwiftTarget",
      "name" : "SwiftZlibTests",
      "path" : "Tests/SwiftZlibTests",
      "sources" : [
        "Advanced/AdvancedFeaturesTests.swift",
        "Advanced/AdvancedUtilityTests.swift",
        "Advanced/AsyncStreamTests.swift",
        "Advanced/DictionaryTests.swift",
        "Advanced/GzipHeaderTests.swift",
        "Advanced/InflateBackTests.swift",
        "Advanced/PrimeTests.swift",
        "Advanced/WindowBitsTests.swift",
        "Concurrency/CancellationTests.swift",
        "Concurrency/ConcurrencyTests.swift",
        "Core/CompressorCancellationTests.swift",
        "Core/CompressorTests.swift",
        "Core/DecompressorCancellationTests.swift",
        "Core/DecompressorTests.swift",
        "Core/MemoryLeakTests.swift",
        "Core/StreamTests.swift",
        "Core/ZLibTests.swift",
        "EdgeCases/EdgeCaseErrorHandlingTests.swift",
        "EdgeCases/UtilityTests.swift",
        "ErrorHandling/ErrorHandlingTests.swift",
        "Extensions/AdvancedExtensionsTests.swift",
        "Extensions/DataExtensionsTests.swift",
        "Extensions/StringExtensionsTests.swift",
        "FileOperations/FileChunkedCompressorTests.swift",
        "FileOperations/FileOperationsTests.swift",
        "FileOperations/SimpleFileOperationsTests.swift",
        "Performance/PerformanceTests.swift",
        "Streaming/StreamingTests.swift"
      ],
      "target_dependencies" : [
        "SwiftZlib"
      ],
      "type" : "test"
    },
    {
      "c99name" : "SwiftZlibCLI",
      "module_type" : "SwiftTarget",
      "name" : "SwiftZlibCLI",
      "path" : "Sources/SwiftZlibCLI",
      "product_memberships" : [
        "SwiftZlibCLI"
      ],
      "sources" : [
        "main.swift"
      ],
      "target_dependencies" : [
        "SwiftZlib"
      ],
      "type" : "executable"
    },
    {
      "c99name" : "SwiftZlib",
      "module_type" : "SwiftTarget",
      "name" : "SwiftZlib",
      "path" : "Sources/SwiftZlib",
      "product_memberships" : [
        "SwiftZlib",
        "SwiftZlibCLI"
      ],
      "sources" : [
        "API/Data+Extensions.swift",
        "API/String+Extensions.swift",
        "API/ZLib+Async.swift",
        "API/ZLib+AsyncStream.swift",
        "API/ZLib+Combine.swift",
        "API/ZLib+File.swift",
        "API/ZLib+FileChunked.swift",
        "API/ZLib+Stream.swift",
        "API/ZLib.swift",
        "API/ZLibErrorCode.swift",
        "Async/AsyncCompressor.swift",
        "Async/AsyncDecompressor.swift",
        "Async/AsyncZLibStream.swift",
        "Async/AsyncZLibStreamBuilder.swift",
        "Core/Compression/Compression.swift",
        "Core/Compression/CompressionLevel.swift",
        "Core/Compression/CompressionMethod.swift",
        "Core/Compression/CompressionPhase.swift",
        "Core/Compression/CompressionStrategy.swift",
        "Core/Compression/Compressor.swift",
        "Core/Compression/Decompressor.swift",
        "Core/Compression/InflateBackDecompressors/BaseInflateBackDecompressor.swift",
        "Core/Compression/InflateBackDecompressors/DecompressorType.swift",
        "Core/Compression/InflateBackDecompressors/EnhancedInflateBackDecompressor.swift",
        "Core/Compression/InflateBackDecompressors/InflateBackDecompressorCBridged.swift",
        "Core/FlushMode.swift",
        "Core/GzipHeader.swift",
        "Core/Logging.swift",
        "Core/MemoryLevel.swift",
        "Core/Stream/StreamingConfig.swift",
        "Core/Stream/StreamingDecompressor.swift",
        "Core/Stream/ZLibStreamBuilder.swift",
        "Core/Timer.swift",
        "Core/WindowBits.swift",
        "Core/ZLibError.swift",
        "Core/ZLibStatus.swift",
        "Core/ZLibStream.swift",
        "FileOperations/ChunkedProcessor.swift",
        "FileOperations/FileChunkedCompressor.swift",
        "FileOperations/FileChunkedDecompressor.swift",
        "FileOperations/FileCompressor.swift",
        "FileOperations/FileDecompressor.swift",
        "FileOperations/FileProcessor.swift",
        "FileOperations/GzipFile.swift",
        "FileOperations/GzipFileError.swift",
        "FileOperations/SimpleFileCompressor.swift",
        "FileOperations/SimpleFileDecompressor.swift"
      ],
      "target_dependencies" : [
        "CZLib"
      ],
      "type" : "library"
    },
    {
      "c99name" : "CZLib",
      "module_type" : "ClangTarget",
      "name" : "CZLib",
      "path" : "Sources/CZLib",
      "product_memberships" : [
        "SwiftZlib",
        "SwiftZlibCLI"
      ],
      "sources" : [
        "adler32.c",
        "compress.c",
        "crc32.c",
        "deflate.c",
        "gzclose.c",
        "gzlib.c",
        "gzread.c",
        "gzwrite.c",
        "infback.c",
        "inffast.c",
        "inflate.c",
        "inftrees.c",
        "trees.c",
        "uncompr.c",
        "zlib_shim.c",
        "zutil.c"
      ],
      "type" : "library"
    }
  ],
  "tools_version" : "5.9"
}
{
  "workspace" : {
    "name" : "SwiftZlib",
    "schemes" : [
      "SwiftZlib",
      "SwiftZlib-Package",
      "SwiftZlibCLI"
    ]
  }
}
2026-09-22 21:18:33.116 xcodebuild[804:4688] [MT] IDERunDestination: Supported platforms for the buildables in the current scheme is empty.
Running build ...
env DEVELOPER_DIR=/Applications/Xcode-27.0.0-Release.Candidate.app xcrun xcodebuild -IDEClonedSourcePackagesDirPathOverride=$PWD/.dependencies -skipMacroValidation -skipPackagePluginValidation -derivedDataPath $PWD/.derivedData build -scheme SwiftZlib-Package -destination generic/platform=watchOS
Command line invocation:
    /Applications/Xcode-27.0.0-Release.Candidate.app/Contents/Developer/usr/bin/xcodebuild -IDEClonedSourcePackagesDirPathOverride=/Users/admin/builder/spi-builder-workspace/.dependencies -skipMacroValidation -skipPackagePluginValidation -derivedDataPath /Users/admin/builder/spi-builder-workspace/.derivedData build -scheme SwiftZlib-Package -destination generic/platform=watchOS
Resolve Package Graph
Resolved source packages:
  SwiftZlib: /Users/admin/builder/spi-builder-workspace
ComputePackagePrebuildTargetDependencyGraph
Prepare packages
CreateBuildRequest
SendProjectDescription
CreateBuildOperation
ComputeTargetDependencyGraph
note: Building targets in dependency order
note: Target dependency graph (4 targets)
    Target 'SwiftZlibCLI-product' in project 'SwiftZlib'
        ➜ Explicit dependency on target 'CZLib' in project 'SwiftZlib'
        ➜ Explicit dependency on target 'SwiftZlib' in project 'SwiftZlib'
    Target 'SwiftZlib-product' in project 'SwiftZlib'
        ➜ Explicit dependency on target 'SwiftZlib' in project 'SwiftZlib'
        ➜ Explicit dependency on target 'CZLib' in project 'SwiftZlib'
    Target 'SwiftZlib' in project 'SwiftZlib'
        ➜ Explicit dependency on target 'CZLib' in project 'SwiftZlib'
    Target 'CZLib' in project 'SwiftZlib' (no dependencies)
GatherProvisioningInputs
CreateBuildDescription
ClangStatCache /Applications/Xcode-27.0.0-Release.Candidate.app/Contents/Developer/Toolchains/XcodeDefault.xctoolchain/usr/bin/clang-stat-cache /Applications/Xcode-27.0.0-Release.Candidate.app/Contents/Developer/Platforms/WatchOS.platform/Developer/SDKs/WatchOS27.0.sdk /Users/admin/builder/spi-builder-workspace/.derivedData/SDKStatCaches.noindex/watchos27.0-24R360-e829b21a6f8c9b70876ba0858053c04477534ef55a1706bf4c1112bbb242f0a2.sdkstatcache
    cd /Users/admin/builder/spi-builder-workspace/.swiftpm/xcode
    /Applications/Xcode-27.0.0-Release.Candidate.app/Contents/Developer/Toolchains/XcodeDefault.xctoolchain/usr/bin/clang-stat-cache /Applications/Xcode-27.0.0-Release.Candidate.app/Contents/Developer/Platforms/WatchOS.platform/Developer/SDKs/WatchOS27.0.sdk -o /Users/admin/builder/spi-builder-workspace/.derivedData/SDKStatCaches.noindex/watchos27.0-24R360-e829b21a6f8c9b70876ba0858053c04477534ef55a1706bf4c1112bbb242f0a2.sdkstatcache
SwiftDriver SwiftZlib normal arm64_32 com.apple.xcode.tools.swift.compiler (in target 'SwiftZlib' from project 'SwiftZlib')
    cd /Users/admin/builder/spi-builder-workspace/.swiftpm/xcode
    builtin-SwiftDriver -- /Applications/Xcode-27.0.0-Release.Candidate.app/Contents/Developer/Toolchains/XcodeDefault.xctoolchain/usr/bin/swiftc -parse-as-library -module-name SwiftZlib -Onone @/Users/admin/builder/spi-builder-workspace/.derivedData/Build/Intermediates.noindex/SwiftZlib.build/Debug-watchos/SwiftZlib-t.build/Objects-normal/arm64_32/SwiftZlib.SwiftFileList -DSWIFT_PACKAGE -DDEBUG -DSWIFT_MODULE_RESOURCE_BUNDLE_UNAVAILABLE -DZLIB_VERBOSE_DISABLED -Xcc -fmodule-map-file\=/Users/admin/builder/spi-builder-workspace/.derivedData/Build/Intermediates.noindex/GeneratedModuleMaps-watchos/CZLib.modulemap -DXcode -plugin-path /Applications/Xcode-27.0.0-Release.Candidate.app/Contents/Developer/Toolchains/XcodeDefault.xctoolchain/usr/lib/swift/host/plugins/testing -enable-experimental-feature DebugDescriptionMacro -sdk /Applications/Xcode-27.0.0-Release.Candidate.app/Contents/Developer/Platforms/WatchOS.platform/Developer/SDKs/WatchOS27.0.sdk -target arm64_32-apple-watchos9.0 -g -module-cache-path /Users/admin/builder/spi-builder-workspace/.derivedData/ModuleCache.noindex -Xfrontend -serialize-debugging-options -profile-coverage-mapping -profile-generate -enable-testing -index-store-path /Users/admin/builder/spi-builder-workspace/.derivedData/Index.noindex/DataStore -Xcc -D_LIBCPP_HARDENING_MODE\=_LIBCPP_HARDENING_MODE_DEBUG -swift-version 5 -I /Users/admin/builder/spi-builder-workspace/.derivedData/Build/Products/Debug-watchos -Isystem /Applications/Xcode-27.0.0-Release.Candidate.app/Contents/Developer/Platforms/WatchOS.platform/Developer/usr/lib -F /Users/admin/builder/spi-builder-workspace/.derivedData/Build/Products/Debug-watchos/PackageFrameworks -F /Users/admin/builder/spi-builder-workspace/.derivedData/Build/Products/Debug-watchos -F /Applications/Xcode-27.0.0-Release.Candidate.app/Contents/Developer/Platforms/WatchOS.platform/Developer/Library/Frameworks -F /Applications/Xcode-27.0.0-Release.Candidate.app/Contents/Developer/Platforms/WatchOS.platform/Developer/SDKs/WatchOS27.0.sdk/Developer/Library/Frameworks -c -j10 -enable-batch-mode -incremental -Xcc -ivfsstatcache -Xcc /Users/admin/builder/spi-builder-workspace/.derivedData/SDKStatCaches.noindex/watchos27.0-24R360-e829b21a6f8c9b70876ba0858053c04477534ef55a1706bf4c1112bbb242f0a2.sdkstatcache -output-file-map /Users/admin/builder/spi-builder-workspace/.derivedData/Build/Intermediates.noindex/SwiftZlib.build/Debug-watchos/SwiftZlib-t.build/Objects-normal/arm64_32/SwiftZlib-OutputFileMap.json -save-temps -no-color-diagnostics -explicit-module-build -module-cache-path /Users/admin/builder/spi-builder-workspace/.derivedData/Build/Intermediates.noindex/SwiftExplicitPrecompiledModules -clang-scanner-module-cache-path /Users/admin/builder/spi-builder-workspace/.derivedData/ModuleCache.noindex -sdk-module-cache-path /Users/admin/builder/spi-builder-workspace/.derivedData/SDKExplicitPrecompiledModules -emit-dependencies -emit-module -emit-module-path /Users/admin/builder/spi-builder-workspace/.derivedData/Build/Intermediates.noindex/SwiftZlib.build/Debug-watchos/SwiftZlib-t.build/Objects-normal/arm64_32/SwiftZlib.swiftmodule -serialize-diagnostics -dependency-scan-serialize-diagnostics-path /Users/admin/builder/spi-builder-workspace/.derivedData/Build/Intermediates.noindex/SwiftZlib.build/Debug-watchos/SwiftZlib-t.build/Objects-normal/arm64_32/SwiftZlib-dependency-scan.dia -validate-clang-modules-once -clang-build-session-file /Users/admin/builder/spi-builder-workspace/.derivedData/ModuleCache.noindex/Session.modulevalidation -Xcc -fmodules-prune-interval\=86400 -Xcc -fmodules-prune-after\=345600 -package-name spi_builder_workspace -emit-const-values -const-gather-protocols-list /Users/admin/builder/spi-builder-workspace/.derivedData/Build/Intermediates.noindex/SwiftZlib.build/Debug-watchos/SwiftZlib-t.build/Objects-normal/arm64_32/SwiftZlib_const_extract_protocols.json -Xcc -I/Users/admin/builder/spi-builder-workspace/Sources/CZLib/include -Xcc -I/Users/admin/builder/spi-builder-workspace/.derivedData/Build/Products/Debug-watchos/include -Xcc -I/Users/admin/builder/spi-builder-workspace/.derivedData/Build/Intermediates.noindex/SwiftZlib.build/Debug-watchos/SwiftZlib-t.build/DerivedSources-normal/arm64_32 -Xcc -I/Users/admin/builder/spi-builder-workspace/.derivedData/Build/Intermediates.noindex/SwiftZlib.build/Debug-watchos/SwiftZlib-t.build/DerivedSources/arm64_32 -Xcc -I/Users/admin/builder/spi-builder-workspace/.derivedData/Build/Intermediates.noindex/SwiftZlib.build/Debug-watchos/SwiftZlib-t.build/DerivedSources -Xcc -DSWIFT_PACKAGE -Xcc -DDEBUG\=1 -emit-objc-header -emit-objc-header-path /Users/admin/builder/spi-builder-workspace/.derivedData/Build/Intermediates.noindex/SwiftZlib.build/Debug-watchos/SwiftZlib-t.build/Objects-normal/arm64_32/SwiftZlib-Swift.h -working-directory /Users/admin/builder/spi-builder-workspace/.swiftpm/xcode -experimental-emit-module-separately -disable-cmo
SwiftDriver SwiftZlib normal arm64 com.apple.xcode.tools.swift.compiler (in target 'SwiftZlib' from project 'SwiftZlib')
    cd /Users/admin/builder/spi-builder-workspace/.swiftpm/xcode
    builtin-SwiftDriver -- /Applications/Xcode-27.0.0-Release.Candidate.app/Contents/Developer/Toolchains/XcodeDefault.xctoolchain/usr/bin/swiftc -parse-as-library -module-name SwiftZlib -Onone @/Users/admin/builder/spi-builder-workspace/.derivedData/Build/Intermediates.noindex/SwiftZlib.build/Debug-watchos/SwiftZlib-t.build/Objects-normal/arm64/SwiftZlib.SwiftFileList -DSWIFT_PACKAGE -DDEBUG -DSWIFT_MODULE_RESOURCE_BUNDLE_UNAVAILABLE -DZLIB_VERBOSE_DISABLED -Xcc -fmodule-map-file\=/Users/admin/builder/spi-builder-workspace/.derivedData/Build/Intermediates.noindex/GeneratedModuleMaps-watchos/CZLib.modulemap -DXcode -plugin-path /Applications/Xcode-27.0.0-Release.Candidate.app/Contents/Developer/Toolchains/XcodeDefault.xctoolchain/usr/lib/swift/host/plugins/testing -enable-experimental-feature DebugDescriptionMacro -sdk /Applications/Xcode-27.0.0-Release.Candidate.app/Contents/Developer/Platforms/WatchOS.platform/Developer/SDKs/WatchOS27.0.sdk -target arm64-apple-watchos9.0 -g -module-cache-path /Users/admin/builder/spi-builder-workspace/.derivedData/ModuleCache.noindex -Xfrontend -serialize-debugging-options -profile-coverage-mapping -profile-generate -enable-testing -index-store-path /Users/admin/builder/spi-builder-workspace/.derivedData/Index.noindex/DataStore -Xcc -D_LIBCPP_HARDENING_MODE\=_LIBCPP_HARDENING_MODE_DEBUG -swift-version 5 -I /Users/admin/builder/spi-builder-workspace/.derivedData/Build/Products/Debug-watchos -Isystem /Applications/Xcode-27.0.0-Release.Candidate.app/Contents/Developer/Platforms/WatchOS.platform/Developer/usr/lib -F /Users/admin/builder/spi-builder-workspace/.derivedData/Build/Products/Debug-watchos/PackageFrameworks -F /Users/admin/builder/spi-builder-workspace/.derivedData/Build/Products/Debug-watchos -F /Applications/Xcode-27.0.0-Release.Candidate.app/Contents/Developer/Platforms/WatchOS.platform/Developer/Library/Frameworks -F /Applications/Xcode-27.0.0-Release.Candidate.app/Contents/Developer/Platforms/WatchOS.platform/Developer/SDKs/WatchOS27.0.sdk/Developer/Library/Frameworks -c -j10 -enable-batch-mode -incremental -Xcc -ivfsstatcache -Xcc /Users/admin/builder/spi-builder-workspace/.derivedData/SDKStatCaches.noindex/watchos27.0-24R360-e829b21a6f8c9b70876ba0858053c04477534ef55a1706bf4c1112bbb242f0a2.sdkstatcache -output-file-map /Users/admin/builder/spi-builder-workspace/.derivedData/Build/Intermediates.noindex/SwiftZlib.build/Debug-watchos/SwiftZlib-t.build/Objects-normal/arm64/SwiftZlib-OutputFileMap.json -save-temps -no-color-diagnostics -explicit-module-build -module-cache-path /Users/admin/builder/spi-builder-workspace/.derivedData/Build/Intermediates.noindex/SwiftExplicitPrecompiledModules -clang-scanner-module-cache-path /Users/admin/builder/spi-builder-workspace/.derivedData/ModuleCache.noindex -sdk-module-cache-path /Users/admin/builder/spi-builder-workspace/.derivedData/SDKExplicitPrecompiledModules -emit-dependencies -emit-module -emit-module-path /Users/admin/builder/spi-builder-workspace/.derivedData/Build/Intermediates.noindex/SwiftZlib.build/Debug-watchos/SwiftZlib-t.build/Objects-normal/arm64/SwiftZlib.swiftmodule -serialize-diagnostics -dependency-scan-serialize-diagnostics-path /Users/admin/builder/spi-builder-workspace/.derivedData/Build/Intermediates.noindex/SwiftZlib.build/Debug-watchos/SwiftZlib-t.build/Objects-normal/arm64/SwiftZlib-dependency-scan.dia -validate-clang-modules-once -clang-build-session-file /Users/admin/builder/spi-builder-workspace/.derivedData/ModuleCache.noindex/Session.modulevalidation -Xcc -fmodules-prune-interval\=86400 -Xcc -fmodules-prune-after\=345600 -package-name spi_builder_workspace -emit-const-values -const-gather-protocols-list /Users/admin/builder/spi-builder-workspace/.derivedData/Build/Intermediates.noindex/SwiftZlib.build/Debug-watchos/SwiftZlib-t.build/Objects-normal/arm64/SwiftZlib_const_extract_protocols.json -Xcc -I/Users/admin/builder/spi-builder-workspace/Sources/CZLib/include -Xcc -I/Users/admin/builder/spi-builder-workspace/.derivedData/Build/Products/Debug-watchos/include -Xcc -I/Users/admin/builder/spi-builder-workspace/.derivedData/Build/Intermediates.noindex/SwiftZlib.build/Debug-watchos/SwiftZlib-t.build/DerivedSources-normal/arm64 -Xcc -I/Users/admin/builder/spi-builder-workspace/.derivedData/Build/Intermediates.noindex/SwiftZlib.build/Debug-watchos/SwiftZlib-t.build/DerivedSources/arm64 -Xcc -I/Users/admin/builder/spi-builder-workspace/.derivedData/Build/Intermediates.noindex/SwiftZlib.build/Debug-watchos/SwiftZlib-t.build/DerivedSources -Xcc -DSWIFT_PACKAGE -Xcc -DDEBUG\=1 -emit-objc-header -emit-objc-header-path /Users/admin/builder/spi-builder-workspace/.derivedData/Build/Intermediates.noindex/SwiftZlib.build/Debug-watchos/SwiftZlib-t.build/Objects-normal/arm64/SwiftZlib-Swift.h -working-directory /Users/admin/builder/spi-builder-workspace/.swiftpm/xcode -experimental-emit-module-separately -disable-cmo
SwiftDriver SwiftZlibCLI normal arm64_32 com.apple.xcode.tools.swift.compiler (in target 'SwiftZlibCLI-product' from project 'SwiftZlib')
    cd /Users/admin/builder/spi-builder-workspace/.swiftpm/xcode
    builtin-SwiftDriver -- /Applications/Xcode-27.0.0-Release.Candidate.app/Contents/Developer/Toolchains/XcodeDefault.xctoolchain/usr/bin/swiftc -module-name SwiftZlibCLI -Onone @/Users/admin/builder/spi-builder-workspace/.derivedData/Build/Intermediates.noindex/SwiftZlib.build/Debug-watchos/SwiftZlibCLI-p.build/Objects-normal/arm64_32/SwiftZlibCLI.SwiftFileList -DSWIFT_PACKAGE -DDEBUG -Xcc -fmodule-map-file\=/Users/admin/builder/spi-builder-workspace/.derivedData/Build/Intermediates.noindex/GeneratedModuleMaps-watchos/CZLib.modulemap -DXcode -plugin-path /Applications/Xcode-27.0.0-Release.Candidate.app/Contents/Developer/Toolchains/XcodeDefault.xctoolchain/usr/lib/swift/host/plugins/testing -enable-experimental-feature DebugDescriptionMacro -sdk /Applications/Xcode-27.0.0-Release.Candidate.app/Contents/Developer/Platforms/WatchOS.platform/Developer/SDKs/WatchOS27.0.sdk -target arm64_32-apple-watchos9.0 -g -module-cache-path /Users/admin/builder/spi-builder-workspace/.derivedData/ModuleCache.noindex -Xfrontend -serialize-debugging-options -profile-coverage-mapping -profile-generate -enable-testing -index-store-path /Users/admin/builder/spi-builder-workspace/.derivedData/Index.noindex/DataStore -Xcc -D_LIBCPP_HARDENING_MODE\=_LIBCPP_HARDENING_MODE_DEBUG -swift-version 5 -I /Users/admin/builder/spi-builder-workspace/.derivedData/Build/Products/Debug-watchos -Isystem /Applications/Xcode-27.0.0-Release.Candidate.app/Contents/Developer/Platforms/WatchOS.platform/Developer/usr/lib -F /Users/admin/builder/spi-builder-workspace/.derivedData/Build/Products/Debug-watchos/PackageFrameworks -F /Users/admin/builder/spi-builder-workspace/.derivedData/Build/Products/Debug-watchos -F /Applications/Xcode-27.0.0-Release.Candidate.app/Contents/Developer/Platforms/WatchOS.platform/Developer/Library/Frameworks -F /Applications/Xcode-27.0.0-Release.Candidate.app/Contents/Developer/Platforms/WatchOS.platform/Developer/SDKs/WatchOS27.0.sdk/Developer/Library/Frameworks -c -j10 -enable-batch-mode -incremental -Xcc -ivfsstatcache -Xcc /Users/admin/builder/spi-builder-workspace/.derivedData/SDKStatCaches.noindex/watchos27.0-24R360-e829b21a6f8c9b70876ba0858053c04477534ef55a1706bf4c1112bbb242f0a2.sdkstatcache -output-file-map /Users/admin/builder/spi-builder-workspace/.derivedData/Build/Intermediates.noindex/SwiftZlib.build/Debug-watchos/SwiftZlibCLI-p.build/Objects-normal/arm64_32/SwiftZlibCLI-OutputFileMap.json -save-temps -no-color-diagnostics -explicit-module-build -module-cache-path /Users/admin/builder/spi-builder-workspace/.derivedData/Build/Intermediates.noindex/SwiftExplicitPrecompiledModules -clang-scanner-module-cache-path /Users/admin/builder/spi-builder-workspace/.derivedData/ModuleCache.noindex -sdk-module-cache-path /Users/admin/builder/spi-builder-workspace/.derivedData/SDKExplicitPrecompiledModules -emit-dependencies -emit-module -emit-module-path /Users/admin/builder/spi-builder-workspace/.derivedData/Build/Intermediates.noindex/SwiftZlib.build/Debug-watchos/SwiftZlibCLI-p.build/Objects-normal/arm64_32/SwiftZlibCLI.swiftmodule -serialize-diagnostics -dependency-scan-serialize-diagnostics-path /Users/admin/builder/spi-builder-workspace/.derivedData/Build/Intermediates.noindex/SwiftZlib.build/Debug-watchos/SwiftZlibCLI-p.build/Objects-normal/arm64_32/SwiftZlibCLI-dependency-scan.dia -validate-clang-modules-once -clang-build-session-file /Users/admin/builder/spi-builder-workspace/.derivedData/ModuleCache.noindex/Session.modulevalidation -Xcc -fmodules-prune-interval\=86400 -Xcc -fmodules-prune-after\=345600 -package-name spi_builder_workspace -emit-const-values -const-gather-protocols-list /Users/admin/builder/spi-builder-workspace/.derivedData/Build/Intermediates.noindex/SwiftZlib.build/Debug-watchos/SwiftZlibCLI-p.build/Objects-normal/arm64_32/SwiftZlibCLI_const_extract_protocols.json -Xcc -I/Users/admin/builder/spi-builder-workspace/Sources/CZLib/include -Xcc -I/Users/admin/builder/spi-builder-workspace/.derivedData/Build/Products/Debug-watchos/include -Xcc -I/Users/admin/builder/spi-builder-workspace/.derivedData/Build/Intermediates.noindex/SwiftZlib.build/Debug-watchos/SwiftZlibCLI-p.build/DerivedSources-normal/arm64_32 -Xcc -I/Users/admin/builder/spi-builder-workspace/.derivedData/Build/Intermediates.noindex/SwiftZlib.build/Debug-watchos/SwiftZlibCLI-p.build/DerivedSources/arm64_32 -Xcc -I/Users/admin/builder/spi-builder-workspace/.derivedData/Build/Intermediates.noindex/SwiftZlib.build/Debug-watchos/SwiftZlibCLI-p.build/DerivedSources -Xcc -DSWIFT_PACKAGE -Xcc -DDEBUG\=1 -working-directory /Users/admin/builder/spi-builder-workspace/.swiftpm/xcode -experimental-emit-module-separately -disable-cmo
SwiftDriver SwiftZlibCLI normal arm64 com.apple.xcode.tools.swift.compiler (in target 'SwiftZlibCLI-product' from project 'SwiftZlib')
    cd /Users/admin/builder/spi-builder-workspace/.swiftpm/xcode
    builtin-SwiftDriver -- /Applications/Xcode-27.0.0-Release.Candidate.app/Contents/Developer/Toolchains/XcodeDefault.xctoolchain/usr/bin/swiftc -module-name SwiftZlibCLI -Onone @/Users/admin/builder/spi-builder-workspace/.derivedData/Build/Intermediates.noindex/SwiftZlib.build/Debug-watchos/SwiftZlibCLI-p.build/Objects-normal/arm64/SwiftZlibCLI.SwiftFileList -DSWIFT_PACKAGE -DDEBUG -Xcc -fmodule-map-file\=/Users/admin/builder/spi-builder-workspace/.derivedData/Build/Intermediates.noindex/GeneratedModuleMaps-watchos/CZLib.modulemap -DXcode -plugin-path /Applications/Xcode-27.0.0-Release.Candidate.app/Contents/Developer/Toolchains/XcodeDefault.xctoolchain/usr/lib/swift/host/plugins/testing -enable-experimental-feature DebugDescriptionMacro -sdk /Applications/Xcode-27.0.0-Release.Candidate.app/Contents/Developer/Platforms/WatchOS.platform/Developer/SDKs/WatchOS27.0.sdk -target arm64-apple-watchos9.0 -g -module-cache-path /Users/admin/builder/spi-builder-workspace/.derivedData/ModuleCache.noindex -Xfrontend -serialize-debugging-options -profile-coverage-mapping -profile-generate -enable-testing -index-store-path /Users/admin/builder/spi-builder-workspace/.derivedData/Index.noindex/DataStore -Xcc -D_LIBCPP_HARDENING_MODE\=_LIBCPP_HARDENING_MODE_DEBUG -swift-version 5 -I /Users/admin/builder/spi-builder-workspace/.derivedData/Build/Products/Debug-watchos -Isystem /Applications/Xcode-27.0.0-Release.Candidate.app/Contents/Developer/Platforms/WatchOS.platform/Developer/usr/lib -F /Users/admin/builder/spi-builder-workspace/.derivedData/Build/Products/Debug-watchos/PackageFrameworks -F /Users/admin/builder/spi-builder-workspace/.derivedData/Build/Products/Debug-watchos -F /Applications/Xcode-27.0.0-Release.Candidate.app/Contents/Developer/Platforms/WatchOS.platform/Developer/Library/Frameworks -F /Applications/Xcode-27.0.0-Release.Candidate.app/Contents/Developer/Platforms/WatchOS.platform/Developer/SDKs/WatchOS27.0.sdk/Developer/Library/Frameworks -c -j10 -enable-batch-mode -incremental -Xcc -ivfsstatcache -Xcc /Users/admin/builder/spi-builder-workspace/.derivedData/SDKStatCaches.noindex/watchos27.0-24R360-e829b21a6f8c9b70876ba0858053c04477534ef55a1706bf4c1112bbb242f0a2.sdkstatcache -output-file-map /Users/admin/builder/spi-builder-workspace/.derivedData/Build/Intermediates.noindex/SwiftZlib.build/Debug-watchos/SwiftZlibCLI-p.build/Objects-normal/arm64/SwiftZlibCLI-OutputFileMap.json -save-temps -no-color-diagnostics -explicit-module-build -module-cache-path /Users/admin/builder/spi-builder-workspace/.derivedData/Build/Intermediates.noindex/SwiftExplicitPrecompiledModules -clang-scanner-module-cache-path /Users/admin/builder/spi-builder-workspace/.derivedData/ModuleCache.noindex -sdk-module-cache-path /Users/admin/builder/spi-builder-workspace/.derivedData/SDKExplicitPrecompiledModules -emit-dependencies -emit-module -emit-module-path /Users/admin/builder/spi-builder-workspace/.derivedData/Build/Intermediates.noindex/SwiftZlib.build/Debug-watchos/SwiftZlibCLI-p.build/Objects-normal/arm64/SwiftZlibCLI.swiftmodule -serialize-diagnostics -dependency-scan-serialize-diagnostics-path /Users/admin/builder/spi-builder-workspace/.derivedData/Build/Intermediates.noindex/SwiftZlib.build/Debug-watchos/SwiftZlibCLI-p.build/Objects-normal/arm64/SwiftZlibCLI-dependency-scan.dia -validate-clang-modules-once -clang-build-session-file /Users/admin/builder/spi-builder-workspace/.derivedData/ModuleCache.noindex/Session.modulevalidation -Xcc -fmodules-prune-interval\=86400 -Xcc -fmodules-prune-after\=345600 -package-name spi_builder_workspace -emit-const-values -const-gather-protocols-list /Users/admin/builder/spi-builder-workspace/.derivedData/Build/Intermediates.noindex/SwiftZlib.build/Debug-watchos/SwiftZlibCLI-p.build/Objects-normal/arm64/SwiftZlibCLI_const_extract_protocols.json -Xcc -I/Users/admin/builder/spi-builder-workspace/Sources/CZLib/include -Xcc -I/Users/admin/builder/spi-builder-workspace/.derivedData/Build/Products/Debug-watchos/include -Xcc -I/Users/admin/builder/spi-builder-workspace/.derivedData/Build/Intermediates.noindex/SwiftZlib.build/Debug-watchos/SwiftZlibCLI-p.build/DerivedSources-normal/arm64 -Xcc -I/Users/admin/builder/spi-builder-workspace/.derivedData/Build/Intermediates.noindex/SwiftZlib.build/Debug-watchos/SwiftZlibCLI-p.build/DerivedSources/arm64 -Xcc -I/Users/admin/builder/spi-builder-workspace/.derivedData/Build/Intermediates.noindex/SwiftZlib.build/Debug-watchos/SwiftZlibCLI-p.build/DerivedSources -Xcc -DSWIFT_PACKAGE -Xcc -DDEBUG\=1 -working-directory /Users/admin/builder/spi-builder-workspace/.swiftpm/xcode -experimental-emit-module-separately -disable-cmo
SwiftCompile normal arm64 Compiling\ AsyncCompressor.swift,\ AsyncDecompressor.swift,\ AsyncZLibStream.swift,\ AsyncZLibStreamBuilder.swift,\ Compression.swift /Users/admin/builder/spi-builder-workspace/Sources/SwiftZlib/Async/AsyncCompressor.swift /Users/admin/builder/spi-builder-workspace/Sources/SwiftZlib/Async/AsyncDecompressor.swift /Users/admin/builder/spi-builder-workspace/Sources/SwiftZlib/Async/AsyncZLibStream.swift /Users/admin/builder/spi-builder-workspace/Sources/SwiftZlib/Async/AsyncZLibStreamBuilder.swift /Users/admin/builder/spi-builder-workspace/Sources/SwiftZlib/Core/Compression/Compression.swift (in target 'SwiftZlib' from project 'SwiftZlib')
SwiftCompile normal arm64 /Users/admin/builder/spi-builder-workspace/Sources/SwiftZlib/Async/AsyncCompressor.swift (in target 'SwiftZlib' from project 'SwiftZlib')
    cd /Users/admin/builder/spi-builder-workspace/.swiftpm/xcode
    builtin-SwiftPerFileCompile AsyncCompressor.swift
SwiftCompile normal arm64 /Users/admin/builder/spi-builder-workspace/Sources/SwiftZlib/Async/AsyncDecompressor.swift (in target 'SwiftZlib' from project 'SwiftZlib')
    cd /Users/admin/builder/spi-builder-workspace/.swiftpm/xcode
    builtin-SwiftPerFileCompile AsyncDecompressor.swift
SwiftCompile normal arm64 /Users/admin/builder/spi-builder-workspace/Sources/SwiftZlib/Async/AsyncZLibStream.swift (in target 'SwiftZlib' from project 'SwiftZlib')
    cd /Users/admin/builder/spi-builder-workspace/.swiftpm/xcode
    builtin-SwiftPerFileCompile AsyncZLibStream.swift
SwiftCompile normal arm64 /Users/admin/builder/spi-builder-workspace/Sources/SwiftZlib/Async/AsyncZLibStreamBuilder.swift (in target 'SwiftZlib' from project 'SwiftZlib')
    cd /Users/admin/builder/spi-builder-workspace/.swiftpm/xcode
    builtin-SwiftPerFileCompile AsyncZLibStreamBuilder.swift
SwiftCompile normal arm64 /Users/admin/builder/spi-builder-workspace/Sources/SwiftZlib/Core/Compression/Compression.swift (in target 'SwiftZlib' from project 'SwiftZlib')
    cd /Users/admin/builder/spi-builder-workspace/.swiftpm/xcode
    builtin-SwiftPerFileCompile Compression.swift
SwiftCompile normal arm64 Compiling\ ZLib+File.swift,\ ZLib+FileChunked.swift,\ ZLib+Stream.swift,\ ZLib.swift,\ ZLibErrorCode.swift /Users/admin/builder/spi-builder-workspace/Sources/SwiftZlib/API/ZLib+File.swift /Users/admin/builder/spi-builder-workspace/Sources/SwiftZlib/API/ZLib+FileChunked.swift /Users/admin/builder/spi-builder-workspace/Sources/SwiftZlib/API/ZLib+Stream.swift /Users/admin/builder/spi-builder-workspace/Sources/SwiftZlib/API/ZLib.swift /Users/admin/builder/spi-builder-workspace/Sources/SwiftZlib/API/ZLibErrorCode.swift (in target 'SwiftZlib' from project 'SwiftZlib')
SwiftCompile normal arm64 /Users/admin/builder/spi-builder-workspace/Sources/SwiftZlib/API/ZLib+File.swift (in target 'SwiftZlib' from project 'SwiftZlib')
    cd /Users/admin/builder/spi-builder-workspace/.swiftpm/xcode
    builtin-SwiftPerFileCompile ZLib+File.swift
SwiftCompile normal arm64 /Users/admin/builder/spi-builder-workspace/Sources/SwiftZlib/API/ZLib+FileChunked.swift (in target 'SwiftZlib' from project 'SwiftZlib')
    cd /Users/admin/builder/spi-builder-workspace/.swiftpm/xcode
    builtin-SwiftPerFileCompile ZLib+FileChunked.swift
SwiftCompile normal arm64 /Users/admin/builder/spi-builder-workspace/Sources/SwiftZlib/API/ZLib+Stream.swift (in target 'SwiftZlib' from project 'SwiftZlib')
    cd /Users/admin/builder/spi-builder-workspace/.swiftpm/xcode
    builtin-SwiftPerFileCompile ZLib+Stream.swift
SwiftCompile normal arm64 /Users/admin/builder/spi-builder-workspace/Sources/SwiftZlib/API/ZLib.swift (in target 'SwiftZlib' from project 'SwiftZlib')
    cd /Users/admin/builder/spi-builder-workspace/.swiftpm/xcode
    builtin-SwiftPerFileCompile ZLib.swift
SwiftCompile normal arm64 /Users/admin/builder/spi-builder-workspace/Sources/SwiftZlib/API/ZLibErrorCode.swift (in target 'SwiftZlib' from project 'SwiftZlib')
    cd /Users/admin/builder/spi-builder-workspace/.swiftpm/xcode
    builtin-SwiftPerFileCompile ZLibErrorCode.swift
SwiftEmitModule normal arm64 Emitting\ module\ for\ SwiftZlib (in target 'SwiftZlib' from project 'SwiftZlib')
SwiftCompile normal arm64 (in target 'SwiftZlib' from project 'SwiftZlib')
    cd /Users/admin/builder/spi-builder-workspace/.swiftpm/xcode

SwiftCompile normal arm64_32 Compiling\ Decompressor.swift,\ BaseInflateBackDecompressor.swift,\ DecompressorType.swift,\ EnhancedInflateBackDecompressor.swift,\ InflateBackDecompressorCBridged.swift /Users/admin/builder/spi-builder-workspace/Sources/SwiftZlib/Core/Compression/Decompressor.swift /Users/admin/builder/spi-builder-workspace/Sources/SwiftZlib/Core/Compression/InflateBackDecompressors/BaseInflateBackDecompressor.swift /Users/admin/builder/spi-builder-workspace/Sources/SwiftZlib/Core/Compression/InflateBackDecompressors/DecompressorType.swift /Users/admin/builder/spi-builder-workspace/Sources/SwiftZlib/Core/Compression/InflateBackDecompressors/EnhancedInflateBackDecompressor.swift /Users/admin/builder/spi-builder-workspace/Sources/SwiftZlib/Core/Compression/InflateBackDecompressors/InflateBackDecompressorCBridged.swift (in target 'SwiftZlib' from project 'SwiftZlib')
SwiftCompile normal arm64_32 /Users/admin/builder/spi-builder-workspace/Sources/SwiftZlib/Core/Compression/Decompressor.swift (in target 'SwiftZlib' from project 'SwiftZlib')
    cd /Users/admin/builder/spi-builder-workspace/.swiftpm/xcode
    builtin-SwiftPerFileCompile Decompressor.swift
SwiftCompile normal arm64_32 /Users/admin/builder/spi-builder-workspace/Sources/SwiftZlib/Core/Compression/InflateBackDecompressors/BaseInflateBackDecompressor.swift (in target 'SwiftZlib' from project 'SwiftZlib')
    cd /Users/admin/builder/spi-builder-workspace/.swiftpm/xcode
    builtin-SwiftPerFileCompile BaseInflateBackDecompressor.swift
SwiftCompile normal arm64_32 /Users/admin/builder/spi-builder-workspace/Sources/SwiftZlib/Core/Compression/InflateBackDecompressors/DecompressorType.swift (in target 'SwiftZlib' from project 'SwiftZlib')
    cd /Users/admin/builder/spi-builder-workspace/.swiftpm/xcode
    builtin-SwiftPerFileCompile DecompressorType.swift
SwiftCompile normal arm64_32 /Users/admin/builder/spi-builder-workspace/Sources/SwiftZlib/Core/Compression/InflateBackDecompressors/EnhancedInflateBackDecompressor.swift (in target 'SwiftZlib' from project 'SwiftZlib')
    cd /Users/admin/builder/spi-builder-workspace/.swiftpm/xcode
    builtin-SwiftPerFileCompile EnhancedInflateBackDecompressor.swift
SwiftCompile normal arm64_32 /Users/admin/builder/spi-builder-workspace/Sources/SwiftZlib/Core/Compression/InflateBackDecompressors/InflateBackDecompressorCBridged.swift (in target 'SwiftZlib' from project 'SwiftZlib')
    cd /Users/admin/builder/spi-builder-workspace/.swiftpm/xcode
    builtin-SwiftPerFileCompile InflateBackDecompressorCBridged.swift
SwiftEmitModule normal arm64_32 Emitting\ module\ for\ SwiftZlib (in target 'SwiftZlib' from project 'SwiftZlib')
SwiftCompile normal arm64_32 (in target 'SwiftZlib' from project 'SwiftZlib')
    cd /Users/admin/builder/spi-builder-workspace/.swiftpm/xcode

SwiftCompile normal arm64 Compiling\ StreamingDecompressor.swift,\ ZLibStreamBuilder.swift,\ Timer.swift,\ WindowBits.swift,\ ZLibError.swift /Users/admin/builder/spi-builder-workspace/Sources/SwiftZlib/Core/Stream/StreamingDecompressor.swift /Users/admin/builder/spi-builder-workspace/Sources/SwiftZlib/Core/Stream/ZLibStreamBuilder.swift /Users/admin/builder/spi-builder-workspace/Sources/SwiftZlib/Core/Timer.swift /Users/admin/builder/spi-builder-workspace/Sources/SwiftZlib/Core/WindowBits.swift /Users/admin/builder/spi-builder-workspace/Sources/SwiftZlib/Core/ZLibError.swift (in target 'SwiftZlib' from project 'SwiftZlib')
SwiftCompile normal arm64 /Users/admin/builder/spi-builder-workspace/Sources/SwiftZlib/Core/Stream/StreamingDecompressor.swift (in target 'SwiftZlib' from project 'SwiftZlib')
    cd /Users/admin/builder/spi-builder-workspace/.swiftpm/xcode
    builtin-SwiftPerFileCompile StreamingDecompressor.swift
SwiftCompile normal arm64 /Users/admin/builder/spi-builder-workspace/Sources/SwiftZlib/Core/Stream/ZLibStreamBuilder.swift (in target 'SwiftZlib' from project 'SwiftZlib')
    cd /Users/admin/builder/spi-builder-workspace/.swiftpm/xcode
    builtin-SwiftPerFileCompile ZLibStreamBuilder.swift
SwiftCompile normal arm64 /Users/admin/builder/spi-builder-workspace/Sources/SwiftZlib/Core/Timer.swift (in target 'SwiftZlib' from project 'SwiftZlib')
    cd /Users/admin/builder/spi-builder-workspace/.swiftpm/xcode
    builtin-SwiftPerFileCompile Timer.swift
SwiftCompile normal arm64 /Users/admin/builder/spi-builder-workspace/Sources/SwiftZlib/Core/WindowBits.swift (in target 'SwiftZlib' from project 'SwiftZlib')
    cd /Users/admin/builder/spi-builder-workspace/.swiftpm/xcode
    builtin-SwiftPerFileCompile WindowBits.swift
SwiftCompile normal arm64 /Users/admin/builder/spi-builder-workspace/Sources/SwiftZlib/Core/ZLibError.swift (in target 'SwiftZlib' from project 'SwiftZlib')
    cd /Users/admin/builder/spi-builder-workspace/.swiftpm/xcode
    builtin-SwiftPerFileCompile ZLibError.swift
SwiftCompile normal arm64 Compiling\ FlushMode.swift,\ GzipHeader.swift,\ Logging.swift,\ MemoryLevel.swift,\ StreamingConfig.swift /Users/admin/builder/spi-builder-workspace/Sources/SwiftZlib/Core/FlushMode.swift /Users/admin/builder/spi-builder-workspace/Sources/SwiftZlib/Core/GzipHeader.swift /Users/admin/builder/spi-builder-workspace/Sources/SwiftZlib/Core/Logging.swift /Users/admin/builder/spi-builder-workspace/Sources/SwiftZlib/Core/MemoryLevel.swift /Users/admin/builder/spi-builder-workspace/Sources/SwiftZlib/Core/Stream/StreamingConfig.swift (in target 'SwiftZlib' from project 'SwiftZlib')
SwiftCompile normal arm64 /Users/admin/builder/spi-builder-workspace/Sources/SwiftZlib/Core/FlushMode.swift (in target 'SwiftZlib' from project 'SwiftZlib')
    cd /Users/admin/builder/spi-builder-workspace/.swiftpm/xcode
    builtin-SwiftPerFileCompile FlushMode.swift
SwiftCompile normal arm64 /Users/admin/builder/spi-builder-workspace/Sources/SwiftZlib/Core/GzipHeader.swift (in target 'SwiftZlib' from project 'SwiftZlib')
    cd /Users/admin/builder/spi-builder-workspace/.swiftpm/xcode
    builtin-SwiftPerFileCompile GzipHeader.swift
SwiftCompile normal arm64 /Users/admin/builder/spi-builder-workspace/Sources/SwiftZlib/Core/Logging.swift (in target 'SwiftZlib' from project 'SwiftZlib')
    cd /Users/admin/builder/spi-builder-workspace/.swiftpm/xcode
    builtin-SwiftPerFileCompile Logging.swift
SwiftCompile normal arm64 /Users/admin/builder/spi-builder-workspace/Sources/SwiftZlib/Core/MemoryLevel.swift (in target 'SwiftZlib' from project 'SwiftZlib')
    cd /Users/admin/builder/spi-builder-workspace/.swiftpm/xcode
    builtin-SwiftPerFileCompile MemoryLevel.swift
SwiftCompile normal arm64 /Users/admin/builder/spi-builder-workspace/Sources/SwiftZlib/Core/Stream/StreamingConfig.swift (in target 'SwiftZlib' from project 'SwiftZlib')
    cd /Users/admin/builder/spi-builder-workspace/.swiftpm/xcode
    builtin-SwiftPerFileCompile StreamingConfig.swift
SwiftCompile normal arm64_32 Compiling\ ZLib+File.swift,\ ZLib+FileChunked.swift,\ ZLib+Stream.swift,\ ZLib.swift,\ ZLibErrorCode.swift /Users/admin/builder/spi-builder-workspace/Sources/SwiftZlib/API/ZLib+File.swift /Users/admin/builder/spi-builder-workspace/Sources/SwiftZlib/API/ZLib+FileChunked.swift /Users/admin/builder/spi-builder-workspace/Sources/SwiftZlib/API/ZLib+Stream.swift /Users/admin/builder/spi-builder-workspace/Sources/SwiftZlib/API/ZLib.swift /Users/admin/builder/spi-builder-workspace/Sources/SwiftZlib/API/ZLibErrorCode.swift (in target 'SwiftZlib' from project 'SwiftZlib')
/Users/admin/builder/spi-builder-workspace/Sources/SwiftZlib/API/ZLib.swift:60:22: error: integer literal '1152921504606846976' overflows when stored into 'UInt'
 58 |         /// Is debug build
 59 |         public var isDebug: Bool {
 60 |             (flags & 0x1000_0000_0000_0000) != 0
    |                      `- error: integer literal '1152921504606846976' overflows when stored into 'UInt'
 61 |         }
 62 |
/Users/admin/builder/spi-builder-workspace/Sources/SwiftZlib/API/ZLib.swift:65:22: error: integer literal '2305843009213693952' overflows when stored into 'UInt'
 63 |         /// Is optimized build
 64 |         public var isOptimized: Bool {
 65 |             (flags & 0x2000_0000_0000_0000) != 0
    |                      `- error: integer literal '2305843009213693952' overflows when stored into 'UInt'
 66 |         }
 67 |
Failed frontend command:
/Applications/Xcode-27.0.0-Release.Candidate.app/Contents/Developer/Toolchains/XcodeDefault.xctoolchain/usr/bin/swift-frontend -frontend -c /Users/admin/builder/spi-builder-workspace/Sources/SwiftZlib/API/Data+Extensions.swift /Users/admin/builder/spi-builder-workspace/Sources/SwiftZlib/API/String+Extensions.swift /Users/admin/builder/spi-builder-workspace/Sources/SwiftZlib/API/ZLib+Async.swift /Users/admin/builder/spi-builder-workspace/Sources/SwiftZlib/API/ZLib+AsyncStream.swift /Users/admin/builder/spi-builder-workspace/Sources/SwiftZlib/API/ZLib+Combine.swift -primary-file /Users/admin/builder/spi-builder-workspace/Sources/SwiftZlib/API/ZLib+File.swift -primary-file /Users/admin/builder/spi-builder-workspace/Sources/SwiftZlib/API/ZLib+FileChunked.swift -primary-file /Users/admin/builder/spi-builder-workspace/Sources/SwiftZlib/API/ZLib+Stream.swift -primary-file /Users/admin/builder/spi-builder-workspace/Sources/SwiftZlib/API/ZLib.swift -primary-file /Users/admin/builder/spi-builder-workspace/Sources/SwiftZlib/API/ZLibErrorCode.swift /Users/admin/builder/spi-builder-workspace/Sources/SwiftZlib/Async/AsyncCompressor.swift /Users/admin/builder/spi-builder-workspace/Sources/SwiftZlib/Async/AsyncDecompressor.swift /Users/admin/builder/spi-builder-workspace/Sources/SwiftZlib/Async/AsyncZLibStream.swift /Users/admin/builder/spi-builder-workspace/Sources/SwiftZlib/Async/AsyncZLibStreamBuilder.swift /Users/admin/builder/spi-builder-workspace/Sources/SwiftZlib/Core/Compression/Compression.swift /Users/admin/builder/spi-builder-workspace/Sources/SwiftZlib/Core/Compression/CompressionLevel.swift /Users/admin/builder/spi-builder-workspace/Sources/SwiftZlib/Core/Compression/CompressionMethod.swift /Users/admin/builder/spi-builder-workspace/Sources/SwiftZlib/Core/Compression/CompressionPhase.swift /Users/admin/builder/spi-builder-workspace/Sources/SwiftZlib/Core/Compression/CompressionStrategy.swift /Users/admin/builder/spi-builder-workspace/Sources/SwiftZlib/Core/Compression/Compressor.swift /Users/admin/builder/spi-builder-workspace/Sources/SwiftZlib/Core/Compression/Decompressor.swift /Users/admin/builder/spi-builder-workspace/Sources/SwiftZlib/Core/Compression/InflateBackDecompressors/BaseInflateBackDecompressor.swift /Users/admin/builder/spi-builder-workspace/Sources/SwiftZlib/Core/Compression/InflateBackDecompressors/DecompressorType.swift /Users/admin/builder/spi-builder-workspace/Sources/SwiftZlib/Core/Compression/InflateBackDecompressors/EnhancedInflateBackDecompressor.swift /Users/admin/builder/spi-builder-workspace/Sources/SwiftZlib/Core/Compression/InflateBackDecompressors/InflateBackDecompressorCBridged.swift /Users/admin/builder/spi-builder-workspace/Sources/SwiftZlib/Core/FlushMode.swift /Users/admin/builder/spi-builder-workspace/Sources/SwiftZlib/Core/GzipHeader.swift /Users/admin/builder/spi-builder-workspace/Sources/SwiftZlib/Core/Logging.swift /Users/admin/builder/spi-builder-workspace/Sources/SwiftZlib/Core/MemoryLevel.swift /Users/admin/builder/spi-builder-workspace/Sources/SwiftZlib/Core/Stream/StreamingConfig.swift /Users/admin/builder/spi-builder-workspace/Sources/SwiftZlib/Core/Stream/StreamingDecompressor.swift /Users/admin/builder/spi-builder-workspace/Sources/SwiftZlib/Core/Stream/ZLibStreamBuilder.swift /Users/admin/builder/spi-builder-workspace/Sources/SwiftZlib/Core/Timer.swift /Users/admin/builder/spi-builder-workspace/Sources/SwiftZlib/Core/WindowBits.swift /Users/admin/builder/spi-builder-workspace/Sources/SwiftZlib/Core/ZLibError.swift /Users/admin/builder/spi-builder-workspace/Sources/SwiftZlib/Core/ZLibStatus.swift /Users/admin/builder/spi-builder-workspace/Sources/SwiftZlib/Core/ZLibStream.swift /Users/admin/builder/spi-builder-workspace/Sources/SwiftZlib/FileOperations/ChunkedProcessor.swift /Users/admin/builder/spi-builder-workspace/Sources/SwiftZlib/FileOperations/FileChunkedCompressor.swift /Users/admin/builder/spi-builder-workspace/Sources/SwiftZlib/FileOperations/FileChunkedDecompressor.swift /Users/admin/builder/spi-builder-workspace/Sources/SwiftZlib/FileOperations/FileCompressor.swift /Users/admin/builder/spi-builder-workspace/Sources/SwiftZlib/FileOperations/FileDecompressor.swift /Users/admin/builder/spi-builder-workspace/Sources/SwiftZlib/FileOperations/FileProcessor.swift /Users/admin/builder/spi-builder-workspace/Sources/SwiftZlib/FileOperations/GzipFile.swift /Users/admin/builder/spi-builder-workspace/Sources/SwiftZlib/FileOperations/GzipFileError.swift /Users/admin/builder/spi-builder-workspace/Sources/SwiftZlib/FileOperations/SimpleFileCompressor.swift /Users/admin/builder/spi-builder-workspace/Sources/SwiftZlib/FileOperations/SimpleFileDecompressor.swift -supplementary-output-file-map /Users/admin/builder/spi-builder-workspace/.derivedData/Build/Intermediates.noindex/SwiftZlib.build/Debug-watchos/SwiftZlib-t.build/Objects-normal/arm64_32/supplementaryOutputs-4 -target arm64_32-apple-watchos9.0 -module-can-import-version Combine 3023 0 -module-can-import-version CoreFoundation 2412 5027.0.69 -disable-cross-import-overlay-search -load-resolved-plugin /Applications/Xcode-27.0.0-Release.Candidate.app/Contents/Developer/Platforms/WatchOS.platform/Developer/usr/lib/swift/host/plugins/libFoundationMacros.dylib\#/Applications/Xcode-27.0.0-Release.Candidate.app/Contents/Developer/Platforms/WatchOS.platform/Developer/usr/bin/swift-plugin-server\#FoundationMacros -load-resolved-plugin /Applications/Xcode-27.0.0-Release.Candidate.app/Contents/Developer/Platforms/WatchOS.platform/Developer/usr/lib/swift/host/plugins/libObservationMacros.dylib\#/Applications/Xcode-27.0.0-Release.Candidate.app/Contents/Developer/Platforms/WatchOS.platform/Developer/usr/bin/swift-plugin-server\#ObservationMacros -load-resolved-plugin /Applications/Xcode-27.0.0-Release.Candidate.app/Contents/Developer/Platforms/WatchOS.platform/Developer/usr/lib/swift/host/plugins/libSwiftMacros.dylib\#/Applications/Xcode-27.0.0-Release.Candidate.app/Contents/Developer/Platforms/WatchOS.platform/Developer/usr/bin/swift-plugin-server\#SwiftMacros -disable-implicit-swift-modules -Xcc -fno-implicit-modules -Xcc -fno-implicit-module-maps -explicit-swift-module-map-file /Users/admin/builder/spi-builder-workspace/.derivedData/Build/Intermediates.noindex/SwiftZlib.build/Debug-watchos/SwiftZlib-t.build/Objects-normal/arm64_32/SwiftZlib-dependencies-1.json -enable-objc-interop -sdk /Applications/Xcode-27.0.0-Release.Candidate.app/Contents/Developer/Platforms/WatchOS.platform/Developer/SDKs/WatchOS27.0.sdk -I /Users/admin/builder/spi-builder-workspace/.derivedData/Build/Products/Debug-watchos -Isystem /Applications/Xcode-27.0.0-Release.Candidate.app/Contents/Developer/Platforms/WatchOS.platform/Developer/usr/lib -F /Users/admin/builder/spi-builder-workspace/.derivedData/Build/Products/Debug-watchos/PackageFrameworks -F /Users/admin/builder/spi-builder-workspace/.derivedData/Build/Products/Debug-watchos -F /Applications/Xcode-27.0.0-Release.Candidate.app/Contents/Developer/Platforms/WatchOS.platform/Developer/Library/Frameworks -F /Applications/Xcode-27.0.0-Release.Candidate.app/Contents/Developer/Platforms/WatchOS.platform/Developer/SDKs/WatchOS27.0.sdk/Developer/Library/Frameworks -module-cache-path /Users/admin/builder/spi-builder-workspace/.derivedData/Build/Intermediates.noindex/SwiftExplicitPrecompiledModules -no-color-diagnostics -Xcc -fno-color-diagnostics -enable-testing -g -debug-info-format\=dwarf -dwarf-version\=4 -profile-generate -profile-coverage-mapping -swift-version 5 -Onone -D SWIFT_PACKAGE -D DEBUG -D SWIFT_MODULE_RESOURCE_BUNDLE_UNAVAILABLE -D ZLIB_VERBOSE_DISABLED -D Xcode -serialize-debugging-options -enable-experimental-feature DebugDescriptionMacro -empty-abi-descriptor -validate-clang-modules-once -clang-build-session-file /Users/admin/builder/spi-builder-workspace/.derivedData/ModuleCache.noindex/Session.modulevalidation -Xcc -working-directory -Xcc /Users/admin/builder/spi-builder-workspace/.swiftpm/xcode -enable-anonymous-context-mangled-names -file-compilation-dir /Users/admin/builder/spi-builder-workspace/.swiftpm/xcode -Xcc -fmodule-map-file\=/Users/admin/builder/spi-builder-workspace/.derivedData/Build/Intermediates.noindex/GeneratedModuleMaps-watchos/CZLib.modulemap -Xcc -D_LIBCPP_HARDENING_MODE\=_LIBCPP_HARDENING_MODE_DEBUG -Xcc -ivfsstatcache -Xcc /Users/admin/builder/spi-builder-workspace/.derivedData/SDKStatCaches.noindex/watchos27.0-24R360-e829b21a6f8c9b70876ba0858053c04477534ef55a1706bf4c1112bbb242f0a2.sdkstatcache -Xcc -fmodules-prune-interval\=86400 -Xcc -fmodules-prune-after\=345600 -Xcc -I/Users/admin/builder/spi-builder-workspace/Sources/CZLib/include -Xcc -I/Users/admin/builder/spi-builder-workspace/.derivedData/Build/Products/Debug-watchos/include -Xcc -I/Users/admin/builder/spi-builder-workspace/.derivedData/Build/Intermediates.noindex/SwiftZlib.build/Debug-watchos/SwiftZlib-t.build/DerivedSources-normal/arm64_32 -Xcc -I/Users/admin/builder/spi-builder-workspace/.derivedData/Build/Intermediates.noindex/SwiftZlib.build/Debug-watchos/SwiftZlib-t.build/DerivedSources/arm64_32 -Xcc -I/Users/admin/builder/spi-builder-workspace/.derivedData/Build/Intermediates.noindex/SwiftZlib.build/Debug-watchos/SwiftZlib-t.build/DerivedSources -Xcc -DSWIFT_PACKAGE -Xcc -DDEBUG\=1 -no-auto-bridging-header-chaining -module-name SwiftZlib -package-name spi_builder_workspace -const-gather-protocols-file /Users/admin/builder/spi-builder-workspace/.derivedData/Build/Intermediates.noindex/SwiftZlib.build/Debug-watchos/SwiftZlib-t.build/Objects-normal/arm64_32/SwiftZlib_const_extract_protocols.json -disable-clang-spi -clang-target arm64_32-apple-watchos27.0 -target-sdk-version 27.0 -target-sdk-name watchos27.0 -in-process-plugin-server-path /Applications/Xcode-27.0.0-Release.Candidate.app/Contents/Developer/Toolchains/XcodeDefault.xctoolchain/usr/lib/swift/host/libSwiftInProcPluginServer.dylib -parse-as-library -o /Users/admin/builder/spi-builder-workspace/.derivedData/Build/Intermediates.noindex/SwiftZlib.build/Debug-watchos/SwiftZlib-t.build/Objects-normal/arm64_32/ZLib+File.o -o /Users/admin/builder/spi-builder-workspace/.derivedData/Build/Intermediates.noindex/SwiftZlib.build/Debug-watchos/SwiftZlib-t.build/Objects-normal/arm64_32/ZLib+FileChunked.o -o /Users/admin/builder/spi-builder-workspace/.derivedData/Build/Intermediates.noindex/SwiftZlib.build/Debug-watchos/SwiftZlib-t.build/Objects-normal/arm64_32/ZLib+Stream.o -o /Users/admin/builder/spi-builder-workspace/.derivedData/Build/Intermediates.noindex/SwiftZlib.build/Debug-watchos/SwiftZlib-t.build/Objects-normal/arm64_32/ZLib.o -o /Users/admin/builder/spi-builder-workspace/.derivedData/Build/Intermediates.noindex/SwiftZlib.build/Debug-watchos/SwiftZlib-t.build/Objects-normal/arm64_32/ZLibErrorCode.o -debug-module-path /Users/admin/builder/spi-builder-workspace/.derivedData/Build/Intermediates.noindex/SwiftZlib.build/Debug-watchos/SwiftZlib-t.build/Objects-normal/arm64_32/SwiftZlib.swiftmodule -index-unit-output-path /SwiftZlib.build/Debug-watchos/SwiftZlib-t.build/Objects-normal/arm64_32/ZLib+File.o -index-unit-output-path /SwiftZlib.build/Debug-watchos/SwiftZlib-t.build/Objects-normal/arm64_32/ZLib+FileChunked.o -index-unit-output-path /SwiftZlib.build/Debug-watchos/SwiftZlib-t.build/Objects-normal/arm64_32/ZLib+Stream.o -index-unit-output-path /SwiftZlib.build/Debug-watchos/SwiftZlib-t.build/Objects-normal/arm64_32/ZLib.o -index-unit-output-path /SwiftZlib.build/Debug-watchos/SwiftZlib-t.build/Objects-normal/arm64_32/ZLibErrorCode.o -index-store-path /Users/admin/builder/spi-builder-workspace/.derivedData/Index.noindex/DataStore -index-system-modules
SwiftCompile normal arm64_32 /Users/admin/builder/spi-builder-workspace/Sources/SwiftZlib/API/ZLib+File.swift (in target 'SwiftZlib' from project 'SwiftZlib')
    cd /Users/admin/builder/spi-builder-workspace/.swiftpm/xcode
    builtin-SwiftPerFileCompile ZLib+File.swift
SwiftCompile normal arm64_32 /Users/admin/builder/spi-builder-workspace/Sources/SwiftZlib/API/ZLib+FileChunked.swift (in target 'SwiftZlib' from project 'SwiftZlib')
    cd /Users/admin/builder/spi-builder-workspace/.swiftpm/xcode
    builtin-SwiftPerFileCompile ZLib+FileChunked.swift
SwiftCompile normal arm64_32 /Users/admin/builder/spi-builder-workspace/Sources/SwiftZlib/API/ZLib+Stream.swift (in target 'SwiftZlib' from project 'SwiftZlib')
    cd /Users/admin/builder/spi-builder-workspace/.swiftpm/xcode
    builtin-SwiftPerFileCompile ZLib+Stream.swift
SwiftCompile normal arm64_32 /Users/admin/builder/spi-builder-workspace/Sources/SwiftZlib/API/ZLib.swift (in target 'SwiftZlib' from project 'SwiftZlib')
    cd /Users/admin/builder/spi-builder-workspace/.swiftpm/xcode
    builtin-SwiftPerFileCompile ZLib.swift
SwiftCompile normal arm64_32 /Users/admin/builder/spi-builder-workspace/Sources/SwiftZlib/API/ZLibErrorCode.swift (in target 'SwiftZlib' from project 'SwiftZlib')
    cd /Users/admin/builder/spi-builder-workspace/.swiftpm/xcode
    builtin-SwiftPerFileCompile ZLibErrorCode.swift
SwiftCompile normal arm64_32 Compiling\ StreamingDecompressor.swift,\ ZLibStreamBuilder.swift,\ Timer.swift,\ WindowBits.swift,\ ZLibError.swift /Users/admin/builder/spi-builder-workspace/Sources/SwiftZlib/Core/Stream/StreamingDecompressor.swift /Users/admin/builder/spi-builder-workspace/Sources/SwiftZlib/Core/Stream/ZLibStreamBuilder.swift /Users/admin/builder/spi-builder-workspace/Sources/SwiftZlib/Core/Timer.swift /Users/admin/builder/spi-builder-workspace/Sources/SwiftZlib/Core/WindowBits.swift /Users/admin/builder/spi-builder-workspace/Sources/SwiftZlib/Core/ZLibError.swift (in target 'SwiftZlib' from project 'SwiftZlib')
SwiftCompile normal arm64_32 /Users/admin/builder/spi-builder-workspace/Sources/SwiftZlib/Core/Stream/StreamingDecompressor.swift (in target 'SwiftZlib' from project 'SwiftZlib')
    cd /Users/admin/builder/spi-builder-workspace/.swiftpm/xcode
    builtin-SwiftPerFileCompile StreamingDecompressor.swift
SwiftCompile normal arm64_32 /Users/admin/builder/spi-builder-workspace/Sources/SwiftZlib/Core/Stream/ZLibStreamBuilder.swift (in target 'SwiftZlib' from project 'SwiftZlib')
    cd /Users/admin/builder/spi-builder-workspace/.swiftpm/xcode
    builtin-SwiftPerFileCompile ZLibStreamBuilder.swift
SwiftCompile normal arm64_32 /Users/admin/builder/spi-builder-workspace/Sources/SwiftZlib/Core/Timer.swift (in target 'SwiftZlib' from project 'SwiftZlib')
    cd /Users/admin/builder/spi-builder-workspace/.swiftpm/xcode
    builtin-SwiftPerFileCompile Timer.swift
SwiftCompile normal arm64_32 /Users/admin/builder/spi-builder-workspace/Sources/SwiftZlib/Core/WindowBits.swift (in target 'SwiftZlib' from project 'SwiftZlib')
    cd /Users/admin/builder/spi-builder-workspace/.swiftpm/xcode
    builtin-SwiftPerFileCompile WindowBits.swift
SwiftCompile normal arm64_32 /Users/admin/builder/spi-builder-workspace/Sources/SwiftZlib/Core/ZLibError.swift (in target 'SwiftZlib' from project 'SwiftZlib')
    cd /Users/admin/builder/spi-builder-workspace/.swiftpm/xcode
    builtin-SwiftPerFileCompile ZLibError.swift
SwiftCompile normal arm64_32 Compiling\ FileChunkedDecompressor.swift,\ FileCompressor.swift,\ FileDecompressor.swift,\ FileProcessor.swift /Users/admin/builder/spi-builder-workspace/Sources/SwiftZlib/FileOperations/FileChunkedDecompressor.swift /Users/admin/builder/spi-builder-workspace/Sources/SwiftZlib/FileOperations/FileCompressor.swift /Users/admin/builder/spi-builder-workspace/Sources/SwiftZlib/FileOperations/FileDecompressor.swift /Users/admin/builder/spi-builder-workspace/Sources/SwiftZlib/FileOperations/FileProcessor.swift (in target 'SwiftZlib' from project 'SwiftZlib')
SwiftCompile normal arm64_32 /Users/admin/builder/spi-builder-workspace/Sources/SwiftZlib/FileOperations/FileChunkedDecompressor.swift (in target 'SwiftZlib' from project 'SwiftZlib')
    cd /Users/admin/builder/spi-builder-workspace/.swiftpm/xcode
    builtin-SwiftPerFileCompile FileChunkedDecompressor.swift
SwiftCompile normal arm64_32 /Users/admin/builder/spi-builder-workspace/Sources/SwiftZlib/FileOperations/FileCompressor.swift (in target 'SwiftZlib' from project 'SwiftZlib')
    cd /Users/admin/builder/spi-builder-workspace/.swiftpm/xcode
    builtin-SwiftPerFileCompile FileCompressor.swift
SwiftCompile normal arm64_32 /Users/admin/builder/spi-builder-workspace/Sources/SwiftZlib/FileOperations/FileDecompressor.swift (in target 'SwiftZlib' from project 'SwiftZlib')
    cd /Users/admin/builder/spi-builder-workspace/.swiftpm/xcode
    builtin-SwiftPerFileCompile FileDecompressor.swift
SwiftCompile normal arm64_32 /Users/admin/builder/spi-builder-workspace/Sources/SwiftZlib/FileOperations/FileProcessor.swift (in target 'SwiftZlib' from project 'SwiftZlib')
    cd /Users/admin/builder/spi-builder-workspace/.swiftpm/xcode
    builtin-SwiftPerFileCompile FileProcessor.swift
SwiftEmitModule normal arm64 Emitting\ module\ for\ SwiftZlibCLI (in target 'SwiftZlibCLI-product' from project 'SwiftZlib')
SwiftCompile normal arm64 (in target 'SwiftZlibCLI-product' from project 'SwiftZlib')
    cd /Users/admin/builder/spi-builder-workspace/.swiftpm/xcode

SwiftDriverJobDiscovery normal arm64_32 Compiling StreamingDecompressor.swift, ZLibStreamBuilder.swift, Timer.swift, WindowBits.swift, ZLibError.swift (in target 'SwiftZlib' from project 'SwiftZlib')
SwiftEmitModule normal arm64_32 Emitting\ module\ for\ SwiftZlibCLI (in target 'SwiftZlibCLI-product' from project 'SwiftZlib')
SwiftCompile normal arm64_32 (in target 'SwiftZlibCLI-product' from project 'SwiftZlib')
    cd /Users/admin/builder/spi-builder-workspace/.swiftpm/xcode

SwiftCompile normal arm64_32 Compiling\ main.swift /Users/admin/builder/spi-builder-workspace/Sources/SwiftZlibCLI/main.swift (in target 'SwiftZlibCLI-product' from project 'SwiftZlib')
SwiftCompile normal arm64_32 /Users/admin/builder/spi-builder-workspace/Sources/SwiftZlibCLI/main.swift (in target 'SwiftZlibCLI-product' from project 'SwiftZlib')
    cd /Users/admin/builder/spi-builder-workspace/.swiftpm/xcode
    builtin-SwiftPerFileCompile main.swift
PruneExplicitPrecompiledModules /Users/admin/builder/spi-builder-workspace/.derivedData/Build/Intermediates.noindex/ExplicitPrecompiledModules
PruneExplicitPrecompiledModules /Users/admin/builder/spi-builder-workspace/.derivedData/Build/Intermediates.noindex/SwiftExplicitPrecompiledModules
PruneExplicitPrecompiledModules /Users/admin/builder/spi-builder-workspace/.derivedData/SDKExplicitPrecompiledModules
2026-09-22 21:18:34.104 xcodebuild[805:4713] [MT] IDERunDestination: Supported platforms for the buildables in the current scheme is empty.
** BUILD FAILED **
The following build commands failed:
	SwiftCompile normal arm64_32 Compiling\ ZLib+File.swift,\ ZLib+FileChunked.swift,\ ZLib+Stream.swift,\ ZLib.swift,\ ZLibErrorCode.swift /Users/admin/builder/spi-builder-workspace/Sources/SwiftZlib/API/ZLib+File.swift /Users/admin/builder/spi-builder-workspace/Sources/SwiftZlib/API/ZLib+FileChunked.swift /Users/admin/builder/spi-builder-workspace/Sources/SwiftZlib/API/ZLib+Stream.swift /Users/admin/builder/spi-builder-workspace/Sources/SwiftZlib/API/ZLib.swift /Users/admin/builder/spi-builder-workspace/Sources/SwiftZlib/API/ZLibErrorCode.swift (in target 'SwiftZlib' from project 'SwiftZlib')
	SwiftCompile normal arm64_32 /Users/admin/builder/spi-builder-workspace/Sources/SwiftZlib/API/ZLib.swift (in target 'SwiftZlib' from project 'SwiftZlib')
	Building workspace SwiftZlib with scheme SwiftZlib-Package
(3 failures)
BUILD FAILURE 6.4 watchOS