The Swift Package Index logo.Swift Package Index

Build Information

Failed to build FlowRouter, reference main (58e3de), with Swift 6.4 for tvOS using Xcode 27.0 on 23 Sep 2026 17:13:45 UTC.

Build Command

env DEVELOPER_DIR=/Applications/Xcode-27.0.0-Release.Candidate.app xcrun xcodebuild -IDEClonedSourcePackagesDirPathOverride=$PWD/.dependencies -skipMacroValidation -skipPackagePluginValidation -derivedDataPath $PWD/.derivedData build -scheme FlowRouter -destination generic/platform=tvOS

Build Log

========================================
RunAll
========================================
Builder version: 5.1.0
Interrupt handler set up.
========================================
Checkout
========================================
Clone URL: https://github.com/xiaoxiaowesley/FlowRouter.git
Reference: main
Initialized empty Git repository in /Users/admin/builder/spi-builder-workspace/.git/
From https://github.com/xiaoxiaowesley/FlowRouter
 * branch            main       -> FETCH_HEAD
 * [new branch]      main       -> origin/main
HEAD is now at 58e3de0 Add GitHub Actions workflow for Swift project
Cloned https://github.com/xiaoxiaowesley/FlowRouter.git
Revision (git rev-parse @):
58e3de0e690af98584658d1a53d5d2f54d63829e
SUCCESS checkout https://github.com/xiaoxiaowesley/FlowRouter.git at main
========================================
Build
========================================
Selected platform:         tvOS
Swift version:             6.4
Building package at path:  $PWD
https://github.com/xiaoxiaowesley/FlowRouter.git
Command line invocation:
    /Applications/Xcode-27.0.0-Release.Candidate.app/Contents/Developer/usr/bin/xcodebuild -IDEClonedSourcePackagesDirPathOverride=/Users/admin/builder/spi-builder-workspace/.dependencies -resolvePackageDependencies
Resolve Package Graph
Resolve Package Graph
Resolved source packages:
  FlowRouter: /Users/admin/builder/spi-builder-workspace
resolved source packages: FlowRouter
2026-09-23 13:12:59.426 xcodebuild[529:3043] [MT] IDERunDestination: Supported platforms for the buildables in the current scheme is empty.
{
  "dependencies" : [
  ],
  "manifest_display_name" : "FlowRouter",
  "name" : "FlowRouter",
  "path" : "/Users/admin/builder/spi-builder-workspace",
  "platforms" : [
    {
      "name" : "ios",
      "version" : "13.0"
    }
  ],
  "products" : [
    {
      "name" : "FlowRouter",
      "targets" : [
        "FlowRouter"
      ],
      "type" : {
        "library" : [
          "automatic"
        ]
      }
    }
  ],
  "targets" : [
    {
      "c99name" : "FlowRouterTests",
      "module_type" : "SwiftTarget",
      "name" : "FlowRouterTests",
      "path" : "Tests/FlowRouterTests",
      "sources" : [
        "FlowRouterTests.swift",
        "RouterViewControllerTests.swift"
      ],
      "target_dependencies" : [
        "FlowRouter"
      ],
      "type" : "test"
    },
    {
      "c99name" : "FlowRouter",
      "module_type" : "SwiftTarget",
      "name" : "FlowRouter",
      "path" : "Sources/FlowRouter",
      "product_memberships" : [
        "FlowRouter"
      ],
      "sources" : [
        "Extension/StringExtension.swift",
        "FlowRouter.swift",
        "Interceptor/CloseInterceptor.swift",
        "Interceptor/OpenInterceptor.swift",
        "Log/Log.swift",
        "Navibar/NaviBarView.swift",
        "NavigationType.swift",
        "PageRecord.swift",
        "RouteCloseData.swift",
        "RouteMapManager.swift",
        "RouteOption.swift",
        "RouterModule.swift",
        "RouterProtocol.swift",
        "RouterViewController.swift",
        "UI/FadeAndSlideTransitioning.swift",
        "UI/FadeTransitioning.swift",
        "UI/UI.swift"
      ],
      "type" : "library"
    }
  ],
  "tools_version" : "6.1"
}
{
  "workspace" : {
    "name" : "FlowRouter",
    "schemes" : [
      "FlowRouter"
    ]
  }
}
2026-09-23 13:13:31.254 xcodebuild[626:3845] [MT] IDERunDestination: Supported platforms for the buildables in the current scheme is empty.
Running build ...
env DEVELOPER_DIR=/Applications/Xcode-27.0.0-Release.Candidate.app xcrun xcodebuild -IDEClonedSourcePackagesDirPathOverride=$PWD/.dependencies -skipMacroValidation -skipPackagePluginValidation -derivedDataPath $PWD/.derivedData build -scheme FlowRouter -destination generic/platform=tvOS
Command line invocation:
    /Applications/Xcode-27.0.0-Release.Candidate.app/Contents/Developer/usr/bin/xcodebuild -IDEClonedSourcePackagesDirPathOverride=/Users/admin/builder/spi-builder-workspace/.dependencies -skipMacroValidation -skipPackagePluginValidation -derivedDataPath /Users/admin/builder/spi-builder-workspace/.derivedData build -scheme FlowRouter -destination generic/platform=tvOS
Resolve Package Graph
Resolved source packages:
  FlowRouter: /Users/admin/builder/spi-builder-workspace
ComputePackagePrebuildTargetDependencyGraph
Prepare packages
CreateBuildRequest
SendProjectDescription
CreateBuildOperation
ComputeTargetDependencyGraph
note: Building targets in dependency order
note: Target dependency graph (2 targets)
    Target 'FlowRouter-product' in project 'FlowRouter'
        ➜ Explicit dependency on target 'FlowRouter' in project 'FlowRouter'
    Target 'FlowRouter' in project 'FlowRouter' (no dependencies)
GatherProvisioningInputs
CreateBuildDescription
ExecuteExternalTool /Applications/Xcode-27.0.0-Release.Candidate.app/Contents/Developer/Toolchains/XcodeDefault.xctoolchain/usr/bin/clang -v -E -dM -isysroot /Applications/Xcode-27.0.0-Release.Candidate.app/Contents/Developer/Platforms/AppleTVOS.platform/Developer/SDKs/AppleTVOS27.0.sdk -x c -c /dev/null
ExecuteExternalTool /Applications/Xcode-27.0.0-Release.Candidate.app/Contents/Developer/Toolchains/XcodeDefault.xctoolchain/usr/bin/swiftc --version
ExecuteExternalTool /Applications/Xcode-27.0.0-Release.Candidate.app/Contents/Developer/Toolchains/XcodeDefault.xctoolchain/usr/bin/ld -version_details
Build description signature: c5328f842625885e28fbf1fadf899093
Build description path: /Users/admin/builder/spi-builder-workspace/.derivedData/Build/Intermediates.noindex/XCBuildData/c5328f842625885e28fbf1fadf899093.xcbuilddata
CreateBuildDirectory /Users/admin/builder/spi-builder-workspace/.derivedData/SDKExplicitPrecompiledModules
    cd /Users/admin/builder/spi-builder-workspace/.swiftpm/xcode
    builtin-create-build-directory /Users/admin/builder/spi-builder-workspace/.derivedData/SDKExplicitPrecompiledModules
CreateBuildDirectory /Users/admin/builder/spi-builder-workspace/.derivedData/ModuleCache.noindex
    cd /Users/admin/builder/spi-builder-workspace/.swiftpm/xcode
    builtin-create-build-directory /Users/admin/builder/spi-builder-workspace/.derivedData/ModuleCache.noindex
CreateBuildDirectory /Users/admin/builder/spi-builder-workspace/.derivedData/CompilationCache.noindex
    cd /Users/admin/builder/spi-builder-workspace/.swiftpm/xcode
    builtin-create-build-directory /Users/admin/builder/spi-builder-workspace/.derivedData/CompilationCache.noindex
ClangStatCache /Applications/Xcode-27.0.0-Release.Candidate.app/Contents/Developer/Toolchains/XcodeDefault.xctoolchain/usr/bin/clang-stat-cache /Applications/Xcode-27.0.0-Release.Candidate.app/Contents/Developer/Platforms/AppleTVOS.platform/Developer/SDKs/AppleTVOS27.0.sdk /Users/admin/builder/spi-builder-workspace/.derivedData/SDKStatCaches.noindex/appletvos27.0-24J360-e829b21a6f8c9b70876ba0858053c044b32bfd8d43560033f8d89884cdb90028.sdkstatcache
    cd /Users/admin/builder/spi-builder-workspace/.swiftpm/xcode
    /Applications/Xcode-27.0.0-Release.Candidate.app/Contents/Developer/Toolchains/XcodeDefault.xctoolchain/usr/bin/clang-stat-cache /Applications/Xcode-27.0.0-Release.Candidate.app/Contents/Developer/Platforms/AppleTVOS.platform/Developer/SDKs/AppleTVOS27.0.sdk -o /Users/admin/builder/spi-builder-workspace/.derivedData/SDKStatCaches.noindex/appletvos27.0-24J360-e829b21a6f8c9b70876ba0858053c044b32bfd8d43560033f8d89884cdb90028.sdkstatcache
CreateBuildDirectory /Users/admin/builder/spi-builder-workspace/.derivedData/Build/Products
    cd /Users/admin/builder/spi-builder-workspace/.swiftpm/xcode
    builtin-create-build-directory /Users/admin/builder/spi-builder-workspace/.derivedData/Build/Products
CreateBuildDirectory /Users/admin/builder/spi-builder-workspace/.derivedData/Build/Intermediates.noindex
    cd /Users/admin/builder/spi-builder-workspace/.swiftpm/xcode
    builtin-create-build-directory /Users/admin/builder/spi-builder-workspace/.derivedData/Build/Intermediates.noindex
CreateBuildDirectory /Users/admin/builder/spi-builder-workspace/.derivedData/Build/Intermediates.noindex/PrecompiledHeaders
    cd /Users/admin/builder/spi-builder-workspace/.swiftpm/xcode
    builtin-create-build-directory /Users/admin/builder/spi-builder-workspace/.derivedData/Build/Intermediates.noindex/PrecompiledHeaders
CreateBuildDirectory /Users/admin/builder/spi-builder-workspace/.derivedData/Build/Intermediates.noindex/SwiftExplicitPrecompiledModules
    cd /Users/admin/builder/spi-builder-workspace/.swiftpm/xcode
    builtin-create-build-directory /Users/admin/builder/spi-builder-workspace/.derivedData/Build/Intermediates.noindex/SwiftExplicitPrecompiledModules
CreateBuildDirectory /Users/admin/builder/spi-builder-workspace/.derivedData/Build/Intermediates.noindex/ExplicitPrecompiledModules
    cd /Users/admin/builder/spi-builder-workspace/.swiftpm/xcode
    builtin-create-build-directory /Users/admin/builder/spi-builder-workspace/.derivedData/Build/Intermediates.noindex/ExplicitPrecompiledModules
CreateBuildDirectory /Users/admin/builder/spi-builder-workspace/.derivedData/Build/Intermediates.noindex/EagerLinkingTBDs/Debug-appletvos
    cd /Users/admin/builder/spi-builder-workspace/.swiftpm/xcode
    builtin-create-build-directory /Users/admin/builder/spi-builder-workspace/.derivedData/Build/Intermediates.noindex/EagerLinkingTBDs/Debug-appletvos
CreateBuildDirectory /Users/admin/builder/spi-builder-workspace/.derivedData/Build/Products/Debug-appletvos
    cd /Users/admin/builder/spi-builder-workspace/.swiftpm/xcode
    builtin-create-build-directory /Users/admin/builder/spi-builder-workspace/.derivedData/Build/Products/Debug-appletvos
CreateBuildDirectory /Users/admin/builder/spi-builder-workspace/.derivedData/Build/Products/Debug-appletvos/PackageFrameworks
    cd /Users/admin/builder/spi-builder-workspace/.swiftpm/xcode
    builtin-create-build-directory /Users/admin/builder/spi-builder-workspace/.derivedData/Build/Products/Debug-appletvos/PackageFrameworks
WriteAuxiliaryFile /Users/admin/builder/spi-builder-workspace/.derivedData/Build/Intermediates.noindex/FlowRouter.build/Debug-appletvos/FlowRouter-t.build/FlowRouter.modulemap (in target 'FlowRouter' from project 'FlowRouter')
    cd /Users/admin/builder/spi-builder-workspace
    write-file /Users/admin/builder/spi-builder-workspace/.derivedData/Build/Intermediates.noindex/FlowRouter.build/Debug-appletvos/FlowRouter-t.build/FlowRouter.modulemap
WriteAuxiliaryFile /Users/admin/builder/spi-builder-workspace/.derivedData/Build/Intermediates.noindex/FlowRouter.build/Debug-appletvos/FlowRouter-t.build/FlowRouter.DependencyMetadataFileList (in target 'FlowRouter' from project 'FlowRouter')
    cd /Users/admin/builder/spi-builder-workspace
    write-file /Users/admin/builder/spi-builder-workspace/.derivedData/Build/Intermediates.noindex/FlowRouter.build/Debug-appletvos/FlowRouter-t.build/FlowRouter.DependencyMetadataFileList
WriteAuxiliaryFile /Users/admin/builder/spi-builder-workspace/.derivedData/Build/Intermediates.noindex/FlowRouter.build/Debug-appletvos/FlowRouter-t.build/FlowRouter.DependencyStaticMetadataFileList (in target 'FlowRouter' from project 'FlowRouter')
    cd /Users/admin/builder/spi-builder-workspace
    write-file /Users/admin/builder/spi-builder-workspace/.derivedData/Build/Intermediates.noindex/FlowRouter.build/Debug-appletvos/FlowRouter-t.build/FlowRouter.DependencyStaticMetadataFileList
WriteAuxiliaryFile /Users/admin/builder/spi-builder-workspace/.derivedData/Build/Intermediates.noindex/FlowRouter.build/Debug-appletvos/FlowRouter-t.build/Objects-normal/arm64/FlowRouter.SwiftFileList (in target 'FlowRouter' from project 'FlowRouter')
    cd /Users/admin/builder/spi-builder-workspace
    write-file /Users/admin/builder/spi-builder-workspace/.derivedData/Build/Intermediates.noindex/FlowRouter.build/Debug-appletvos/FlowRouter-t.build/Objects-normal/arm64/FlowRouter.SwiftFileList
WriteAuxiliaryFile /Users/admin/builder/spi-builder-workspace/.derivedData/Build/Intermediates.noindex/FlowRouter.build/Debug-appletvos/FlowRouter-t.build/Objects-normal/arm64/FlowRouter-OutputFileMap.json (in target 'FlowRouter' from project 'FlowRouter')
    cd /Users/admin/builder/spi-builder-workspace
    write-file /Users/admin/builder/spi-builder-workspace/.derivedData/Build/Intermediates.noindex/FlowRouter.build/Debug-appletvos/FlowRouter-t.build/Objects-normal/arm64/FlowRouter-OutputFileMap.json
WriteAuxiliaryFile /Users/admin/builder/spi-builder-workspace/.derivedData/Build/Intermediates.noindex/FlowRouter.build/Debug-appletvos/FlowRouter-t.build/Objects-normal/arm64/FlowRouter.SwiftConstValuesFileList (in target 'FlowRouter' from project 'FlowRouter')
    cd /Users/admin/builder/spi-builder-workspace
    write-file /Users/admin/builder/spi-builder-workspace/.derivedData/Build/Intermediates.noindex/FlowRouter.build/Debug-appletvos/FlowRouter-t.build/Objects-normal/arm64/FlowRouter.SwiftConstValuesFileList
WriteAuxiliaryFile /Users/admin/builder/spi-builder-workspace/.derivedData/Build/Intermediates.noindex/FlowRouter.build/Debug-appletvos/FlowRouter-t.build/Objects-normal/arm64/FlowRouter.LinkFileList (in target 'FlowRouter' from project 'FlowRouter')
    cd /Users/admin/builder/spi-builder-workspace
    write-file /Users/admin/builder/spi-builder-workspace/.derivedData/Build/Intermediates.noindex/FlowRouter.build/Debug-appletvos/FlowRouter-t.build/Objects-normal/arm64/FlowRouter.LinkFileList
WriteAuxiliaryFile /Users/admin/builder/spi-builder-workspace/.derivedData/Build/Intermediates.noindex/FlowRouter.build/Debug-appletvos/FlowRouter-t.build/Objects-normal/arm64/FlowRouter_const_extract_protocols.json (in target 'FlowRouter' from project 'FlowRouter')
    cd /Users/admin/builder/spi-builder-workspace
    write-file /Users/admin/builder/spi-builder-workspace/.derivedData/Build/Intermediates.noindex/FlowRouter.build/Debug-appletvos/FlowRouter-t.build/Objects-normal/arm64/FlowRouter_const_extract_protocols.json
Copy /Users/admin/builder/spi-builder-workspace/.derivedData/Build/Intermediates.noindex/GeneratedModuleMaps-appletvos/FlowRouter.modulemap /Users/admin/builder/spi-builder-workspace/.derivedData/Build/Intermediates.noindex/FlowRouter.build/Debug-appletvos/FlowRouter-t.build/FlowRouter.modulemap (in target 'FlowRouter' from project 'FlowRouter')
    cd /Users/admin/builder/spi-builder-workspace
    builtin-copy -exclude .DS_Store -exclude CVS -exclude .svn -exclude .git -exclude .hg -resolve-src-symlinks /Users/admin/builder/spi-builder-workspace/.derivedData/Build/Intermediates.noindex/FlowRouter.build/Debug-appletvos/FlowRouter-t.build/FlowRouter.modulemap /Users/admin/builder/spi-builder-workspace/.derivedData/Build/Intermediates.noindex/GeneratedModuleMaps-appletvos
SwiftDriver FlowRouter normal arm64 com.apple.xcode.tools.swift.compiler (in target 'FlowRouter' from project 'FlowRouter')
    cd /Users/admin/builder/spi-builder-workspace/.swiftpm/xcode
    builtin-SwiftDriver -- /Applications/Xcode-27.0.0-Release.Candidate.app/Contents/Developer/Toolchains/XcodeDefault.xctoolchain/usr/bin/swiftc -parse-as-library -module-name FlowRouter -Onone @/Users/admin/builder/spi-builder-workspace/.derivedData/Build/Intermediates.noindex/FlowRouter.build/Debug-appletvos/FlowRouter-t.build/Objects-normal/arm64/FlowRouter.SwiftFileList -DSWIFT_PACKAGE -DDEBUG -DSWIFT_MODULE_RESOURCE_BUNDLE_UNAVAILABLE -DXcode -plugin-path /Applications/Xcode-27.0.0-Release.Candidate.app/Contents/Developer/Toolchains/XcodeDefault.xctoolchain/usr/lib/swift/host/plugins/testing -enable-experimental-feature DebugDescriptionMacro -sdk /Applications/Xcode-27.0.0-Release.Candidate.app/Contents/Developer/Platforms/AppleTVOS.platform/Developer/SDKs/AppleTVOS27.0.sdk -target arm64-apple-tvos15.0 -g -module-cache-path /Users/admin/builder/spi-builder-workspace/.derivedData/ModuleCache.noindex -Xfrontend -serialize-debugging-options -profile-coverage-mapping -profile-generate -enable-testing -index-store-path /Users/admin/builder/spi-builder-workspace/.derivedData/Index.noindex/DataStore -Xcc -D_LIBCPP_HARDENING_MODE\=_LIBCPP_HARDENING_MODE_DEBUG -swift-version 6 -I /Users/admin/builder/spi-builder-workspace/.derivedData/Build/Products/Debug-appletvos -Isystem /Applications/Xcode-27.0.0-Release.Candidate.app/Contents/Developer/Platforms/AppleTVOS.platform/Developer/usr/lib -F /Users/admin/builder/spi-builder-workspace/.derivedData/Build/Products/Debug-appletvos -F /Applications/Xcode-27.0.0-Release.Candidate.app/Contents/Developer/Platforms/AppleTVOS.platform/Developer/Library/Frameworks -F /Applications/Xcode-27.0.0-Release.Candidate.app/Contents/Developer/Platforms/AppleTVOS.platform/Developer/SDKs/AppleTVOS27.0.sdk/Developer/Library/Frameworks -c -j10 -enable-batch-mode -incremental -Xcc -ivfsstatcache -Xcc /Users/admin/builder/spi-builder-workspace/.derivedData/SDKStatCaches.noindex/appletvos27.0-24J360-e829b21a6f8c9b70876ba0858053c044b32bfd8d43560033f8d89884cdb90028.sdkstatcache -output-file-map /Users/admin/builder/spi-builder-workspace/.derivedData/Build/Intermediates.noindex/FlowRouter.build/Debug-appletvos/FlowRouter-t.build/Objects-normal/arm64/FlowRouter-OutputFileMap.json -save-temps -no-color-diagnostics -explicit-module-build -module-cache-path /Users/admin/builder/spi-builder-workspace/.derivedData/Build/Intermediates.noindex/SwiftExplicitPrecompiledModules -clang-scanner-module-cache-path /Users/admin/builder/spi-builder-workspace/.derivedData/ModuleCache.noindex -sdk-module-cache-path /Users/admin/builder/spi-builder-workspace/.derivedData/SDKExplicitPrecompiledModules -emit-dependencies -emit-module -emit-module-path /Users/admin/builder/spi-builder-workspace/.derivedData/Build/Intermediates.noindex/FlowRouter.build/Debug-appletvos/FlowRouter-t.build/Objects-normal/arm64/FlowRouter.swiftmodule -serialize-diagnostics -dependency-scan-serialize-diagnostics-path /Users/admin/builder/spi-builder-workspace/.derivedData/Build/Intermediates.noindex/FlowRouter.build/Debug-appletvos/FlowRouter-t.build/Objects-normal/arm64/FlowRouter-dependency-scan.dia -validate-clang-modules-once -clang-build-session-file /Users/admin/builder/spi-builder-workspace/.derivedData/ModuleCache.noindex/Session.modulevalidation -Xcc -fmodules-prune-interval\=86400 -Xcc -fmodules-prune-after\=345600 -package-name spi_builder_workspace -emit-const-values -const-gather-protocols-list /Users/admin/builder/spi-builder-workspace/.derivedData/Build/Intermediates.noindex/FlowRouter.build/Debug-appletvos/FlowRouter-t.build/Objects-normal/arm64/FlowRouter_const_extract_protocols.json -Xcc -I/Users/admin/builder/spi-builder-workspace/.derivedData/Build/Products/Debug-appletvos/include -Xcc -I/Users/admin/builder/spi-builder-workspace/.derivedData/Build/Intermediates.noindex/FlowRouter.build/Debug-appletvos/FlowRouter-t.build/DerivedSources-normal/arm64 -Xcc -I/Users/admin/builder/spi-builder-workspace/.derivedData/Build/Intermediates.noindex/FlowRouter.build/Debug-appletvos/FlowRouter-t.build/DerivedSources/arm64 -Xcc -I/Users/admin/builder/spi-builder-workspace/.derivedData/Build/Intermediates.noindex/FlowRouter.build/Debug-appletvos/FlowRouter-t.build/DerivedSources -Xcc -DSWIFT_PACKAGE -Xcc -DDEBUG\=1 -emit-objc-header -emit-objc-header-path /Users/admin/builder/spi-builder-workspace/.derivedData/Build/Intermediates.noindex/FlowRouter.build/Debug-appletvos/FlowRouter-t.build/Objects-normal/arm64/FlowRouter-Swift.h -working-directory /Users/admin/builder/spi-builder-workspace/.swiftpm/xcode -experimental-emit-module-separately -disable-cmo
SwiftExplicitDependencyGeneratePcm arm64 /Users/admin/builder/spi-builder-workspace/.derivedData/SDKExplicitPrecompiledModules/_Builtin_stdbool-4UUPXTY52W6RPSB0N2WGGLTJT.pcm
SwiftExplicitDependencyGeneratePcm arm64 /Users/admin/builder/spi-builder-workspace/.derivedData/SDKExplicitPrecompiledModules/ptrauth-EMKXYE8GN9BK4M3ODSTVDUJU2.pcm
SwiftExplicitDependencyGeneratePcm arm64 /Users/admin/builder/spi-builder-workspace/.derivedData/SDKExplicitPrecompiledModules/_Builtin_stddef-1MAO6P3OSQFGZFQEPM31XXNSS.pcm
SwiftExplicitDependencyGeneratePcm arm64 /Users/admin/builder/spi-builder-workspace/.derivedData/SDKExplicitPrecompiledModules/_Builtin_stdarg-719DH4G2R3NRP3HRX5HE8WX08.pcm
SwiftExplicitDependencyGeneratePcm arm64 /Users/admin/builder/spi-builder-workspace/.derivedData/SDKExplicitPrecompiledModules/_SwiftConcurrencyShims-3HZGHPZQL3GY71QUHDRB0P39S.pcm
SwiftExplicitDependencyGeneratePcm arm64 /Users/admin/builder/spi-builder-workspace/.derivedData/SDKExplicitPrecompiledModules/_AvailabilityInternal-99L1JVU5TYE8S0FGGB7E09QQS.pcm
SwiftExplicitDependencyGeneratePcm arm64 /Users/admin/builder/spi-builder-workspace/.derivedData/SDKExplicitPrecompiledModules/DeveloperToolsSupport-CJV8SY9BXJUTONPFWMLQEGTXA.pcm
SwiftExplicitDependencyGeneratePcm arm64 /Users/admin/builder/spi-builder-workspace/.derivedData/SDKExplicitPrecompiledModules/_Builtin_float-3RF4B70MBHPP952AX3GNZ8W3H.pcm
SwiftExplicitDependencyGeneratePcm arm64 /Users/admin/builder/spi-builder-workspace/.derivedData/SDKExplicitPrecompiledModules/SwiftShims-73G9EXEO9PVWB6PL1BR4TAJ0B.pcm
SwiftExplicitDependencyGeneratePcm arm64 /Users/admin/builder/spi-builder-workspace/.derivedData/SDKExplicitPrecompiledModules/ptrcheck-BA65H1NXYZJ0BLLWO9HZOAZ6Y.pcm
SwiftExplicitDependencyGeneratePcm arm64 /Users/admin/builder/spi-builder-workspace/.derivedData/SDKExplicitPrecompiledModules/_DarwinFoundation1-90NUFDXQ765U5FR62173FT21A.pcm
SwiftExplicitDependencyGeneratePcm arm64 /Users/admin/builder/spi-builder-workspace/.derivedData/SDKExplicitPrecompiledModules/_Builtin_limits-3JICJWOCEYXXXNXAMEJBF6UQN.pcm
SwiftExplicitDependencyGeneratePcm arm64 /Users/admin/builder/spi-builder-workspace/.derivedData/SDKExplicitPrecompiledModules/ExtensionFoundation-ANH3W0EK51VMBV9PZ6ROU3HI0.pcm
SwiftExplicitDependencyGeneratePcm arm64 /Users/admin/builder/spi-builder-workspace/.derivedData/SDKExplicitPrecompiledModules/_DarwinFoundation2-EPKSYG5WMVE7WSPFQB4C0UC59.pcm
SwiftExplicitDependencyGeneratePcm arm64 /Users/admin/builder/spi-builder-workspace/.derivedData/SDKExplicitPrecompiledModules/_Builtin_stdint-A8OKY0NXO26BZ4GWYKP79TKL9.pcm
SwiftExplicitDependencyGeneratePcm arm64 /Users/admin/builder/spi-builder-workspace/.derivedData/SDKExplicitPrecompiledModules/sys_types-CATSGLJDZ8UZUMKHO6M4I4PJT.pcm
SwiftExplicitDependencyGeneratePcm arm64 /Users/admin/builder/spi-builder-workspace/.derivedData/SDKExplicitPrecompiledModules/string_h-B6D36UOVIZC2Y0YE3KEZLZAP6.pcm
SwiftExplicitDependencyGeneratePcm arm64 /Users/admin/builder/spi-builder-workspace/.derivedData/SDKExplicitPrecompiledModules/_Builtin_tgmath-320K271Z6IM134IWIB7S3LTD.pcm
SwiftExplicitDependencyGeneratePcm arm64 /Users/admin/builder/spi-builder-workspace/.derivedData/SDKExplicitPrecompiledModules/_DarwinFoundation3-63L5I5VCGX6CLI6HI7OWUXJN6.pcm
SwiftExplicitDependencyGeneratePcm arm64 /Users/admin/builder/spi-builder-workspace/.derivedData/SDKExplicitPrecompiledModules/_Builtin_stdatomic-71DQV8BR56LNANL900GGEC9KO.pcm
SwiftExplicitDependencyGeneratePcm arm64 /Users/admin/builder/spi-builder-workspace/.derivedData/SDKExplicitPrecompiledModules/_Builtin_intrinsics-AQDFY8KQQX9Z38C6EI15S53EQ.pcm
SwiftExplicitDependencyGeneratePcm arm64 /Users/admin/builder/spi-builder-workspace/.derivedData/SDKExplicitPrecompiledModules/_Builtin_inttypes-80RS02PM2X81SP8N0Q7X05540.pcm
SwiftExplicitDependencyGeneratePcm arm64 /Users/admin/builder/spi-builder-workspace/.derivedData/SDKExplicitPrecompiledModules/Darwin-1VTILT8KA42CNDAUB0H1FM7MC.pcm
SwiftExplicitDependencyGeneratePcm arm64 /Users/admin/builder/spi-builder-workspace/.derivedData/SDKExplicitPrecompiledModules/simd-D50CDGAQRFNF5E2BA2UWCCHLJ.pcm
SwiftExplicitDependencyGeneratePcm arm64 /Users/admin/builder/spi-builder-workspace/.derivedData/SDKExplicitPrecompiledModules/MachO-A5KLTMTLJD1DPHEYPZHUSRJ4O.pcm
SwiftExplicitDependencyGeneratePcm arm64 /Users/admin/builder/spi-builder-workspace/.derivedData/SDKExplicitPrecompiledModules/ObjectiveC-CC0BYHG21IQMMT48PGDNSK7G6.pcm
SwiftExplicitDependencyGeneratePcm arm64 /Users/admin/builder/spi-builder-workspace/.derivedData/SDKExplicitPrecompiledModules/os_object-1TJLDNS7X3UT7Y5TM4QQ2RN6G.pcm
SwiftExplicitDependencyGeneratePcm arm64 /Users/admin/builder/spi-builder-workspace/.derivedData/SDKExplicitPrecompiledModules/os_workgroup-E61GF9E8FAHZGKXVOV9QHUD27.pcm
SwiftExplicitDependencyGeneratePcm arm64 /Users/admin/builder/spi-builder-workspace/.derivedData/SDKExplicitPrecompiledModules/Dispatch-F564M6B2H1RRD83XZ8EBWFSHE.pcm
SwiftExplicitDependencyGeneratePcm arm64 /Users/admin/builder/spi-builder-workspace/.derivedData/SDKExplicitPrecompiledModules/Spatial-2KZFBWN278VTZL619Y96SAJC9.pcm
SwiftExplicitDependencyGeneratePcm arm64 /Users/admin/builder/spi-builder-workspace/.derivedData/SDKExplicitPrecompiledModules/dnssd-7VUW0RVJB191I6NVP5YRI048.pcm
SwiftExplicitDependencyGeneratePcm arm64 /Users/admin/builder/spi-builder-workspace/.derivedData/SDKExplicitPrecompiledModules/XPC-2WVXL0UION0MYZOZAJZC6DUXD.pcm
SwiftExplicitDependencyGeneratePcm arm64 /Users/admin/builder/spi-builder-workspace/.derivedData/SDKExplicitPrecompiledModules/CoreFoundation-A4LOYEEJIFQKOPZRDOG9M3N2K.pcm
SwiftExplicitDependencyGeneratePcm arm64 /Users/admin/builder/spi-builder-workspace/.derivedData/SDKExplicitPrecompiledModules/os-4NLIUP5HHN7FW5ML70YLEU8QE.pcm
SwiftExplicitDependencyGeneratePcm arm64 /Users/admin/builder/spi-builder-workspace/.derivedData/SDKExplicitPrecompiledModules/CoreGraphics-D8Y0X4J52BHG7HHUQLTX6SXE1.pcm
SwiftExplicitDependencyGeneratePcm arm64 /Users/admin/builder/spi-builder-workspace/.derivedData/SDKExplicitPrecompiledModules/CoreAudioTypes-3D575H9KXE9GWSK6ZWEWBV9TM.pcm
SwiftExplicitDependencyGeneratePcm arm64 /Users/admin/builder/spi-builder-workspace/.derivedData/SDKExplicitPrecompiledModules/Security-6KU6X9W8QDIJW83JUF0DRES83.pcm
SwiftExplicitDependencyGeneratePcm arm64 /Users/admin/builder/spi-builder-workspace/.derivedData/SDKExplicitPrecompiledModules/CFNetwork-8S7XZ5SI3TWM2JOZPDZPRY8W9.pcm
SwiftExplicitDependencyGeneratePcm arm64 /Users/admin/builder/spi-builder-workspace/.derivedData/SDKExplicitPrecompiledModules/CoreAudio-46JNU59TK6U76A9ILN06CT9NS.pcm
SwiftExplicitDependencyGeneratePcm arm64 /Users/admin/builder/spi-builder-workspace/.derivedData/SDKExplicitPrecompiledModules/Foundation-1AS5K10MY6XENLLR2NDUCKYTM.pcm
SwiftExplicitDependencyGeneratePcm arm64 /Users/admin/builder/spi-builder-workspace/.derivedData/SDKExplicitPrecompiledModules/ImageIO-48DA7ET77Q34HPZP9CPHI9VS4.pcm
SwiftExplicitDependencyGeneratePcm arm64 /Users/admin/builder/spi-builder-workspace/.derivedData/SDKExplicitPrecompiledModules/CoreText-E0GG8D3D527TJX7D2QEHFQLM2.pcm
SwiftExplicitDependencyGeneratePcm arm64 /Users/admin/builder/spi-builder-workspace/.derivedData/SDKExplicitPrecompiledModules/Network-8TZA0BI5UY8U40VGTMYI8CJAW.pcm
SwiftExplicitDependencyGeneratePcm arm64 /Users/admin/builder/spi-builder-workspace/.derivedData/SDKExplicitPrecompiledModules/IOSurface-DEQULTJ8SC21O986FDCNTM8FX.pcm
SwiftExplicitDependencyGeneratePcm arm64 /Users/admin/builder/spi-builder-workspace/.derivedData/SDKExplicitPrecompiledModules/OSLog-1UX1YGRJSIOEO9YC3MNFFD818.pcm
SwiftExplicitDependencyGeneratePcm arm64 /Users/admin/builder/spi-builder-workspace/.derivedData/SDKExplicitPrecompiledModules/Symbols-9TNA7JIKOEYVTYC7A16HCS4Z8.pcm
SwiftExplicitDependencyGeneratePcm arm64 /Users/admin/builder/spi-builder-workspace/.derivedData/SDKExplicitPrecompiledModules/CoreMIDI-B30Z2AL3XECIIRY4VF47O5AZP.pcm
SwiftExplicitDependencyGeneratePcm arm64 /Users/admin/builder/spi-builder-workspace/.derivedData/SDKExplicitPrecompiledModules/AVRouting-1D04U5TBLVBV1SGX0SZE8SJLX.pcm
SwiftExplicitDependencyGeneratePcm arm64 /Users/admin/builder/spi-builder-workspace/.derivedData/SDKExplicitPrecompiledModules/CoreTransferable-84B3V3M9DHRIQERK179SSQO5U.pcm
SwiftExplicitDependencyGeneratePcm arm64 /Users/admin/builder/spi-builder-workspace/.derivedData/SDKExplicitPrecompiledModules/Accessibility-EAPB6A95K5V0S27QNKR6ATG7F.pcm
SwiftExplicitDependencyGeneratePcm arm64 /Users/admin/builder/spi-builder-workspace/.derivedData/SDKExplicitPrecompiledModules/UniformTypeIdentifiers-DQ77M7R0D7VCBK0YUO3VHCRB1.pcm
SwiftExplicitDependencyGeneratePcm arm64 /Users/admin/builder/spi-builder-workspace/.derivedData/SDKExplicitPrecompiledModules/UIUtilities-9NQVCWATNLLVY125LB74695HY.pcm
SwiftExplicitDependencyGeneratePcm arm64 /Users/admin/builder/spi-builder-workspace/.derivedData/SDKExplicitPrecompiledModules/DataDetection-9IX0C1MAX33MS6TCZDSNKXEO8.pcm
SwiftExplicitDependencyGeneratePcm arm64 /Users/admin/builder/spi-builder-workspace/.derivedData/SDKExplicitPrecompiledModules/CoreData-3R0N6HKKQMVS32U7KOKR14383.pcm
SwiftExplicitDependencyGeneratePcm arm64 /Users/admin/builder/spi-builder-workspace/.derivedData/SDKExplicitPrecompiledModules/_LocationEssentials-2OY9351FRBO717MIULOKMYA9E.pcm
SwiftExplicitDependencyGeneratePcm arm64 /Users/admin/builder/spi-builder-workspace/.derivedData/SDKExplicitPrecompiledModules/UserNotifications-AKH3GC0FQWUK55FNTW4WEMFQE.pcm
SwiftExplicitDependencyGeneratePcm arm64 /Users/admin/builder/spi-builder-workspace/.derivedData/SDKExplicitPrecompiledModules/Metal-52GB3RCZ6A2WEZ7RWCXV2WL0N.pcm
SwiftExplicitDependencyGeneratePcm arm64 /Users/admin/builder/spi-builder-workspace/.derivedData/SDKExplicitPrecompiledModules/OpenGLES-6Y33D4DDPO1R82EJXT1SIGNPS.pcm
SwiftExplicitDependencyGeneratePcm arm64 /Users/admin/builder/spi-builder-workspace/.derivedData/SDKExplicitPrecompiledModules/AudioToolbox-9V31DICOPA27I0F5R9SY4TSML.pcm
SwiftExplicitDependencyGeneratePcm arm64 /Users/admin/builder/spi-builder-workspace/.derivedData/SDKExplicitPrecompiledModules/CoreLocation-6939X9DMB2SA43P0TYB7Z14Z5.pcm
SwiftExplicitDependencyGeneratePcm arm64 /Users/admin/builder/spi-builder-workspace/.derivedData/SDKExplicitPrecompiledModules/CloudKit-44VT130VGD582GUHMKNMJIDC4.pcm
SwiftExplicitDependencyGeneratePcm arm64 /Users/admin/builder/spi-builder-workspace/.derivedData/SDKExplicitPrecompiledModules/CoreVideo-5G4VAY32QMJB00PUALI6188LK.pcm
SwiftExplicitDependencyGeneratePcm arm64 /Users/admin/builder/spi-builder-workspace/.derivedData/SDKExplicitPrecompiledModules/QuartzCore-DSNZZA81DYNK4OK1ANRR6HM7G.pcm
SwiftExplicitDependencyGeneratePcm arm64 /Users/admin/builder/spi-builder-workspace/.derivedData/SDKExplicitPrecompiledModules/CoreMedia-43BPYBY7ZACBDCUTAJXJFLTBP.pcm
SwiftExplicitDependencyGeneratePcm arm64 /Users/admin/builder/spi-builder-workspace/.derivedData/SDKExplicitPrecompiledModules/CoreImage-ATUQ374FIDJPA1DF5BLR644CG.pcm
SwiftExplicitDependencyGeneratePcm arm64 /Users/admin/builder/spi-builder-workspace/.derivedData/SDKExplicitPrecompiledModules/SwiftUICore-7SJQ9GB90ACGZV5NB09LFJIRX.pcm
SwiftExplicitDependencyGeneratePcm arm64 /Users/admin/builder/spi-builder-workspace/.derivedData/SDKExplicitPrecompiledModules/MediaToolbox-BE3KU6HBZSJI7WDP3WV3ZD4H.pcm
SwiftExplicitDependencyGeneratePcm arm64 /Users/admin/builder/spi-builder-workspace/.derivedData/SDKExplicitPrecompiledModules/AVFAudio-8NW4NDEP5052P5EQPU4CJYSUE.pcm
SwiftExplicitDependencyGeneratePcm arm64 /Users/admin/builder/spi-builder-workspace/.derivedData/SDKExplicitPrecompiledModules/VideoToolbox-6AXV5B7IB0FN5DXUTUG5ITQEA.pcm
SwiftExplicitDependencyGeneratePcm arm64 /Users/admin/builder/spi-builder-workspace/.derivedData/SDKExplicitPrecompiledModules/UIKit-42T2ZGON9LDZUXRIAUKELQ554.pcm
SwiftExplicitDependencyGeneratePcm arm64 /Users/admin/builder/spi-builder-workspace/.derivedData/SDKExplicitPrecompiledModules/AVFoundation-EIWJ6PBPOZ2W1SBMRDTGJLC8P.pcm
SwiftExplicitDependencyGeneratePcm arm64 /Users/admin/builder/spi-builder-workspace/.derivedData/SDKExplicitPrecompiledModules/Photos-1VT3F2TWEYCZ4LOS0I7A07P3P.pcm
SwiftExplicitDependencyGeneratePcm arm64 /Users/admin/builder/spi-builder-workspace/.derivedData/SDKExplicitPrecompiledModules/SwiftUI-B634212FU5XQXG1OEBY2WYYH3.pcm
SwiftCompile normal arm64 Compiling\ FadeAndSlideTransitioning.swift /Users/admin/builder/spi-builder-workspace/Sources/FlowRouter/UI/FadeAndSlideTransitioning.swift (in target 'FlowRouter' from project 'FlowRouter')
SwiftCompile normal arm64 /Users/admin/builder/spi-builder-workspace/Sources/FlowRouter/UI/FadeAndSlideTransitioning.swift (in target 'FlowRouter' from project 'FlowRouter')
    cd /Users/admin/builder/spi-builder-workspace/.swiftpm/xcode
    builtin-SwiftPerFileCompile FadeAndSlideTransitioning.swift
SwiftCompile normal arm64 Compiling\ RouteCloseData.swift,\ RouteMapManager.swift /Users/admin/builder/spi-builder-workspace/Sources/FlowRouter/RouteCloseData.swift /Users/admin/builder/spi-builder-workspace/Sources/FlowRouter/RouteMapManager.swift (in target 'FlowRouter' from project 'FlowRouter')
SwiftCompile normal arm64 /Users/admin/builder/spi-builder-workspace/Sources/FlowRouter/RouteCloseData.swift (in target 'FlowRouter' from project 'FlowRouter')
    cd /Users/admin/builder/spi-builder-workspace/.swiftpm/xcode
    builtin-SwiftPerFileCompile RouteCloseData.swift
SwiftCompile normal arm64 /Users/admin/builder/spi-builder-workspace/Sources/FlowRouter/RouteMapManager.swift (in target 'FlowRouter' from project 'FlowRouter')
    cd /Users/admin/builder/spi-builder-workspace/.swiftpm/xcode
    builtin-SwiftPerFileCompile RouteMapManager.swift
SwiftEmitModule normal arm64 Emitting\ module\ for\ FlowRouter (in target 'FlowRouter' from project 'FlowRouter')
SwiftCompile normal arm64 (in target 'FlowRouter' from project 'FlowRouter')
    cd /Users/admin/builder/spi-builder-workspace/.swiftpm/xcode

SwiftCompile normal arm64 Compiling\ FadeTransitioning.swift /Users/admin/builder/spi-builder-workspace/Sources/FlowRouter/UI/FadeTransitioning.swift (in target 'FlowRouter' from project 'FlowRouter')
SwiftCompile normal arm64 /Users/admin/builder/spi-builder-workspace/Sources/FlowRouter/UI/FadeTransitioning.swift (in target 'FlowRouter' from project 'FlowRouter')
    cd /Users/admin/builder/spi-builder-workspace/.swiftpm/xcode
    builtin-SwiftPerFileCompile FadeTransitioning.swift
SwiftCompile normal arm64 Compiling\ NavigationType.swift,\ PageRecord.swift /Users/admin/builder/spi-builder-workspace/Sources/FlowRouter/NavigationType.swift /Users/admin/builder/spi-builder-workspace/Sources/FlowRouter/PageRecord.swift (in target 'FlowRouter' from project 'FlowRouter')
SwiftCompile normal arm64 /Users/admin/builder/spi-builder-workspace/Sources/FlowRouter/NavigationType.swift (in target 'FlowRouter' from project 'FlowRouter')
    cd /Users/admin/builder/spi-builder-workspace/.swiftpm/xcode
    builtin-SwiftPerFileCompile NavigationType.swift
SwiftCompile normal arm64 /Users/admin/builder/spi-builder-workspace/Sources/FlowRouter/PageRecord.swift (in target 'FlowRouter' from project 'FlowRouter')
    cd /Users/admin/builder/spi-builder-workspace/.swiftpm/xcode
    builtin-SwiftPerFileCompile PageRecord.swift
SwiftCompile normal arm64 Compiling\ RouteOption.swift,\ RouterModule.swift /Users/admin/builder/spi-builder-workspace/Sources/FlowRouter/RouteOption.swift /Users/admin/builder/spi-builder-workspace/Sources/FlowRouter/RouterModule.swift (in target 'FlowRouter' from project 'FlowRouter')
/Users/admin/builder/spi-builder-workspace/Sources/FlowRouter/RouterModule.swift:263:72: warning: left side of nil coalescing operator '??' has non-optional type 'UIModalPresentationStyle', so the right side is never used
261 |
262 |             currentNavigationController = UINavigationController(rootViewController: viewController)
263 |             currentNavigationController.modalPresentationStyle = style ?? .fullScreen
    |                                                                        `- warning: left side of nil coalescing operator '??' has non-optional type 'UIModalPresentationStyle', so the right side is never used
264 |
265 |             // 接管present,修复手动关闭时,未移除页面栈的问题
/Users/admin/builder/spi-builder-workspace/Sources/FlowRouter/RouterModule.swift:270:88: warning: forced cast of 'any UIViewControllerTransitioningDelegate' to same type has no effect
268 |             // 自定义进场动画
269 |             if let transitionDelegate = transitioningDelegate {
270 |                 currentNavigationController.transitioningDelegate = transitionDelegate as! any UIViewControllerTransitioningDelegate
    |                                                                                        `- warning: forced cast of 'any UIViewControllerTransitioningDelegate' to same type has no effect
271 |             } else {
272 |                 if style == .custom {
/Users/admin/builder/spi-builder-workspace/Sources/FlowRouter/RouterModule.swift:270:88: warning: treating a forced downcast to 'any UIViewControllerTransitioningDelegate' as optional will never produce 'nil'
268 |             // 自定义进场动画
269 |             if let transitionDelegate = transitioningDelegate {
270 |                 currentNavigationController.transitioningDelegate = transitionDelegate as! any UIViewControllerTransitioningDelegate
    |                                                                     |                  | `- note: use 'as?' to perform a conditional downcast to 'any UIViewControllerTransitioningDelegate'
    |                                                                     |                  `- warning: treating a forced downcast to 'any UIViewControllerTransitioningDelegate' as optional will never produce 'nil'
    |                                                                     `- note: add parentheses around the cast to silence this warning
271 |             } else {
272 |                 if style == .custom {
/Users/admin/builder/spi-builder-workspace/Sources/FlowRouter/RouterModule.swift:546:34: error: 'interactivePopGestureRecognizer' is unavailable in tvOS
544 |             }
545 |         } else {
546 |             navigationController.interactivePopGestureRecognizer?.delegate = nil
    |                                  `- error: 'interactivePopGestureRecognizer' is unavailable in tvOS
547 |             navigationController.interactivePopGestureRecognizer?.isEnabled = false
548 |
/Applications/Xcode-27.0.0-Release.Candidate.app/Contents/Developer/Platforms/AppleTVOS.platform/Developer/SDKs/AppleTVOS27.0.sdk/System/Library/Frameworks/UIKit.framework/Headers/UINavigationController.h:92:63: note: 'interactivePopGestureRecognizer' has been explicitly marked unavailable here
 90 | /// Use this property to retrieve the gesture recognizer and tie it to the behavior of other gesture recognizers
 91 | /// in your user interface.
 92 | @property(nullable, nonatomic, readonly) UIGestureRecognizer *interactivePopGestureRecognizer API_AVAILABLE(ios(7.0)) API_UNAVAILABLE(tvos);
    |                                                               `- note: 'interactivePopGestureRecognizer' has been explicitly marked unavailable here
 93 |
 94 | /// The gesture recognizer that handles interactively popping the top view controller off the navigation stack
/Users/admin/builder/spi-builder-workspace/Sources/FlowRouter/RouterModule.swift:547:34: error: 'interactivePopGestureRecognizer' is unavailable in tvOS
545 |         } else {
546 |             navigationController.interactivePopGestureRecognizer?.delegate = nil
547 |             navigationController.interactivePopGestureRecognizer?.isEnabled = false
    |                                  `- error: 'interactivePopGestureRecognizer' is unavailable in tvOS
548 |
549 |             Log.d("PopGestureRecognizer", "navigationController.viewControllers.count 0.")
/Applications/Xcode-27.0.0-Release.Candidate.app/Contents/Developer/Platforms/AppleTVOS.platform/Developer/SDKs/AppleTVOS27.0.sdk/System/Library/Frameworks/UIKit.framework/Headers/UINavigationController.h:92:63: note: 'interactivePopGestureRecognizer' has been explicitly marked unavailable here
 90 | /// Use this property to retrieve the gesture recognizer and tie it to the behavior of other gesture recognizers
 91 | /// in your user interface.
 92 | @property(nullable, nonatomic, readonly) UIGestureRecognizer *interactivePopGestureRecognizer API_AVAILABLE(ios(7.0)) API_UNAVAILABLE(tvos);
    |                                                               `- note: 'interactivePopGestureRecognizer' has been explicitly marked unavailable here
 93 |
 94 | /// The gesture recognizer that handles interactively popping the top view controller off the navigation stack
Failed frontend command:
/Applications/Xcode-27.0.0-Release.Candidate.app/Contents/Developer/Toolchains/XcodeDefault.xctoolchain/usr/bin/swift-frontend -frontend -c /Users/admin/builder/spi-builder-workspace/Sources/FlowRouter/Extension/StringExtension.swift /Users/admin/builder/spi-builder-workspace/Sources/FlowRouter/FlowRouter.swift /Users/admin/builder/spi-builder-workspace/Sources/FlowRouter/Interceptor/CloseInterceptor.swift /Users/admin/builder/spi-builder-workspace/Sources/FlowRouter/Interceptor/OpenInterceptor.swift /Users/admin/builder/spi-builder-workspace/Sources/FlowRouter/Log/Log.swift /Users/admin/builder/spi-builder-workspace/Sources/FlowRouter/Navibar/NaviBarView.swift /Users/admin/builder/spi-builder-workspace/Sources/FlowRouter/NavigationType.swift /Users/admin/builder/spi-builder-workspace/Sources/FlowRouter/PageRecord.swift /Users/admin/builder/spi-builder-workspace/Sources/FlowRouter/RouteCloseData.swift /Users/admin/builder/spi-builder-workspace/Sources/FlowRouter/RouteMapManager.swift -primary-file /Users/admin/builder/spi-builder-workspace/Sources/FlowRouter/RouteOption.swift -primary-file /Users/admin/builder/spi-builder-workspace/Sources/FlowRouter/RouterModule.swift /Users/admin/builder/spi-builder-workspace/Sources/FlowRouter/RouterProtocol.swift /Users/admin/builder/spi-builder-workspace/Sources/FlowRouter/RouterViewController.swift /Users/admin/builder/spi-builder-workspace/Sources/FlowRouter/UI/FadeAndSlideTransitioning.swift /Users/admin/builder/spi-builder-workspace/Sources/FlowRouter/UI/FadeTransitioning.swift /Users/admin/builder/spi-builder-workspace/Sources/FlowRouter/UI/UI.swift -emit-dependencies-path /Users/admin/builder/spi-builder-workspace/.derivedData/Build/Intermediates.noindex/FlowRouter.build/Debug-appletvos/FlowRouter-t.build/Objects-normal/arm64/RouteOption.d -emit-const-values-path /Users/admin/builder/spi-builder-workspace/.derivedData/Build/Intermediates.noindex/FlowRouter.build/Debug-appletvos/FlowRouter-t.build/Objects-normal/arm64/RouteOption.swiftconstvalues -emit-reference-dependencies-path /Users/admin/builder/spi-builder-workspace/.derivedData/Build/Intermediates.noindex/FlowRouter.build/Debug-appletvos/FlowRouter-t.build/Objects-normal/arm64/RouteOption.swiftdeps -serialize-diagnostics-path /Users/admin/builder/spi-builder-workspace/.derivedData/Build/Intermediates.noindex/FlowRouter.build/Debug-appletvos/FlowRouter-t.build/Objects-normal/arm64/RouteOption.dia -emit-dependencies-path /Users/admin/builder/spi-builder-workspace/.derivedData/Build/Intermediates.noindex/FlowRouter.build/Debug-appletvos/FlowRouter-t.build/Objects-normal/arm64/RouterModule.d -emit-const-values-path /Users/admin/builder/spi-builder-workspace/.derivedData/Build/Intermediates.noindex/FlowRouter.build/Debug-appletvos/FlowRouter-t.build/Objects-normal/arm64/RouterModule.swiftconstvalues -emit-reference-dependencies-path /Users/admin/builder/spi-builder-workspace/.derivedData/Build/Intermediates.noindex/FlowRouter.build/Debug-appletvos/FlowRouter-t.build/Objects-normal/arm64/RouterModule.swiftdeps -serialize-diagnostics-path /Users/admin/builder/spi-builder-workspace/.derivedData/Build/Intermediates.noindex/FlowRouter.build/Debug-appletvos/FlowRouter-t.build/Objects-normal/arm64/RouterModule.dia -target arm64-apple-tvos15.0 -disable-cross-import-overlay-search -swift-module-cross-import Photos /Applications/Xcode-27.0.0-Release.Candidate.app/Contents/Developer/Platforms/AppleTVOS.platform/Developer/SDKs/AppleTVOS.sdk/System/Library/Frameworks/Photos.framework/Modules/Photos.swiftcrossimport/AppIntents.swiftoverlay -swift-module-cross-import Photos /Applications/Xcode-27.0.0-Release.Candidate.app/Contents/Developer/Platforms/AppleTVOS.platform/Developer/SDKs/AppleTVOS27.0.sdk/System/Library/Frameworks/Photos.framework/Modules/Photos.swiftcrossimport/AppIntents.swiftoverlay -load-resolved-plugin /Applications/Xcode-27.0.0-Release.Candidate.app/Contents/Developer/Platforms/AppleTVOS.platform/Developer/usr/lib/swift/host/plugins/libFoundationMacros.dylib\#/Applications/Xcode-27.0.0-Release.Candidate.app/Contents/Developer/Platforms/AppleTVOS.platform/Developer/usr/bin/swift-plugin-server\#FoundationMacros -load-resolved-plugin /Applications/Xcode-27.0.0-Release.Candidate.app/Contents/Developer/Platforms/AppleTVOS.platform/Developer/usr/lib/swift/host/plugins/libObservationMacros.dylib\#/Applications/Xcode-27.0.0-Release.Candidate.app/Contents/Developer/Platforms/AppleTVOS.platform/Developer/usr/bin/swift-plugin-server\#ObservationMacros -load-resolved-plugin /Applications/Xcode-27.0.0-Release.Candidate.app/Contents/Developer/Platforms/AppleTVOS.platform/Developer/usr/lib/swift/host/plugins/libPreviewsMacros.dylib\#/Applications/Xcode-27.0.0-Release.Candidate.app/Contents/Developer/Platforms/AppleTVOS.platform/Developer/usr/bin/swift-plugin-server\#PreviewsMacros -load-resolved-plugin /Applications/Xcode-27.0.0-Release.Candidate.app/Contents/Developer/Platforms/AppleTVOS.platform/Developer/usr/lib/swift/host/plugins/libSwiftMacros.dylib\#/Applications/Xcode-27.0.0-Release.Candidate.app/Contents/Developer/Platforms/AppleTVOS.platform/Developer/usr/bin/swift-plugin-server\#SwiftMacros -load-resolved-plugin /Applications/Xcode-27.0.0-Release.Candidate.app/Contents/Developer/Platforms/AppleTVOS.platform/Developer/usr/lib/swift/host/plugins/libSwiftUIMacros.dylib\#/Applications/Xcode-27.0.0-Release.Candidate.app/Contents/Developer/Platforms/AppleTVOS.platform/Developer/usr/bin/swift-plugin-server\#SwiftUIMacros -disable-implicit-swift-modules -Xcc -fno-implicit-modules -Xcc -fno-implicit-module-maps -explicit-swift-module-map-file /Users/admin/builder/spi-builder-workspace/.derivedData/Build/Intermediates.noindex/FlowRouter.build/Debug-appletvos/FlowRouter-t.build/Objects-normal/arm64/FlowRouter-dependencies-1.json -Xllvm -aarch64-use-tbi -enable-objc-interop -stack-check -sdk /Applications/Xcode-27.0.0-Release.Candidate.app/Contents/Developer/Platforms/AppleTVOS.platform/Developer/SDKs/AppleTVOS27.0.sdk -I /Users/admin/builder/spi-builder-workspace/.derivedData/Build/Products/Debug-appletvos -Isystem /Applications/Xcode-27.0.0-Release.Candidate.app/Contents/Developer/Platforms/AppleTVOS.platform/Developer/usr/lib -F /Users/admin/builder/spi-builder-workspace/.derivedData/Build/Products/Debug-appletvos -F /Applications/Xcode-27.0.0-Release.Candidate.app/Contents/Developer/Platforms/AppleTVOS.platform/Developer/Library/Frameworks -F /Applications/Xcode-27.0.0-Release.Candidate.app/Contents/Developer/Platforms/AppleTVOS.platform/Developer/SDKs/AppleTVOS27.0.sdk/Developer/Library/Frameworks -module-cache-path /Users/admin/builder/spi-builder-workspace/.derivedData/Build/Intermediates.noindex/SwiftExplicitPrecompiledModules -no-color-diagnostics -Xcc -fno-color-diagnostics -enable-testing -g -debug-info-format\=dwarf -dwarf-version\=4 -profile-generate -profile-coverage-mapping -swift-version 6 -Onone -D SWIFT_PACKAGE -D DEBUG -D SWIFT_MODULE_RESOURCE_BUNDLE_UNAVAILABLE -D Xcode -serialize-debugging-options -enable-experimental-feature DebugDescriptionMacro -empty-abi-descriptor -validate-clang-modules-once -clang-build-session-file /Users/admin/builder/spi-builder-workspace/.derivedData/ModuleCache.noindex/Session.modulevalidation -Xcc -working-directory -Xcc /Users/admin/builder/spi-builder-workspace/.swiftpm/xcode -enable-anonymous-context-mangled-names -file-compilation-dir /Users/admin/builder/spi-builder-workspace/.swiftpm/xcode -Xcc -D_LIBCPP_HARDENING_MODE\=_LIBCPP_HARDENING_MODE_DEBUG -Xcc -ivfsstatcache -Xcc /Users/admin/builder/spi-builder-workspace/.derivedData/SDKStatCaches.noindex/appletvos27.0-24J360-e829b21a6f8c9b70876ba0858053c044b32bfd8d43560033f8d89884cdb90028.sdkstatcache -Xcc -fmodules-prune-interval\=86400 -Xcc -fmodules-prune-after\=345600 -Xcc -I/Users/admin/builder/spi-builder-workspace/.derivedData/Build/Products/Debug-appletvos/include -Xcc -I/Users/admin/builder/spi-builder-workspace/.derivedData/Build/Intermediates.noindex/FlowRouter.build/Debug-appletvos/FlowRouter-t.build/DerivedSources-normal/arm64 -Xcc -I/Users/admin/builder/spi-builder-workspace/.derivedData/Build/Intermediates.noindex/FlowRouter.build/Debug-appletvos/FlowRouter-t.build/DerivedSources/arm64 -Xcc -I/Users/admin/builder/spi-builder-workspace/.derivedData/Build/Intermediates.noindex/FlowRouter.build/Debug-appletvos/FlowRouter-t.build/DerivedSources -Xcc -DSWIFT_PACKAGE -Xcc -DDEBUG\=1 -no-auto-bridging-header-chaining -module-name FlowRouter -package-name spi_builder_workspace -const-gather-protocols-file /Users/admin/builder/spi-builder-workspace/.derivedData/Build/Intermediates.noindex/FlowRouter.build/Debug-appletvos/FlowRouter-t.build/Objects-normal/arm64/FlowRouter_const_extract_protocols.json -disable-clang-spi -clang-target arm64-apple-tvos27.0 -target-sdk-version 27.0 -target-sdk-name appletvos27.0 -in-process-plugin-server-path /Applications/Xcode-27.0.0-Release.Candidate.app/Contents/Developer/Toolchains/XcodeDefault.xctoolchain/usr/lib/swift/host/libSwiftInProcPluginServer.dylib -parse-as-library -o /Users/admin/builder/spi-builder-workspace/.derivedData/Build/Intermediates.noindex/FlowRouter.build/Debug-appletvos/FlowRouter-t.build/Objects-normal/arm64/RouteOption.o -o /Users/admin/builder/spi-builder-workspace/.derivedData/Build/Intermediates.noindex/FlowRouter.build/Debug-appletvos/FlowRouter-t.build/Objects-normal/arm64/RouterModule.o -debug-module-path /Users/admin/builder/spi-builder-workspace/.derivedData/Build/Intermediates.noindex/FlowRouter.build/Debug-appletvos/FlowRouter-t.build/Objects-normal/arm64/FlowRouter.swiftmodule -index-unit-output-path /FlowRouter.build/Debug-appletvos/FlowRouter-t.build/Objects-normal/arm64/RouteOption.o -index-unit-output-path /FlowRouter.build/Debug-appletvos/FlowRouter-t.build/Objects-normal/arm64/RouterModule.o -index-store-path /Users/admin/builder/spi-builder-workspace/.derivedData/Index.noindex/DataStore -index-system-modules
SwiftCompile normal arm64 /Users/admin/builder/spi-builder-workspace/Sources/FlowRouter/RouteOption.swift (in target 'FlowRouter' from project 'FlowRouter')
    cd /Users/admin/builder/spi-builder-workspace/.swiftpm/xcode
    builtin-SwiftPerFileCompile RouteOption.swift
SwiftCompile normal arm64 /Users/admin/builder/spi-builder-workspace/Sources/FlowRouter/RouterModule.swift (in target 'FlowRouter' from project 'FlowRouter')
    cd /Users/admin/builder/spi-builder-workspace/.swiftpm/xcode
    builtin-SwiftPerFileCompile RouterModule.swift
SwiftCompile normal arm64 Compiling\ RouterProtocol.swift,\ RouterViewController.swift /Users/admin/builder/spi-builder-workspace/Sources/FlowRouter/RouterProtocol.swift /Users/admin/builder/spi-builder-workspace/Sources/FlowRouter/RouterViewController.swift (in target 'FlowRouter' from project 'FlowRouter')
/Users/admin/builder/spi-builder-workspace/Sources/FlowRouter/RouterViewController.swift:230:36: error: 'interactivePopGestureRecognizer' is unavailable in tvOS
228 |
229 |     func setPopGestureRecognizer(navigationController: UINavigationController) {
230 |         self.navigationController?.interactivePopGestureRecognizer?.delegate = self as? any UIGestureRecognizerDelegate
    |                                    `- error: 'interactivePopGestureRecognizer' is unavailable in tvOS
231 |         navigationController.interactivePopGestureRecognizer?.isEnabled = option.swipeBackEnabled
232 |
/Applications/Xcode-27.0.0-Release.Candidate.app/Contents/Developer/Platforms/AppleTVOS.platform/Developer/SDKs/AppleTVOS27.0.sdk/System/Library/Frameworks/UIKit.framework/Headers/UINavigationController.h:92:63: note: 'interactivePopGestureRecognizer' has been explicitly marked unavailable here
 90 | /// Use this property to retrieve the gesture recognizer and tie it to the behavior of other gesture recognizers
 91 | /// in your user interface.
 92 | @property(nullable, nonatomic, readonly) UIGestureRecognizer *interactivePopGestureRecognizer API_AVAILABLE(ios(7.0)) API_UNAVAILABLE(tvos);
    |                                                               `- note: 'interactivePopGestureRecognizer' has been explicitly marked unavailable here
 93 |
 94 | /// The gesture recognizer that handles interactively popping the top view controller off the navigation stack
/Users/admin/builder/spi-builder-workspace/Sources/FlowRouter/RouterViewController.swift:231:30: error: 'interactivePopGestureRecognizer' is unavailable in tvOS
229 |     func setPopGestureRecognizer(navigationController: UINavigationController) {
230 |         self.navigationController?.interactivePopGestureRecognizer?.delegate = self as? any UIGestureRecognizerDelegate
231 |         navigationController.interactivePopGestureRecognizer?.isEnabled = option.swipeBackEnabled
    |                              `- error: 'interactivePopGestureRecognizer' is unavailable in tvOS
232 |
233 | //        // 加强版的左滑退出
/Applications/Xcode-27.0.0-Release.Candidate.app/Contents/Developer/Platforms/AppleTVOS.platform/Developer/SDKs/AppleTVOS27.0.sdk/System/Library/Frameworks/UIKit.framework/Headers/UINavigationController.h:92:63: note: 'interactivePopGestureRecognizer' has been explicitly marked unavailable here
 90 | /// Use this property to retrieve the gesture recognizer and tie it to the behavior of other gesture recognizers
 91 | /// in your user interface.
 92 | @property(nullable, nonatomic, readonly) UIGestureRecognizer *interactivePopGestureRecognizer API_AVAILABLE(ios(7.0)) API_UNAVAILABLE(tvos);
    |                                                               `- note: 'interactivePopGestureRecognizer' has been explicitly marked unavailable here
 93 |
 94 | /// The gesture recognizer that handles interactively popping the top view controller off the navigation stack
Failed frontend command:
/Applications/Xcode-27.0.0-Release.Candidate.app/Contents/Developer/Toolchains/XcodeDefault.xctoolchain/usr/bin/swift-frontend -frontend -c /Users/admin/builder/spi-builder-workspace/Sources/FlowRouter/Extension/StringExtension.swift /Users/admin/builder/spi-builder-workspace/Sources/FlowRouter/FlowRouter.swift /Users/admin/builder/spi-builder-workspace/Sources/FlowRouter/Interceptor/CloseInterceptor.swift /Users/admin/builder/spi-builder-workspace/Sources/FlowRouter/Interceptor/OpenInterceptor.swift /Users/admin/builder/spi-builder-workspace/Sources/FlowRouter/Log/Log.swift /Users/admin/builder/spi-builder-workspace/Sources/FlowRouter/Navibar/NaviBarView.swift /Users/admin/builder/spi-builder-workspace/Sources/FlowRouter/NavigationType.swift /Users/admin/builder/spi-builder-workspace/Sources/FlowRouter/PageRecord.swift /Users/admin/builder/spi-builder-workspace/Sources/FlowRouter/RouteCloseData.swift /Users/admin/builder/spi-builder-workspace/Sources/FlowRouter/RouteMapManager.swift /Users/admin/builder/spi-builder-workspace/Sources/FlowRouter/RouteOption.swift /Users/admin/builder/spi-builder-workspace/Sources/FlowRouter/RouterModule.swift -primary-file /Users/admin/builder/spi-builder-workspace/Sources/FlowRouter/RouterProtocol.swift -primary-file /Users/admin/builder/spi-builder-workspace/Sources/FlowRouter/RouterViewController.swift /Users/admin/builder/spi-builder-workspace/Sources/FlowRouter/UI/FadeAndSlideTransitioning.swift /Users/admin/builder/spi-builder-workspace/Sources/FlowRouter/UI/FadeTransitioning.swift /Users/admin/builder/spi-builder-workspace/Sources/FlowRouter/UI/UI.swift -emit-dependencies-path /Users/admin/builder/spi-builder-workspace/.derivedData/Build/Intermediates.noindex/FlowRouter.build/Debug-appletvos/FlowRouter-t.build/Objects-normal/arm64/RouterProtocol.d -emit-const-values-path /Users/admin/builder/spi-builder-workspace/.derivedData/Build/Intermediates.noindex/FlowRouter.build/Debug-appletvos/FlowRouter-t.build/Objects-normal/arm64/RouterProtocol.swiftconstvalues -emit-reference-dependencies-path /Users/admin/builder/spi-builder-workspace/.derivedData/Build/Intermediates.noindex/FlowRouter.build/Debug-appletvos/FlowRouter-t.build/Objects-normal/arm64/RouterProtocol.swiftdeps -serialize-diagnostics-path /Users/admin/builder/spi-builder-workspace/.derivedData/Build/Intermediates.noindex/FlowRouter.build/Debug-appletvos/FlowRouter-t.build/Objects-normal/arm64/RouterProtocol.dia -emit-dependencies-path /Users/admin/builder/spi-builder-workspace/.derivedData/Build/Intermediates.noindex/FlowRouter.build/Debug-appletvos/FlowRouter-t.build/Objects-normal/arm64/RouterViewController.d -emit-const-values-path /Users/admin/builder/spi-builder-workspace/.derivedData/Build/Intermediates.noindex/FlowRouter.build/Debug-appletvos/FlowRouter-t.build/Objects-normal/arm64/RouterViewController.swiftconstvalues -emit-reference-dependencies-path /Users/admin/builder/spi-builder-workspace/.derivedData/Build/Intermediates.noindex/FlowRouter.build/Debug-appletvos/FlowRouter-t.build/Objects-normal/arm64/RouterViewController.swiftdeps -serialize-diagnostics-path /Users/admin/builder/spi-builder-workspace/.derivedData/Build/Intermediates.noindex/FlowRouter.build/Debug-appletvos/FlowRouter-t.build/Objects-normal/arm64/RouterViewController.dia -target arm64-apple-tvos15.0 -disable-cross-import-overlay-search -swift-module-cross-import Photos /Applications/Xcode-27.0.0-Release.Candidate.app/Contents/Developer/Platforms/AppleTVOS.platform/Developer/SDKs/AppleTVOS.sdk/System/Library/Frameworks/Photos.framework/Modules/Photos.swiftcrossimport/AppIntents.swiftoverlay -swift-module-cross-import Photos /Applications/Xcode-27.0.0-Release.Candidate.app/Contents/Developer/Platforms/AppleTVOS.platform/Developer/SDKs/AppleTVOS27.0.sdk/System/Library/Frameworks/Photos.framework/Modules/Photos.swiftcrossimport/AppIntents.swiftoverlay -load-resolved-plugin /Applications/Xcode-27.0.0-Release.Candidate.app/Contents/Developer/Platforms/AppleTVOS.platform/Developer/usr/lib/swift/host/plugins/libFoundationMacros.dylib\#/Applications/Xcode-27.0.0-Release.Candidate.app/Contents/Developer/Platforms/AppleTVOS.platform/Developer/usr/bin/swift-plugin-server\#FoundationMacros -load-resolved-plugin /Applications/Xcode-27.0.0-Release.Candidate.app/Contents/Developer/Platforms/AppleTVOS.platform/Developer/usr/lib/swift/host/plugins/libObservationMacros.dylib\#/Applications/Xcode-27.0.0-Release.Candidate.app/Contents/Developer/Platforms/AppleTVOS.platform/Developer/usr/bin/swift-plugin-server\#ObservationMacros -load-resolved-plugin /Applications/Xcode-27.0.0-Release.Candidate.app/Contents/Developer/Platforms/AppleTVOS.platform/Developer/usr/lib/swift/host/plugins/libPreviewsMacros.dylib\#/Applications/Xcode-27.0.0-Release.Candidate.app/Contents/Developer/Platforms/AppleTVOS.platform/Developer/usr/bin/swift-plugin-server\#PreviewsMacros -load-resolved-plugin /Applications/Xcode-27.0.0-Release.Candidate.app/Contents/Developer/Platforms/AppleTVOS.platform/Developer/usr/lib/swift/host/plugins/libSwiftMacros.dylib\#/Applications/Xcode-27.0.0-Release.Candidate.app/Contents/Developer/Platforms/AppleTVOS.platform/Developer/usr/bin/swift-plugin-server\#SwiftMacros -load-resolved-plugin /Applications/Xcode-27.0.0-Release.Candidate.app/Contents/Developer/Platforms/AppleTVOS.platform/Developer/usr/lib/swift/host/plugins/libSwiftUIMacros.dylib\#/Applications/Xcode-27.0.0-Release.Candidate.app/Contents/Developer/Platforms/AppleTVOS.platform/Developer/usr/bin/swift-plugin-server\#SwiftUIMacros -disable-implicit-swift-modules -Xcc -fno-implicit-modules -Xcc -fno-implicit-module-maps -explicit-swift-module-map-file /Users/admin/builder/spi-builder-workspace/.derivedData/Build/Intermediates.noindex/FlowRouter.build/Debug-appletvos/FlowRouter-t.build/Objects-normal/arm64/FlowRouter-dependencies-1.json -Xllvm -aarch64-use-tbi -enable-objc-interop -stack-check -sdk /Applications/Xcode-27.0.0-Release.Candidate.app/Contents/Developer/Platforms/AppleTVOS.platform/Developer/SDKs/AppleTVOS27.0.sdk -I /Users/admin/builder/spi-builder-workspace/.derivedData/Build/Products/Debug-appletvos -Isystem /Applications/Xcode-27.0.0-Release.Candidate.app/Contents/Developer/Platforms/AppleTVOS.platform/Developer/usr/lib -F /Users/admin/builder/spi-builder-workspace/.derivedData/Build/Products/Debug-appletvos -F /Applications/Xcode-27.0.0-Release.Candidate.app/Contents/Developer/Platforms/AppleTVOS.platform/Developer/Library/Frameworks -F /Applications/Xcode-27.0.0-Release.Candidate.app/Contents/Developer/Platforms/AppleTVOS.platform/Developer/SDKs/AppleTVOS27.0.sdk/Developer/Library/Frameworks -module-cache-path /Users/admin/builder/spi-builder-workspace/.derivedData/Build/Intermediates.noindex/SwiftExplicitPrecompiledModules -no-color-diagnostics -Xcc -fno-color-diagnostics -enable-testing -g -debug-info-format\=dwarf -dwarf-version\=4 -profile-generate -profile-coverage-mapping -swift-version 6 -Onone -D SWIFT_PACKAGE -D DEBUG -D SWIFT_MODULE_RESOURCE_BUNDLE_UNAVAILABLE -D Xcode -serialize-debugging-options -enable-experimental-feature DebugDescriptionMacro -empty-abi-descriptor -validate-clang-modules-once -clang-build-session-file /Users/admin/builder/spi-builder-workspace/.derivedData/ModuleCache.noindex/Session.modulevalidation -Xcc -working-directory -Xcc /Users/admin/builder/spi-builder-workspace/.swiftpm/xcode -enable-anonymous-context-mangled-names -file-compilation-dir /Users/admin/builder/spi-builder-workspace/.swiftpm/xcode -Xcc -D_LIBCPP_HARDENING_MODE\=_LIBCPP_HARDENING_MODE_DEBUG -Xcc -ivfsstatcache -Xcc /Users/admin/builder/spi-builder-workspace/.derivedData/SDKStatCaches.noindex/appletvos27.0-24J360-e829b21a6f8c9b70876ba0858053c044b32bfd8d43560033f8d89884cdb90028.sdkstatcache -Xcc -fmodules-prune-interval\=86400 -Xcc -fmodules-prune-after\=345600 -Xcc -I/Users/admin/builder/spi-builder-workspace/.derivedData/Build/Products/Debug-appletvos/include -Xcc -I/Users/admin/builder/spi-builder-workspace/.derivedData/Build/Intermediates.noindex/FlowRouter.build/Debug-appletvos/FlowRouter-t.build/DerivedSources-normal/arm64 -Xcc -I/Users/admin/builder/spi-builder-workspace/.derivedData/Build/Intermediates.noindex/FlowRouter.build/Debug-appletvos/FlowRouter-t.build/DerivedSources/arm64 -Xcc -I/Users/admin/builder/spi-builder-workspace/.derivedData/Build/Intermediates.noindex/FlowRouter.build/Debug-appletvos/FlowRouter-t.build/DerivedSources -Xcc -DSWIFT_PACKAGE -Xcc -DDEBUG\=1 -no-auto-bridging-header-chaining -module-name FlowRouter -package-name spi_builder_workspace -const-gather-protocols-file /Users/admin/builder/spi-builder-workspace/.derivedData/Build/Intermediates.noindex/FlowRouter.build/Debug-appletvos/FlowRouter-t.build/Objects-normal/arm64/FlowRouter_const_extract_protocols.json -disable-clang-spi -clang-target arm64-apple-tvos27.0 -target-sdk-version 27.0 -target-sdk-name appletvos27.0 -in-process-plugin-server-path /Applications/Xcode-27.0.0-Release.Candidate.app/Contents/Developer/Toolchains/XcodeDefault.xctoolchain/usr/lib/swift/host/libSwiftInProcPluginServer.dylib -parse-as-library -o /Users/admin/builder/spi-builder-workspace/.derivedData/Build/Intermediates.noindex/FlowRouter.build/Debug-appletvos/FlowRouter-t.build/Objects-normal/arm64/RouterProtocol.o -o /Users/admin/builder/spi-builder-workspace/.derivedData/Build/Intermediates.noindex/FlowRouter.build/Debug-appletvos/FlowRouter-t.build/Objects-normal/arm64/RouterViewController.o -debug-module-path /Users/admin/builder/spi-builder-workspace/.derivedData/Build/Intermediates.noindex/FlowRouter.build/Debug-appletvos/FlowRouter-t.build/Objects-normal/arm64/FlowRouter.swiftmodule -index-unit-output-path /FlowRouter.build/Debug-appletvos/FlowRouter-t.build/Objects-normal/arm64/RouterProtocol.o -index-unit-output-path /FlowRouter.build/Debug-appletvos/FlowRouter-t.build/Objects-normal/arm64/RouterViewController.o -index-store-path /Users/admin/builder/spi-builder-workspace/.derivedData/Index.noindex/DataStore -index-system-modules
SwiftCompile normal arm64 /Users/admin/builder/spi-builder-workspace/Sources/FlowRouter/RouterProtocol.swift (in target 'FlowRouter' from project 'FlowRouter')
    cd /Users/admin/builder/spi-builder-workspace/.swiftpm/xcode
    builtin-SwiftPerFileCompile RouterProtocol.swift
SwiftCompile normal arm64 /Users/admin/builder/spi-builder-workspace/Sources/FlowRouter/RouterViewController.swift (in target 'FlowRouter' from project 'FlowRouter')
    cd /Users/admin/builder/spi-builder-workspace/.swiftpm/xcode
    builtin-SwiftPerFileCompile RouterViewController.swift
SwiftCompile normal arm64 Compiling\ CloseInterceptor.swift,\ OpenInterceptor.swift /Users/admin/builder/spi-builder-workspace/Sources/FlowRouter/Interceptor/CloseInterceptor.swift /Users/admin/builder/spi-builder-workspace/Sources/FlowRouter/Interceptor/OpenInterceptor.swift (in target 'FlowRouter' from project 'FlowRouter')
SwiftCompile normal arm64 /Users/admin/builder/spi-builder-workspace/Sources/FlowRouter/Interceptor/CloseInterceptor.swift (in target 'FlowRouter' from project 'FlowRouter')
    cd /Users/admin/builder/spi-builder-workspace/.swiftpm/xcode
    builtin-SwiftPerFileCompile CloseInterceptor.swift
SwiftCompile normal arm64 /Users/admin/builder/spi-builder-workspace/Sources/FlowRouter/Interceptor/OpenInterceptor.swift (in target 'FlowRouter' from project 'FlowRouter')
    cd /Users/admin/builder/spi-builder-workspace/.swiftpm/xcode
    builtin-SwiftPerFileCompile OpenInterceptor.swift
SwiftCompile normal arm64 Compiling\ StringExtension.swift,\ FlowRouter.swift /Users/admin/builder/spi-builder-workspace/Sources/FlowRouter/Extension/StringExtension.swift /Users/admin/builder/spi-builder-workspace/Sources/FlowRouter/FlowRouter.swift (in target 'FlowRouter' from project 'FlowRouter')
/Users/admin/builder/spi-builder-workspace/Sources/FlowRouter/FlowRouter.swift:82:33: warning: result of call to 'open' is unused [#NoUsage]
 80 |         Log.i("Router", "awaitOpen scheme:\(scheme.rawValue)")
 81 |         return try await withCheckedThrowingContinuation { continuation in
 82 |             RouterModule.shared.open(
    |                                 `- warning: result of call to 'open' is unused [#NoUsage]
 83 |                 scheme.rawValue, query, option,
 84 |                 { (closeData: [String: Any]?) in
/Users/admin/builder/spi-builder-workspace/Sources/FlowRouter/FlowRouter.swift:272:13: warning: initialization of immutable value 'pages' was never used; consider replacing with assignment to '_' or removing it [#NoUsage]
270 |     ///通过 页面pageId ,获取当前对应的 viewController对象
271 |     @MainActor public static func getViewControllerByPageId(pageId: String) -> RouterPageProtocol? {
272 |         let pages = RouterModule.shared.pages()
    |             `- warning: initialization of immutable value 'pages' was never used; consider replacing with assignment to '_' or removing it [#NoUsage]
273 |         return nil
274 |     }
/Users/admin/builder/spi-builder-workspace/Sources/FlowRouter/FlowRouter.swift:279:13: warning: variable 'index' was never mutated; consider changing to 'let' constant [#VariableNeverMutated]
277 |     @MainActor public static func getPreViewControllerByPageId(pageId: String) -> RouterPageProtocol? {
278 |         let records = RouterModule.shared.pageRecords
279 |         var index = -1
    |             `- warning: variable 'index' was never mutated; consider changing to 'let' constant [#VariableNeverMutated]
280 |
281 |         if index > -1 && index > 0 {
[#NoUsage]: <https://docs.swift.org/compiler/documentation/diagnostics/no-usage>
[#VariableNeverMutated]: <https://docs.swift.org/compiler/documentation/diagnostics/variable-never-mutated>
SwiftCompile normal arm64 /Users/admin/builder/spi-builder-workspace/Sources/FlowRouter/Extension/StringExtension.swift (in target 'FlowRouter' from project 'FlowRouter')
    cd /Users/admin/builder/spi-builder-workspace/.swiftpm/xcode
    builtin-SwiftPerFileCompile StringExtension.swift
SwiftCompile normal arm64 /Users/admin/builder/spi-builder-workspace/Sources/FlowRouter/FlowRouter.swift (in target 'FlowRouter' from project 'FlowRouter')
    cd /Users/admin/builder/spi-builder-workspace/.swiftpm/xcode
    builtin-SwiftPerFileCompile FlowRouter.swift
SwiftCompile normal arm64 Compiling\ Log.swift,\ NaviBarView.swift /Users/admin/builder/spi-builder-workspace/Sources/FlowRouter/Log/Log.swift /Users/admin/builder/spi-builder-workspace/Sources/FlowRouter/Navibar/NaviBarView.swift (in target 'FlowRouter' from project 'FlowRouter')
SwiftCompile normal arm64 /Users/admin/builder/spi-builder-workspace/Sources/FlowRouter/Log/Log.swift (in target 'FlowRouter' from project 'FlowRouter')
    cd /Users/admin/builder/spi-builder-workspace/.swiftpm/xcode
    builtin-SwiftPerFileCompile Log.swift
SwiftCompile normal arm64 /Users/admin/builder/spi-builder-workspace/Sources/FlowRouter/Navibar/NaviBarView.swift (in target 'FlowRouter' from project 'FlowRouter')
    cd /Users/admin/builder/spi-builder-workspace/.swiftpm/xcode
    builtin-SwiftPerFileCompile NaviBarView.swift
SwiftCompile normal arm64 Compiling\ UI.swift /Users/admin/builder/spi-builder-workspace/Sources/FlowRouter/UI/UI.swift (in target 'FlowRouter' from project 'FlowRouter')
SwiftCompile normal arm64 /Users/admin/builder/spi-builder-workspace/Sources/FlowRouter/UI/UI.swift (in target 'FlowRouter' from project 'FlowRouter')
    cd /Users/admin/builder/spi-builder-workspace/.swiftpm/xcode
    builtin-SwiftPerFileCompile UI.swift
SwiftDriverJobDiscovery normal arm64 Emitting module for FlowRouter (in target 'FlowRouter' from project 'FlowRouter')
SwiftDriver\ Compilation\ Requirements FlowRouter normal arm64 com.apple.xcode.tools.swift.compiler (in target 'FlowRouter' from project 'FlowRouter')
    cd /Users/admin/builder/spi-builder-workspace/.swiftpm/xcode
    builtin-Swift-Compilation-Requirements -- /Applications/Xcode-27.0.0-Release.Candidate.app/Contents/Developer/Toolchains/XcodeDefault.xctoolchain/usr/bin/swiftc -parse-as-library -module-name FlowRouter -Onone @/Users/admin/builder/spi-builder-workspace/.derivedData/Build/Intermediates.noindex/FlowRouter.build/Debug-appletvos/FlowRouter-t.build/Objects-normal/arm64/FlowRouter.SwiftFileList -DSWIFT_PACKAGE -DDEBUG -DSWIFT_MODULE_RESOURCE_BUNDLE_UNAVAILABLE -DXcode -plugin-path /Applications/Xcode-27.0.0-Release.Candidate.app/Contents/Developer/Toolchains/XcodeDefault.xctoolchain/usr/lib/swift/host/plugins/testing -enable-experimental-feature DebugDescriptionMacro -sdk /Applications/Xcode-27.0.0-Release.Candidate.app/Contents/Developer/Platforms/AppleTVOS.platform/Developer/SDKs/AppleTVOS27.0.sdk -target arm64-apple-tvos15.0 -g -module-cache-path /Users/admin/builder/spi-builder-workspace/.derivedData/ModuleCache.noindex -Xfrontend -serialize-debugging-options -profile-coverage-mapping -profile-generate -enable-testing -index-store-path /Users/admin/builder/spi-builder-workspace/.derivedData/Index.noindex/DataStore -Xcc -D_LIBCPP_HARDENING_MODE\=_LIBCPP_HARDENING_MODE_DEBUG -swift-version 6 -I /Users/admin/builder/spi-builder-workspace/.derivedData/Build/Products/Debug-appletvos -Isystem /Applications/Xcode-27.0.0-Release.Candidate.app/Contents/Developer/Platforms/AppleTVOS.platform/Developer/usr/lib -F /Users/admin/builder/spi-builder-workspace/.derivedData/Build/Products/Debug-appletvos -F /Applications/Xcode-27.0.0-Release.Candidate.app/Contents/Developer/Platforms/AppleTVOS.platform/Developer/Library/Frameworks -F /Applications/Xcode-27.0.0-Release.Candidate.app/Contents/Developer/Platforms/AppleTVOS.platform/Developer/SDKs/AppleTVOS27.0.sdk/Developer/Library/Frameworks -c -j10 -enable-batch-mode -incremental -Xcc -ivfsstatcache -Xcc /Users/admin/builder/spi-builder-workspace/.derivedData/SDKStatCaches.noindex/appletvos27.0-24J360-e829b21a6f8c9b70876ba0858053c044b32bfd8d43560033f8d89884cdb90028.sdkstatcache -output-file-map /Users/admin/builder/spi-builder-workspace/.derivedData/Build/Intermediates.noindex/FlowRouter.build/Debug-appletvos/FlowRouter-t.build/Objects-normal/arm64/FlowRouter-OutputFileMap.json -save-temps -no-color-diagnostics -explicit-module-build -module-cache-path /Users/admin/builder/spi-builder-workspace/.derivedData/Build/Intermediates.noindex/SwiftExplicitPrecompiledModules -clang-scanner-module-cache-path /Users/admin/builder/spi-builder-workspace/.derivedData/ModuleCache.noindex -sdk-module-cache-path /Users/admin/builder/spi-builder-workspace/.derivedData/SDKExplicitPrecompiledModules -emit-dependencies -emit-module -emit-module-path /Users/admin/builder/spi-builder-workspace/.derivedData/Build/Intermediates.noindex/FlowRouter.build/Debug-appletvos/FlowRouter-t.build/Objects-normal/arm64/FlowRouter.swiftmodule -serialize-diagnostics -dependency-scan-serialize-diagnostics-path /Users/admin/builder/spi-builder-workspace/.derivedData/Build/Intermediates.noindex/FlowRouter.build/Debug-appletvos/FlowRouter-t.build/Objects-normal/arm64/FlowRouter-dependency-scan.dia -validate-clang-modules-once -clang-build-session-file /Users/admin/builder/spi-builder-workspace/.derivedData/ModuleCache.noindex/Session.modulevalidation -Xcc -fmodules-prune-interval\=86400 -Xcc -fmodules-prune-after\=345600 -package-name spi_builder_workspace -emit-const-values -const-gather-protocols-list /Users/admin/builder/spi-builder-workspace/.derivedData/Build/Intermediates.noindex/FlowRouter.build/Debug-appletvos/FlowRouter-t.build/Objects-normal/arm64/FlowRouter_const_extract_protocols.json -Xcc -I/Users/admin/builder/spi-builder-workspace/.derivedData/Build/Products/Debug-appletvos/include -Xcc -I/Users/admin/builder/spi-builder-workspace/.derivedData/Build/Intermediates.noindex/FlowRouter.build/Debug-appletvos/FlowRouter-t.build/DerivedSources-normal/arm64 -Xcc -I/Users/admin/builder/spi-builder-workspace/.derivedData/Build/Intermediates.noindex/FlowRouter.build/Debug-appletvos/FlowRouter-t.build/DerivedSources/arm64 -Xcc -I/Users/admin/builder/spi-builder-workspace/.derivedData/Build/Intermediates.noindex/FlowRouter.build/Debug-appletvos/FlowRouter-t.build/DerivedSources -Xcc -DSWIFT_PACKAGE -Xcc -DDEBUG\=1 -emit-objc-header -emit-objc-header-path /Users/admin/builder/spi-builder-workspace/.derivedData/Build/Intermediates.noindex/FlowRouter.build/Debug-appletvos/FlowRouter-t.build/Objects-normal/arm64/FlowRouter-Swift.h -working-directory /Users/admin/builder/spi-builder-workspace/.swiftpm/xcode -experimental-emit-module-separately -disable-cmo
SwiftDriverJobDiscovery normal arm64 Compiling CloseInterceptor.swift, OpenInterceptor.swift (in target 'FlowRouter' from project 'FlowRouter')
SwiftMergeGeneratedHeaders /Users/admin/builder/spi-builder-workspace/.derivedData/Build/Intermediates.noindex/GeneratedModuleMaps-appletvos/FlowRouter-Swift.h /Users/admin/builder/spi-builder-workspace/.derivedData/Build/Intermediates.noindex/FlowRouter.build/Debug-appletvos/FlowRouter-t.build/Objects-normal/arm64/FlowRouter-Swift.h (in target 'FlowRouter' from project 'FlowRouter')
    cd /Users/admin/builder/spi-builder-workspace
    builtin-swiftHeaderTool -arch arm64 /Users/admin/builder/spi-builder-workspace/.derivedData/Build/Intermediates.noindex/FlowRouter.build/Debug-appletvos/FlowRouter-t.build/Objects-normal/arm64/FlowRouter-Swift.h -o /Users/admin/builder/spi-builder-workspace/.derivedData/Build/Intermediates.noindex/GeneratedModuleMaps-appletvos/FlowRouter-Swift.h
Copy /Users/admin/builder/spi-builder-workspace/.derivedData/Build/Products/Debug-appletvos/FlowRouter.swiftmodule/arm64-apple-tvos.swiftmodule /Users/admin/builder/spi-builder-workspace/.derivedData/Build/Intermediates.noindex/FlowRouter.build/Debug-appletvos/FlowRouter-t.build/Objects-normal/arm64/FlowRouter.swiftmodule (in target 'FlowRouter' from project 'FlowRouter')
    cd /Users/admin/builder/spi-builder-workspace
    builtin-copy -exclude .DS_Store -exclude CVS -exclude .svn -exclude .git -exclude .hg -resolve-src-symlinks -rename /Users/admin/builder/spi-builder-workspace/.derivedData/Build/Intermediates.noindex/FlowRouter.build/Debug-appletvos/FlowRouter-t.build/Objects-normal/arm64/FlowRouter.swiftmodule /Users/admin/builder/spi-builder-workspace/.derivedData/Build/Products/Debug-appletvos/FlowRouter.swiftmodule/arm64-apple-tvos.swiftmodule
Copy /Users/admin/builder/spi-builder-workspace/.derivedData/Build/Products/Debug-appletvos/FlowRouter.swiftmodule/arm64-apple-tvos.swiftdoc /Users/admin/builder/spi-builder-workspace/.derivedData/Build/Intermediates.noindex/FlowRouter.build/Debug-appletvos/FlowRouter-t.build/Objects-normal/arm64/FlowRouter.swiftdoc (in target 'FlowRouter' from project 'FlowRouter')
    cd /Users/admin/builder/spi-builder-workspace
    builtin-copy -exclude .DS_Store -exclude CVS -exclude .svn -exclude .git -exclude .hg -resolve-src-symlinks -rename /Users/admin/builder/spi-builder-workspace/.derivedData/Build/Intermediates.noindex/FlowRouter.build/Debug-appletvos/FlowRouter-t.build/Objects-normal/arm64/FlowRouter.swiftdoc /Users/admin/builder/spi-builder-workspace/.derivedData/Build/Products/Debug-appletvos/FlowRouter.swiftmodule/arm64-apple-tvos.swiftdoc
Copy /Users/admin/builder/spi-builder-workspace/.derivedData/Build/Products/Debug-appletvos/FlowRouter.swiftmodule/arm64-apple-tvos.abi.json /Users/admin/builder/spi-builder-workspace/.derivedData/Build/Intermediates.noindex/FlowRouter.build/Debug-appletvos/FlowRouter-t.build/Objects-normal/arm64/FlowRouter.abi.json (in target 'FlowRouter' from project 'FlowRouter')
    cd /Users/admin/builder/spi-builder-workspace
    builtin-copy -exclude .DS_Store -exclude CVS -exclude .svn -exclude .git -exclude .hg -resolve-src-symlinks -rename /Users/admin/builder/spi-builder-workspace/.derivedData/Build/Intermediates.noindex/FlowRouter.build/Debug-appletvos/FlowRouter-t.build/Objects-normal/arm64/FlowRouter.abi.json /Users/admin/builder/spi-builder-workspace/.derivedData/Build/Products/Debug-appletvos/FlowRouter.swiftmodule/arm64-apple-tvos.abi.json
Copy /Users/admin/builder/spi-builder-workspace/.derivedData/Build/Products/Debug-appletvos/FlowRouter.swiftmodule/Project/arm64-apple-tvos.swiftsourceinfo /Users/admin/builder/spi-builder-workspace/.derivedData/Build/Intermediates.noindex/FlowRouter.build/Debug-appletvos/FlowRouter-t.build/Objects-normal/arm64/FlowRouter.swiftsourceinfo (in target 'FlowRouter' from project 'FlowRouter')
    cd /Users/admin/builder/spi-builder-workspace
    builtin-copy -exclude .DS_Store -exclude CVS -exclude .svn -exclude .git -exclude .hg -resolve-src-symlinks -rename /Users/admin/builder/spi-builder-workspace/.derivedData/Build/Intermediates.noindex/FlowRouter.build/Debug-appletvos/FlowRouter-t.build/Objects-normal/arm64/FlowRouter.swiftsourceinfo /Users/admin/builder/spi-builder-workspace/.derivedData/Build/Products/Debug-appletvos/FlowRouter.swiftmodule/Project/arm64-apple-tvos.swiftsourceinfo
SwiftDriverJobDiscovery normal arm64 Compiling RouteCloseData.swift, RouteMapManager.swift (in target 'FlowRouter' from project 'FlowRouter')
SwiftDriverJobDiscovery normal arm64 Compiling Log.swift, NaviBarView.swift (in target 'FlowRouter' from project 'FlowRouter')
PruneExplicitPrecompiledModules /Users/admin/builder/spi-builder-workspace/.derivedData/Build/Intermediates.noindex/ExplicitPrecompiledModules
PruneExplicitPrecompiledModules /Users/admin/builder/spi-builder-workspace/.derivedData/Build/Intermediates.noindex/SwiftExplicitPrecompiledModules
PruneExplicitPrecompiledModules /Users/admin/builder/spi-builder-workspace/.derivedData/SDKExplicitPrecompiledModules
2026-09-23 13:13:32.795 xcodebuild[627:3887] [MT] IDERunDestination: Supported platforms for the buildables in the current scheme is empty.
** BUILD FAILED **
The following build commands failed:
	SwiftCompile normal arm64 Compiling\ RouteOption.swift,\ RouterModule.swift /Users/admin/builder/spi-builder-workspace/Sources/FlowRouter/RouteOption.swift /Users/admin/builder/spi-builder-workspace/Sources/FlowRouter/RouterModule.swift (in target 'FlowRouter' from project 'FlowRouter')
	SwiftCompile normal arm64 /Users/admin/builder/spi-builder-workspace/Sources/FlowRouter/RouterModule.swift (in target 'FlowRouter' from project 'FlowRouter')
	SwiftCompile normal arm64 Compiling\ RouterProtocol.swift,\ RouterViewController.swift /Users/admin/builder/spi-builder-workspace/Sources/FlowRouter/RouterProtocol.swift /Users/admin/builder/spi-builder-workspace/Sources/FlowRouter/RouterViewController.swift (in target 'FlowRouter' from project 'FlowRouter')
	SwiftCompile normal arm64 /Users/admin/builder/spi-builder-workspace/Sources/FlowRouter/RouterViewController.swift (in target 'FlowRouter' from project 'FlowRouter')
	Building workspace FlowRouter with scheme FlowRouter
(5 failures)
Command line invocation:
    /Applications/Xcode-27.0.0-Release.Candidate.app/Contents/Developer/usr/bin/xcodebuild -IDEClonedSourcePackagesDirPathOverride=/Users/admin/builder/spi-builder-workspace/.dependencies -resolvePackageDependencies
Resolve Package Graph
Resolved source packages:
  FlowRouter: /Users/admin/builder/spi-builder-workspace
resolved source packages: FlowRouter
2026-09-23 13:13:42.073 xcodebuild[755:4519] [MT] IDERunDestination: Supported platforms for the buildables in the current scheme is empty.
{
  "dependencies" : [
  ],
  "manifest_display_name" : "FlowRouter",
  "name" : "FlowRouter",
  "path" : "/Users/admin/builder/spi-builder-workspace",
  "platforms" : [
    {
      "name" : "ios",
      "version" : "13.0"
    }
  ],
  "products" : [
    {
      "name" : "FlowRouter",
      "targets" : [
        "FlowRouter"
      ],
      "type" : {
        "library" : [
          "automatic"
        ]
      }
    }
  ],
  "targets" : [
    {
      "c99name" : "FlowRouterTests",
      "module_type" : "SwiftTarget",
      "name" : "FlowRouterTests",
      "path" : "Tests/FlowRouterTests",
      "sources" : [
        "FlowRouterTests.swift",
        "RouterViewControllerTests.swift"
      ],
      "target_dependencies" : [
        "FlowRouter"
      ],
      "type" : "test"
    },
    {
      "c99name" : "FlowRouter",
      "module_type" : "SwiftTarget",
      "name" : "FlowRouter",
      "path" : "Sources/FlowRouter",
      "product_memberships" : [
        "FlowRouter"
      ],
      "sources" : [
        "Extension/StringExtension.swift",
        "FlowRouter.swift",
        "Interceptor/CloseInterceptor.swift",
        "Interceptor/OpenInterceptor.swift",
        "Log/Log.swift",
        "Navibar/NaviBarView.swift",
        "NavigationType.swift",
        "PageRecord.swift",
        "RouteCloseData.swift",
        "RouteMapManager.swift",
        "RouteOption.swift",
        "RouterModule.swift",
        "RouterProtocol.swift",
        "RouterViewController.swift",
        "UI/FadeAndSlideTransitioning.swift",
        "UI/FadeTransitioning.swift",
        "UI/UI.swift"
      ],
      "type" : "library"
    }
  ],
  "tools_version" : "6.1"
}
{
  "workspace" : {
    "name" : "FlowRouter",
    "schemes" : [
      "FlowRouter"
    ]
  }
}
2026-09-23 13:13:43.336 xcodebuild[763:4591] [MT] IDERunDestination: Supported platforms for the buildables in the current scheme is empty.
Running build ...
env DEVELOPER_DIR=/Applications/Xcode-27.0.0-Release.Candidate.app xcrun xcodebuild -IDEClonedSourcePackagesDirPathOverride=$PWD/.dependencies -skipMacroValidation -skipPackagePluginValidation -derivedDataPath $PWD/.derivedData build -scheme FlowRouter -destination generic/platform=tvOS
Command line invocation:
    /Applications/Xcode-27.0.0-Release.Candidate.app/Contents/Developer/usr/bin/xcodebuild -IDEClonedSourcePackagesDirPathOverride=/Users/admin/builder/spi-builder-workspace/.dependencies -skipMacroValidation -skipPackagePluginValidation -derivedDataPath /Users/admin/builder/spi-builder-workspace/.derivedData build -scheme FlowRouter -destination generic/platform=tvOS
Resolve Package Graph
Resolved source packages:
  FlowRouter: /Users/admin/builder/spi-builder-workspace
ComputePackagePrebuildTargetDependencyGraph
Prepare packages
CreateBuildRequest
SendProjectDescription
CreateBuildOperation
ComputeTargetDependencyGraph
note: Building targets in dependency order
note: Target dependency graph (2 targets)
    Target 'FlowRouter-product' in project 'FlowRouter'
        ➜ Explicit dependency on target 'FlowRouter' in project 'FlowRouter'
    Target 'FlowRouter' in project 'FlowRouter' (no dependencies)
GatherProvisioningInputs
CreateBuildDescription
ClangStatCache /Applications/Xcode-27.0.0-Release.Candidate.app/Contents/Developer/Toolchains/XcodeDefault.xctoolchain/usr/bin/clang-stat-cache /Applications/Xcode-27.0.0-Release.Candidate.app/Contents/Developer/Platforms/AppleTVOS.platform/Developer/SDKs/AppleTVOS27.0.sdk /Users/admin/builder/spi-builder-workspace/.derivedData/SDKStatCaches.noindex/appletvos27.0-24J360-e829b21a6f8c9b70876ba0858053c044b32bfd8d43560033f8d89884cdb90028.sdkstatcache
    cd /Users/admin/builder/spi-builder-workspace/.swiftpm/xcode
    /Applications/Xcode-27.0.0-Release.Candidate.app/Contents/Developer/Toolchains/XcodeDefault.xctoolchain/usr/bin/clang-stat-cache /Applications/Xcode-27.0.0-Release.Candidate.app/Contents/Developer/Platforms/AppleTVOS.platform/Developer/SDKs/AppleTVOS27.0.sdk -o /Users/admin/builder/spi-builder-workspace/.derivedData/SDKStatCaches.noindex/appletvos27.0-24J360-e829b21a6f8c9b70876ba0858053c044b32bfd8d43560033f8d89884cdb90028.sdkstatcache
SwiftDriver FlowRouter normal arm64 com.apple.xcode.tools.swift.compiler (in target 'FlowRouter' from project 'FlowRouter')
    cd /Users/admin/builder/spi-builder-workspace/.swiftpm/xcode
    builtin-SwiftDriver -- /Applications/Xcode-27.0.0-Release.Candidate.app/Contents/Developer/Toolchains/XcodeDefault.xctoolchain/usr/bin/swiftc -parse-as-library -module-name FlowRouter -Onone @/Users/admin/builder/spi-builder-workspace/.derivedData/Build/Intermediates.noindex/FlowRouter.build/Debug-appletvos/FlowRouter-t.build/Objects-normal/arm64/FlowRouter.SwiftFileList -DSWIFT_PACKAGE -DDEBUG -DSWIFT_MODULE_RESOURCE_BUNDLE_UNAVAILABLE -DXcode -plugin-path /Applications/Xcode-27.0.0-Release.Candidate.app/Contents/Developer/Toolchains/XcodeDefault.xctoolchain/usr/lib/swift/host/plugins/testing -enable-experimental-feature DebugDescriptionMacro -sdk /Applications/Xcode-27.0.0-Release.Candidate.app/Contents/Developer/Platforms/AppleTVOS.platform/Developer/SDKs/AppleTVOS27.0.sdk -target arm64-apple-tvos15.0 -g -module-cache-path /Users/admin/builder/spi-builder-workspace/.derivedData/ModuleCache.noindex -Xfrontend -serialize-debugging-options -profile-coverage-mapping -profile-generate -enable-testing -index-store-path /Users/admin/builder/spi-builder-workspace/.derivedData/Index.noindex/DataStore -Xcc -D_LIBCPP_HARDENING_MODE\=_LIBCPP_HARDENING_MODE_DEBUG -swift-version 6 -I /Users/admin/builder/spi-builder-workspace/.derivedData/Build/Products/Debug-appletvos -Isystem /Applications/Xcode-27.0.0-Release.Candidate.app/Contents/Developer/Platforms/AppleTVOS.platform/Developer/usr/lib -F /Users/admin/builder/spi-builder-workspace/.derivedData/Build/Products/Debug-appletvos -F /Applications/Xcode-27.0.0-Release.Candidate.app/Contents/Developer/Platforms/AppleTVOS.platform/Developer/Library/Frameworks -F /Applications/Xcode-27.0.0-Release.Candidate.app/Contents/Developer/Platforms/AppleTVOS.platform/Developer/SDKs/AppleTVOS27.0.sdk/Developer/Library/Frameworks -c -j10 -enable-batch-mode -incremental -Xcc -ivfsstatcache -Xcc /Users/admin/builder/spi-builder-workspace/.derivedData/SDKStatCaches.noindex/appletvos27.0-24J360-e829b21a6f8c9b70876ba0858053c044b32bfd8d43560033f8d89884cdb90028.sdkstatcache -output-file-map /Users/admin/builder/spi-builder-workspace/.derivedData/Build/Intermediates.noindex/FlowRouter.build/Debug-appletvos/FlowRouter-t.build/Objects-normal/arm64/FlowRouter-OutputFileMap.json -save-temps -no-color-diagnostics -explicit-module-build -module-cache-path /Users/admin/builder/spi-builder-workspace/.derivedData/Build/Intermediates.noindex/SwiftExplicitPrecompiledModules -clang-scanner-module-cache-path /Users/admin/builder/spi-builder-workspace/.derivedData/ModuleCache.noindex -sdk-module-cache-path /Users/admin/builder/spi-builder-workspace/.derivedData/SDKExplicitPrecompiledModules -emit-dependencies -emit-module -emit-module-path /Users/admin/builder/spi-builder-workspace/.derivedData/Build/Intermediates.noindex/FlowRouter.build/Debug-appletvos/FlowRouter-t.build/Objects-normal/arm64/FlowRouter.swiftmodule -serialize-diagnostics -dependency-scan-serialize-diagnostics-path /Users/admin/builder/spi-builder-workspace/.derivedData/Build/Intermediates.noindex/FlowRouter.build/Debug-appletvos/FlowRouter-t.build/Objects-normal/arm64/FlowRouter-dependency-scan.dia -validate-clang-modules-once -clang-build-session-file /Users/admin/builder/spi-builder-workspace/.derivedData/ModuleCache.noindex/Session.modulevalidation -Xcc -fmodules-prune-interval\=86400 -Xcc -fmodules-prune-after\=345600 -package-name spi_builder_workspace -emit-const-values -const-gather-protocols-list /Users/admin/builder/spi-builder-workspace/.derivedData/Build/Intermediates.noindex/FlowRouter.build/Debug-appletvos/FlowRouter-t.build/Objects-normal/arm64/FlowRouter_const_extract_protocols.json -Xcc -I/Users/admin/builder/spi-builder-workspace/.derivedData/Build/Products/Debug-appletvos/include -Xcc -I/Users/admin/builder/spi-builder-workspace/.derivedData/Build/Intermediates.noindex/FlowRouter.build/Debug-appletvos/FlowRouter-t.build/DerivedSources-normal/arm64 -Xcc -I/Users/admin/builder/spi-builder-workspace/.derivedData/Build/Intermediates.noindex/FlowRouter.build/Debug-appletvos/FlowRouter-t.build/DerivedSources/arm64 -Xcc -I/Users/admin/builder/spi-builder-workspace/.derivedData/Build/Intermediates.noindex/FlowRouter.build/Debug-appletvos/FlowRouter-t.build/DerivedSources -Xcc -DSWIFT_PACKAGE -Xcc -DDEBUG\=1 -emit-objc-header -emit-objc-header-path /Users/admin/builder/spi-builder-workspace/.derivedData/Build/Intermediates.noindex/FlowRouter.build/Debug-appletvos/FlowRouter-t.build/Objects-normal/arm64/FlowRouter-Swift.h -working-directory /Users/admin/builder/spi-builder-workspace/.swiftpm/xcode -experimental-emit-module-separately -disable-cmo
SwiftCompile normal arm64 Compiling\ StringExtension.swift,\ FlowRouter.swift /Users/admin/builder/spi-builder-workspace/Sources/FlowRouter/Extension/StringExtension.swift /Users/admin/builder/spi-builder-workspace/Sources/FlowRouter/FlowRouter.swift (in target 'FlowRouter' from project 'FlowRouter')
SwiftCompile normal arm64 /Users/admin/builder/spi-builder-workspace/Sources/FlowRouter/Extension/StringExtension.swift (in target 'FlowRouter' from project 'FlowRouter')
    cd /Users/admin/builder/spi-builder-workspace/.swiftpm/xcode
    builtin-SwiftPerFileCompile StringExtension.swift
SwiftCompile normal arm64 /Users/admin/builder/spi-builder-workspace/Sources/FlowRouter/FlowRouter.swift (in target 'FlowRouter' from project 'FlowRouter')
    cd /Users/admin/builder/spi-builder-workspace/.swiftpm/xcode
    builtin-SwiftPerFileCompile FlowRouter.swift
SwiftCompile normal arm64 Compiling\ NavigationType.swift /Users/admin/builder/spi-builder-workspace/Sources/FlowRouter/NavigationType.swift (in target 'FlowRouter' from project 'FlowRouter')
SwiftCompile normal arm64 /Users/admin/builder/spi-builder-workspace/Sources/FlowRouter/NavigationType.swift (in target 'FlowRouter' from project 'FlowRouter')
    cd /Users/admin/builder/spi-builder-workspace/.swiftpm/xcode
    builtin-SwiftPerFileCompile NavigationType.swift
SwiftCompile normal arm64 Compiling\ RouteOption.swift /Users/admin/builder/spi-builder-workspace/Sources/FlowRouter/RouteOption.swift (in target 'FlowRouter' from project 'FlowRouter')
SwiftCompile normal arm64 /Users/admin/builder/spi-builder-workspace/Sources/FlowRouter/RouteOption.swift (in target 'FlowRouter' from project 'FlowRouter')
    cd /Users/admin/builder/spi-builder-workspace/.swiftpm/xcode
    builtin-SwiftPerFileCompile RouteOption.swift
SwiftEmitModule normal arm64 Emitting\ module\ for\ FlowRouter (in target 'FlowRouter' from project 'FlowRouter')
SwiftCompile normal arm64 (in target 'FlowRouter' from project 'FlowRouter')
    cd /Users/admin/builder/spi-builder-workspace/.swiftpm/xcode

SwiftCompile normal arm64 Compiling\ RouterModule.swift /Users/admin/builder/spi-builder-workspace/Sources/FlowRouter/RouterModule.swift (in target 'FlowRouter' from project 'FlowRouter')
SwiftCompile normal arm64 /Users/admin/builder/spi-builder-workspace/Sources/FlowRouter/RouterModule.swift (in target 'FlowRouter' from project 'FlowRouter')
    cd /Users/admin/builder/spi-builder-workspace/.swiftpm/xcode
    builtin-SwiftPerFileCompile RouterModule.swift
/Users/admin/builder/spi-builder-workspace/Sources/FlowRouter/RouterModule.swift:263:72: warning: left side of nil coalescing operator '??' has non-optional type 'UIModalPresentationStyle', so the right side is never used
261 |
262 |             currentNavigationController = UINavigationController(rootViewController: viewController)
263 |             currentNavigationController.modalPresentationStyle = style ?? .fullScreen
    |                                                                        `- warning: left side of nil coalescing operator '??' has non-optional type 'UIModalPresentationStyle', so the right side is never used
264 |
265 |             // 接管present,修复手动关闭时,未移除页面栈的问题
/Users/admin/builder/spi-builder-workspace/Sources/FlowRouter/RouterModule.swift:270:88: warning: forced cast of 'any UIViewControllerTransitioningDelegate' to same type has no effect
268 |             // 自定义进场动画
269 |             if let transitionDelegate = transitioningDelegate {
270 |                 currentNavigationController.transitioningDelegate = transitionDelegate as! any UIViewControllerTransitioningDelegate
    |                                                                                        `- warning: forced cast of 'any UIViewControllerTransitioningDelegate' to same type has no effect
271 |             } else {
272 |                 if style == .custom {
SwiftCompile normal arm64 Compiling\ RouterProtocol.swift /Users/admin/builder/spi-builder-workspace/Sources/FlowRouter/RouterProtocol.swift (in target 'FlowRouter' from project 'FlowRouter')
SwiftCompile normal arm64 /Users/admin/builder/spi-builder-workspace/Sources/FlowRouter/RouterProtocol.swift (in target 'FlowRouter' from project 'FlowRouter')
    cd /Users/admin/builder/spi-builder-workspace/.swiftpm/xcode
    builtin-SwiftPerFileCompile RouterProtocol.swift
SwiftCompile normal arm64 Compiling\ FadeAndSlideTransitioning.swift /Users/admin/builder/spi-builder-workspace/Sources/FlowRouter/UI/FadeAndSlideTransitioning.swift (in target 'FlowRouter' from project 'FlowRouter')
SwiftCompile normal arm64 /Users/admin/builder/spi-builder-workspace/Sources/FlowRouter/UI/FadeAndSlideTransitioning.swift (in target 'FlowRouter' from project 'FlowRouter')
    cd /Users/admin/builder/spi-builder-workspace/.swiftpm/xcode
    builtin-SwiftPerFileCompile FadeAndSlideTransitioning.swift
SwiftCompile normal arm64 Compiling\ PageRecord.swift /Users/admin/builder/spi-builder-workspace/Sources/FlowRouter/PageRecord.swift (in target 'FlowRouter' from project 'FlowRouter')
SwiftCompile normal arm64 /Users/admin/builder/spi-builder-workspace/Sources/FlowRouter/PageRecord.swift (in target 'FlowRouter' from project 'FlowRouter')
    cd /Users/admin/builder/spi-builder-workspace/.swiftpm/xcode
    builtin-SwiftPerFileCompile PageRecord.swift
SwiftCompile normal arm64 Compiling\ RouterViewController.swift /Users/admin/builder/spi-builder-workspace/Sources/FlowRouter/RouterViewController.swift (in target 'FlowRouter' from project 'FlowRouter')
/Users/admin/builder/spi-builder-workspace/Sources/FlowRouter/RouterViewController.swift:230:36: error: 'interactivePopGestureRecognizer' is unavailable in tvOS
228 |
229 |     func setPopGestureRecognizer(navigationController: UINavigationController) {
230 |         self.navigationController?.interactivePopGestureRecognizer?.delegate = self as? any UIGestureRecognizerDelegate
    |                                    `- error: 'interactivePopGestureRecognizer' is unavailable in tvOS
231 |         navigationController.interactivePopGestureRecognizer?.isEnabled = option.swipeBackEnabled
232 |
/Applications/Xcode-27.0.0-Release.Candidate.app/Contents/Developer/Platforms/AppleTVOS.platform/Developer/SDKs/AppleTVOS27.0.sdk/System/Library/Frameworks/UIKit.framework/Headers/UINavigationController.h:92:63: note: 'interactivePopGestureRecognizer' has been explicitly marked unavailable here
 90 | /// Use this property to retrieve the gesture recognizer and tie it to the behavior of other gesture recognizers
 91 | /// in your user interface.
 92 | @property(nullable, nonatomic, readonly) UIGestureRecognizer *interactivePopGestureRecognizer API_AVAILABLE(ios(7.0)) API_UNAVAILABLE(tvos);
    |                                                               `- note: 'interactivePopGestureRecognizer' has been explicitly marked unavailable here
 93 |
 94 | /// The gesture recognizer that handles interactively popping the top view controller off the navigation stack
/Users/admin/builder/spi-builder-workspace/Sources/FlowRouter/RouterViewController.swift:231:30: error: 'interactivePopGestureRecognizer' is unavailable in tvOS
229 |     func setPopGestureRecognizer(navigationController: UINavigationController) {
230 |         self.navigationController?.interactivePopGestureRecognizer?.delegate = self as? any UIGestureRecognizerDelegate
231 |         navigationController.interactivePopGestureRecognizer?.isEnabled = option.swipeBackEnabled
    |                              `- error: 'interactivePopGestureRecognizer' is unavailable in tvOS
232 |
233 | //        // 加强版的左滑退出
/Applications/Xcode-27.0.0-Release.Candidate.app/Contents/Developer/Platforms/AppleTVOS.platform/Developer/SDKs/AppleTVOS27.0.sdk/System/Library/Frameworks/UIKit.framework/Headers/UINavigationController.h:92:63: note: 'interactivePopGestureRecognizer' has been explicitly marked unavailable here
 90 | /// Use this property to retrieve the gesture recognizer and tie it to the behavior of other gesture recognizers
 91 | /// in your user interface.
 92 | @property(nullable, nonatomic, readonly) UIGestureRecognizer *interactivePopGestureRecognizer API_AVAILABLE(ios(7.0)) API_UNAVAILABLE(tvos);
    |                                                               `- note: 'interactivePopGestureRecognizer' has been explicitly marked unavailable here
 93 |
 94 | /// The gesture recognizer that handles interactively popping the top view controller off the navigation stack
Failed frontend command:
/Applications/Xcode-27.0.0-Release.Candidate.app/Contents/Developer/Toolchains/XcodeDefault.xctoolchain/usr/bin/swift-frontend -frontend -c /Users/admin/builder/spi-builder-workspace/Sources/FlowRouter/Extension/StringExtension.swift /Users/admin/builder/spi-builder-workspace/Sources/FlowRouter/FlowRouter.swift /Users/admin/builder/spi-builder-workspace/Sources/FlowRouter/Interceptor/CloseInterceptor.swift /Users/admin/builder/spi-builder-workspace/Sources/FlowRouter/Interceptor/OpenInterceptor.swift /Users/admin/builder/spi-builder-workspace/Sources/FlowRouter/Log/Log.swift /Users/admin/builder/spi-builder-workspace/Sources/FlowRouter/Navibar/NaviBarView.swift /Users/admin/builder/spi-builder-workspace/Sources/FlowRouter/NavigationType.swift /Users/admin/builder/spi-builder-workspace/Sources/FlowRouter/PageRecord.swift /Users/admin/builder/spi-builder-workspace/Sources/FlowRouter/RouteCloseData.swift /Users/admin/builder/spi-builder-workspace/Sources/FlowRouter/RouteMapManager.swift /Users/admin/builder/spi-builder-workspace/Sources/FlowRouter/RouteOption.swift /Users/admin/builder/spi-builder-workspace/Sources/FlowRouter/RouterModule.swift /Users/admin/builder/spi-builder-workspace/Sources/FlowRouter/RouterProtocol.swift -primary-file /Users/admin/builder/spi-builder-workspace/Sources/FlowRouter/RouterViewController.swift /Users/admin/builder/spi-builder-workspace/Sources/FlowRouter/UI/FadeAndSlideTransitioning.swift /Users/admin/builder/spi-builder-workspace/Sources/FlowRouter/UI/FadeTransitioning.swift /Users/admin/builder/spi-builder-workspace/Sources/FlowRouter/UI/UI.swift -emit-dependencies-path /Users/admin/builder/spi-builder-workspace/.derivedData/Build/Intermediates.noindex/FlowRouter.build/Debug-appletvos/FlowRouter-t.build/Objects-normal/arm64/RouterViewController.d -emit-const-values-path /Users/admin/builder/spi-builder-workspace/.derivedData/Build/Intermediates.noindex/FlowRouter.build/Debug-appletvos/FlowRouter-t.build/Objects-normal/arm64/RouterViewController.swiftconstvalues -emit-reference-dependencies-path /Users/admin/builder/spi-builder-workspace/.derivedData/Build/Intermediates.noindex/FlowRouter.build/Debug-appletvos/FlowRouter-t.build/Objects-normal/arm64/RouterViewController.swiftdeps -serialize-diagnostics-path /Users/admin/builder/spi-builder-workspace/.derivedData/Build/Intermediates.noindex/FlowRouter.build/Debug-appletvos/FlowRouter-t.build/Objects-normal/arm64/RouterViewController.dia -target arm64-apple-tvos15.0 -disable-cross-import-overlay-search -swift-module-cross-import Photos /Applications/Xcode-27.0.0-Release.Candidate.app/Contents/Developer/Platforms/AppleTVOS.platform/Developer/SDKs/AppleTVOS.sdk/System/Library/Frameworks/Photos.framework/Modules/Photos.swiftcrossimport/AppIntents.swiftoverlay -swift-module-cross-import Photos /Applications/Xcode-27.0.0-Release.Candidate.app/Contents/Developer/Platforms/AppleTVOS.platform/Developer/SDKs/AppleTVOS27.0.sdk/System/Library/Frameworks/Photos.framework/Modules/Photos.swiftcrossimport/AppIntents.swiftoverlay -load-resolved-plugin /Applications/Xcode-27.0.0-Release.Candidate.app/Contents/Developer/Platforms/AppleTVOS.platform/Developer/usr/lib/swift/host/plugins/libFoundationMacros.dylib\#/Applications/Xcode-27.0.0-Release.Candidate.app/Contents/Developer/Platforms/AppleTVOS.platform/Developer/usr/bin/swift-plugin-server\#FoundationMacros -load-resolved-plugin /Applications/Xcode-27.0.0-Release.Candidate.app/Contents/Developer/Platforms/AppleTVOS.platform/Developer/usr/lib/swift/host/plugins/libObservationMacros.dylib\#/Applications/Xcode-27.0.0-Release.Candidate.app/Contents/Developer/Platforms/AppleTVOS.platform/Developer/usr/bin/swift-plugin-server\#ObservationMacros -load-resolved-plugin /Applications/Xcode-27.0.0-Release.Candidate.app/Contents/Developer/Platforms/AppleTVOS.platform/Developer/usr/lib/swift/host/plugins/libPreviewsMacros.dylib\#/Applications/Xcode-27.0.0-Release.Candidate.app/Contents/Developer/Platforms/AppleTVOS.platform/Developer/usr/bin/swift-plugin-server\#PreviewsMacros -load-resolved-plugin /Applications/Xcode-27.0.0-Release.Candidate.app/Contents/Developer/Platforms/AppleTVOS.platform/Developer/usr/lib/swift/host/plugins/libSwiftMacros.dylib\#/Applications/Xcode-27.0.0-Release.Candidate.app/Contents/Developer/Platforms/AppleTVOS.platform/Developer/usr/bin/swift-plugin-server\#SwiftMacros -load-resolved-plugin /Applications/Xcode-27.0.0-Release.Candidate.app/Contents/Developer/Platforms/AppleTVOS.platform/Developer/usr/lib/swift/host/plugins/libSwiftUIMacros.dylib\#/Applications/Xcode-27.0.0-Release.Candidate.app/Contents/Developer/Platforms/AppleTVOS.platform/Developer/usr/bin/swift-plugin-server\#SwiftUIMacros -disable-implicit-swift-modules -Xcc -fno-implicit-modules -Xcc -fno-implicit-module-maps -explicit-swift-module-map-file /Users/admin/builder/spi-builder-workspace/.derivedData/Build/Intermediates.noindex/FlowRouter.build/Debug-appletvos/FlowRouter-t.build/Objects-normal/arm64/FlowRouter-dependencies-1.json -Xllvm -aarch64-use-tbi -enable-objc-interop -stack-check -sdk /Applications/Xcode-27.0.0-Release.Candidate.app/Contents/Developer/Platforms/AppleTVOS.platform/Developer/SDKs/AppleTVOS27.0.sdk -I /Users/admin/builder/spi-builder-workspace/.derivedData/Build/Products/Debug-appletvos -Isystem /Applications/Xcode-27.0.0-Release.Candidate.app/Contents/Developer/Platforms/AppleTVOS.platform/Developer/usr/lib -F /Users/admin/builder/spi-builder-workspace/.derivedData/Build/Products/Debug-appletvos -F /Applications/Xcode-27.0.0-Release.Candidate.app/Contents/Developer/Platforms/AppleTVOS.platform/Developer/Library/Frameworks -F /Applications/Xcode-27.0.0-Release.Candidate.app/Contents/Developer/Platforms/AppleTVOS.platform/Developer/SDKs/AppleTVOS27.0.sdk/Developer/Library/Frameworks -module-cache-path /Users/admin/builder/spi-builder-workspace/.derivedData/Build/Intermediates.noindex/SwiftExplicitPrecompiledModules -no-color-diagnostics -Xcc -fno-color-diagnostics -enable-testing -g -debug-info-format\=dwarf -dwarf-version\=4 -profile-generate -profile-coverage-mapping -swift-version 6 -Onone -D SWIFT_PACKAGE -D DEBUG -D SWIFT_MODULE_RESOURCE_BUNDLE_UNAVAILABLE -D Xcode -serialize-debugging-options -enable-experimental-feature DebugDescriptionMacro -empty-abi-descriptor -validate-clang-modules-once -clang-build-session-file /Users/admin/builder/spi-builder-workspace/.derivedData/ModuleCache.noindex/Session.modulevalidation -Xcc -working-directory -Xcc /Users/admin/builder/spi-builder-workspace/.swiftpm/xcode -enable-anonymous-context-mangled-names -file-compilation-dir /Users/admin/builder/spi-builder-workspace/.swiftpm/xcode -Xcc -D_LIBCPP_HARDENING_MODE\=_LIBCPP_HARDENING_MODE_DEBUG -Xcc -ivfsstatcache -Xcc /Users/admin/builder/spi-builder-workspace/.derivedData/SDKStatCaches.noindex/appletvos27.0-24J360-e829b21a6f8c9b70876ba0858053c044b32bfd8d43560033f8d89884cdb90028.sdkstatcache -Xcc -fmodules-prune-interval\=86400 -Xcc -fmodules-prune-after\=345600 -Xcc -I/Users/admin/builder/spi-builder-workspace/.derivedData/Build/Products/Debug-appletvos/include -Xcc -I/Users/admin/builder/spi-builder-workspace/.derivedData/Build/Intermediates.noindex/FlowRouter.build/Debug-appletvos/FlowRouter-t.build/DerivedSources-normal/arm64 -Xcc -I/Users/admin/builder/spi-builder-workspace/.derivedData/Build/Intermediates.noindex/FlowRouter.build/Debug-appletvos/FlowRouter-t.build/DerivedSources/arm64 -Xcc -I/Users/admin/builder/spi-builder-workspace/.derivedData/Build/Intermediates.noindex/FlowRouter.build/Debug-appletvos/FlowRouter-t.build/DerivedSources -Xcc -DSWIFT_PACKAGE -Xcc -DDEBUG\=1 -no-auto-bridging-header-chaining -module-name FlowRouter -package-name spi_builder_workspace -const-gather-protocols-file /Users/admin/builder/spi-builder-workspace/.derivedData/Build/Intermediates.noindex/FlowRouter.build/Debug-appletvos/FlowRouter-t.build/Objects-normal/arm64/FlowRouter_const_extract_protocols.json -disable-clang-spi -clang-target arm64-apple-tvos27.0 -target-sdk-version 27.0 -target-sdk-name appletvos27.0 -in-process-plugin-server-path /Applications/Xcode-27.0.0-Release.Candidate.app/Contents/Developer/Toolchains/XcodeDefault.xctoolchain/usr/lib/swift/host/libSwiftInProcPluginServer.dylib -parse-as-library -o /Users/admin/builder/spi-builder-workspace/.derivedData/Build/Intermediates.noindex/FlowRouter.build/Debug-appletvos/FlowRouter-t.build/Objects-normal/arm64/RouterViewController.o -debug-module-path /Users/admin/builder/spi-builder-workspace/.derivedData/Build/Intermediates.noindex/FlowRouter.build/Debug-appletvos/FlowRouter-t.build/Objects-normal/arm64/FlowRouter.swiftmodule -index-unit-output-path /FlowRouter.build/Debug-appletvos/FlowRouter-t.build/Objects-normal/arm64/RouterViewController.o -index-store-path /Users/admin/builder/spi-builder-workspace/.derivedData/Index.noindex/DataStore -index-system-modules
SwiftCompile normal arm64 /Users/admin/builder/spi-builder-workspace/Sources/FlowRouter/RouterViewController.swift (in target 'FlowRouter' from project 'FlowRouter')
    cd /Users/admin/builder/spi-builder-workspace/.swiftpm/xcode
    builtin-SwiftPerFileCompile RouterViewController.swift
SwiftCompile normal arm64 Compiling\ FadeTransitioning.swift /Users/admin/builder/spi-builder-workspace/Sources/FlowRouter/UI/FadeTransitioning.swift (in target 'FlowRouter' from project 'FlowRouter')
SwiftCompile normal arm64 /Users/admin/builder/spi-builder-workspace/Sources/FlowRouter/UI/FadeTransitioning.swift (in target 'FlowRouter' from project 'FlowRouter')
    cd /Users/admin/builder/spi-builder-workspace/.swiftpm/xcode
    builtin-SwiftPerFileCompile FadeTransitioning.swift
SwiftCompile normal arm64 Compiling\ UI.swift /Users/admin/builder/spi-builder-workspace/Sources/FlowRouter/UI/UI.swift (in target 'FlowRouter' from project 'FlowRouter')
SwiftCompile normal arm64 /Users/admin/builder/spi-builder-workspace/Sources/FlowRouter/UI/UI.swift (in target 'FlowRouter' from project 'FlowRouter')
    cd /Users/admin/builder/spi-builder-workspace/.swiftpm/xcode
    builtin-SwiftPerFileCompile UI.swift
SwiftDriverJobDiscovery normal arm64 Compiling RouterProtocol.swift (in target 'FlowRouter' from project 'FlowRouter')
SwiftDriverJobDiscovery normal arm64 Compiling PageRecord.swift (in target 'FlowRouter' from project 'FlowRouter')
SwiftDriverJobDiscovery normal arm64 Compiling NavigationType.swift (in target 'FlowRouter' from project 'FlowRouter')
SwiftCompile normal arm64 Compiling\ RouteMapManager.swift /Users/admin/builder/spi-builder-workspace/Sources/FlowRouter/RouteMapManager.swift (in target 'FlowRouter' from project 'FlowRouter')
SwiftCompile normal arm64 /Users/admin/builder/spi-builder-workspace/Sources/FlowRouter/RouteMapManager.swift (in target 'FlowRouter' from project 'FlowRouter')
    cd /Users/admin/builder/spi-builder-workspace/.swiftpm/xcode
    builtin-SwiftPerFileCompile RouteMapManager.swift
SwiftCompile normal arm64 Compiling\ OpenInterceptor.swift /Users/admin/builder/spi-builder-workspace/Sources/FlowRouter/Interceptor/OpenInterceptor.swift (in target 'FlowRouter' from project 'FlowRouter')
SwiftCompile normal arm64 /Users/admin/builder/spi-builder-workspace/Sources/FlowRouter/Interceptor/OpenInterceptor.swift (in target 'FlowRouter' from project 'FlowRouter')
    cd /Users/admin/builder/spi-builder-workspace/.swiftpm/xcode
    builtin-SwiftPerFileCompile OpenInterceptor.swift
SwiftCompile normal arm64 Compiling\ Log.swift /Users/admin/builder/spi-builder-workspace/Sources/FlowRouter/Log/Log.swift (in target 'FlowRouter' from project 'FlowRouter')
SwiftCompile normal arm64 /Users/admin/builder/spi-builder-workspace/Sources/FlowRouter/Log/Log.swift (in target 'FlowRouter' from project 'FlowRouter')
    cd /Users/admin/builder/spi-builder-workspace/.swiftpm/xcode
    builtin-SwiftPerFileCompile Log.swift
SwiftDriverJobDiscovery normal arm64 Compiling FadeTransitioning.swift (in target 'FlowRouter' from project 'FlowRouter')
SwiftCompile normal arm64 Compiling\ CloseInterceptor.swift /Users/admin/builder/spi-builder-workspace/Sources/FlowRouter/Interceptor/CloseInterceptor.swift (in target 'FlowRouter' from project 'FlowRouter')
SwiftCompile normal arm64 /Users/admin/builder/spi-builder-workspace/Sources/FlowRouter/Interceptor/CloseInterceptor.swift (in target 'FlowRouter' from project 'FlowRouter')
    cd /Users/admin/builder/spi-builder-workspace/.swiftpm/xcode
    builtin-SwiftPerFileCompile CloseInterceptor.swift
PruneExplicitPrecompiledModules /Users/admin/builder/spi-builder-workspace/.derivedData/Build/Intermediates.noindex/SwiftExplicitPrecompiledModules
PruneExplicitPrecompiledModules /Users/admin/builder/spi-builder-workspace/.derivedData/SDKExplicitPrecompiledModules
PruneExplicitPrecompiledModules /Users/admin/builder/spi-builder-workspace/.derivedData/Build/Intermediates.noindex/ExplicitPrecompiledModules
2026-09-23 13:13:44.341 xcodebuild[764:4625] [MT] IDERunDestination: Supported platforms for the buildables in the current scheme is empty.
** BUILD FAILED **
The following build commands failed:
	SwiftCompile normal arm64 Compiling\ RouterViewController.swift /Users/admin/builder/spi-builder-workspace/Sources/FlowRouter/RouterViewController.swift (in target 'FlowRouter' from project 'FlowRouter')
	SwiftCompile normal arm64 /Users/admin/builder/spi-builder-workspace/Sources/FlowRouter/RouterViewController.swift (in target 'FlowRouter' from project 'FlowRouter')
	Building workspace FlowRouter with scheme FlowRouter
(3 failures)
BUILD FAILURE 6.4 tvOS