The Swift Package Index logo.Swift Package Index

Build Information

Failed to build GoogleCloudVideoTranscoderV1, reference main (2990ce), with Swift 6.4 for visionOS using Xcode 27.0 on 12 Oct 2026 04:14:31 UTC.

Build Command

env DEVELOPER_DIR=/Applications/Xcode-27.0.0-Release.Candidate.app xcrun xcodebuild -IDEClonedSourcePackagesDirPathOverride=$PWD/.dependencies -skipMacroValidation -skipPackagePluginValidation -derivedDataPath $PWD/.derivedData build -scheme GoogleCloudVideoTranscoderV1 -destination generic/platform=xrOS

Build Log

SwiftCompile normal arm64 /Users/admin/builder/spi-builder-workspace/.dependencies/checkouts/swift-google-wkt/Sources/GoogleWKT/AnyPackable.swift (in target 'GoogleWKT' from project 'GoogleWKT')
    cd /Users/admin/builder/spi-builder-workspace/.swiftpm/xcode
    builtin-SwiftPerFileCompile AnyPackable.swift
SwiftCompile normal arm64 /Users/admin/builder/spi-builder-workspace/.dependencies/checkouts/swift-google-wkt/Sources/GoogleWKT/DecodeToDefault.swift (in target 'GoogleWKT' from project 'GoogleWKT')
    cd /Users/admin/builder/spi-builder-workspace/.swiftpm/xcode
    builtin-SwiftPerFileCompile DecodeToDefault.swift
SwiftCompile normal arm64 /Users/admin/builder/spi-builder-workspace/.dependencies/checkouts/swift-google-wkt/Sources/GoogleWKT/DiscoveryBase64.swift (in target 'GoogleWKT' from project 'GoogleWKT')
    cd /Users/admin/builder/spi-builder-workspace/.swiftpm/xcode
    builtin-SwiftPerFileCompile DiscoveryBase64.swift
SwiftCompile normal arm64 /Users/admin/builder/spi-builder-workspace/.dependencies/checkouts/swift-google-wkt/Sources/GoogleWKT/ProtoJSONDecoder.swift (in target 'GoogleWKT' from project 'GoogleWKT')
    cd /Users/admin/builder/spi-builder-workspace/.swiftpm/xcode
    builtin-SwiftPerFileCompile ProtoJSONDecoder.swift
SwiftDriverJobDiscovery normal arm64 Emitting module for Instrumentation (in target 'Instrumentation' from project 'swift-distributed-tracing')
SwiftDriver\ Compilation\ Requirements Instrumentation normal arm64 com.apple.xcode.tools.swift.compiler (in target 'Instrumentation' from project 'swift-distributed-tracing')
    cd /Users/admin/builder/spi-builder-workspace/.swiftpm/xcode
    builtin-Swift-Compilation-Requirements -- /Applications/Xcode-27.0.0.app/Contents/Developer/Toolchains/XcodeDefault.xctoolchain/usr/bin/swiftc -parse-as-library -module-name Instrumentation -Onone @/Users/admin/builder/spi-builder-workspace/.derivedData/Build/Intermediates.noindex/swift-distributed-tracing.build/Debug-xros/Instrumentation-t.build/Objects-normal/arm64/Instrumentation.SwiftFileList -DSWIFT_PACKAGE -DDEBUG -DSWIFT_MODULE_RESOURCE_BUNDLE_UNAVAILABLE -DXcode -enable-experimental-feature StrictConcurrency\=complete -plugin-path /Applications/Xcode-27.0.0.app/Contents/Developer/Toolchains/XcodeDefault.xctoolchain/usr/lib/swift/host/plugins/testing -enable-experimental-feature DebugDescriptionMacro -sdk /Applications/Xcode-27.0.0.app/Contents/Developer/Platforms/XROS.platform/Developer/SDKs/XROS27.0.sdk -target arm64-apple-xros1.0 -g -module-cache-path /Users/admin/builder/spi-builder-workspace/.derivedData/ModuleCache.noindex -Xfrontend -serialize-debugging-options -enable-testing -suppress-warnings -index-store-path /Users/admin/builder/spi-builder-workspace/.derivedData/Index.noindex/DataStore -Xcc -D_LIBCPP_HARDENING_MODE\=_LIBCPP_HARDENING_MODE_DEBUG -swift-version 6 -I /Users/admin/builder/spi-builder-workspace/.derivedData/Build/Products/Debug-xros -Isystem /Applications/Xcode-27.0.0.app/Contents/Developer/Platforms/XROS.platform/Developer/usr/lib -F /Users/admin/builder/spi-builder-workspace/.derivedData/Build/Products/Debug-xros/PackageFrameworks -F /Users/admin/builder/spi-builder-workspace/.derivedData/Build/Products/Debug-xros -F /Applications/Xcode-27.0.0.app/Contents/Developer/Platforms/XROS.platform/Developer/Library/Frameworks -F /Applications/Xcode-27.0.0.app/Contents/Developer/Platforms/XROS.platform/Developer/SDKs/XROS27.0.sdk/Developer/Library/Frameworks -c -j10 -enable-batch-mode -incremental -Xcc -ivfsstatcache -Xcc /Users/admin/builder/spi-builder-workspace/.derivedData/SDKStatCaches.noindex/xros27.0-24M361-e829b21a6f8c9b70876ba0858053c04489c3c372b822c72ca60ec5271cbc7f3c.sdkstatcache -output-file-map /Users/admin/builder/spi-builder-workspace/.derivedData/Build/Intermediates.noindex/swift-distributed-tracing.build/Debug-xros/Instrumentation-t.build/Objects-normal/arm64/Instrumentation-OutputFileMap.json -save-temps -no-color-diagnostics -explicit-module-build -module-cache-path /Users/admin/builder/spi-builder-workspace/.derivedData/Build/Intermediates.noindex/SwiftExplicitPrecompiledModules -clang-scanner-module-cache-path /Users/admin/builder/spi-builder-workspace/.derivedData/ModuleCache.noindex -sdk-module-cache-path /Users/admin/builder/spi-builder-workspace/.derivedData/SDKExplicitPrecompiledModules -emit-dependencies -emit-module -emit-module-path /Users/admin/builder/spi-builder-workspace/.derivedData/Build/Intermediates.noindex/swift-distributed-tracing.build/Debug-xros/Instrumentation-t.build/Objects-normal/arm64/Instrumentation.swiftmodule -serialize-diagnostics -dependency-scan-serialize-diagnostics-path /Users/admin/builder/spi-builder-workspace/.derivedData/Build/Intermediates.noindex/swift-distributed-tracing.build/Debug-xros/Instrumentation-t.build/Objects-normal/arm64/Instrumentation-dependency-scan.dia -user-module-version 1.5.0 -validate-clang-modules-once -clang-build-session-file /Users/admin/builder/spi-builder-workspace/.derivedData/ModuleCache.noindex/Session.modulevalidation -Xcc -fmodules-prune-interval\=86400 -Xcc -fmodules-prune-after\=345600 -package-name swift_distributed_tracing -emit-const-values -const-gather-protocols-list /Users/admin/builder/spi-builder-workspace/.derivedData/Build/Intermediates.noindex/swift-distributed-tracing.build/Debug-xros/Instrumentation-t.build/Objects-normal/arm64/Instrumentation_const_extract_protocols.json -Xcc -I/Users/admin/builder/spi-builder-workspace/.derivedData/Build/Products/Debug-xros/include -Xcc -I/Users/admin/builder/spi-builder-workspace/.derivedData/Build/Intermediates.noindex/swift-distributed-tracing.build/Debug-xros/Instrumentation-t.build/DerivedSources-normal/arm64 -Xcc -I/Users/admin/builder/spi-builder-workspace/.derivedData/Build/Intermediates.noindex/swift-distributed-tracing.build/Debug-xros/Instrumentation-t.build/DerivedSources/arm64 -Xcc -I/Users/admin/builder/spi-builder-workspace/.derivedData/Build/Intermediates.noindex/swift-distributed-tracing.build/Debug-xros/Instrumentation-t.build/DerivedSources -Xcc -DSWIFT_PACKAGE -Xcc -DDEBUG\=1 -emit-objc-header -emit-objc-header-path /Users/admin/builder/spi-builder-workspace/.derivedData/Build/Intermediates.noindex/swift-distributed-tracing.build/Debug-xros/Instrumentation-t.build/Objects-normal/arm64/Instrumentation-Swift.h -working-directory /Users/admin/builder/spi-builder-workspace/.swiftpm/xcode -experimental-emit-module-separately -disable-cmo
SwiftCompile normal arm64 Compiling\ WKTValue.swift,\ WKTApi.swift,\ WKTEnum.swift /Users/admin/builder/spi-builder-workspace/.dependencies/checkouts/swift-google-wkt/Sources/GoogleWKT/WKTValue.swift /Users/admin/builder/spi-builder-workspace/.dependencies/checkouts/swift-google-wkt/Sources/GoogleWKT/generated/messages/WKTApi.swift /Users/admin/builder/spi-builder-workspace/.dependencies/checkouts/swift-google-wkt/Sources/GoogleWKT/generated/messages/WKTEnum.swift (in target 'GoogleWKT' from project 'GoogleWKT')
SwiftCompile normal arm64 /Users/admin/builder/spi-builder-workspace/.dependencies/checkouts/swift-google-wkt/Sources/GoogleWKT/WKTValue.swift (in target 'GoogleWKT' from project 'GoogleWKT')
    cd /Users/admin/builder/spi-builder-workspace/.swiftpm/xcode
    builtin-SwiftPerFileCompile WKTValue.swift
SwiftCompile normal arm64 /Users/admin/builder/spi-builder-workspace/.dependencies/checkouts/swift-google-wkt/Sources/GoogleWKT/generated/messages/WKTApi.swift (in target 'GoogleWKT' from project 'GoogleWKT')
    cd /Users/admin/builder/spi-builder-workspace/.swiftpm/xcode
    builtin-SwiftPerFileCompile WKTApi.swift
SwiftCompile normal arm64 /Users/admin/builder/spi-builder-workspace/.dependencies/checkouts/swift-google-wkt/Sources/GoogleWKT/generated/messages/WKTEnum.swift (in target 'GoogleWKT' from project 'GoogleWKT')
    cd /Users/admin/builder/spi-builder-workspace/.swiftpm/xcode
    builtin-SwiftPerFileCompile WKTEnum.swift
SwiftMergeGeneratedHeaders /Users/admin/builder/spi-builder-workspace/.derivedData/Build/Intermediates.noindex/GeneratedModuleMaps-xros/Instrumentation-Swift.h /Users/admin/builder/spi-builder-workspace/.derivedData/Build/Intermediates.noindex/swift-distributed-tracing.build/Debug-xros/Instrumentation-t.build/Objects-normal/arm64/Instrumentation-Swift.h (in target 'Instrumentation' from project 'swift-distributed-tracing')
    cd /Users/admin/builder/spi-builder-workspace/.dependencies/checkouts/swift-distributed-tracing
    builtin-swiftHeaderTool -arch arm64 /Users/admin/builder/spi-builder-workspace/.derivedData/Build/Intermediates.noindex/swift-distributed-tracing.build/Debug-xros/Instrumentation-t.build/Objects-normal/arm64/Instrumentation-Swift.h -o /Users/admin/builder/spi-builder-workspace/.derivedData/Build/Intermediates.noindex/GeneratedModuleMaps-xros/Instrumentation-Swift.h
SwiftDriverJobDiscovery normal arm64 Compiling Locks.swift (in target 'Instrumentation' from project 'swift-distributed-tracing')
Copy /Users/admin/builder/spi-builder-workspace/.derivedData/Build/Products/Debug-xros/Instrumentation.swiftmodule/arm64-apple-xros.swiftmodule /Users/admin/builder/spi-builder-workspace/.derivedData/Build/Intermediates.noindex/swift-distributed-tracing.build/Debug-xros/Instrumentation-t.build/Objects-normal/arm64/Instrumentation.swiftmodule (in target 'Instrumentation' from project 'swift-distributed-tracing')
    cd /Users/admin/builder/spi-builder-workspace/.dependencies/checkouts/swift-distributed-tracing
    builtin-copy -exclude .DS_Store -exclude CVS -exclude .svn -exclude .git -exclude .hg -resolve-src-symlinks -rename /Users/admin/builder/spi-builder-workspace/.derivedData/Build/Intermediates.noindex/swift-distributed-tracing.build/Debug-xros/Instrumentation-t.build/Objects-normal/arm64/Instrumentation.swiftmodule /Users/admin/builder/spi-builder-workspace/.derivedData/Build/Products/Debug-xros/Instrumentation.swiftmodule/arm64-apple-xros.swiftmodule
Copy /Users/admin/builder/spi-builder-workspace/.derivedData/Build/Products/Debug-xros/Instrumentation.swiftmodule/arm64-apple-xros.swiftdoc /Users/admin/builder/spi-builder-workspace/.derivedData/Build/Intermediates.noindex/swift-distributed-tracing.build/Debug-xros/Instrumentation-t.build/Objects-normal/arm64/Instrumentation.swiftdoc (in target 'Instrumentation' from project 'swift-distributed-tracing')
    cd /Users/admin/builder/spi-builder-workspace/.dependencies/checkouts/swift-distributed-tracing
    builtin-copy -exclude .DS_Store -exclude CVS -exclude .svn -exclude .git -exclude .hg -resolve-src-symlinks -rename /Users/admin/builder/spi-builder-workspace/.derivedData/Build/Intermediates.noindex/swift-distributed-tracing.build/Debug-xros/Instrumentation-t.build/Objects-normal/arm64/Instrumentation.swiftdoc /Users/admin/builder/spi-builder-workspace/.derivedData/Build/Products/Debug-xros/Instrumentation.swiftmodule/arm64-apple-xros.swiftdoc
Copy /Users/admin/builder/spi-builder-workspace/.derivedData/Build/Products/Debug-xros/Instrumentation.swiftmodule/arm64-apple-xros.abi.json /Users/admin/builder/spi-builder-workspace/.derivedData/Build/Intermediates.noindex/swift-distributed-tracing.build/Debug-xros/Instrumentation-t.build/Objects-normal/arm64/Instrumentation.abi.json (in target 'Instrumentation' from project 'swift-distributed-tracing')
    cd /Users/admin/builder/spi-builder-workspace/.dependencies/checkouts/swift-distributed-tracing
    builtin-copy -exclude .DS_Store -exclude CVS -exclude .svn -exclude .git -exclude .hg -resolve-src-symlinks -rename /Users/admin/builder/spi-builder-workspace/.derivedData/Build/Intermediates.noindex/swift-distributed-tracing.build/Debug-xros/Instrumentation-t.build/Objects-normal/arm64/Instrumentation.abi.json /Users/admin/builder/spi-builder-workspace/.derivedData/Build/Products/Debug-xros/Instrumentation.swiftmodule/arm64-apple-xros.abi.json
Copy /Users/admin/builder/spi-builder-workspace/.derivedData/Build/Products/Debug-xros/Instrumentation.swiftmodule/Project/arm64-apple-xros.swiftsourceinfo /Users/admin/builder/spi-builder-workspace/.derivedData/Build/Intermediates.noindex/swift-distributed-tracing.build/Debug-xros/Instrumentation-t.build/Objects-normal/arm64/Instrumentation.swiftsourceinfo (in target 'Instrumentation' from project 'swift-distributed-tracing')
    cd /Users/admin/builder/spi-builder-workspace/.dependencies/checkouts/swift-distributed-tracing
    builtin-copy -exclude .DS_Store -exclude CVS -exclude .svn -exclude .git -exclude .hg -resolve-src-symlinks -rename /Users/admin/builder/spi-builder-workspace/.derivedData/Build/Intermediates.noindex/swift-distributed-tracing.build/Debug-xros/Instrumentation-t.build/Objects-normal/arm64/Instrumentation.swiftsourceinfo /Users/admin/builder/spi-builder-workspace/.derivedData/Build/Products/Debug-xros/Instrumentation.swiftmodule/Project/arm64-apple-xros.swiftsourceinfo
SwiftExplicitDependencyGeneratePcm arm64 /Users/admin/builder/spi-builder-workspace/.derivedData/SDKExplicitPrecompiledModules/CommonCrypto-9Q1JKEERIXTE5WYYG9UIK4I1D.pcm
SwiftDriverJobDiscovery normal arm64 Compiling InstrumentationSystem.swift (in target 'Instrumentation' from project 'swift-distributed-tracing')
SwiftCompile normal arm64 Compiling\ WKTMixin.swift,\ WKTOption.swift,\ WKTSourceContext.swift /Users/admin/builder/spi-builder-workspace/.dependencies/checkouts/swift-google-wkt/Sources/GoogleWKT/generated/messages/WKTMixin.swift /Users/admin/builder/spi-builder-workspace/.dependencies/checkouts/swift-google-wkt/Sources/GoogleWKT/generated/messages/WKTOption.swift /Users/admin/builder/spi-builder-workspace/.dependencies/checkouts/swift-google-wkt/Sources/GoogleWKT/generated/messages/WKTSourceContext.swift (in target 'GoogleWKT' from project 'GoogleWKT')
SwiftCompile normal arm64 /Users/admin/builder/spi-builder-workspace/.dependencies/checkouts/swift-google-wkt/Sources/GoogleWKT/generated/messages/WKTMixin.swift (in target 'GoogleWKT' from project 'GoogleWKT')
    cd /Users/admin/builder/spi-builder-workspace/.swiftpm/xcode
    builtin-SwiftPerFileCompile WKTMixin.swift
SwiftCompile normal arm64 /Users/admin/builder/spi-builder-workspace/.dependencies/checkouts/swift-google-wkt/Sources/GoogleWKT/generated/messages/WKTOption.swift (in target 'GoogleWKT' from project 'GoogleWKT')
    cd /Users/admin/builder/spi-builder-workspace/.swiftpm/xcode
    builtin-SwiftPerFileCompile WKTOption.swift
SwiftCompile normal arm64 /Users/admin/builder/spi-builder-workspace/.dependencies/checkouts/swift-google-wkt/Sources/GoogleWKT/generated/messages/WKTSourceContext.swift (in target 'GoogleWKT' from project 'GoogleWKT')
    cd /Users/admin/builder/spi-builder-workspace/.swiftpm/xcode
    builtin-SwiftPerFileCompile WKTSourceContext.swift
SwiftEmitModule normal arm64 Emitting\ module\ for\ CryptoExtras (in target 'CryptoExtras' from project 'swift-crypto')
SwiftCompile normal arm64 (in target 'CryptoExtras' from project 'swift-crypto')
    cd /Users/admin/builder/spi-builder-workspace/.swiftpm/xcode

PruneExplicitPrecompiledModules /Users/admin/builder/spi-builder-workspace/.derivedData/Build/Intermediates.noindex/ExplicitPrecompiledModules
PruneExplicitPrecompiledModules /Users/admin/builder/spi-builder-workspace/.derivedData/Build/Intermediates.noindex/SwiftExplicitPrecompiledModules
PruneExplicitPrecompiledModules /Users/admin/builder/spi-builder-workspace/.derivedData/SDKExplicitPrecompiledModules
2026-10-12 00:13:31.730 xcodebuild[1687:8519] [MT] IDERunDestination: Supported platforms for the buildables in the current scheme is empty.
** BUILD FAILED **
The following build commands failed:
	SwiftCompile normal arm64 Compiling\ AnyPackable.swift,\ DecodeToDefault.swift,\ DiscoveryBase64.swift,\ ProtoJSONDecoder.swift /Users/admin/builder/spi-builder-workspace/.dependencies/checkouts/swift-google-wkt/Sources/GoogleWKT/AnyPackable.swift /Users/admin/builder/spi-builder-workspace/.dependencies/checkouts/swift-google-wkt/Sources/GoogleWKT/DecodeToDefault.swift /Users/admin/builder/spi-builder-workspace/.dependencies/checkouts/swift-google-wkt/Sources/GoogleWKT/DiscoveryBase64.swift /Users/admin/builder/spi-builder-workspace/.dependencies/checkouts/swift-google-wkt/Sources/GoogleWKT/ProtoJSONDecoder.swift (in target 'GoogleWKT' from project 'GoogleWKT')
	SwiftCompile normal arm64 /Users/admin/builder/spi-builder-workspace/.dependencies/checkouts/swift-google-wkt/Sources/GoogleWKT/DecodeToDefault.swift (in target 'GoogleWKT' from project 'GoogleWKT')
	SwiftCompile normal arm64 /Users/admin/builder/spi-builder-workspace/.dependencies/checkouts/swift-google-wkt/Sources/GoogleWKT/ProtoJSONDecoder.swift (in target 'GoogleWKT' from project 'GoogleWKT')
	Building workspace GoogleCloudVideoTranscoderV1 with scheme GoogleCloudVideoTranscoderV1
(4 failures)
Command line invocation:
    /Applications/Xcode-27.0.0.app/Contents/Developer/usr/bin/xcodebuild -IDEClonedSourcePackagesDirPathOverride=/Users/admin/builder/spi-builder-workspace/.dependencies -resolvePackageDependencies
Resolve Package Graph
Resolved source packages:
  GoogleRpc: https://github.com/googleapis/swift-google-rpc @ 0.5.0
  swift-nio: https://github.com/apple/swift-nio @ 2.104.0
  swift-distributed-tracing: https://github.com/apple/swift-distributed-tracing.git @ 1.5.0
  swift-collections: https://github.com/apple/swift-collections.git @ 1.7.2
  GoogleAuth: https://github.com/googleapis/swift-google-auth @ 0.5.0
  swift-configuration: https://github.com/apple/swift-configuration.git @ 1.2.2
  GoogleGax: https://github.com/googleapis/swift-google-gax @ 0.5.0
  swift-log: https://github.com/apple/swift-log @ 1.16.1
  swift-nio-http2: https://github.com/apple/swift-nio-http2.git @ 1.46.0
  swift-certificates: https://github.com/apple/swift-certificates.git @ 1.21.0
  swift-algorithms: https://github.com/apple/swift-algorithms.git @ 1.2.1
  swift-extras-base64: https://github.com/swift-extras/swift-extras-base64 @ 1.2.0
  swift-asn1: https://github.com/apple/swift-asn1.git @ 1.7.3
  swift-atomics: https://github.com/apple/swift-atomics.git @ 1.3.1
  swift-numerics: https://github.com/apple/swift-numerics.git @ 1.1.1
  swift-async-algorithms: https://github.com/apple/swift-async-algorithms.git @ 1.1.7
  swift-nio-transport-services: https://github.com/apple/swift-nio-transport-services.git @ 1.28.0
  jwt-kit: https://github.com/vapor/jwt-kit.git @ 5.7.1
  swift-nio-ssl: https://github.com/apple/swift-nio-ssl.git @ 2.37.5
  swift-nio-extras: https://github.com/apple/swift-nio-extras.git @ 1.35.1
  swift-crypto: https://github.com/apple/swift-crypto.git @ 4.5.2
  GoogleWKT: https://github.com/googleapis/swift-google-wkt @ 0.5.0
  swift-http-types: https://github.com/apple/swift-http-types.git @ 1.8.0
  swift-service-context: https://github.com/apple/swift-service-context.git @ 1.3.0
  async-http-client: https://github.com/swift-server/async-http-client.git @ 1.36.2
  swift-http-structured-headers: https://github.com/apple/swift-http-structured-headers.git @ 1.7.0
  GoogleCloudVideoTranscoderV1: /Users/admin/builder/spi-builder-workspace
  swift-system: https://github.com/apple/swift-system.git @ 1.8.1
  swift-service-lifecycle: https://github.com/swift-server/swift-service-lifecycle @ 2.12.1
resolved source packages: GoogleRpc, swift-nio, swift-distributed-tracing, swift-collections, GoogleAuth, swift-configuration, GoogleGax, swift-log, swift-nio-http2, swift-certificates, swift-algorithms, swift-extras-base64, swift-asn1, swift-atomics, swift-numerics, swift-async-algorithms, swift-nio-transport-services, jwt-kit, swift-nio-ssl, swift-nio-extras, swift-crypto, GoogleWKT, swift-http-types, swift-service-context, async-http-client, swift-http-structured-headers, GoogleCloudVideoTranscoderV1, swift-system, swift-service-lifecycle
2026-10-12 00:14:20.215 xcodebuild[4201:13646] [MT] IDERunDestination: Supported platforms for the buildables in the current scheme is empty.
{
  "dependencies" : [
    {
      "identity" : "swift-google-auth",
      "requirement" : {
        "range" : [
          {
            "lower_bound" : "0.5.0",
            "upper_bound" : "1.0.0"
          }
        ]
      },
      "type" : "sourceControl",
      "url" : "https://github.com/googleapis/swift-google-auth"
    },
    {
      "identity" : "swift-google-gax",
      "requirement" : {
        "range" : [
          {
            "lower_bound" : "0.5.0",
            "upper_bound" : "1.0.0"
          }
        ]
      },
      "type" : "sourceControl",
      "url" : "https://github.com/googleapis/swift-google-gax"
    },
    {
      "identity" : "swift-google-rpc",
      "requirement" : {
        "range" : [
          {
            "lower_bound" : "0.5.0",
            "upper_bound" : "1.0.0"
          }
        ]
      },
      "type" : "sourceControl",
      "url" : "https://github.com/googleapis/swift-google-rpc"
    },
    {
      "identity" : "swift-google-wkt",
      "requirement" : {
        "range" : [
          {
            "lower_bound" : "0.5.0",
            "upper_bound" : "1.0.0"
          }
        ]
      },
      "type" : "sourceControl",
      "url" : "https://github.com/googleapis/swift-google-wkt"
    },
    {
      "identity" : "swift-log",
      "requirement" : {
        "range" : [
          {
            "lower_bound" : "1.12.0",
            "upper_bound" : "2.0.0"
          }
        ]
      },
      "type" : "sourceControl",
      "url" : "https://github.com/apple/swift-log"
    }
  ],
  "manifest_display_name" : "GoogleCloudVideoTranscoderV1",
  "name" : "GoogleCloudVideoTranscoderV1",
  "path" : "/Users/admin/builder/spi-builder-workspace",
  "platforms" : [
    {
      "name" : "macos",
      "version" : "15.0"
    }
  ],
  "products" : [
    {
      "name" : "GoogleCloudVideoTranscoderV1",
      "targets" : [
        "GoogleCloudVideoTranscoderV1"
      ],
      "type" : {
        "library" : [
          "automatic"
        ]
      }
    },
    {
      "name" : "TranscoderService_GetJobTemplate",
      "targets" : [
        "TranscoderService_GetJobTemplate"
      ],
      "type" : {
        "snippet" : null
      }
    },
    {
      "name" : "TranscoderService_CreateJobTemplate",
      "targets" : [
        "TranscoderService_CreateJobTemplate"
      ],
      "type" : {
        "snippet" : null
      }
    },
    {
      "name" : "TranscoderService_DeleteJob",
      "targets" : [
        "TranscoderService_DeleteJob"
      ],
      "type" : {
        "snippet" : null
      }
    },
    {
      "name" : "TranscoderService_CreateJob",
      "targets" : [
        "TranscoderService_CreateJob"
      ],
      "type" : {
        "snippet" : null
      }
    },
    {
      "name" : "TranscoderService_GetJob",
      "targets" : [
        "TranscoderService_GetJob"
      ],
      "type" : {
        "snippet" : null
      }
    },
    {
      "name" : "TranscoderService_ListJobs",
      "targets" : [
        "TranscoderService_ListJobs"
      ],
      "type" : {
        "snippet" : null
      }
    },
    {
      "name" : "TranscoderServiceQuickstart",
      "targets" : [
        "TranscoderServiceQuickstart"
      ],
      "type" : {
        "snippet" : null
      }
    },
    {
      "name" : "TranscoderService_ListJobTemplates",
      "targets" : [
        "TranscoderService_ListJobTemplates"
      ],
      "type" : {
        "snippet" : null
      }
    },
    {
      "name" : "TranscoderService_DeleteJobTemplate",
      "targets" : [
        "TranscoderService_DeleteJobTemplate"
      ],
      "type" : {
        "snippet" : null
      }
    }
  ],
  "targets" : [
    {
      "c99name" : "GoogleCloudVideoTranscoderV1",
      "module_type" : "SwiftTarget",
      "name" : "GoogleCloudVideoTranscoderV1",
      "path" : "Sources/GoogleCloudVideoTranscoderV1",
      "product_dependencies" : [
        "GoogleAuth",
        "GoogleGax",
        "GoogleRpc",
        "GoogleWKT",
        "Logging"
      ],
      "product_memberships" : [
        "GoogleCloudVideoTranscoderV1",
        "TranscoderService_GetJobTemplate",
        "TranscoderService_CreateJobTemplate",
        "TranscoderService_DeleteJob",
        "TranscoderService_CreateJob",
        "TranscoderService_GetJob",
        "TranscoderService_ListJobs",
        "TranscoderServiceQuickstart",
        "TranscoderService_ListJobTemplates",
        "TranscoderService_DeleteJobTemplate"
      ],
      "sources" : [
        "AdBreak.swift",
        "AudioStream.swift",
        "Clients.swift",
        "CreateJobRequest.swift",
        "CreateJobTemplateRequest.swift",
        "DeleteJobRequest.swift",
        "DeleteJobTemplateRequest.swift",
        "EditAtom.swift",
        "ElementaryStream.swift",
        "Encryption.swift",
        "GetJobRequest.swift",
        "GetJobTemplateRequest.swift",
        "Input.swift",
        "InputAttributes.swift",
        "Job.swift",
        "JobConfig.swift",
        "JobTemplate.swift",
        "ListJobTemplatesRequest.swift",
        "ListJobTemplatesResponse.swift",
        "ListJobsRequest.swift",
        "ListJobsResponse.swift",
        "Manifest.swift",
        "MuxStream.swift",
        "Output.swift",
        "Overlay.swift",
        "PreprocessingConfig.swift",
        "PubsubDestination.swift",
        "SegmentSettings.swift",
        "SpriteSheet.swift",
        "TextStream.swift",
        "TrackDefinition.swift",
        "TranscoderService+Logging.swift",
        "TranscoderService+Retry.swift",
        "TranscoderService+Stub.swift",
        "TranscoderService+Transport.swift",
        "TranscoderService.swift",
        "VideoStream.swift"
      ],
      "type" : "library"
    },
    {
      "c99name" : "TranscoderService_GetJobTemplate",
      "module_type" : "SwiftTarget",
      "name" : "TranscoderService_GetJobTemplate",
      "path" : "Snippets",
      "product_memberships" : [
        "TranscoderService_GetJobTemplate"
      ],
      "sources" : [
        "TranscoderService_GetJobTemplate.swift"
      ],
      "target_dependencies" : [
        "GoogleCloudVideoTranscoderV1"
      ],
      "type" : "snippet"
    },
    {
      "c99name" : "TranscoderService_CreateJobTemplate",
      "module_type" : "SwiftTarget",
      "name" : "TranscoderService_CreateJobTemplate",
      "path" : "Snippets",
      "product_memberships" : [
        "TranscoderService_CreateJobTemplate"
      ],
      "sources" : [
        "TranscoderService_CreateJobTemplate.swift"
      ],
      "target_dependencies" : [
        "GoogleCloudVideoTranscoderV1"
      ],
      "type" : "snippet"
    },
    {
      "c99name" : "TranscoderService_DeleteJob",
      "module_type" : "SwiftTarget",
      "name" : "TranscoderService_DeleteJob",
      "path" : "Snippets",
      "product_memberships" : [
        "TranscoderService_DeleteJob"
      ],
      "sources" : [
        "TranscoderService_DeleteJob.swift"
      ],
      "target_dependencies" : [
        "GoogleCloudVideoTranscoderV1"
      ],
      "type" : "snippet"
    },
    {
      "c99name" : "TranscoderService_CreateJob",
      "module_type" : "SwiftTarget",
      "name" : "TranscoderService_CreateJob",
      "path" : "Snippets",
      "product_memberships" : [
        "TranscoderService_CreateJob"
      ],
      "sources" : [
        "TranscoderService_CreateJob.swift"
      ],
      "target_dependencies" : [
        "GoogleCloudVideoTranscoderV1"
      ],
      "type" : "snippet"
    },
    {
      "c99name" : "TranscoderService_GetJob",
      "module_type" : "SwiftTarget",
      "name" : "TranscoderService_GetJob",
      "path" : "Snippets",
      "product_memberships" : [
        "TranscoderService_GetJob"
      ],
      "sources" : [
        "TranscoderService_GetJob.swift"
      ],
      "target_dependencies" : [
        "GoogleCloudVideoTranscoderV1"
      ],
      "type" : "snippet"
    },
    {
      "c99name" : "TranscoderService_ListJobs",
      "module_type" : "SwiftTarget",
      "name" : "TranscoderService_ListJobs",
      "path" : "Snippets",
      "product_memberships" : [
        "TranscoderService_ListJobs"
      ],
      "sources" : [
        "TranscoderService_ListJobs.swift"
      ],
      "target_dependencies" : [
        "GoogleCloudVideoTranscoderV1"
      ],
      "type" : "snippet"
    },
    {
      "c99name" : "TranscoderServiceQuickstart",
      "module_type" : "SwiftTarget",
      "name" : "TranscoderServiceQuickstart",
      "path" : "Snippets",
      "product_memberships" : [
        "TranscoderServiceQuickstart"
      ],
      "sources" : [
        "TranscoderServiceQuickstart.swift"
      ],
      "target_dependencies" : [
        "GoogleCloudVideoTranscoderV1"
      ],
      "type" : "snippet"
    },
    {
      "c99name" : "TranscoderService_ListJobTemplates",
      "module_type" : "SwiftTarget",
      "name" : "TranscoderService_ListJobTemplates",
      "path" : "Snippets",
      "product_memberships" : [
        "TranscoderService_ListJobTemplates"
      ],
      "sources" : [
        "TranscoderService_ListJobTemplates.swift"
      ],
      "target_dependencies" : [
        "GoogleCloudVideoTranscoderV1"
      ],
      "type" : "snippet"
    },
    {
      "c99name" : "TranscoderService_DeleteJobTemplate",
      "module_type" : "SwiftTarget",
      "name" : "TranscoderService_DeleteJobTemplate",
      "path" : "Snippets",
      "product_memberships" : [
        "TranscoderService_DeleteJobTemplate"
      ],
      "sources" : [
        "TranscoderService_DeleteJobTemplate.swift"
      ],
      "target_dependencies" : [
        "GoogleCloudVideoTranscoderV1"
      ],
      "type" : "snippet"
    }
  ],
  "tools_version" : "6.2"
}
{
  "workspace" : {
    "name" : "GoogleCloudVideoTranscoderV1",
    "schemes" : [
      "GoogleCloudVideoTranscoderV1"
    ]
  }
}
2026-10-12 00:14:22.987 xcodebuild[4209:13717] [MT] IDERunDestination: Supported platforms for the buildables in the current scheme is empty.
Running build ...
env DEVELOPER_DIR=/Applications/Xcode-27.0.0-Release.Candidate.app xcrun xcodebuild -IDEClonedSourcePackagesDirPathOverride=$PWD/.dependencies -skipMacroValidation -skipPackagePluginValidation -derivedDataPath $PWD/.derivedData build -scheme GoogleCloudVideoTranscoderV1 -destination generic/platform=xrOS
Command line invocation:
    /Applications/Xcode-27.0.0.app/Contents/Developer/usr/bin/xcodebuild -IDEClonedSourcePackagesDirPathOverride=/Users/admin/builder/spi-builder-workspace/.dependencies -skipMacroValidation -skipPackagePluginValidation -derivedDataPath /Users/admin/builder/spi-builder-workspace/.derivedData build -scheme GoogleCloudVideoTranscoderV1 -destination generic/platform=xrOS
Resolve Package Graph
Resolved source packages:
  GoogleRpc: https://github.com/googleapis/swift-google-rpc @ 0.5.0
  async-http-client: https://github.com/swift-server/async-http-client.git @ 1.36.2
  swift-collections: https://github.com/apple/swift-collections.git @ 1.7.2
  swift-atomics: https://github.com/apple/swift-atomics.git @ 1.3.1
  GoogleGax: https://github.com/googleapis/swift-google-gax @ 0.5.0
  swift-service-lifecycle: https://github.com/swift-server/swift-service-lifecycle @ 2.12.1
  swift-configuration: https://github.com/apple/swift-configuration.git @ 1.2.2
  swift-nio-transport-services: https://github.com/apple/swift-nio-transport-services.git @ 1.28.0
  swift-http-types: https://github.com/apple/swift-http-types.git @ 1.8.0
  swift-asn1: https://github.com/apple/swift-asn1.git @ 1.7.3
  swift-async-algorithms: https://github.com/apple/swift-async-algorithms.git @ 1.1.7
  swift-nio-ssl: https://github.com/apple/swift-nio-ssl.git @ 2.37.5
  swift-service-context: https://github.com/apple/swift-service-context.git @ 1.3.0
  jwt-kit: https://github.com/vapor/jwt-kit.git @ 5.7.1
  swift-nio-extras: https://github.com/apple/swift-nio-extras.git @ 1.35.1
  swift-certificates: https://github.com/apple/swift-certificates.git @ 1.21.0
  GoogleCloudVideoTranscoderV1: /Users/admin/builder/spi-builder-workspace
  GoogleWKT: https://github.com/googleapis/swift-google-wkt @ 0.5.0
  swift-nio-http2: https://github.com/apple/swift-nio-http2.git @ 1.46.0
  GoogleAuth: https://github.com/googleapis/swift-google-auth @ 0.5.0
  swift-extras-base64: https://github.com/swift-extras/swift-extras-base64 @ 1.2.0
  swift-distributed-tracing: https://github.com/apple/swift-distributed-tracing.git @ 1.5.0
  swift-nio: https://github.com/apple/swift-nio @ 2.104.0
  swift-log: https://github.com/apple/swift-log @ 1.16.1
  swift-algorithms: https://github.com/apple/swift-algorithms.git @ 1.2.1
  swift-crypto: https://github.com/apple/swift-crypto.git @ 4.5.2
  swift-numerics: https://github.com/apple/swift-numerics.git @ 1.1.1
  swift-http-structured-headers: https://github.com/apple/swift-http-structured-headers.git @ 1.7.0
  swift-system: https://github.com/apple/swift-system.git @ 1.8.1
ComputePackagePrebuildTargetDependencyGraph
Prepare packages
CreateBuildRequest
SendProjectDescription
CreateBuildOperation
ComputeTargetDependencyGraph
note: Building targets in dependency order
note: Target dependency graph (104 targets)
    Target 'GoogleCloudVideoTranscoderV1-product' in project 'GoogleCloudVideoTranscoderV1'
        ➜ Explicit dependency on target 'GoogleCloudVideoTranscoderV1' in project 'GoogleCloudVideoTranscoderV1'
        ➜ Explicit dependency on target 'GoogleAuth-product' in project 'GoogleAuth'
        ➜ Explicit dependency on target 'GoogleGax-product' in project 'GoogleGax'
        ➜ Explicit dependency on target 'GoogleRpc-product' in project 'GoogleRpc'
        ➜ Explicit dependency on target 'GoogleWKT-product' in project 'GoogleWKT'
        ➜ Explicit dependency on target 'Logging-product' in project 'swift-log'
    Target 'GoogleCloudVideoTranscoderV1' in project 'GoogleCloudVideoTranscoderV1'
        ➜ Explicit dependency on target 'GoogleAuth-product' in project 'GoogleAuth'
        ➜ Explicit dependency on target 'GoogleGax-product' in project 'GoogleGax'
        ➜ Explicit dependency on target 'GoogleRpc-product' in project 'GoogleRpc'
        ➜ Explicit dependency on target 'GoogleWKT-product' in project 'GoogleWKT'
        ➜ Explicit dependency on target 'Logging-product' in project 'swift-log'
    Target 'GoogleGax-product' in project 'GoogleGax'
        ➜ Explicit dependency on target 'GoogleGax' in project 'GoogleGax'
        ➜ Explicit dependency on target 'CGoogleGaxCRC32C' in project 'GoogleGax'
        ➜ Explicit dependency on target 'AsyncHTTPClient-product' in project 'async-http-client'
        ➜ Explicit dependency on target 'GoogleAuth-product' in project 'GoogleAuth'
        ➜ Explicit dependency on target 'GoogleWKT-product' in project 'GoogleWKT'
        ➜ Explicit dependency on target 'GoogleRpc-product' in project 'GoogleRpc'
        ➜ Explicit dependency on target 'Logging-product' in project 'swift-log'
        ➜ Explicit dependency on target 'NIOCore-product' in project 'swift-nio'
        ➜ Explicit dependency on target 'NIOFoundationCompat-product' in project 'swift-nio'
        ➜ Explicit dependency on target 'NIOHTTP1-product' in project 'swift-nio'
    Target 'GoogleGax' in project 'GoogleGax'
        ➜ Explicit dependency on target 'CGoogleGaxCRC32C' in project 'GoogleGax'
        ➜ Explicit dependency on target 'AsyncHTTPClient-product' in project 'async-http-client'
        ➜ Explicit dependency on target 'GoogleAuth-product' in project 'GoogleAuth'
        ➜ Explicit dependency on target 'GoogleWKT-product' in project 'GoogleWKT'
        ➜ Explicit dependency on target 'GoogleRpc-product' in project 'GoogleRpc'
        ➜ Explicit dependency on target 'Logging-product' in project 'swift-log'
        ➜ Explicit dependency on target 'NIOCore-product' in project 'swift-nio'
        ➜ Explicit dependency on target 'NIOFoundationCompat-product' in project 'swift-nio'
        ➜ Explicit dependency on target 'NIOHTTP1-product' in project 'swift-nio'
    Target 'GoogleRpc-product' in project 'GoogleRpc'
        ➜ Explicit dependency on target 'GoogleRpc' in project 'GoogleRpc'
        ➜ Explicit dependency on target 'GoogleWKT-product' in project 'GoogleWKT'
    Target 'GoogleRpc' in project 'GoogleRpc'
        ➜ Explicit dependency on target 'GoogleWKT-product' in project 'GoogleWKT'
    Target 'GoogleWKT-product' in project 'GoogleWKT'
        ➜ Explicit dependency on target 'GoogleWKT' in project 'GoogleWKT'
        ➜ Explicit dependency on target 'ExtrasBase64-product' in project 'swift-extras-base64'
    Target 'GoogleWKT' in project 'GoogleWKT'
        ➜ Explicit dependency on target 'ExtrasBase64-product' in project 'swift-extras-base64'
    Target 'ExtrasBase64-product' in project 'swift-extras-base64'
        ➜ Explicit dependency on target 'ExtrasBase64' in project 'swift-extras-base64'
    Target 'ExtrasBase64' in project 'swift-extras-base64' (no dependencies)
    Target 'CGoogleGaxCRC32C' in project 'GoogleGax' (no dependencies)
    Target 'GoogleAuth-product' in project 'GoogleAuth'
        ➜ Explicit dependency on target 'GoogleAuth' in project 'GoogleAuth'
        ➜ Explicit dependency on target 'AsyncHTTPClient-product' in project 'async-http-client'
        ➜ Explicit dependency on target 'JWTKit-product' in project 'jwt-kit'
        ➜ Explicit dependency on target 'SystemPackage-product' in project 'swift-system'
        ➜ Explicit dependency on target 'Logging-product' in project 'swift-log'
        ➜ Explicit dependency on target 'NIOCore-product' in project 'swift-nio'
        ➜ Explicit dependency on target 'NIOFoundationCompat-product' in project 'swift-nio'
        ➜ Explicit dependency on target 'NIOHTTP1-product' in project 'swift-nio'
    Target 'GoogleAuth' in project 'GoogleAuth'
        ➜ Explicit dependency on target 'AsyncHTTPClient-product' in project 'async-http-client'
        ➜ Explicit dependency on target 'JWTKit-product' in project 'jwt-kit'
        ➜ Explicit dependency on target 'SystemPackage-product' in project 'swift-system'
        ➜ Explicit dependency on target 'Logging-product' in project 'swift-log'
        ➜ Explicit dependency on target 'NIOCore-product' in project 'swift-nio'
        ➜ Explicit dependency on target 'NIOFoundationCompat-product' in project 'swift-nio'
        ➜ Explicit dependency on target 'NIOHTTP1-product' in project 'swift-nio'
    Target 'JWTKit-product' in project 'jwt-kit'
        ➜ Explicit dependency on target 'JWTKit' in project 'jwt-kit'
        ➜ Explicit dependency on target 'Crypto-product' in project 'swift-crypto'
        ➜ Explicit dependency on target 'CryptoExtras-product' in project 'swift-crypto'
        ➜ Explicit dependency on target 'X509-product' in project 'swift-certificates'
        ➜ Explicit dependency on target 'Logging-product' in project 'swift-log'
    Target 'JWTKit' in project 'jwt-kit'
        ➜ Explicit dependency on target 'Crypto-product' in project 'swift-crypto'
        ➜ Explicit dependency on target 'CryptoExtras-product' in project 'swift-crypto'
        ➜ Explicit dependency on target 'X509-product' in project 'swift-certificates'
        ➜ Explicit dependency on target 'Logging-product' in project 'swift-log'
    Target 'X509-product' in project 'swift-certificates'
        ➜ Explicit dependency on target 'X509' in project 'swift-certificates'
        ➜ Explicit dependency on target '_CertificateInternals' in project 'swift-certificates'
        ➜ Explicit dependency on target 'SwiftASN1-product' in project 'swift-asn1'
        ➜ Explicit dependency on target 'Crypto-product' in project 'swift-crypto'
        ➜ Explicit dependency on target '_CryptoExtras-product' in project 'swift-crypto'
    Target 'X509' in project 'swift-certificates'
        ➜ Explicit dependency on target '_CertificateInternals' in project 'swift-certificates'
        ➜ Explicit dependency on target 'SwiftASN1-product' in project 'swift-asn1'
        ➜ Explicit dependency on target 'Crypto-product' in project 'swift-crypto'
        ➜ Explicit dependency on target '_CryptoExtras-product' in project 'swift-crypto'
    Target '_CryptoExtras-product' in project 'swift-crypto'
        ➜ Explicit dependency on target '_CryptoExtras' in project 'swift-crypto'
        ➜ Explicit dependency on target 'CCryptoBoringSSL' in project 'swift-crypto'
        ➜ Explicit dependency on target 'CCryptoBoringSSLShims' in project 'swift-crypto'
        ➜ Explicit dependency on target 'CryptoBoringWrapper' in project 'swift-crypto'
        ➜ Explicit dependency on target 'Crypto' in project 'swift-crypto'
        ➜ Explicit dependency on target 'CryptoExtras' in project 'swift-crypto'
        ➜ Explicit dependency on target 'SwiftASN1-product' in project 'swift-asn1'
    Target '_CryptoExtras' in project 'swift-crypto'
        ➜ Explicit dependency on target 'CCryptoBoringSSL' in project 'swift-crypto'
        ➜ Explicit dependency on target 'CCryptoBoringSSLShims' in project 'swift-crypto'
        ➜ Explicit dependency on target 'CryptoBoringWrapper' in project 'swift-crypto'
        ➜ Explicit dependency on target 'Crypto' in project 'swift-crypto'
        ➜ Explicit dependency on target 'CryptoExtras' in project 'swift-crypto'
        ➜ Explicit dependency on target 'SwiftASN1-product' in project 'swift-asn1'
    Target '_CertificateInternals' in project 'swift-certificates' (no dependencies)
    Target 'CryptoExtras-product' in project 'swift-crypto'
        ➜ Explicit dependency on target 'CryptoExtras' in project 'swift-crypto'
        ➜ Explicit dependency on target 'swift-crypto_CryptoExtras' in project 'swift-crypto'
        ➜ Explicit dependency on target 'CCryptoBoringSSL' in project 'swift-crypto'
        ➜ Explicit dependency on target 'CCryptoBoringSSLShims' in project 'swift-crypto'
        ➜ Explicit dependency on target 'CryptoBoringWrapper' in project 'swift-crypto'
        ➜ Explicit dependency on target 'Crypto' in project 'swift-crypto'
        ➜ Explicit dependency on target 'SwiftASN1-product' in project 'swift-asn1'
    Target 'CryptoExtras' in project 'swift-crypto'
        ➜ Explicit dependency on target 'swift-crypto_CryptoExtras' in project 'swift-crypto'
        ➜ Explicit dependency on target 'CCryptoBoringSSL' in project 'swift-crypto'
        ➜ Explicit dependency on target 'CCryptoBoringSSLShims' in project 'swift-crypto'
        ➜ Explicit dependency on target 'CryptoBoringWrapper' in project 'swift-crypto'
        ➜ Explicit dependency on target 'Crypto' in project 'swift-crypto'
        ➜ Explicit dependency on target 'SwiftASN1-product' in project 'swift-asn1'
    Target 'SwiftASN1-product' in project 'swift-asn1'
        ➜ Explicit dependency on target 'SwiftASN1' in project 'swift-asn1'
    Target 'SwiftASN1' in project 'swift-asn1' (no dependencies)
    Target 'CryptoBoringWrapper' in project 'swift-crypto'
        ➜ Explicit dependency on target 'swift-crypto_CryptoBoringWrapper' in project 'swift-crypto'
        ➜ Explicit dependency on target 'CCryptoBoringSSL' in project 'swift-crypto'
        ➜ Explicit dependency on target 'CCryptoBoringSSLShims' in project 'swift-crypto'
    Target 'swift-crypto_CryptoBoringWrapper' in project 'swift-crypto' (no dependencies)
    Target 'CCryptoBoringSSLShims' in project 'swift-crypto'
        ➜ Explicit dependency on target 'swift-crypto_CCryptoBoringSSLShims' in project 'swift-crypto'
        ➜ Explicit dependency on target 'CCryptoBoringSSL' in project 'swift-crypto'
    Target 'swift-crypto_CCryptoBoringSSLShims' in project 'swift-crypto' (no dependencies)
    Target 'CCryptoBoringSSL' in project 'swift-crypto'
        ➜ Explicit dependency on target 'swift-crypto_CCryptoBoringSSL' in project 'swift-crypto'
    Target 'swift-crypto_CCryptoBoringSSL' in project 'swift-crypto' (no dependencies)
    Target 'swift-crypto_CryptoExtras' in project 'swift-crypto' (no dependencies)
    Target 'Crypto-product' in project 'swift-crypto'
        ➜ Explicit dependency on target 'Crypto' in project 'swift-crypto'
        ➜ Explicit dependency on target 'swift-crypto_Crypto' in project 'swift-crypto'
    Target 'Crypto' in project 'swift-crypto'
        ➜ Explicit dependency on target 'swift-crypto_Crypto' in project 'swift-crypto'
    Target 'swift-crypto_Crypto' in project 'swift-crypto' (no dependencies)
    Target 'AsyncHTTPClient-product' in project 'async-http-client'
        ➜ Explicit dependency on target 'AsyncHTTPClient' in project 'async-http-client'
        ➜ Explicit dependency on target 'CAsyncHTTPClient' in project 'async-http-client'
        ➜ Explicit dependency on target 'NIO-product' in project 'swift-nio'
        ➜ Explicit dependency on target 'NIOTLS-product' in project 'swift-nio'
        ➜ Explicit dependency on target 'NIOCore-product' in project 'swift-nio'
        ➜ Explicit dependency on target 'NIOPosix-product' in project 'swift-nio'
        ➜ Explicit dependency on target 'NIOHTTP1-product' in project 'swift-nio'
        ➜ Explicit dependency on target 'NIOConcurrencyHelpers-product' in project 'swift-nio'
        ➜ Explicit dependency on target 'NIOHTTP2-product' in project 'swift-nio-http2'
        ➜ Explicit dependency on target 'NIOSSL-product' in project 'swift-nio-ssl'
        ➜ Explicit dependency on target 'NIOHTTPCompression-product' in project 'swift-nio-extras'
        ➜ Explicit dependency on target 'NIOSOCKS-product' in project 'swift-nio-extras'
        ➜ Explicit dependency on target 'NIOTransportServices-product' in project 'swift-nio-transport-services'
        ➜ Explicit dependency on target 'Atomics-product' in project 'swift-atomics'
        ➜ Explicit dependency on target 'Algorithms-product' in project 'swift-algorithms'
        ➜ Explicit dependency on target 'Configuration-product' in project 'swift-configuration'
        ➜ Explicit dependency on target 'Logging-product' in project 'swift-log'
        ➜ Explicit dependency on target 'Tracing-product' in project 'swift-distributed-tracing'
        ➜ Explicit dependency on target 'ServiceContextModule-product' in project 'swift-service-context'
    Target 'AsyncHTTPClient' in project 'async-http-client'
        ➜ Explicit dependency on target 'CAsyncHTTPClient' in project 'async-http-client'
        ➜ Explicit dependency on target 'NIO-product' in project 'swift-nio'
        ➜ Explicit dependency on target 'NIOTLS-product' in project 'swift-nio'
        ➜ Explicit dependency on target 'NIOCore-product' in project 'swift-nio'
        ➜ Explicit dependency on target 'NIOPosix-product' in project 'swift-nio'
        ➜ Explicit dependency on target 'NIOHTTP1-product' in project 'swift-nio'
        ➜ Explicit dependency on target 'NIOConcurrencyHelpers-product' in project 'swift-nio'
        ➜ Explicit dependency on target 'NIOHTTP2-product' in project 'swift-nio-http2'
        ➜ Explicit dependency on target 'NIOSSL-product' in project 'swift-nio-ssl'
        ➜ Explicit dependency on target 'NIOHTTPCompression-product' in project 'swift-nio-extras'
        ➜ Explicit dependency on target 'NIOSOCKS-product' in project 'swift-nio-extras'
        ➜ Explicit dependency on target 'NIOTransportServices-product' in project 'swift-nio-transport-services'
        ➜ Explicit dependency on target 'Atomics-product' in project 'swift-atomics'
        ➜ Explicit dependency on target 'Algorithms-product' in project 'swift-algorithms'
        ➜ Explicit dependency on target 'Configuration-product' in project 'swift-configuration'
        ➜ Explicit dependency on target 'Logging-product' in project 'swift-log'
        ➜ Explicit dependency on target 'Tracing-product' in project 'swift-distributed-tracing'
        ➜ Explicit dependency on target 'ServiceContextModule-product' in project 'swift-service-context'
    Target 'Tracing-product' in project 'swift-distributed-tracing'
        ➜ Explicit dependency on target 'Tracing' in project 'swift-distributed-tracing'
        ➜ Explicit dependency on target 'Instrumentation' in project 'swift-distributed-tracing'
        ➜ Explicit dependency on target 'ServiceContextModule-product' in project 'swift-service-context'
    Target 'Tracing' in project 'swift-distributed-tracing'
        ➜ Explicit dependency on target 'Instrumentation' in project 'swift-distributed-tracing'
        ➜ Explicit dependency on target 'ServiceContextModule-product' in project 'swift-service-context'
    Target 'Instrumentation' in project 'swift-distributed-tracing'
        ➜ Explicit dependency on target 'ServiceContextModule-product' in project 'swift-service-context'
    Target 'ServiceContextModule-product' in project 'swift-service-context'
        ➜ Explicit dependency on target 'ServiceContextModule' in project 'swift-service-context'
    Target 'ServiceContextModule' in project 'swift-service-context' (no dependencies)
    Target 'Logging-product' in project 'swift-log'
        ➜ Explicit dependency on target 'Logging' in project 'swift-log'
    Target 'Logging' in project 'swift-log' (no dependencies)
    Target 'Configuration-product' in project 'swift-configuration'
        ➜ Explicit dependency on target 'Configuration' in project 'swift-configuration'
        ➜ Explicit dependency on target 'SystemPackage-product' in project 'swift-system'
        ➜ Explicit dependency on target 'DequeModule-product' in project 'swift-collections'
    Target 'Configuration' in project 'swift-configuration'
        ➜ Explicit dependency on target 'SystemPackage-product' in project 'swift-system'
        ➜ Explicit dependency on target 'DequeModule-product' in project 'swift-collections'
    Target 'SystemPackage-product' in project 'swift-system'
        ➜ Explicit dependency on target 'SystemPackage' in project 'swift-system'
        ➜ Explicit dependency on target 'CSystem' in project 'swift-system'
    Target 'SystemPackage' in project 'swift-system'
        ➜ Explicit dependency on target 'CSystem' in project 'swift-system'
    Target 'CSystem' in project 'swift-system' (no dependencies)
    Target 'Algorithms-product' in project 'swift-algorithms'
        ➜ Explicit dependency on target 'Algorithms' in project 'swift-algorithms'
        ➜ Explicit dependency on target 'RealModule-product' in project 'swift-numerics'
    Target 'Algorithms' in project 'swift-algorithms'
        ➜ Explicit dependency on target 'RealModule-product' in project 'swift-numerics'
    Target 'RealModule-product' in project 'swift-numerics'
        ➜ Explicit dependency on target 'RealModule' in project 'swift-numerics'
        ➜ Explicit dependency on target '_NumericsShims' in project 'swift-numerics'
    Target 'RealModule' in project 'swift-numerics'
        ➜ Explicit dependency on target '_NumericsShims' in project 'swift-numerics'
    Target '_NumericsShims' in project 'swift-numerics' (no dependencies)
    Target 'NIOTransportServices-product' in project 'swift-nio-transport-services'
        ➜ Explicit dependency on target 'NIOTransportServices' in project 'swift-nio-transport-services'
        ➜ Explicit dependency on target 'NIO-product' in project 'swift-nio'
        ➜ Explicit dependency on target 'NIOCore-product' in project 'swift-nio'
        ➜ Explicit dependency on target 'NIOFoundationCompat-product' in project 'swift-nio'
        ➜ Explicit dependency on target 'NIOTLS-product' in project 'swift-nio'
        ➜ Explicit dependency on target 'Atomics-product' in project 'swift-atomics'
    Target 'NIOTransportServices' in project 'swift-nio-transport-services'
        ➜ Explicit dependency on target 'NIO-product' in project 'swift-nio'
        ➜ Explicit dependency on target 'NIOCore-product' in project 'swift-nio'
        ➜ Explicit dependency on target 'NIOFoundationCompat-product' in project 'swift-nio'
        ➜ Explicit dependency on target 'NIOTLS-product' in project 'swift-nio'
        ➜ Explicit dependency on target 'Atomics-product' in project 'swift-atomics'
    Target 'NIOFoundationCompat-product' in project 'swift-nio'
        ➜ Explicit dependency on target 'NIOFoundationCompat' in project 'swift-nio'
        ➜ Explicit dependency on target 'CNIOAtomics' in project 'swift-nio'
        ➜ Explicit dependency on target 'NIOConcurrencyHelpers' in project 'swift-nio'
        ➜ Explicit dependency on target '_NIOBase64' in project 'swift-nio'
        ➜ Explicit dependency on target 'CNIOOpenBSD' in project 'swift-nio'
        ➜ Explicit dependency on target 'CNIOFreeBSD' in project 'swift-nio'
        ➜ Explicit dependency on target 'CNIODarwin' in project 'swift-nio'
        ➜ Explicit dependency on target 'CNIOLinux' in project 'swift-nio'
        ➜ Explicit dependency on target 'CNIOWindows' in project 'swift-nio'
        ➜ Explicit dependency on target 'CNIOWASI' in project 'swift-nio'
        ➜ Explicit dependency on target '_NIODataStructures' in project 'swift-nio'
        ➜ Explicit dependency on target 'NIOCore' in project 'swift-nio'
        ➜ Explicit dependency on target 'NIOEmbedded' in project 'swift-nio'
        ➜ Explicit dependency on target 'CNIOPosix' in project 'swift-nio'
        ➜ Explicit dependency on target 'NIOPosix' in project 'swift-nio'
        ➜ Explicit dependency on target 'NIOFoundationEssentialsCompat' in project 'swift-nio'
        ➜ Explicit dependency on target 'DequeModule-product' in project 'swift-collections'
        ➜ Explicit dependency on target 'Atomics-product' in project 'swift-atomics'
    Target 'NIOFoundationCompat' in project 'swift-nio'
        ➜ Explicit dependency on target 'CNIOAtomics' in project 'swift-nio'
        ➜ Explicit dependency on target 'NIOConcurrencyHelpers' in project 'swift-nio'
        ➜ Explicit dependency on target '_NIOBase64' in project 'swift-nio'
        ➜ Explicit dependency on target 'CNIOOpenBSD' in project 'swift-nio'
        ➜ Explicit dependency on target 'CNIOFreeBSD' in project 'swift-nio'
        ➜ Explicit dependency on target 'CNIODarwin' in project 'swift-nio'
        ➜ Explicit dependency on target 'CNIOLinux' in project 'swift-nio'
        ➜ Explicit dependency on target 'CNIOWindows' in project 'swift-nio'
        ➜ Explicit dependency on target 'CNIOWASI' in project 'swift-nio'
        ➜ Explicit dependency on target '_NIODataStructures' in project 'swift-nio'
        ➜ Explicit dependency on target 'NIOCore' in project 'swift-nio'
        ➜ Explicit dependency on target 'NIOEmbedded' in project 'swift-nio'
        ➜ Explicit dependency on target 'CNIOPosix' in project 'swift-nio'
        ➜ Explicit dependency on target 'NIOPosix' in project 'swift-nio'
        ➜ Explicit dependency on target 'NIOFoundationEssentialsCompat' in project 'swift-nio'
        ➜ Explicit dependency on target 'DequeModule-product' in project 'swift-collections'
        ➜ Explicit dependency on target 'Atomics-product' in project 'swift-atomics'
    Target 'NIOFoundationEssentialsCompat' in project 'swift-nio'
        ➜ Explicit dependency on target 'CNIOAtomics' in project 'swift-nio'
        ➜ Explicit dependency on target 'NIOConcurrencyHelpers' in project 'swift-nio'
        ➜ Explicit dependency on target '_NIOBase64' in project 'swift-nio'
        ➜ Explicit dependency on target 'CNIOOpenBSD' in project 'swift-nio'
        ➜ Explicit dependency on target 'CNIOFreeBSD' in project 'swift-nio'
        ➜ Explicit dependency on target 'CNIODarwin' in project 'swift-nio'
        ➜ Explicit dependency on target 'CNIOLinux' in project 'swift-nio'
        ➜ Explicit dependency on target 'CNIOWindows' in project 'swift-nio'
        ➜ Explicit dependency on target 'CNIOWASI' in project 'swift-nio'
        ➜ Explicit dependency on target '_NIODataStructures' in project 'swift-nio'
        ➜ Explicit dependency on target 'NIOCore' in project 'swift-nio'
        ➜ Explicit dependency on target 'DequeModule-product' in project 'swift-collections'
        ➜ Explicit dependency on target 'Atomics-product' in project 'swift-atomics'
    Target 'NIOSOCKS-product' in project 'swift-nio-extras'
        ➜ Explicit dependency on target 'NIOSOCKS' in project 'swift-nio-extras'
        ➜ Explicit dependency on target 'NIO-product' in project 'swift-nio'
        ➜ Explicit dependency on target 'NIOCore-product' in project 'swift-nio'
    Target 'NIOSOCKS' in project 'swift-nio-extras'
        ➜ Explicit dependency on target 'NIO-product' in project 'swift-nio'
        ➜ Explicit dependency on target 'NIOCore-product' in project 'swift-nio'
    Target 'NIOHTTPCompression-product' in project 'swift-nio-extras'
        ➜ Explicit dependency on target 'NIOHTTPCompression' in project 'swift-nio-extras'
        ➜ Explicit dependency on target 'CNIOExtrasZlib' in project 'swift-nio-extras'
        ➜ Explicit dependency on target 'NIO-product' in project 'swift-nio'
        ➜ Explicit dependency on target 'NIOCore-product' in project 'swift-nio'
        ➜ Explicit dependency on target 'NIOHTTP1-product' in project 'swift-nio'
    Target 'NIOHTTPCompression' in project 'swift-nio-extras'
        ➜ Explicit dependency on target 'CNIOExtrasZlib' in project 'swift-nio-extras'
        ➜ Explicit dependency on target 'NIO-product' in project 'swift-nio'
        ➜ Explicit dependency on target 'NIOCore-product' in project 'swift-nio'
        ➜ Explicit dependency on target 'NIOHTTP1-product' in project 'swift-nio'
    Target 'CNIOExtrasZlib' in project 'swift-nio-extras' (no dependencies)
    Target 'NIOSSL-product' in project 'swift-nio-ssl'
        ➜ Explicit dependency on target 'NIOSSL' in project 'swift-nio-ssl'
        ➜ Explicit dependency on target 'swift-nio-ssl_NIOSSL' in project 'swift-nio-ssl'
        ➜ Explicit dependency on target 'CNIOBoringSSL' in project 'swift-nio-ssl'
        ➜ Explicit dependency on target 'CNIOBoringSSLShims' in project 'swift-nio-ssl'
        ➜ Explicit dependency on target 'NIO-product' in project 'swift-nio'
        ➜ Explicit dependency on target 'NIOCore-product' in project 'swift-nio'
        ➜ Explicit dependency on target 'NIOConcurrencyHelpers-product' in project 'swift-nio'
        ➜ Explicit dependency on target 'NIOTLS-product' in project 'swift-nio'
    Target 'NIOSSL' in project 'swift-nio-ssl'
        ➜ Explicit dependency on target 'swift-nio-ssl_NIOSSL' in project 'swift-nio-ssl'
        ➜ Explicit dependency on target 'CNIOBoringSSL' in project 'swift-nio-ssl'
        ➜ Explicit dependency on target 'CNIOBoringSSLShims' in project 'swift-nio-ssl'
        ➜ Explicit dependency on target 'NIO-product' in project 'swift-nio'
        ➜ Explicit dependency on target 'NIOCore-product' in project 'swift-nio'
        ➜ Explicit dependency on target 'NIOConcurrencyHelpers-product' in project 'swift-nio'
        ➜ Explicit dependency on target 'NIOTLS-product' in project 'swift-nio'
    Target 'CNIOBoringSSLShims' in project 'swift-nio-ssl'
        ➜ Explicit dependency on target 'CNIOBoringSSL' in project 'swift-nio-ssl'
    Target 'CNIOBoringSSL' in project 'swift-nio-ssl' (no dependencies)
    Target 'swift-nio-ssl_NIOSSL' in project 'swift-nio-ssl' (no dependencies)
    Target 'NIOHTTP2-product' in project 'swift-nio-http2'
        ➜ Explicit dependency on target 'NIOHTTP2' in project 'swift-nio-http2'
        ➜ Explicit dependency on target 'NIOHPACK' in project 'swift-nio-http2'
        ➜ Explicit dependency on target 'NIO-product' in project 'swift-nio'
        ➜ Explicit dependency on target 'NIOCore-product' in project 'swift-nio'
        ➜ Explicit dependency on target 'NIOConcurrencyHelpers-product' in project 'swift-nio'
        ➜ Explicit dependency on target 'NIOHTTP1-product' in project 'swift-nio'
        ➜ Explicit dependency on target 'NIOTLS-product' in project 'swift-nio'
        ➜ Explicit dependency on target 'Atomics-product' in project 'swift-atomics'
    Target 'NIOHTTP2' in project 'swift-nio-http2'
        ➜ Explicit dependency on target 'NIOHPACK' in project 'swift-nio-http2'
        ➜ Explicit dependency on target 'NIO-product' in project 'swift-nio'
        ➜ Explicit dependency on target 'NIOCore-product' in project 'swift-nio'
        ➜ Explicit dependency on target 'NIOConcurrencyHelpers-product' in project 'swift-nio'
        ➜ Explicit dependency on target 'NIOHTTP1-product' in project 'swift-nio'
        ➜ Explicit dependency on target 'NIOTLS-product' in project 'swift-nio'
        ➜ Explicit dependency on target 'Atomics-product' in project 'swift-atomics'
    Target 'NIOHPACK' in project 'swift-nio-http2'
        ➜ Explicit dependency on target 'NIO-product' in project 'swift-nio'
        ➜ Explicit dependency on target 'NIOCore-product' in project 'swift-nio'
        ➜ Explicit dependency on target 'NIOConcurrencyHelpers-product' in project 'swift-nio'
        ➜ Explicit dependency on target 'NIOHTTP1-product' in project 'swift-nio'
    Target 'NIOConcurrencyHelpers-product' in project 'swift-nio'
        ➜ Explicit dependency on target 'NIOConcurrencyHelpers' in project 'swift-nio'
        ➜ Explicit dependency on target 'CNIOAtomics' in project 'swift-nio'
    Target 'NIOHTTP1-product' in project 'swift-nio'
        ➜ Explicit dependency on target 'NIOHTTP1' in project 'swift-nio'
        ➜ Explicit dependency on target 'CNIOAtomics' in project 'swift-nio'
        ➜ Explicit dependency on target 'NIOConcurrencyHelpers' in project 'swift-nio'
        ➜ Explicit dependency on target '_NIOBase64' in project 'swift-nio'
        ➜ Explicit dependency on target 'CNIOOpenBSD' in project 'swift-nio'
        ➜ Explicit dependency on target 'CNIOFreeBSD' in project 'swift-nio'
        ➜ Explicit dependency on target 'CNIODarwin' in project 'swift-nio'
        ➜ Explicit dependency on target 'CNIOLinux' in project 'swift-nio'
        ➜ Explicit dependency on target 'CNIOWindows' in project 'swift-nio'
        ➜ Explicit dependency on target 'CNIOWASI' in project 'swift-nio'
        ➜ Explicit dependency on target '_NIODataStructures' in project 'swift-nio'
        ➜ Explicit dependency on target 'NIOCore' in project 'swift-nio'
        ➜ Explicit dependency on target 'NIOEmbedded' in project 'swift-nio'
        ➜ Explicit dependency on target 'CNIOPosix' in project 'swift-nio'
        ➜ Explicit dependency on target 'NIOPosix' in project 'swift-nio'
        ➜ Explicit dependency on target 'CNIOLLHTTP' in project 'swift-nio'
        ➜ Explicit dependency on target 'DequeModule-product' in project 'swift-collections'
        ➜ Explicit dependency on target 'Atomics-product' in project 'swift-atomics'
    Target 'NIOHTTP1' in project 'swift-nio'
        ➜ Explicit dependency on target 'CNIOAtomics' in project 'swift-nio'
        ➜ Explicit dependency on target 'NIOConcurrencyHelpers' in project 'swift-nio'
        ➜ Explicit dependency on target '_NIOBase64' in project 'swift-nio'
        ➜ Explicit dependency on target 'CNIOOpenBSD' in project 'swift-nio'
        ➜ Explicit dependency on target 'CNIOFreeBSD' in project 'swift-nio'
        ➜ Explicit dependency on target 'CNIODarwin' in project 'swift-nio'
        ➜ Explicit dependency on target 'CNIOLinux' in project 'swift-nio'
        ➜ Explicit dependency on target 'CNIOWindows' in project 'swift-nio'
        ➜ Explicit dependency on target 'CNIOWASI' in project 'swift-nio'
        ➜ Explicit dependency on target '_NIODataStructures' in project 'swift-nio'
        ➜ Explicit dependency on target 'NIOCore' in project 'swift-nio'
        ➜ Explicit dependency on target 'NIOEmbedded' in project 'swift-nio'
        ➜ Explicit dependency on target 'CNIOPosix' in project 'swift-nio'
        ➜ Explicit dependency on target 'NIOPosix' in project 'swift-nio'
        ➜ Explicit dependency on target 'CNIOLLHTTP' in project 'swift-nio'
        ➜ Explicit dependency on target 'DequeModule-product' in project 'swift-collections'
        ➜ Explicit dependency on target 'Atomics-product' in project 'swift-atomics'
    Target 'CNIOLLHTTP' in project 'swift-nio' (no dependencies)
    Target 'NIOPosix-product' in project 'swift-nio'
        ➜ Explicit dependency on target 'NIOPosix' in project 'swift-nio'
        ➜ Explicit dependency on target 'swift-nio_NIOPosix' in project 'swift-nio'
        ➜ Explicit dependency on target 'CNIOOpenBSD' in project 'swift-nio'
        ➜ Explicit dependency on target 'CNIOLinux' in project 'swift-nio'
        ➜ Explicit dependency on target 'CNIODarwin' in project 'swift-nio'
        ➜ Explicit dependency on target 'CNIOWindows' in project 'swift-nio'
        ➜ Explicit dependency on target 'CNIOAtomics' in project 'swift-nio'
        ➜ Explicit dependency on target 'NIOConcurrencyHelpers' in project 'swift-nio'
        ➜ Explicit dependency on target '_NIOBase64' in project 'swift-nio'
        ➜ Explicit dependency on target 'CNIOFreeBSD' in project 'swift-nio'
        ➜ Explicit dependency on target 'CNIOWASI' in project 'swift-nio'
        ➜ Explicit dependency on target '_NIODataStructures' in project 'swift-nio'
        ➜ Explicit dependency on target 'NIOCore' in project 'swift-nio'
        ➜ Explicit dependency on target 'CNIOPosix' in project 'swift-nio'
        ➜ Explicit dependency on target 'DequeModule-product' in project 'swift-collections'
        ➜ Explicit dependency on target 'Atomics-product' in project 'swift-atomics'
    Target 'NIOCore-product' in project 'swift-nio'
        ➜ Explicit dependency on target 'NIOCore' in project 'swift-nio'
        ➜ Explicit dependency on target 'CNIOAtomics' in project 'swift-nio'
        ➜ Explicit dependency on target 'NIOConcurrencyHelpers' in project 'swift-nio'
        ➜ Explicit dependency on target '_NIOBase64' in project 'swift-nio'
        ➜ Explicit dependency on target 'CNIOOpenBSD' in project 'swift-nio'
        ➜ Explicit dependency on target 'CNIOFreeBSD' in project 'swift-nio'
        ➜ Explicit dependency on target 'CNIODarwin' in project 'swift-nio'
        ➜ Explicit dependency on target 'CNIOLinux' in project 'swift-nio'
        ➜ Explicit dependency on target 'CNIOWindows' in project 'swift-nio'
        ➜ Explicit dependency on target 'CNIOWASI' in project 'swift-nio'
        ➜ Explicit dependency on target '_NIODataStructures' in project 'swift-nio'
        ➜ Explicit dependency on target 'DequeModule-product' in project 'swift-collections'
        ➜ Explicit dependency on target 'Atomics-product' in project 'swift-atomics'
    Target 'NIOTLS-product' in project 'swift-nio'
        ➜ Explicit dependency on target 'NIOTLS' in project 'swift-nio'
        ➜ Explicit dependency on target 'CNIOAtomics' in project 'swift-nio'
        ➜ Explicit dependency on target 'NIOConcurrencyHelpers' in project 'swift-nio'
        ➜ Explicit dependency on target '_NIOBase64' in project 'swift-nio'
        ➜ Explicit dependency on target 'CNIOOpenBSD' in project 'swift-nio'
        ➜ Explicit dependency on target 'CNIOFreeBSD' in project 'swift-nio'
        ➜ Explicit dependency on target 'CNIODarwin' in project 'swift-nio'
        ➜ Explicit dependency on target 'CNIOLinux' in project 'swift-nio'
        ➜ Explicit dependency on target 'CNIOWindows' in project 'swift-nio'
        ➜ Explicit dependency on target 'CNIOWASI' in project 'swift-nio'
        ➜ Explicit dependency on target '_NIODataStructures' in project 'swift-nio'
        ➜ Explicit dependency on target 'NIOCore' in project 'swift-nio'
        ➜ Explicit dependency on target 'NIOEmbedded' in project 'swift-nio'
        ➜ Explicit dependency on target 'CNIOPosix' in project 'swift-nio'
        ➜ Explicit dependency on target 'NIOPosix' in project 'swift-nio'
        ➜ Explicit dependency on target 'DequeModule-product' in project 'swift-collections'
        ➜ Explicit dependency on target 'Atomics-product' in project 'swift-atomics'
    Target 'NIOTLS' in project 'swift-nio'
        ➜ Explicit dependency on target 'CNIOAtomics' in project 'swift-nio'
        ➜ Explicit dependency on target 'NIOConcurrencyHelpers' in project 'swift-nio'
        ➜ Explicit dependency on target '_NIOBase64' in project 'swift-nio'
        ➜ Explicit dependency on target 'CNIOOpenBSD' in project 'swift-nio'
        ➜ Explicit dependency on target 'CNIOFreeBSD' in project 'swift-nio'
        ➜ Explicit dependency on target 'CNIODarwin' in project 'swift-nio'
        ➜ Explicit dependency on target 'CNIOLinux' in project 'swift-nio'
        ➜ Explicit dependency on target 'CNIOWindows' in project 'swift-nio'
        ➜ Explicit dependency on target 'CNIOWASI' in project 'swift-nio'
        ➜ Explicit dependency on target '_NIODataStructures' in project 'swift-nio'
        ➜ Explicit dependency on target 'NIOCore' in project 'swift-nio'
        ➜ Explicit dependency on target 'NIOEmbedded' in project 'swift-nio'
        ➜ Explicit dependency on target 'CNIOPosix' in project 'swift-nio'
        ➜ Explicit dependency on target 'NIOPosix' in project 'swift-nio'
        ➜ Explicit dependency on target 'DequeModule-product' in project 'swift-collections'
        ➜ Explicit dependency on target 'Atomics-product' in project 'swift-atomics'
    Target 'NIO-product' in project 'swift-nio'
        ➜ Explicit dependency on target 'NIO' in project 'swift-nio'
        ➜ Explicit dependency on target 'CNIOAtomics' in project 'swift-nio'
        ➜ Explicit dependency on target 'NIOConcurrencyHelpers' in project 'swift-nio'
        ➜ Explicit dependency on target '_NIOBase64' in project 'swift-nio'
        ➜ Explicit dependency on target 'CNIOOpenBSD' in project 'swift-nio'
        ➜ Explicit dependency on target 'CNIOFreeBSD' in project 'swift-nio'
        ➜ Explicit dependency on target 'CNIODarwin' in project 'swift-nio'
        ➜ Explicit dependency on target 'CNIOLinux' in project 'swift-nio'
        ➜ Explicit dependency on target 'CNIOWindows' in project 'swift-nio'
        ➜ Explicit dependency on target 'CNIOWASI' in project 'swift-nio'
        ➜ Explicit dependency on target '_NIODataStructures' in project 'swift-nio'
        ➜ Explicit dependency on target 'NIOCore' in project 'swift-nio'
        ➜ Explicit dependency on target 'NIOEmbedded' in project 'swift-nio'
        ➜ Explicit dependency on target 'CNIOPosix' in project 'swift-nio'
        ➜ Explicit dependency on target 'NIOPosix' in project 'swift-nio'
        ➜ Explicit dependency on target 'DequeModule-product' in project 'swift-collections'
        ➜ Explicit dependency on target 'Atomics-product' in project 'swift-atomics'
    Target 'NIO' in project 'swift-nio'
        ➜ Explicit dependency on target 'CNIOAtomics' in project 'swift-nio'
        ➜ Explicit dependency on target 'NIOConcurrencyHelpers' in project 'swift-nio'
        ➜ Explicit dependency on target '_NIOBase64' in project 'swift-nio'
        ➜ Explicit dependency on target 'CNIOOpenBSD' in project 'swift-nio'
        ➜ Explicit dependency on target 'CNIOFreeBSD' in project 'swift-nio'
        ➜ Explicit dependency on target 'CNIODarwin' in project 'swift-nio'
        ➜ Explicit dependency on target 'CNIOLinux' in project 'swift-nio'
        ➜ Explicit dependency on target 'CNIOWindows' in project 'swift-nio'
        ➜ Explicit dependency on target 'CNIOWASI' in project 'swift-nio'
        ➜ Explicit dependency on target '_NIODataStructures' in project 'swift-nio'
        ➜ Explicit dependency on target 'NIOCore' in project 'swift-nio'
        ➜ Explicit dependency on target 'NIOEmbedded' in project 'swift-nio'
        ➜ Explicit dependency on target 'CNIOPosix' in project 'swift-nio'
        ➜ Explicit dependency on target 'NIOPosix' in project 'swift-nio'
        ➜ Explicit dependency on target 'DequeModule-product' in project 'swift-collections'
        ➜ Explicit dependency on target 'Atomics-product' in project 'swift-atomics'
    Target 'NIOPosix' in project 'swift-nio'
        ➜ Explicit dependency on target 'swift-nio_NIOPosix' in project 'swift-nio'
        ➜ Explicit dependency on target 'CNIOOpenBSD' in project 'swift-nio'
        ➜ Explicit dependency on target 'CNIOLinux' in project 'swift-nio'
        ➜ Explicit dependency on target 'CNIODarwin' in project 'swift-nio'
        ➜ Explicit dependency on target 'CNIOWindows' in project 'swift-nio'
        ➜ Explicit dependency on target 'CNIOAtomics' in project 'swift-nio'
        ➜ Explicit dependency on target 'NIOConcurrencyHelpers' in project 'swift-nio'
        ➜ Explicit dependency on target '_NIOBase64' in project 'swift-nio'
        ➜ Explicit dependency on target 'CNIOFreeBSD' in project 'swift-nio'
        ➜ Explicit dependency on target 'CNIOWASI' in project 'swift-nio'
        ➜ Explicit dependency on target '_NIODataStructures' in project 'swift-nio'
        ➜ Explicit dependency on target 'NIOCore' in project 'swift-nio'
        ➜ Explicit dependency on target 'CNIOPosix' in project 'swift-nio'
        ➜ Explicit dependency on target 'DequeModule-product' in project 'swift-collections'
        ➜ Explicit dependency on target 'Atomics-product' in project 'swift-atomics'
    Target 'swift-nio_NIOPosix' in project 'swift-nio' (no dependencies)
    Target 'CNIOPosix' in project 'swift-nio' (no dependencies)
    Target 'NIOEmbedded' in project 'swift-nio'
        ➜ Explicit dependency on target 'CNIOAtomics' in project 'swift-nio'
        ➜ Explicit dependency on target 'NIOConcurrencyHelpers' in project 'swift-nio'
        ➜ Explicit dependency on target '_NIOBase64' in project 'swift-nio'
        ➜ Explicit dependency on target 'CNIOOpenBSD' in project 'swift-nio'
        ➜ Explicit dependency on target 'CNIOFreeBSD' in project 'swift-nio'
        ➜ Explicit dependency on target 'CNIODarwin' in project 'swift-nio'
        ➜ Explicit dependency on target 'CNIOLinux' in project 'swift-nio'
        ➜ Explicit dependency on target 'CNIOWindows' in project 'swift-nio'
        ➜ Explicit dependency on target 'CNIOWASI' in project 'swift-nio'
        ➜ Explicit dependency on target '_NIODataStructures' in project 'swift-nio'
        ➜ Explicit dependency on target 'NIOCore' in project 'swift-nio'
        ➜ Explicit dependency on target 'DequeModule-product' in project 'swift-collections'
        ➜ Explicit dependency on target 'Atomics-product' in project 'swift-atomics'
    Target 'NIOCore' in project 'swift-nio'
        ➜ Explicit dependency on target 'CNIOAtomics' in project 'swift-nio'
        ➜ Explicit dependency on target 'NIOConcurrencyHelpers' in project 'swift-nio'
        ➜ Explicit dependency on target '_NIOBase64' in project 'swift-nio'
        ➜ Explicit dependency on target 'CNIOOpenBSD' in project 'swift-nio'
        ➜ Explicit dependency on target 'CNIOFreeBSD' in project 'swift-nio'
        ➜ Explicit dependency on target 'CNIODarwin' in project 'swift-nio'
        ➜ Explicit dependency on target 'CNIOLinux' in project 'swift-nio'
        ➜ Explicit dependency on target 'CNIOWindows' in project 'swift-nio'
        ➜ Explicit dependency on target 'CNIOWASI' in project 'swift-nio'
        ➜ Explicit dependency on target '_NIODataStructures' in project 'swift-nio'
        ➜ Explicit dependency on target 'DequeModule-product' in project 'swift-collections'
        ➜ Explicit dependency on target 'Atomics-product' in project 'swift-atomics'
    Target 'Atomics-product' in project 'swift-atomics'
        ➜ Explicit dependency on target 'Atomics' in project 'swift-atomics'
        ➜ Explicit dependency on target '_AtomicsShims' in project 'swift-atomics'
    Target 'Atomics' in project 'swift-atomics'
        ➜ Explicit dependency on target '_AtomicsShims' in project 'swift-atomics'
    Target '_AtomicsShims' in project 'swift-atomics' (no dependencies)
    Target 'DequeModule-product' in project 'swift-collections'
        ➜ Explicit dependency on target 'DequeModule' in project 'swift-collections'
        ➜ Explicit dependency on target 'InternalCollectionsUtilities' in project 'swift-collections'
        ➜ Explicit dependency on target 'SpanPreview' in project 'swift-collections'
    Target 'DequeModule' in project 'swift-collections'
        ➜ Explicit dependency on target 'InternalCollectionsUtilities' in project 'swift-collections'
        ➜ Explicit dependency on target 'SpanPreview' in project 'swift-collections'
    Target 'SpanPreview' in project 'swift-collections'
        ➜ Explicit dependency on target 'InternalCollectionsUtilities' in project 'swift-collections'
    Target 'InternalCollectionsUtilities' in project 'swift-collections' (no dependencies)
    Target '_NIODataStructures' in project 'swift-nio' (no dependencies)
    Target 'CNIOWASI' in project 'swift-nio' (no dependencies)
    Target 'CNIOWindows' in project 'swift-nio' (no dependencies)
    Target 'CNIOLinux' in project 'swift-nio' (no dependencies)
    Target 'CNIODarwin' in project 'swift-nio' (no dependencies)
    Target 'CNIOFreeBSD' in project 'swift-nio' (no dependencies)
    Target 'CNIOOpenBSD' in project 'swift-nio' (no dependencies)
    Target '_NIOBase64' in project 'swift-nio' (no dependencies)
    Target 'NIOConcurrencyHelpers' in project 'swift-nio'
        ➜ Explicit dependency on target 'CNIOAtomics' in project 'swift-nio'
    Target 'CNIOAtomics' in project 'swift-nio' (no dependencies)
    Target 'CAsyncHTTPClient' in project 'async-http-client' (no dependencies)
GatherProvisioningInputs
CreateBuildDescription
ClangStatCache /Applications/Xcode-27.0.0.app/Contents/Developer/Toolchains/XcodeDefault.xctoolchain/usr/bin/clang-stat-cache /Applications/Xcode-27.0.0.app/Contents/Developer/Platforms/XROS.platform/Developer/SDKs/XROS27.0.sdk /Users/admin/builder/spi-builder-workspace/.derivedData/SDKStatCaches.noindex/xros27.0-24M361-e829b21a6f8c9b70876ba0858053c04489c3c372b822c72ca60ec5271cbc7f3c.sdkstatcache
    cd /Users/admin/builder/spi-builder-workspace/.swiftpm/xcode
    /Applications/Xcode-27.0.0.app/Contents/Developer/Toolchains/XcodeDefault.xctoolchain/usr/bin/clang-stat-cache /Applications/Xcode-27.0.0.app/Contents/Developer/Platforms/XROS.platform/Developer/SDKs/XROS27.0.sdk -o /Users/admin/builder/spi-builder-workspace/.derivedData/SDKStatCaches.noindex/xros27.0-24M361-e829b21a6f8c9b70876ba0858053c04489c3c372b822c72ca60ec5271cbc7f3c.sdkstatcache
SwiftDriver GoogleWKT normal arm64 com.apple.xcode.tools.swift.compiler (in target 'GoogleWKT' from project 'GoogleWKT')
    cd /Users/admin/builder/spi-builder-workspace/.swiftpm/xcode
    builtin-SwiftDriver -- /Applications/Xcode-27.0.0.app/Contents/Developer/Toolchains/XcodeDefault.xctoolchain/usr/bin/swiftc -parse-as-library -module-name GoogleWKT -Onone @/Users/admin/builder/spi-builder-workspace/.derivedData/Build/Intermediates.noindex/GoogleWKT.build/Debug-xros/GoogleWKT-t.build/Objects-normal/arm64/GoogleWKT.SwiftFileList -DSWIFT_PACKAGE -DDEBUG -DSWIFT_MODULE_RESOURCE_BUNDLE_UNAVAILABLE -DXcode -enable-upcoming-feature ExistentialAny -enable-upcoming-feature InternalImportsByDefault -enable-upcoming-feature MemberImportVisibility -enable-upcoming-feature NonisolatedNonsendingByDefault -strict-memory-safety -plugin-path /Applications/Xcode-27.0.0.app/Contents/Developer/Toolchains/XcodeDefault.xctoolchain/usr/lib/swift/host/plugins/testing -enable-experimental-feature DebugDescriptionMacro -sdk /Applications/Xcode-27.0.0.app/Contents/Developer/Platforms/XROS.platform/Developer/SDKs/XROS27.0.sdk -target arm64-apple-xros1.0 -g -module-cache-path /Users/admin/builder/spi-builder-workspace/.derivedData/ModuleCache.noindex -Xfrontend -serialize-debugging-options -enable-testing -suppress-warnings -index-store-path /Users/admin/builder/spi-builder-workspace/.derivedData/Index.noindex/DataStore -Xcc -D_LIBCPP_HARDENING_MODE\=_LIBCPP_HARDENING_MODE_DEBUG -swift-version 6 -I /Users/admin/builder/spi-builder-workspace/.derivedData/Build/Products/Debug-xros -Isystem /Applications/Xcode-27.0.0.app/Contents/Developer/Platforms/XROS.platform/Developer/usr/lib -F /Users/admin/builder/spi-builder-workspace/.derivedData/Build/Products/Debug-xros/PackageFrameworks -F /Users/admin/builder/spi-builder-workspace/.derivedData/Build/Products/Debug-xros -F /Applications/Xcode-27.0.0.app/Contents/Developer/Platforms/XROS.platform/Developer/Library/Frameworks -F /Applications/Xcode-27.0.0.app/Contents/Developer/Platforms/XROS.platform/Developer/SDKs/XROS27.0.sdk/Developer/Library/Frameworks -c -j10 -enable-batch-mode -incremental -Xcc -ivfsstatcache -Xcc /Users/admin/builder/spi-builder-workspace/.derivedData/SDKStatCaches.noindex/xros27.0-24M361-e829b21a6f8c9b70876ba0858053c04489c3c372b822c72ca60ec5271cbc7f3c.sdkstatcache -output-file-map /Users/admin/builder/spi-builder-workspace/.derivedData/Build/Intermediates.noindex/GoogleWKT.build/Debug-xros/GoogleWKT-t.build/Objects-normal/arm64/GoogleWKT-OutputFileMap.json -save-temps -no-color-diagnostics -explicit-module-build -module-cache-path /Users/admin/builder/spi-builder-workspace/.derivedData/Build/Intermediates.noindex/SwiftExplicitPrecompiledModules -clang-scanner-module-cache-path /Users/admin/builder/spi-builder-workspace/.derivedData/ModuleCache.noindex -sdk-module-cache-path /Users/admin/builder/spi-builder-workspace/.derivedData/SDKExplicitPrecompiledModules -emit-dependencies -emit-module -emit-module-path /Users/admin/builder/spi-builder-workspace/.derivedData/Build/Intermediates.noindex/GoogleWKT.build/Debug-xros/GoogleWKT-t.build/Objects-normal/arm64/GoogleWKT.swiftmodule -serialize-diagnostics -dependency-scan-serialize-diagnostics-path /Users/admin/builder/spi-builder-workspace/.derivedData/Build/Intermediates.noindex/GoogleWKT.build/Debug-xros/GoogleWKT-t.build/Objects-normal/arm64/GoogleWKT-dependency-scan.dia -user-module-version 0.5.0 -validate-clang-modules-once -clang-build-session-file /Users/admin/builder/spi-builder-workspace/.derivedData/ModuleCache.noindex/Session.modulevalidation -Xcc -fmodules-prune-interval\=86400 -Xcc -fmodules-prune-after\=345600 -package-name swift_google_wkt -emit-const-values -const-gather-protocols-list /Users/admin/builder/spi-builder-workspace/.derivedData/Build/Intermediates.noindex/GoogleWKT.build/Debug-xros/GoogleWKT-t.build/Objects-normal/arm64/GoogleWKT_const_extract_protocols.json -Xcc -I/Users/admin/builder/spi-builder-workspace/.derivedData/Build/Products/Debug-xros/include -Xcc -I/Users/admin/builder/spi-builder-workspace/.derivedData/Build/Intermediates.noindex/GoogleWKT.build/Debug-xros/GoogleWKT-t.build/DerivedSources-normal/arm64 -Xcc -I/Users/admin/builder/spi-builder-workspace/.derivedData/Build/Intermediates.noindex/GoogleWKT.build/Debug-xros/GoogleWKT-t.build/DerivedSources/arm64 -Xcc -I/Users/admin/builder/spi-builder-workspace/.derivedData/Build/Intermediates.noindex/GoogleWKT.build/Debug-xros/GoogleWKT-t.build/DerivedSources -Xcc -DSWIFT_PACKAGE -Xcc -DDEBUG\=1 -emit-objc-header -emit-objc-header-path /Users/admin/builder/spi-builder-workspace/.derivedData/Build/Intermediates.noindex/GoogleWKT.build/Debug-xros/GoogleWKT-t.build/Objects-normal/arm64/GoogleWKT-Swift.h -working-directory /Users/admin/builder/spi-builder-workspace/.swiftpm/xcode -experimental-emit-module-separately -disable-cmo
SwiftDriver CryptoExtras normal arm64 com.apple.xcode.tools.swift.compiler (in target 'CryptoExtras' from project 'swift-crypto')
    cd /Users/admin/builder/spi-builder-workspace/.swiftpm/xcode
    builtin-SwiftDriver -- /Applications/Xcode-27.0.0.app/Contents/Developer/Toolchains/XcodeDefault.xctoolchain/usr/bin/swiftc -parse-as-library -module-name CryptoExtras -Onone @/Users/admin/builder/spi-builder-workspace/.derivedData/Build/Intermediates.noindex/swift-crypto.build/Debug-xros/CryptoExtras-t.build/Objects-normal/arm64/CryptoExtras.SwiftFileList -DSWIFT_PACKAGE -DDEBUG -DSWIFT_MODULE_RESOURCE_BUNDLE_AVAILABLE -DCRYPTO_IN_SWIFTPM -Xcc -fmodule-map-file\=/Users/admin/builder/spi-builder-workspace/.dependencies/checkouts/swift-crypto/Sources/CCryptoBoringSSLShims/include/module.modulemap -Xcc -fmodule-map-file\=/Users/admin/builder/spi-builder-workspace/.dependencies/checkouts/swift-crypto/Sources/CCryptoBoringSSL/include/module.modulemap -DXcode -enable-upcoming-feature MemberImportVisibility -plugin-path /Applications/Xcode-27.0.0.app/Contents/Developer/Toolchains/XcodeDefault.xctoolchain/usr/lib/swift/host/plugins/testing -enable-experimental-feature DebugDescriptionMacro -sdk /Applications/Xcode-27.0.0.app/Contents/Developer/Platforms/XROS.platform/Developer/SDKs/XROS27.0.sdk -target arm64-apple-xros1.0 -g -module-cache-path /Users/admin/builder/spi-builder-workspace/.derivedData/ModuleCache.noindex -Xfrontend -serialize-debugging-options -enable-testing -suppress-warnings -index-store-path /Users/admin/builder/spi-builder-workspace/.derivedData/Index.noindex/DataStore -Xcc -D_LIBCPP_HARDENING_MODE\=_LIBCPP_HARDENING_MODE_DEBUG -swift-version 6 -I /Users/admin/builder/spi-builder-workspace/.derivedData/Build/Products/Debug-xros -Isystem /Applications/Xcode-27.0.0.app/Contents/Developer/Platforms/XROS.platform/Developer/usr/lib -F /Users/admin/builder/spi-builder-workspace/.derivedData/Build/Products/Debug-xros/PackageFrameworks -F /Users/admin/builder/spi-builder-workspace/.derivedData/Build/Products/Debug-xros -F /Applications/Xcode-27.0.0.app/Contents/Developer/Platforms/XROS.platform/Developer/Library/Frameworks -F /Applications/Xcode-27.0.0.app/Contents/Developer/Platforms/XROS.platform/Developer/SDKs/XROS27.0.sdk/Developer/Library/Frameworks -c -j10 -enable-batch-mode -incremental -Xcc -ivfsstatcache -Xcc /Users/admin/builder/spi-builder-workspace/.derivedData/SDKStatCaches.noindex/xros27.0-24M361-e829b21a6f8c9b70876ba0858053c04489c3c372b822c72ca60ec5271cbc7f3c.sdkstatcache -output-file-map /Users/admin/builder/spi-builder-workspace/.derivedData/Build/Intermediates.noindex/swift-crypto.build/Debug-xros/CryptoExtras-t.build/Objects-normal/arm64/CryptoExtras-OutputFileMap.json -save-temps -no-color-diagnostics -explicit-module-build -module-cache-path /Users/admin/builder/spi-builder-workspace/.derivedData/Build/Intermediates.noindex/SwiftExplicitPrecompiledModules -clang-scanner-module-cache-path /Users/admin/builder/spi-builder-workspace/.derivedData/ModuleCache.noindex -sdk-module-cache-path /Users/admin/builder/spi-builder-workspace/.derivedData/SDKExplicitPrecompiledModules -emit-dependencies -emit-module -emit-module-path /Users/admin/builder/spi-builder-workspace/.derivedData/Build/Intermediates.noindex/swift-crypto.build/Debug-xros/CryptoExtras-t.build/Objects-normal/arm64/CryptoExtras.swiftmodule -serialize-diagnostics -dependency-scan-serialize-diagnostics-path /Users/admin/builder/spi-builder-workspace/.derivedData/Build/Intermediates.noindex/swift-crypto.build/Debug-xros/CryptoExtras-t.build/Objects-normal/arm64/CryptoExtras-dependency-scan.dia -user-module-version 4.5.2 -validate-clang-modules-once -clang-build-session-file /Users/admin/builder/spi-builder-workspace/.derivedData/ModuleCache.noindex/Session.modulevalidation -Xcc -fmodules-prune-interval\=86400 -Xcc -fmodules-prune-after\=345600 -package-name swift_crypto -emit-const-values -const-gather-protocols-list /Users/admin/builder/spi-builder-workspace/.derivedData/Build/Intermediates.noindex/swift-crypto.build/Debug-xros/CryptoExtras-t.build/Objects-normal/arm64/CryptoExtras_const_extract_protocols.json -Xcc -I/Users/admin/builder/spi-builder-workspace/.dependencies/checkouts/swift-crypto/Sources/CCryptoBoringSSLShims/include -Xcc -I/Users/admin/builder/spi-builder-workspace/.dependencies/checkouts/swift-crypto/Sources/CCryptoBoringSSL/include -Xcc -I/Users/admin/builder/spi-builder-workspace/.derivedData/Build/Products/Debug-xros/include -Xcc -I/Users/admin/builder/spi-builder-workspace/.derivedData/Build/Intermediates.noindex/swift-crypto.build/Debug-xros/CryptoExtras-t.build/DerivedSources-normal/arm64 -Xcc -I/Users/admin/builder/spi-builder-workspace/.derivedData/Build/Intermediates.noindex/swift-crypto.build/Debug-xros/CryptoExtras-t.build/DerivedSources/arm64 -Xcc -I/Users/admin/builder/spi-builder-workspace/.derivedData/Build/Intermediates.noindex/swift-crypto.build/Debug-xros/CryptoExtras-t.build/DerivedSources -Xcc -DSWIFT_PACKAGE -Xcc -DDEBUG\=1 -emit-objc-header -emit-objc-header-path /Users/admin/builder/spi-builder-workspace/.derivedData/Build/Intermediates.noindex/swift-crypto.build/Debug-xros/CryptoExtras-t.build/Objects-normal/arm64/CryptoExtras-Swift.h -working-directory /Users/admin/builder/spi-builder-workspace/.swiftpm/xcode -experimental-emit-module-separately -disable-cmo
SwiftDriver Instrumentation normal arm64 com.apple.xcode.tools.swift.compiler (in target 'Instrumentation' from project 'swift-distributed-tracing')
    cd /Users/admin/builder/spi-builder-workspace/.swiftpm/xcode
    builtin-SwiftDriver -- /Applications/Xcode-27.0.0.app/Contents/Developer/Toolchains/XcodeDefault.xctoolchain/usr/bin/swiftc -parse-as-library -module-name Instrumentation -Onone @/Users/admin/builder/spi-builder-workspace/.derivedData/Build/Intermediates.noindex/swift-distributed-tracing.build/Debug-xros/Instrumentation-t.build/Objects-normal/arm64/Instrumentation.SwiftFileList -DSWIFT_PACKAGE -DDEBUG -DSWIFT_MODULE_RESOURCE_BUNDLE_UNAVAILABLE -DXcode -enable-experimental-feature StrictConcurrency\=complete -plugin-path /Applications/Xcode-27.0.0.app/Contents/Developer/Toolchains/XcodeDefault.xctoolchain/usr/lib/swift/host/plugins/testing -enable-experimental-feature DebugDescriptionMacro -sdk /Applications/Xcode-27.0.0.app/Contents/Developer/Platforms/XROS.platform/Developer/SDKs/XROS27.0.sdk -target arm64-apple-xros1.0 -g -module-cache-path /Users/admin/builder/spi-builder-workspace/.derivedData/ModuleCache.noindex -Xfrontend -serialize-debugging-options -enable-testing -suppress-warnings -index-store-path /Users/admin/builder/spi-builder-workspace/.derivedData/Index.noindex/DataStore -Xcc -D_LIBCPP_HARDENING_MODE\=_LIBCPP_HARDENING_MODE_DEBUG -swift-version 6 -I /Users/admin/builder/spi-builder-workspace/.derivedData/Build/Products/Debug-xros -Isystem /Applications/Xcode-27.0.0.app/Contents/Developer/Platforms/XROS.platform/Developer/usr/lib -F /Users/admin/builder/spi-builder-workspace/.derivedData/Build/Products/Debug-xros/PackageFrameworks -F /Users/admin/builder/spi-builder-workspace/.derivedData/Build/Products/Debug-xros -F /Applications/Xcode-27.0.0.app/Contents/Developer/Platforms/XROS.platform/Developer/Library/Frameworks -F /Applications/Xcode-27.0.0.app/Contents/Developer/Platforms/XROS.platform/Developer/SDKs/XROS27.0.sdk/Developer/Library/Frameworks -c -j10 -enable-batch-mode -incremental -Xcc -ivfsstatcache -Xcc /Users/admin/builder/spi-builder-workspace/.derivedData/SDKStatCaches.noindex/xros27.0-24M361-e829b21a6f8c9b70876ba0858053c04489c3c372b822c72ca60ec5271cbc7f3c.sdkstatcache -output-file-map /Users/admin/builder/spi-builder-workspace/.derivedData/Build/Intermediates.noindex/swift-distributed-tracing.build/Debug-xros/Instrumentation-t.build/Objects-normal/arm64/Instrumentation-OutputFileMap.json -save-temps -no-color-diagnostics -explicit-module-build -module-cache-path /Users/admin/builder/spi-builder-workspace/.derivedData/Build/Intermediates.noindex/SwiftExplicitPrecompiledModules -clang-scanner-module-cache-path /Users/admin/builder/spi-builder-workspace/.derivedData/ModuleCache.noindex -sdk-module-cache-path /Users/admin/builder/spi-builder-workspace/.derivedData/SDKExplicitPrecompiledModules -emit-dependencies -emit-module -emit-module-path /Users/admin/builder/spi-builder-workspace/.derivedData/Build/Intermediates.noindex/swift-distributed-tracing.build/Debug-xros/Instrumentation-t.build/Objects-normal/arm64/Instrumentation.swiftmodule -serialize-diagnostics -dependency-scan-serialize-diagnostics-path /Users/admin/builder/spi-builder-workspace/.derivedData/Build/Intermediates.noindex/swift-distributed-tracing.build/Debug-xros/Instrumentation-t.build/Objects-normal/arm64/Instrumentation-dependency-scan.dia -user-module-version 1.5.0 -validate-clang-modules-once -clang-build-session-file /Users/admin/builder/spi-builder-workspace/.derivedData/ModuleCache.noindex/Session.modulevalidation -Xcc -fmodules-prune-interval\=86400 -Xcc -fmodules-prune-after\=345600 -package-name swift_distributed_tracing -emit-const-values -const-gather-protocols-list /Users/admin/builder/spi-builder-workspace/.derivedData/Build/Intermediates.noindex/swift-distributed-tracing.build/Debug-xros/Instrumentation-t.build/Objects-normal/arm64/Instrumentation_const_extract_protocols.json -Xcc -I/Users/admin/builder/spi-builder-workspace/.derivedData/Build/Products/Debug-xros/include -Xcc -I/Users/admin/builder/spi-builder-workspace/.derivedData/Build/Intermediates.noindex/swift-distributed-tracing.build/Debug-xros/Instrumentation-t.build/DerivedSources-normal/arm64 -Xcc -I/Users/admin/builder/spi-builder-workspace/.derivedData/Build/Intermediates.noindex/swift-distributed-tracing.build/Debug-xros/Instrumentation-t.build/DerivedSources/arm64 -Xcc -I/Users/admin/builder/spi-builder-workspace/.derivedData/Build/Intermediates.noindex/swift-distributed-tracing.build/Debug-xros/Instrumentation-t.build/DerivedSources -Xcc -DSWIFT_PACKAGE -Xcc -DDEBUG\=1 -emit-objc-header -emit-objc-header-path /Users/admin/builder/spi-builder-workspace/.derivedData/Build/Intermediates.noindex/swift-distributed-tracing.build/Debug-xros/Instrumentation-t.build/Objects-normal/arm64/Instrumentation-Swift.h -working-directory /Users/admin/builder/spi-builder-workspace/.swiftpm/xcode -experimental-emit-module-separately -disable-cmo
SwiftDriver Atomics normal arm64 com.apple.xcode.tools.swift.compiler (in target 'Atomics' from project 'swift-atomics')
    cd /Users/admin/builder/spi-builder-workspace/.swiftpm/xcode
    builtin-SwiftDriver -- /Applications/Xcode-27.0.0.app/Contents/Developer/Toolchains/XcodeDefault.xctoolchain/usr/bin/swiftc -parse-as-library -module-name Atomics -Onone @/Users/admin/builder/spi-builder-workspace/.derivedData/Build/Intermediates.noindex/swift-atomics.build/Debug-xros/Atomics-t.build/Objects-normal/arm64/Atomics.SwiftFileList -DSWIFT_PACKAGE -DDEBUG -DSWIFT_MODULE_RESOURCE_BUNDLE_UNAVAILABLE -Xcc -fmodule-map-file\=/Users/admin/builder/spi-builder-workspace/.dependencies/checkouts/swift-atomics/Sources/_AtomicsShims/include/module.modulemap -DXcode -enable-experimental-feature BuiltinModule -plugin-path /Applications/Xcode-27.0.0.app/Contents/Developer/Toolchains/XcodeDefault.xctoolchain/usr/lib/swift/host/plugins/testing -enable-experimental-feature DebugDescriptionMacro -sdk /Applications/Xcode-27.0.0.app/Contents/Developer/Platforms/XROS.platform/Developer/SDKs/XROS27.0.sdk -target arm64-apple-xros1.0 -g -module-cache-path /Users/admin/builder/spi-builder-workspace/.derivedData/ModuleCache.noindex -Xfrontend -serialize-debugging-options -enable-testing -suppress-warnings -index-store-path /Users/admin/builder/spi-builder-workspace/.derivedData/Index.noindex/DataStore -Xcc -D_LIBCPP_HARDENING_MODE\=_LIBCPP_HARDENING_MODE_DEBUG -swift-version 5 -I /Users/admin/builder/spi-builder-workspace/.derivedData/Build/Products/Debug-xros -Isystem /Applications/Xcode-27.0.0.app/Contents/Developer/Platforms/XROS.platform/Developer/usr/lib -F /Users/admin/builder/spi-builder-workspace/.derivedData/Build/Products/Debug-xros/PackageFrameworks -F /Users/admin/builder/spi-builder-workspace/.derivedData/Build/Products/Debug-xros -F /Applications/Xcode-27.0.0.app/Contents/Developer/Platforms/XROS.platform/Developer/Library/Frameworks -F /Applications/Xcode-27.0.0.app/Contents/Developer/Platforms/XROS.platform/Developer/SDKs/XROS27.0.sdk/Developer/Library/Frameworks -c -j10 -enable-batch-mode -incremental -Xcc -ivfsstatcache -Xcc /Users/admin/builder/spi-builder-workspace/.derivedData/SDKStatCaches.noindex/xros27.0-24M361-e829b21a6f8c9b70876ba0858053c04489c3c372b822c72ca60ec5271cbc7f3c.sdkstatcache -output-file-map /Users/admin/builder/spi-builder-workspace/.derivedData/Build/Intermediates.noindex/swift-atomics.build/Debug-xros/Atomics-t.build/Objects-normal/arm64/Atomics-OutputFileMap.json -save-temps -no-color-diagnostics -explicit-module-build -module-cache-path /Users/admin/builder/spi-builder-workspace/.derivedData/Build/Intermediates.noindex/SwiftExplicitPrecompiledModules -clang-scanner-module-cache-path /Users/admin/builder/spi-builder-workspace/.derivedData/ModuleCache.noindex -sdk-module-cache-path /Users/admin/builder/spi-builder-workspace/.derivedData/SDKExplicitPrecompiledModules -emit-dependencies -emit-module -emit-module-path /Users/admin/builder/spi-builder-workspace/.derivedData/Build/Intermediates.noindex/swift-atomics.build/Debug-xros/Atomics-t.build/Objects-normal/arm64/Atomics.swiftmodule -serialize-diagnostics -dependency-scan-serialize-diagnostics-path /Users/admin/builder/spi-builder-workspace/.derivedData/Build/Intermediates.noindex/swift-atomics.build/Debug-xros/Atomics-t.build/Objects-normal/arm64/Atomics-dependency-scan.dia -validate-clang-modules-once -clang-build-session-file /Users/admin/builder/spi-builder-workspace/.derivedData/ModuleCache.noindex/Session.modulevalidation -Xcc -fmodules-prune-interval\=86400 -Xcc -fmodules-prune-after\=345600 -package-name swift_atomics -emit-const-values -const-gather-protocols-list /Users/admin/builder/spi-builder-workspace/.derivedData/Build/Intermediates.noindex/swift-atomics.build/Debug-xros/Atomics-t.build/Objects-normal/arm64/Atomics_const_extract_protocols.json -Xcc -I/Users/admin/builder/spi-builder-workspace/.dependencies/checkouts/swift-atomics/Sources/_AtomicsShims/include -Xcc -I/Users/admin/builder/spi-builder-workspace/.derivedData/Build/Products/Debug-xros/include -Xcc -I/Users/admin/builder/spi-builder-workspace/.derivedData/Build/Intermediates.noindex/swift-atomics.build/Debug-xros/Atomics-t.build/DerivedSources-normal/arm64 -Xcc -I/Users/admin/builder/spi-builder-workspace/.derivedData/Build/Intermediates.noindex/swift-atomics.build/Debug-xros/Atomics-t.build/DerivedSources/arm64 -Xcc -I/Users/admin/builder/spi-builder-workspace/.derivedData/Build/Intermediates.noindex/swift-atomics.build/Debug-xros/Atomics-t.build/DerivedSources -Xcc -DSWIFT_PACKAGE -Xcc -DDEBUG\=1 -emit-objc-header -emit-objc-header-path /Users/admin/builder/spi-builder-workspace/.derivedData/Build/Intermediates.noindex/swift-atomics.build/Debug-xros/Atomics-t.build/Objects-normal/arm64/Atomics-Swift.h -working-directory /Users/admin/builder/spi-builder-workspace/.swiftpm/xcode -experimental-emit-module-separately -disable-cmo
SwiftDriver Algorithms normal arm64 com.apple.xcode.tools.swift.compiler (in target 'Algorithms' from project 'swift-algorithms')
    cd /Users/admin/builder/spi-builder-workspace/.swiftpm/xcode
    builtin-SwiftDriver -- /Applications/Xcode-27.0.0.app/Contents/Developer/Toolchains/XcodeDefault.xctoolchain/usr/bin/swiftc -parse-as-library -module-name Algorithms -Onone @/Users/admin/builder/spi-builder-workspace/.derivedData/Build/Intermediates.noindex/swift-algorithms.build/Debug-xros/Algorithms-t.build/Objects-normal/arm64/Algorithms.SwiftFileList -DSWIFT_PACKAGE -DDEBUG -DSWIFT_MODULE_RESOURCE_BUNDLE_UNAVAILABLE -Xcc -fmodule-map-file\=/Users/admin/builder/spi-builder-workspace/.dependencies/checkouts/swift-numerics/Sources/_NumericsShims/include/module.modulemap -DXcode -plugin-path /Applications/Xcode-27.0.0.app/Contents/Developer/Toolchains/XcodeDefault.xctoolchain/usr/lib/swift/host/plugins/testing -enable-experimental-feature DebugDescriptionMacro -sdk /Applications/Xcode-27.0.0.app/Contents/Developer/Platforms/XROS.platform/Developer/SDKs/XROS27.0.sdk -target arm64-apple-xros1.0 -g -module-cache-path /Users/admin/builder/spi-builder-workspace/.derivedData/ModuleCache.noindex -Xfrontend -serialize-debugging-options -enable-testing -suppress-warnings -index-store-path /Users/admin/builder/spi-builder-workspace/.derivedData/Index.noindex/DataStore -Xcc -D_LIBCPP_HARDENING_MODE\=_LIBCPP_HARDENING_MODE_DEBUG -swift-version 5 -I /Users/admin/builder/spi-builder-workspace/.derivedData/Build/Products/Debug-xros -Isystem /Applications/Xcode-27.0.0.app/Contents/Developer/Platforms/XROS.platform/Developer/usr/lib -F /Users/admin/builder/spi-builder-workspace/.derivedData/Build/Products/Debug-xros/PackageFrameworks -F /Users/admin/builder/spi-builder-workspace/.derivedData/Build/Products/Debug-xros -F /Applications/Xcode-27.0.0.app/Contents/Developer/Platforms/XROS.platform/Developer/Library/Frameworks -F /Applications/Xcode-27.0.0.app/Contents/Developer/Platforms/XROS.platform/Developer/SDKs/XROS27.0.sdk/Developer/Library/Frameworks -c -j10 -enable-batch-mode -incremental -Xcc -ivfsstatcache -Xcc /Users/admin/builder/spi-builder-workspace/.derivedData/SDKStatCaches.noindex/xros27.0-24M361-e829b21a6f8c9b70876ba0858053c04489c3c372b822c72ca60ec5271cbc7f3c.sdkstatcache -output-file-map /Users/admin/builder/spi-builder-workspace/.derivedData/Build/Intermediates.noindex/swift-algorithms.build/Debug-xros/Algorithms-t.build/Objects-normal/arm64/Algorithms-OutputFileMap.json -save-temps -no-color-diagnostics -explicit-module-build -module-cache-path /Users/admin/builder/spi-builder-workspace/.derivedData/Build/Intermediates.noindex/SwiftExplicitPrecompiledModules -clang-scanner-module-cache-path /Users/admin/builder/spi-builder-workspace/.derivedData/ModuleCache.noindex -sdk-module-cache-path /Users/admin/builder/spi-builder-workspace/.derivedData/SDKExplicitPrecompiledModules -emit-dependencies -emit-module -emit-module-path /Users/admin/builder/spi-builder-workspace/.derivedData/Build/Intermediates.noindex/swift-algorithms.build/Debug-xros/Algorithms-t.build/Objects-normal/arm64/Algorithms.swiftmodule -serialize-diagnostics -dependency-scan-serialize-diagnostics-path /Users/admin/builder/spi-builder-workspace/.derivedData/Build/Intermediates.noindex/swift-algorithms.build/Debug-xros/Algorithms-t.build/Objects-normal/arm64/Algorithms-dependency-scan.dia -validate-clang-modules-once -clang-build-session-file /Users/admin/builder/spi-builder-workspace/.derivedData/ModuleCache.noindex/Session.modulevalidation -Xcc -fmodules-prune-interval\=86400 -Xcc -fmodules-prune-after\=345600 -emit-const-values -const-gather-protocols-list /Users/admin/builder/spi-builder-workspace/.derivedData/Build/Intermediates.noindex/swift-algorithms.build/Debug-xros/Algorithms-t.build/Objects-normal/arm64/Algorithms_const_extract_protocols.json -Xcc -I/Users/admin/builder/spi-builder-workspace/.dependencies/checkouts/swift-numerics/Sources/_NumericsShims/include -Xcc -I/Users/admin/builder/spi-builder-workspace/.derivedData/Build/Products/Debug-xros/include -Xcc -I/Users/admin/builder/spi-builder-workspace/.derivedData/Build/Intermediates.noindex/swift-algorithms.build/Debug-xros/Algorithms-t.build/DerivedSources-normal/arm64 -Xcc -I/Users/admin/builder/spi-builder-workspace/.derivedData/Build/Intermediates.noindex/swift-algorithms.build/Debug-xros/Algorithms-t.build/DerivedSources/arm64 -Xcc -I/Users/admin/builder/spi-builder-workspace/.derivedData/Build/Intermediates.noindex/swift-algorithms.build/Debug-xros/Algorithms-t.build/DerivedSources -Xcc -DSWIFT_PACKAGE -Xcc -DDEBUG\=1 -emit-objc-header -emit-objc-header-path /Users/admin/builder/spi-builder-workspace/.derivedData/Build/Intermediates.noindex/swift-algorithms.build/Debug-xros/Algorithms-t.build/Objects-normal/arm64/Algorithms-Swift.h -working-directory /Users/admin/builder/spi-builder-workspace/.swiftpm/xcode -experimental-emit-module-separately -disable-cmo
CompileC /Users/admin/builder/spi-builder-workspace/.derivedData/Build/Intermediates.noindex/swift-nio.build/Debug-xros/CNIOAtomics-t.build/Objects-normal/arm64/c-nioatomics.o /Users/admin/builder/spi-builder-workspace/.dependencies/checkouts/swift-nio/Sources/CNIOAtomics/src/c-nioatomics.c normal arm64 c com.apple.compilers.llvm.clang.1_0.compiler (in target 'CNIOAtomics' from project 'swift-nio')
    cd /Users/admin/builder/spi-builder-workspace/.swiftpm/xcode

    Using response file: /Users/admin/builder/spi-builder-workspace/.derivedData/Build/Intermediates.noindex/swift-nio.build/Debug-xros/CNIOAtomics-t.build/Objects-normal/arm64/7187679823f38a2a940e0043cdf9d637-common-args.resp

    /Applications/Xcode-27.0.0.app/Contents/Developer/Toolchains/XcodeDefault.xctoolchain/usr/bin/clang -x c -ivfsstatcache /Users/admin/builder/spi-builder-workspace/.derivedData/SDKStatCaches.noindex/xros27.0-24M361-e829b21a6f8c9b70876ba0858053c04489c3c372b822c72ca60ec5271cbc7f3c.sdkstatcache -target arm64-apple-xros1.0 -fmessage-length\=0 -fdiagnostics-show-note-include-stack -fmacro-backtrace-limit\=0 -fno-color-diagnostics -fmodules-prune-interval\=86400 -fmodules-prune-after\=345600 -fbuild-session-file\=/Users/admin/builder/spi-builder-workspace/.derivedData/ModuleCache.noindex/Session.modulevalidation -fmodules-validate-once-per-build-session -Wnon-modular-include-in-framework-module -Werror\=non-modular-include-in-framework-module -Wno-trigraphs -Wno-missing-field-initializers -Wno-missing-prototypes -Wno-return-type -Wno-missing-braces -Wparentheses -Wswitch -Wno-unused-function -Wno-unused-label -Wno-unused-parameter -Wno-unused-variable -Wunused-value -Wno-empty-body -Wno-uninitialized -Wno-unknown-pragmas -w -Wno-shadow -Wno-four-char-constants -Wno-conversion -Wno-constant-conversion -Wno-int-conversion -Wno-bool-conversion -Wno-enum-conversion -Wno-float-conversion -Wno-non-literal-null-conversion -Wno-objc-literal-conversion -Wshorten-64-to-32 -Wpointer-sign -Wno-newline-eof -Wno-implicit-fallthrough -isysroot /Applications/Xcode-27.0.0.app/Contents/Developer/Platforms/XROS.platform/Developer/SDKs/XROS27.0.sdk -fstrict-aliasing -Wdeprecated-declarations -Wno-sign-conversion -Wno-infinite-recursion -Wno-comma -Wno-block-capture-autoreleasing -Wno-strict-prototypes -Wno-semicolon-before-method-body -index-store-path /Users/admin/builder/spi-builder-workspace/.derivedData/Index.noindex/DataStore @/Users/admin/builder/spi-builder-workspace/.derivedData/Build/Intermediates.noindex/swift-nio.build/Debug-xros/CNIOAtomics-t.build/Objects-normal/arm64/7187679823f38a2a940e0043cdf9d637-common-args.resp -MMD -MT dependencies -MF /Users/admin/builder/spi-builder-workspace/.derivedData/Build/Intermediates.noindex/swift-nio.build/Debug-xros/CNIOAtomics-t.build/Objects-normal/arm64/c-nioatomics.d --serialize-diagnostics /Users/admin/builder/spi-builder-workspace/.derivedData/Build/Intermediates.noindex/swift-nio.build/Debug-xros/CNIOAtomics-t.build/Objects-normal/arm64/c-nioatomics.dia -c /Users/admin/builder/spi-builder-workspace/.dependencies/checkouts/swift-nio/Sources/CNIOAtomics/src/c-nioatomics.c -o /Users/admin/builder/spi-builder-workspace/.derivedData/Build/Intermediates.noindex/swift-nio.build/Debug-xros/CNIOAtomics-t.build/Objects-normal/arm64/c-nioatomics.o -index-unit-output-path /swift-nio.build/Debug-xros/CNIOAtomics-t.build/Objects-normal/arm64/c-nioatomics.o
Failed frontend command:
/Applications/Xcode-27.0.0.app/Contents/Developer/Toolchains/XcodeDefault.xctoolchain/usr/bin/clang -cc1 -Wundef-prefix\=TARGET_OS_ -fdiagnostics-show-note-include-stack -fmacro-backtrace-limit\=0 -w -ferror-limit 19 -serialize-diagnostic-file /Users/admin/builder/spi-builder-workspace/.derivedData/Build/Intermediates.noindex/swift-nio.build/Debug-xros/CNIOAtomics-t.build/Objects-normal/arm64/c-nioatomics.dia -Wdeprecated-objc-isa-usage -Werror\=deprecated-objc-isa-usage -Werror\=implicit-function-declaration -Wnon-modular-include-in-framework-module -Werror\=non-modular-include-in-framework-module -Wno-trigraphs -Wno-missing-field-initializers -Wno-missing-prototypes -Wno-return-type -Wno-missing-braces -Wparentheses -Wswitch -Wno-unused-function -Wno-unused-label -Wno-unused-parameter -Wno-unused-variable -Wunused-value -Wno-empty-body -Wno-uninitialized -Wno-unknown-pragmas -Wno-shadow -Wno-four-char-constants -Wno-conversion -Wno-constant-conversion -Wno-int-conversion -Wno-bool-conversion -Wno-enum-conversion -Wno-float-conversion -Wno-non-literal-null-conversion -Wno-objc-literal-conversion -Wshorten-64-to-32 -Wpointer-sign -Wno-newline-eof -Wno-implicit-fallthrough -Wdeprecated-declarations -Wno-sign-conversion -Wno-infinite-recursion -Wno-comma -Wno-block-capture-autoreleasing -Wno-strict-prototypes -Wno-semicolon-before-method-body -Wno-elaborated-enum-base -Wno-error\=allocator-wrappers -index-store-path /Users/admin/builder/spi-builder-workspace/.derivedData/Index.noindex/DataStore -index-unit-output-path /swift-nio.build/Debug-xros/CNIOAtomics-t.build/Objects-normal/arm64/c-nioatomics.o -fmodule-map-file\=/Applications/Xcode-27.0.0.app/Contents/Developer/Platforms/XROS.platform/Developer/SDKs/XROS.sdk/usr/include/DarwinFoundation2.modulemap -fmodule-map-file\=/Applications/Xcode-27.0.0.app/Contents/Developer/Toolchains/XcodeDefault.xctoolchain/usr/lib/clang/21/include/module.modulemap -fmodule-map-file\=/Applications/Xcode-27.0.0.app/Contents/Developer/Platforms/XROS.platform/Developer/SDKs/XROS.sdk/usr/include/DarwinFoundation3.modulemap -fmodule-map-file\=/Applications/Xcode-27.0.0.app/Contents/Developer/Toolchains/XcodeDefault.xctoolchain/usr/lib/clang/21/include/module.modulemap -fmodule-map-file\=/Applications/Xcode-27.0.0.app/Contents/Developer/Toolchains/XcodeDefault.xctoolchain/usr/lib/clang/21/include/module.modulemap -fmodule-map-file\=/Applications/Xcode-27.0.0.app/Contents/Developer/Toolchains/XcodeDefault.xctoolchain/usr/lib/clang/21/include/module.modulemap -o /Users/admin/builder/spi-builder-workspace/.derivedData/Build/Intermediates.noindex/swift-nio.build/Debug-xros/CNIOAtomics-t.build/Objects-normal/arm64/c-nioatomics.o -disable-free -emit-obj -x c /Users/admin/builder/spi-builder-workspace/.dependencies/checkouts/swift-nio/Sources/CNIOAtomics/src/c-nioatomics.c -target-abi darwinpcs -target-cpu apple-a12 -target-feature +v8.3a -target-feature +aes -target-feature +complxnum -target-feature +crc -target-feature +fp-armv8 -target-feature +fullfp16 -target-feature +jsconv -target-feature +lse -target-feature +neon -target-feature +pauth -target-feature +perfmon -target-feature +ras -target-feature +rcpc -target-feature +rdm -target-feature +sha2 -triple arm64-apple-xros1.0.0 -target-linker-version 1166.2 -target-sdk-version\=27.0 -fmodules-validate-system-headers -fno-modulemap-allow-subdirectory-search -isysroot /Applications/Xcode-27.0.0.app/Contents/Developer/Platforms/XROS.platform/Developer/SDKs/XROS27.0.sdk -resource-dir /Applications/Xcode-27.0.0.app/Contents/Developer/Toolchains/XcodeDefault.xctoolchain/usr/lib/clang/21 -fmodule-format\=obj -fmodule-file\=_Builtin_inttypes\=/Users/admin/builder/spi-builder-workspace/.derivedData/Build/Intermediates.noindex/ExplicitPrecompiledModules/_Builtin_inttypes-8OT1WPRPY7Y91QC7P7OKPOGZ4.pcm -fmodule-file\=_Builtin_stdatomic\=/Users/admin/builder/spi-builder-workspace/.derivedData/Build/Intermediates.noindex/ExplicitPrecompiledModules/_Builtin_stdatomic-6KG444EU5STPMB6R2I93DQLDS.pcm -fmodule-file\=_Builtin_stdbool\=/Users/admin/builder/spi-builder-workspace/.derivedData/Build/Intermediates.noindex/ExplicitPrecompiledModules/_Builtin_stdbool-C57AGOUHF10LQX5V07YRH9KW6.pcm -fmodule-file\=_Builtin_stdint\=/Users/admin/builder/spi-builder-workspace/.derivedData/Build/Intermediates.noindex/ExplicitPrecompiledModules/_Builtin_stdint-AXOJJIMKJ4EKA25EYLCLFR1Y9.pcm -fmodule-file\=_DarwinFoundation2\=/Users/admin/builder/spi-builder-workspace/.derivedData/Build/Intermediates.noindex/ExplicitPrecompiledModules/_DarwinFoundation2-1WPWGQ0B4HVUWJWYY0ZLD8HZQ.pcm -fmodule-file\=_DarwinFoundation3\=/Users/admin/builder/spi-builder-workspace/.derivedData/Build/Intermediates.noindex/ExplicitPrecompiledModules/_DarwinFoundation3-7AQMMWAUTIJFS65RR30D12HPP.pcm -I /Users/admin/builder/spi-builder-workspace/.derivedData/Build/Products/Debug-xros/include -I /Users/admin/builder/spi-builder-workspace/.dependencies/checkouts/swift-nio/Sources/CNIOAtomics/include -I /Users/admin/builder/spi-builder-workspace/.derivedData/Build/Intermediates.noindex/swift-nio.build/Debug-xros/CNIOAtomics-t.build/DerivedSources-normal/arm64 -I /Users/admin/builder/spi-builder-workspace/.derivedData/Build/Intermediates.noindex/swift-nio.build/Debug-xros/CNIOAtomics-t.build/DerivedSources/arm64 -I /Users/admin/builder/spi-builder-workspace/.derivedData/Build/Intermediates.noindex/swift-nio.build/Debug-xros/CNIOAtomics-t.build/DerivedSources -F /Users/admin/builder/spi-builder-workspace/.derivedData/Build/Products/Debug-xros -iframework /Applications/Xcode-27.0.0.app/Contents/Developer/Platforms/XROS.platform/Developer/Library/Frameworks -iframework /Applications/Xcode-27.0.0.app/Contents/Developer/Platforms/XROS.platform/Developer/SDKs/XROS27.0.sdk/Developer/Library/Frameworks -internal-isystem /Applications/Xcode-27.0.0.app/Contents/Developer/Platforms/XROS.platform/Developer/SDKs/XROS27.0.sdk/usr/local/include -internal-isystem /Applications/Xcode-27.0.0.app/Contents/Developer/Toolchains/XcodeDefault.xctoolchain/usr/lib/clang/21/include -internal-externc-isystem /Applications/Xcode-27.0.0.app/Contents/Developer/Platforms/XROS.platform/Developer/SDKs/XROS27.0.sdk/usr/include -internal-externc-isystem /Applications/Xcode-27.0.0.app/Contents/Developer/Toolchains/XcodeDefault.xctoolchain/usr/include -internal-iframework /Applications/Xcode-27.0.0.app/Contents/Developer/Platforms/XROS.platform/Developer/SDKs/XROS27.0.sdk/System/Library/Frameworks -internal-iframework /Applications/Xcode-27.0.0.app/Contents/Developer/Platforms/XROS.platform/Developer/SDKs/XROS27.0.sdk/System/Library/SubFrameworks -internal-iframework /Applications/Xcode-27.0.0.app/Contents/Developer/Platforms/XROS.platform/Developer/SDKs/XROS27.0.sdk/Library/Frameworks -ivfsstatcache /Users/admin/builder/spi-builder-workspace/.derivedData/SDKStatCaches.noindex/xros27.0-24M361-e829b21a6f8c9b70876ba0858053c04489c3c372b822c72ca60ec5271cbc7f3c.sdkstatcache -std\=gnu17 -fskip-odr-check-in-gmf -fmodules -fmodule-name\=CNIOAtomics -fno-implicit-modules -fmax-type-align\=16 -fpascal-strings -fstack-check -ftrivial-auto-var-init\=zero -fvisibility-inlines-hidden-static-local-var -mdarwin-stkchk-strong-link -fno-odr-hash-protocols -pic-level 2 -fencode-extended-block-signature -stack-protector 1 -fcompatibility-qualified-id-block-type-checking -fgnuc-version\=4.2.1 -fblocks -fno-convergent-functions -ffp-contract\=on -fclang-abi-compat\=4.0 -fno-experimental-relative-c++-abi-vtables -fno-file-reproducible -clang-vendor-feature\=+disableNonDependentMemberExprInCurrentInstantiation -clang-vendor-feature\=+enableAggressiveVLAFolding -clang-vendor-feature\=+revert09abecef7bbf -clang-vendor-feature\=+thisNoAlignAttr -clang-vendor-feature\=+thisNoNullAttr -clang-vendor-feature\=+disableAtImportPrivateFrameworkInImplementationError -O0 -fno-assume-unique-vtables -fdebug-compilation-dir\=/Users/admin/builder/spi-builder-workspace/.swiftpm/xcode -fcoverage-compilation-dir\=/Users/admin/builder/spi-builder-workspace/.swiftpm/xcode -fcommon -fdwarf2-cfi-asm -fobjc-msgsend-selector-stubs -fregister-global-dtors-with-atexit -fno-strict-return -dwarf-version\=4 -debugger-tuning\=lldb -disable-llvm-verifier -dwarf-ext-refs -funwind-tables\=1 -enable-tlsdesc -clear-ast-before-backend -discard-value-names -main-file-name c-nioatomics.c -mframe-pointer\=non-leaf -debug-info-kind\=standalone -fno-loop-interchange -fdiagnostics-hotness-threshold\=0 -fdiagnostics-misexpect-tolerance\=0 -D DEBUG\=1 -D SWIFT_PACKAGE -D Xcode -D _GNU_SOURCE -fdefine-target-os-macros -MT dependencies -dependency-file /Users/admin/builder/spi-builder-workspace/.derivedData/Build/Intermediates.noindex/swift-nio.build/Debug-xros/CNIOAtomics-t.build/Objects-normal/arm64/c-nioatomics.d -skip-unused-modulemap-deps -module-file-deps\=direct -fdepfile-entry\=/Applications/Xcode-27.0.0.app/Contents/Developer/Platforms/XROS.platform/Developer/SDKs/XROS27.0.sdk/SDKSettings.json
CompileC /Users/admin/builder/spi-builder-workspace/.derivedData/Build/Intermediates.noindex/swift-nio.build/Debug-xros/CNIOAtomics-t.build/Objects-normal/arm64/c-atomics.o /Users/admin/builder/spi-builder-workspace/.dependencies/checkouts/swift-nio/Sources/CNIOAtomics/src/c-atomics.c normal arm64 c com.apple.compilers.llvm.clang.1_0.compiler (in target 'CNIOAtomics' from project 'swift-nio')
    cd /Users/admin/builder/spi-builder-workspace/.swiftpm/xcode

    Using response file: /Users/admin/builder/spi-builder-workspace/.derivedData/Build/Intermediates.noindex/swift-nio.build/Debug-xros/CNIOAtomics-t.build/Objects-normal/arm64/7187679823f38a2a940e0043cdf9d637-common-args.resp

    /Applications/Xcode-27.0.0.app/Contents/Developer/Toolchains/XcodeDefault.xctoolchain/usr/bin/clang -x c -ivfsstatcache /Users/admin/builder/spi-builder-workspace/.derivedData/SDKStatCaches.noindex/xros27.0-24M361-e829b21a6f8c9b70876ba0858053c04489c3c372b822c72ca60ec5271cbc7f3c.sdkstatcache -target arm64-apple-xros1.0 -fmessage-length\=0 -fdiagnostics-show-note-include-stack -fmacro-backtrace-limit\=0 -fno-color-diagnostics -fmodules-prune-interval\=86400 -fmodules-prune-after\=345600 -fbuild-session-file\=/Users/admin/builder/spi-builder-workspace/.derivedData/ModuleCache.noindex/Session.modulevalidation -fmodules-validate-once-per-build-session -Wnon-modular-include-in-framework-module -Werror\=non-modular-include-in-framework-module -Wno-trigraphs -Wno-missing-field-initializers -Wno-missing-prototypes -Wno-return-type -Wno-missing-braces -Wparentheses -Wswitch -Wno-unused-function -Wno-unused-label -Wno-unused-parameter -Wno-unused-variable -Wunused-value -Wno-empty-body -Wno-uninitialized -Wno-unknown-pragmas -w -Wno-shadow -Wno-four-char-constants -Wno-conversion -Wno-constant-conversion -Wno-int-conversion -Wno-bool-conversion -Wno-enum-conversion -Wno-float-conversion -Wno-non-literal-null-conversion -Wno-objc-literal-conversion -Wshorten-64-to-32 -Wpointer-sign -Wno-newline-eof -Wno-implicit-fallthrough -isysroot /Applications/Xcode-27.0.0.app/Contents/Developer/Platforms/XROS.platform/Developer/SDKs/XROS27.0.sdk -fstrict-aliasing -Wdeprecated-declarations -Wno-sign-conversion -Wno-infinite-recursion -Wno-comma -Wno-block-capture-autoreleasing -Wno-strict-prototypes -Wno-semicolon-before-method-body -index-store-path /Users/admin/builder/spi-builder-workspace/.derivedData/Index.noindex/DataStore @/Users/admin/builder/spi-builder-workspace/.derivedData/Build/Intermediates.noindex/swift-nio.build/Debug-xros/CNIOAtomics-t.build/Objects-normal/arm64/7187679823f38a2a940e0043cdf9d637-common-args.resp -MMD -MT dependencies -MF /Users/admin/builder/spi-builder-workspace/.derivedData/Build/Intermediates.noindex/swift-nio.build/Debug-xros/CNIOAtomics-t.build/Objects-normal/arm64/c-atomics.d --serialize-diagnostics /Users/admin/builder/spi-builder-workspace/.derivedData/Build/Intermediates.noindex/swift-nio.build/Debug-xros/CNIOAtomics-t.build/Objects-normal/arm64/c-atomics.dia -c /Users/admin/builder/spi-builder-workspace/.dependencies/checkouts/swift-nio/Sources/CNIOAtomics/src/c-atomics.c -o /Users/admin/builder/spi-builder-workspace/.derivedData/Build/Intermediates.noindex/swift-nio.build/Debug-xros/CNIOAtomics-t.build/Objects-normal/arm64/c-atomics.o -index-unit-output-path /swift-nio.build/Debug-xros/CNIOAtomics-t.build/Objects-normal/arm64/c-atomics.o
Failed frontend command:
/Applications/Xcode-27.0.0.app/Contents/Developer/Toolchains/XcodeDefault.xctoolchain/usr/bin/clang -cc1 -Wundef-prefix\=TARGET_OS_ -fdiagnostics-show-note-include-stack -fmacro-backtrace-limit\=0 -w -ferror-limit 19 -serialize-diagnostic-file /Users/admin/builder/spi-builder-workspace/.derivedData/Build/Intermediates.noindex/swift-nio.build/Debug-xros/CNIOAtomics-t.build/Objects-normal/arm64/c-atomics.dia -Wdeprecated-objc-isa-usage -Werror\=deprecated-objc-isa-usage -Werror\=implicit-function-declaration -Wnon-modular-include-in-framework-module -Werror\=non-modular-include-in-framework-module -Wno-trigraphs -Wno-missing-field-initializers -Wno-missing-prototypes -Wno-return-type -Wno-missing-braces -Wparentheses -Wswitch -Wno-unused-function -Wno-unused-label -Wno-unused-parameter -Wno-unused-variable -Wunused-value -Wno-empty-body -Wno-uninitialized -Wno-unknown-pragmas -Wno-shadow -Wno-four-char-constants -Wno-conversion -Wno-constant-conversion -Wno-int-conversion -Wno-bool-conversion -Wno-enum-conversion -Wno-float-conversion -Wno-non-literal-null-conversion -Wno-objc-literal-conversion -Wshorten-64-to-32 -Wpointer-sign -Wno-newline-eof -Wno-implicit-fallthrough -Wdeprecated-declarations -Wno-sign-conversion -Wno-infinite-recursion -Wno-comma -Wno-block-capture-autoreleasing -Wno-strict-prototypes -Wno-semicolon-before-method-body -Wno-elaborated-enum-base -Wno-error\=allocator-wrappers -index-store-path /Users/admin/builder/spi-builder-workspace/.derivedData/Index.noindex/DataStore -index-unit-output-path /swift-nio.build/Debug-xros/CNIOAtomics-t.build/Objects-normal/arm64/c-atomics.o -fmodule-map-file\=/Applications/Xcode-27.0.0.app/Contents/Developer/Platforms/XROS.platform/Developer/SDKs/XROS.sdk/usr/include/DarwinFoundation2.modulemap -fmodule-map-file\=/Applications/Xcode-27.0.0.app/Contents/Developer/Toolchains/XcodeDefault.xctoolchain/usr/lib/clang/21/include/module.modulemap -fmodule-map-file\=/Applications/Xcode-27.0.0.app/Contents/Developer/Platforms/XROS.platform/Developer/SDKs/XROS.sdk/usr/include/DarwinFoundation3.modulemap -fmodule-map-file\=/Applications/Xcode-27.0.0.app/Contents/Developer/Toolchains/XcodeDefault.xctoolchain/usr/lib/clang/21/include/module.modulemap -fmodule-map-file\=/Applications/Xcode-27.0.0.app/Contents/Developer/Toolchains/XcodeDefault.xctoolchain/usr/lib/clang/21/include/module.modulemap -fmodule-map-file\=/Applications/Xcode-27.0.0.app/Contents/Developer/Toolchains/XcodeDefault.xctoolchain/usr/lib/clang/21/include/module.modulemap -o /Users/admin/builder/spi-builder-workspace/.derivedData/Build/Intermediates.noindex/swift-nio.build/Debug-xros/CNIOAtomics-t.build/Objects-normal/arm64/c-atomics.o -disable-free -emit-obj -x c /Users/admin/builder/spi-builder-workspace/.dependencies/checkouts/swift-nio/Sources/CNIOAtomics/src/c-atomics.c -target-abi darwinpcs -target-cpu apple-a12 -target-feature +v8.3a -target-feature +aes -target-feature +complxnum -target-feature +crc -target-feature +fp-armv8 -target-feature +fullfp16 -target-feature +jsconv -target-feature +lse -target-feature +neon -target-feature +pauth -target-feature +perfmon -target-feature +ras -target-feature +rcpc -target-feature +rdm -target-feature +sha2 -triple arm64-apple-xros1.0.0 -target-linker-version 1166.2 -target-sdk-version\=27.0 -fmodules-validate-system-headers -fno-modulemap-allow-subdirectory-search -isysroot /Applications/Xcode-27.0.0.app/Contents/Developer/Platforms/XROS.platform/Developer/SDKs/XROS27.0.sdk -resource-dir /Applications/Xcode-27.0.0.app/Contents/Developer/Toolchains/XcodeDefault.xctoolchain/usr/lib/clang/21 -fmodule-format\=obj -fmodule-file\=_Builtin_inttypes\=/Users/admin/builder/spi-builder-workspace/.derivedData/Build/Intermediates.noindex/ExplicitPrecompiledModules/_Builtin_inttypes-8OT1WPRPY7Y91QC7P7OKPOGZ4.pcm -fmodule-file\=_Builtin_stdatomic\=/Users/admin/builder/spi-builder-workspace/.derivedData/Build/Intermediates.noindex/ExplicitPrecompiledModules/_Builtin_stdatomic-6KG444EU5STPMB6R2I93DQLDS.pcm -fmodule-file\=_Builtin_stdbool\=/Users/admin/builder/spi-builder-workspace/.derivedData/Build/Intermediates.noindex/ExplicitPrecompiledModules/_Builtin_stdbool-C57AGOUHF10LQX5V07YRH9KW6.pcm -fmodule-file\=_Builtin_stdint\=/Users/admin/builder/spi-builder-workspace/.derivedData/Build/Intermediates.noindex/ExplicitPrecompiledModules/_Builtin_stdint-AXOJJIMKJ4EKA25EYLCLFR1Y9.pcm -fmodule-file\=_DarwinFoundation2\=/Users/admin/builder/spi-builder-workspace/.derivedData/Build/Intermediates.noindex/ExplicitPrecompiledModules/_DarwinFoundation2-1WPWGQ0B4HVUWJWYY0ZLD8HZQ.pcm -fmodule-file\=_DarwinFoundation3\=/Users/admin/builder/spi-builder-workspace/.derivedData/Build/Intermediates.noindex/ExplicitPrecompiledModules/_DarwinFoundation3-7AQMMWAUTIJFS65RR30D12HPP.pcm -I /Users/admin/builder/spi-builder-workspace/.derivedData/Build/Products/Debug-xros/include -I /Users/admin/builder/spi-builder-workspace/.dependencies/checkouts/swift-nio/Sources/CNIOAtomics/include -I /Users/admin/builder/spi-builder-workspace/.derivedData/Build/Intermediates.noindex/swift-nio.build/Debug-xros/CNIOAtomics-t.build/DerivedSources-normal/arm64 -I /Users/admin/builder/spi-builder-workspace/.derivedData/Build/Intermediates.noindex/swift-nio.build/Debug-xros/CNIOAtomics-t.build/DerivedSources/arm64 -I /Users/admin/builder/spi-builder-workspace/.derivedData/Build/Intermediates.noindex/swift-nio.build/Debug-xros/CNIOAtomics-t.build/DerivedSources -F /Users/admin/builder/spi-builder-workspace/.derivedData/Build/Products/Debug-xros -iframework /Applications/Xcode-27.0.0.app/Contents/Developer/Platforms/XROS.platform/Developer/Library/Frameworks -iframework /Applications/Xcode-27.0.0.app/Contents/Developer/Platforms/XROS.platform/Developer/SDKs/XROS27.0.sdk/Developer/Library/Frameworks -internal-isystem /Applications/Xcode-27.0.0.app/Contents/Developer/Platforms/XROS.platform/Developer/SDKs/XROS27.0.sdk/usr/local/include -internal-isystem /Applications/Xcode-27.0.0.app/Contents/Developer/Toolchains/XcodeDefault.xctoolchain/usr/lib/clang/21/include -internal-externc-isystem /Applications/Xcode-27.0.0.app/Contents/Developer/Platforms/XROS.platform/Developer/SDKs/XROS27.0.sdk/usr/include -internal-externc-isystem /Applications/Xcode-27.0.0.app/Contents/Developer/Toolchains/XcodeDefault.xctoolchain/usr/include -internal-iframework /Applications/Xcode-27.0.0.app/Contents/Developer/Platforms/XROS.platform/Developer/SDKs/XROS27.0.sdk/System/Library/Frameworks -internal-iframework /Applications/Xcode-27.0.0.app/Contents/Developer/Platforms/XROS.platform/Developer/SDKs/XROS27.0.sdk/System/Library/SubFrameworks -internal-iframework /Applications/Xcode-27.0.0.app/Contents/Developer/Platforms/XROS.platform/Developer/SDKs/XROS27.0.sdk/Library/Frameworks -ivfsstatcache /Users/admin/builder/spi-builder-workspace/.derivedData/SDKStatCaches.noindex/xros27.0-24M361-e829b21a6f8c9b70876ba0858053c04489c3c372b822c72ca60ec5271cbc7f3c.sdkstatcache -std\=gnu17 -fskip-odr-check-in-gmf -fmodules -fmodule-name\=CNIOAtomics -fno-implicit-modules -fmax-type-align\=16 -fpascal-strings -fstack-check -ftrivial-auto-var-init\=zero -fvisibility-inlines-hidden-static-local-var -mdarwin-stkchk-strong-link -fno-odr-hash-protocols -pic-level 2 -fencode-extended-block-signature -stack-protector 1 -fcompatibility-qualified-id-block-type-checking -fgnuc-version\=4.2.1 -fblocks -fno-convergent-functions -ffp-contract\=on -fclang-abi-compat\=4.0 -fno-experimental-relative-c++-abi-vtables -fno-file-reproducible -clang-vendor-feature\=+disableNonDependentMemberExprInCurrentInstantiation -clang-vendor-feature\=+enableAggressiveVLAFolding -clang-vendor-feature\=+revert09abecef7bbf -clang-vendor-feature\=+thisNoAlignAttr -clang-vendor-feature\=+thisNoNullAttr -clang-vendor-feature\=+disableAtImportPrivateFrameworkInImplementationError -O0 -fno-assume-unique-vtables -fdebug-compilation-dir\=/Users/admin/builder/spi-builder-workspace/.swiftpm/xcode -fcoverage-compilation-dir\=/Users/admin/builder/spi-builder-workspace/.swiftpm/xcode -fcommon -fdwarf2-cfi-asm -fobjc-msgsend-selector-stubs -fregister-global-dtors-with-atexit -fno-strict-return -dwarf-version\=4 -debugger-tuning\=lldb -disable-llvm-verifier -dwarf-ext-refs -funwind-tables\=1 -enable-tlsdesc -clear-ast-before-backend -discard-value-names -main-file-name c-atomics.c -mframe-pointer\=non-leaf -debug-info-kind\=standalone -fno-loop-interchange -fdiagnostics-hotness-threshold\=0 -fdiagnostics-misexpect-tolerance\=0 -D DEBUG\=1 -D SWIFT_PACKAGE -D Xcode -D _GNU_SOURCE -fdefine-target-os-macros -MT dependencies -dependency-file /Users/admin/builder/spi-builder-workspace/.derivedData/Build/Intermediates.noindex/swift-nio.build/Debug-xros/CNIOAtomics-t.build/Objects-normal/arm64/c-atomics.d -skip-unused-modulemap-deps -module-file-deps\=direct -fdepfile-entry\=/Applications/Xcode-27.0.0.app/Contents/Developer/Platforms/XROS.platform/Developer/SDKs/XROS27.0.sdk/SDKSettings.json
Ld /Users/admin/builder/spi-builder-workspace/.derivedData/Build/Products/Debug-xros/SpanPreview.o normal (in target 'SpanPreview' from project 'swift-collections')
    cd /Users/admin/builder/spi-builder-workspace/.dependencies/checkouts/swift-collections
    /Applications/Xcode-27.0.0.app/Contents/Developer/Toolchains/XcodeDefault.xctoolchain/usr/bin/clang -Xlinker -reproducible -target arm64-apple-xros1.0 -r -isysroot /Applications/Xcode-27.0.0.app/Contents/Developer/Platforms/XROS.platform/Developer/SDKs/XROS27.0.sdk -O0 -w -Xlinker -no_warn_duplicate_libraries -F/Users/admin/builder/spi-builder-workspace/.derivedData/Build/Intermediates.noindex/EagerLinkingTBDs/Debug-xros -F/Users/admin/builder/spi-builder-workspace/.derivedData/Build/Products/Debug-xros/PackageFrameworks -F/Users/admin/builder/spi-builder-workspace/.derivedData/Build/Products/Debug-xros -iframework /Applications/Xcode-27.0.0.app/Contents/Developer/Platforms/XROS.platform/Developer/Library/Frameworks -iframework /Applications/Xcode-27.0.0.app/Contents/Developer/Platforms/XROS.platform/Developer/SDKs/XROS27.0.sdk/Developer/Library/Frameworks -filelist /Users/admin/builder/spi-builder-workspace/.derivedData/Build/Intermediates.noindex/swift-collections.build/Debug-xros/SpanPreview-t.build/Objects-normal/arm64/SpanPreview.LinkFileList -nostdlib -Xlinker -object_path_lto -Xlinker /Users/admin/builder/spi-builder-workspace/.derivedData/Build/Intermediates.noindex/swift-collections.build/Debug-xros/SpanPreview-t.build/Objects-normal/arm64/SpanPreview_lto.o -Xlinker -no_deduplicate -Xlinker -dependency_info -Xlinker /Users/admin/builder/spi-builder-workspace/.derivedData/Build/Intermediates.noindex/swift-collections.build/Debug-xros/SpanPreview-t.build/Objects-normal/arm64/SpanPreview_dependency_info.dat -fobjc-link-runtime -L/Applications/Xcode-27.0.0.app/Contents/Developer/Toolchains/XcodeDefault.xctoolchain/usr/lib/swift/xros -L/usr/lib/swift -Xlinker -add_ast_path -Xlinker /Users/admin/builder/spi-builder-workspace/.derivedData/Build/Intermediates.noindex/swift-collections.build/Debug-xros/SpanPreview-t.build/Objects-normal/arm64/SpanPreview.swiftmodule -o /Users/admin/builder/spi-builder-workspace/.derivedData/Build/Products/Debug-xros/SpanPreview.o
SwiftDriver Tracing normal arm64 com.apple.xcode.tools.swift.compiler (in target 'Tracing' from project 'swift-distributed-tracing')
    cd /Users/admin/builder/spi-builder-workspace/.swiftpm/xcode
    builtin-SwiftDriver -- /Applications/Xcode-27.0.0.app/Contents/Developer/Toolchains/XcodeDefault.xctoolchain/usr/bin/swiftc -parse-as-library -module-name Tracing -Onone @/Users/admin/builder/spi-builder-workspace/.derivedData/Build/Intermediates.noindex/swift-distributed-tracing.build/Debug-xros/Tracing-t.build/Objects-normal/arm64/Tracing.SwiftFileList -DSWIFT_PACKAGE -DDEBUG -DSWIFT_MODULE_RESOURCE_BUNDLE_UNAVAILABLE -DXcode -enable-experimental-feature StrictConcurrency\=complete -plugin-path /Applications/Xcode-27.0.0.app/Contents/Developer/Toolchains/XcodeDefault.xctoolchain/usr/lib/swift/host/plugins/testing -enable-experimental-feature DebugDescriptionMacro -sdk /Applications/Xcode-27.0.0.app/Contents/Developer/Platforms/XROS.platform/Developer/SDKs/XROS27.0.sdk -target arm64-apple-xros1.0 -g -module-cache-path /Users/admin/builder/spi-builder-workspace/.derivedData/ModuleCache.noindex -Xfrontend -serialize-debugging-options -enable-testing -suppress-warnings -index-store-path /Users/admin/builder/spi-builder-workspace/.derivedData/Index.noindex/DataStore -Xcc -D_LIBCPP_HARDENING_MODE\=_LIBCPP_HARDENING_MODE_DEBUG -swift-version 6 -I /Users/admin/builder/spi-builder-workspace/.derivedData/Build/Products/Debug-xros -Isystem /Applications/Xcode-27.0.0.app/Contents/Developer/Platforms/XROS.platform/Developer/usr/lib -F /Users/admin/builder/spi-builder-workspace/.derivedData/Build/Products/Debug-xros/PackageFrameworks -F /Users/admin/builder/spi-builder-workspace/.derivedData/Build/Products/Debug-xros -F /Applications/Xcode-27.0.0.app/Contents/Developer/Platforms/XROS.platform/Developer/Library/Frameworks -F /Applications/Xcode-27.0.0.app/Contents/Developer/Platforms/XROS.platform/Developer/SDKs/XROS27.0.sdk/Developer/Library/Frameworks -c -j10 -enable-batch-mode -incremental -Xcc -ivfsstatcache -Xcc /Users/admin/builder/spi-builder-workspace/.derivedData/SDKStatCaches.noindex/xros27.0-24M361-e829b21a6f8c9b70876ba0858053c04489c3c372b822c72ca60ec5271cbc7f3c.sdkstatcache -output-file-map /Users/admin/builder/spi-builder-workspace/.derivedData/Build/Intermediates.noindex/swift-distributed-tracing.build/Debug-xros/Tracing-t.build/Objects-normal/arm64/Tracing-OutputFileMap.json -save-temps -no-color-diagnostics -explicit-module-build -module-cache-path /Users/admin/builder/spi-builder-workspace/.derivedData/Build/Intermediates.noindex/SwiftExplicitPrecompiledModules -clang-scanner-module-cache-path /Users/admin/builder/spi-builder-workspace/.derivedData/ModuleCache.noindex -sdk-module-cache-path /Users/admin/builder/spi-builder-workspace/.derivedData/SDKExplicitPrecompiledModules -emit-dependencies -emit-module -emit-module-path /Users/admin/builder/spi-builder-workspace/.derivedData/Build/Intermediates.noindex/swift-distributed-tracing.build/Debug-xros/Tracing-t.build/Objects-normal/arm64/Tracing.swiftmodule -serialize-diagnostics -dependency-scan-serialize-diagnostics-path /Users/admin/builder/spi-builder-workspace/.derivedData/Build/Intermediates.noindex/swift-distributed-tracing.build/Debug-xros/Tracing-t.build/Objects-normal/arm64/Tracing-dependency-scan.dia -user-module-version 1.5.0 -validate-clang-modules-once -clang-build-session-file /Users/admin/builder/spi-builder-workspace/.derivedData/ModuleCache.noindex/Session.modulevalidation -Xcc -fmodules-prune-interval\=86400 -Xcc -fmodules-prune-after\=345600 -package-name swift_distributed_tracing -emit-const-values -const-gather-protocols-list /Users/admin/builder/spi-builder-workspace/.derivedData/Build/Intermediates.noindex/swift-distributed-tracing.build/Debug-xros/Tracing-t.build/Objects-normal/arm64/Tracing_const_extract_protocols.json -Xcc -I/Users/admin/builder/spi-builder-workspace/.derivedData/Build/Products/Debug-xros/include -Xcc -I/Users/admin/builder/spi-builder-workspace/.derivedData/Build/Intermediates.noindex/swift-distributed-tracing.build/Debug-xros/Tracing-t.build/DerivedSources-normal/arm64 -Xcc -I/Users/admin/builder/spi-builder-workspace/.derivedData/Build/Intermediates.noindex/swift-distributed-tracing.build/Debug-xros/Tracing-t.build/DerivedSources/arm64 -Xcc -I/Users/admin/builder/spi-builder-workspace/.derivedData/Build/Intermediates.noindex/swift-distributed-tracing.build/Debug-xros/Tracing-t.build/DerivedSources -Xcc -DSWIFT_PACKAGE -Xcc -DDEBUG\=1 -emit-objc-header -emit-objc-header-path /Users/admin/builder/spi-builder-workspace/.derivedData/Build/Intermediates.noindex/swift-distributed-tracing.build/Debug-xros/Tracing-t.build/Objects-normal/arm64/Tracing-Swift.h -working-directory /Users/admin/builder/spi-builder-workspace/.swiftpm/xcode -experimental-emit-module-separately -disable-cmo
SwiftDriver DequeModule normal arm64 com.apple.xcode.tools.swift.compiler (in target 'DequeModule' from project 'swift-collections')
    cd /Users/admin/builder/spi-builder-workspace/.swiftpm/xcode
    builtin-SwiftDriver -- /Applications/Xcode-27.0.0.app/Contents/Developer/Toolchains/XcodeDefault.xctoolchain/usr/bin/swiftc -parse-as-library -module-name DequeModule -Onone @/Users/admin/builder/spi-builder-workspace/.derivedData/Build/Intermediates.noindex/swift-collections.build/Debug-xros/DequeModule-t.build/Objects-normal/arm64/DequeModule.SwiftFileList -DSWIFT_PACKAGE -DDEBUG -DSWIFT_MODULE_RESOURCE_BUNDLE_UNAVAILABLE -DCOLLECTIONS_RANDOMIZED_TESTING -DXcode -enable-experimental-feature AvailabilityMacro\=SwiftStdlib\ 5.0:\ macOS\ 10.14.4,\ iOS\ 12.2,\ watchOS\ 5.2,\ tvOS\ 12.2 -enable-experimental-feature AvailabilityMacro\=SwiftStdlib\ 5.1:\ macOS\ 10.15,\ iOS\ 13.0,\ watchOS\ 6.0,\ tvOS\ 13.0 -enable-experimental-feature AvailabilityMacro\=SwiftStdlib\ 5.6:\ macOS\ 12.3,\ iOS\ 15.4,\ watchOS\ 8.5,\ tvOS\ 15.4 -enable-experimental-feature AvailabilityMacro\=SwiftStdlib\ 5.7:\ macOS\ 13.0,\ iOS\ 16.0,\ watchOS\ 9.0,\ tvOS\ 16.0 -enable-experimental-feature AvailabilityMacro\=SwiftStdlib\ 5.8:\ macOS\ 13.3,\ iOS\ 16.4,\ watchOS\ 9.4,\ tvOS\ 16.4 -enable-experimental-feature AvailabilityMacro\=SwiftStdlib\ 5.9:\ macOS\ 14.0,\ iOS\ 17.0,\ watchOS\ 10.0,\ tvOS\ 17.0 -enable-experimental-feature AvailabilityMacro\=SwiftStdlib\ 5.10:\ macOS\ 14.4,\ iOS\ 17.4,\ watchOS\ 10.4,\ tvOS\ 17.4,\ visionOS\ 1.1 -enable-experimental-feature AvailabilityMacro\=SwiftStdlib\ 6.0:\ macOS\ 15.0,\ iOS\ 18.0,\ watchOS\ 11.0,\ tvOS\ 18.0,\ visionOS\ 2.0 -enable-experimental-feature AvailabilityMacro\=SwiftStdlib\ 6.1:\ macOS\ 15.4,\ iOS\ 18.4,\ watchOS\ 11.4,\ tvOS\ 18.4,\ visionOS\ 2.4 -enable-experimental-feature AvailabilityMacro\=SwiftStdlib\ 6.2:\ macOS\ 26.0,\ iOS\ 26.0,\ watchOS\ 26.0,\ tvOS\ 26.0,\ visionOS\ 26.0 -enable-experimental-feature AvailabilityMacro\=SwiftStdlib\ 6.3:\ macOS\ 26.4,\ iOS\ 26.4,\ watchOS\ 26.4,\ tvOS\ 26.4,\ visionOS\ 26.4 -enable-experimental-feature AvailabilityMacro\=SwiftStdlib\ 6.4:\ macOS\ 27.0,\ iOS\ 27.0,\ watchOS\ 27.0,\ tvOS\ 27.0,\ visionOS\ 27.0 -enable-experimental-feature AvailabilityMacro\=SwiftStdlib\ 6.5:\ macOS\ 9999,\ iOS\ 9999,\ watchOS\ 9999,\ tvOS\ 9999,\ visionOS\ 9999 -strict-memory-safety -enable-upcoming-feature MemberImportVisibility -enable-experimental-feature BuiltinModule -enable-experimental-feature Lifetimes -enable-experimental-feature InoutLifetimeDependence -enable-experimental-feature AddressableParameters -enable-experimental-feature AddressableTypes -enable-experimental-feature SuppressedAssociatedTypesWithDefaults -enable-experimental-feature BorrowingSequence -plugin-path /Applications/Xcode-27.0.0.app/Contents/Developer/Toolchains/XcodeDefault.xctoolchain/usr/lib/swift/host/plugins/testing -enable-experimental-feature DebugDescriptionMacro -sdk /Applications/Xcode-27.0.0.app/Contents/Developer/Platforms/XROS.platform/Developer/SDKs/XROS27.0.sdk -target arm64-apple-xros1.0 -g -module-cache-path /Users/admin/builder/spi-builder-workspace/.derivedData/ModuleCache.noindex -Xfrontend -serialize-debugging-options -enable-testing -suppress-warnings -index-store-path /Users/admin/builder/spi-builder-workspace/.derivedData/Index.noindex/DataStore -Xcc -D_LIBCPP_HARDENING_MODE\=_LIBCPP_HARDENING_MODE_DEBUG -swift-version 6 -I /Users/admin/builder/spi-builder-workspace/.derivedData/Build/Products/Debug-xros -Isystem /Applications/Xcode-27.0.0.app/Contents/Developer/Platforms/XROS.platform/Developer/usr/lib -F /Users/admin/builder/spi-builder-workspace/.derivedData/Build/Products/Debug-xros/PackageFrameworks -F /Users/admin/builder/spi-builder-workspace/.derivedData/Build/Products/Debug-xros -F /Applications/Xcode-27.0.0.app/Contents/Developer/Platforms/XROS.platform/Developer/Library/Frameworks -F /Applications/Xcode-27.0.0.app/Contents/Developer/Platforms/XROS.platform/Developer/SDKs/XROS27.0.sdk/Developer/Library/Frameworks -c -j10 -enable-batch-mode -incremental -Xcc -ivfsstatcache -Xcc /Users/admin/builder/spi-builder-workspace/.derivedData/SDKStatCaches.noindex/xros27.0-24M361-e829b21a6f8c9b70876ba0858053c04489c3c372b822c72ca60ec5271cbc7f3c.sdkstatcache -output-file-map /Users/admin/builder/spi-builder-workspace/.derivedData/Build/Intermediates.noindex/swift-collections.build/Debug-xros/DequeModule-t.build/Objects-normal/arm64/DequeModule-OutputFileMap.json -save-temps -no-color-diagnostics -explicit-module-build -module-cache-path /Users/admin/builder/spi-builder-workspace/.derivedData/Build/Intermediates.noindex/SwiftExplicitPrecompiledModules -clang-scanner-module-cache-path /Users/admin/builder/spi-builder-workspace/.derivedData/ModuleCache.noindex -sdk-module-cache-path /Users/admin/builder/spi-builder-workspace/.derivedData/SDKExplicitPrecompiledModules -emit-dependencies -emit-module -emit-module-path /Users/admin/builder/spi-builder-workspace/.derivedData/Build/Intermediates.noindex/swift-collections.build/Debug-xros/DequeModule-t.build/Objects-normal/arm64/DequeModule.swiftmodule -serialize-diagnostics -dependency-scan-serialize-diagnostics-path /Users/admin/builder/spi-builder-workspace/.derivedData/Build/Intermediates.noindex/swift-collections.build/Debug-xros/DequeModule-t.build/Objects-normal/arm64/DequeModule-dependency-scan.dia -user-module-version 1.7.2 -validate-clang-modules-once -clang-build-session-file /Users/admin/builder/spi-builder-workspace/.derivedData/ModuleCache.noindex/Session.modulevalidation -Xcc -fmodules-prune-interval\=86400 -Xcc -fmodules-prune-after\=345600 -package-name swift_collections -emit-const-values -const-gather-protocols-list /Users/admin/builder/spi-builder-workspace/.derivedData/Build/Intermediates.noindex/swift-collections.build/Debug-xros/DequeModule-t.build/Objects-normal/arm64/DequeModule_const_extract_protocols.json -Xcc -I/Users/admin/builder/spi-builder-workspace/.derivedData/Build/Products/Debug-xros/include -Xcc -I/Users/admin/builder/spi-builder-workspace/.derivedData/Build/Intermediates.noindex/swift-collections.build/Debug-xros/DequeModule-t.build/DerivedSources-normal/arm64 -Xcc -I/Users/admin/builder/spi-builder-workspace/.derivedData/Build/Intermediates.noindex/swift-collections.build/Debug-xros/DequeModule-t.build/DerivedSources/arm64 -Xcc -I/Users/admin/builder/spi-builder-workspace/.derivedData/Build/Intermediates.noindex/swift-collections.build/Debug-xros/DequeModule-t.build/DerivedSources -Xcc -DSWIFT_PACKAGE -Xcc -DDEBUG\=1 -emit-objc-header -emit-objc-header-path /Users/admin/builder/spi-builder-workspace/.derivedData/Build/Intermediates.noindex/swift-collections.build/Debug-xros/DequeModule-t.build/Objects-normal/arm64/DequeModule-Swift.h -working-directory /Users/admin/builder/spi-builder-workspace/.swiftpm/xcode -experimental-emit-module-separately -disable-cmo
Ld /Users/admin/builder/spi-builder-workspace/.derivedData/Build/Products/Debug-xros/CCryptoBoringSSLShims.o normal (in target 'CCryptoBoringSSLShims' from project 'swift-crypto')
    cd /Users/admin/builder/spi-builder-workspace/.dependencies/checkouts/swift-crypto
    /Applications/Xcode-27.0.0.app/Contents/Developer/Toolchains/XcodeDefault.xctoolchain/usr/bin/clang -Xlinker -reproducible -target arm64-apple-xros1.0 -r -isysroot /Applications/Xcode-27.0.0.app/Contents/Developer/Platforms/XROS.platform/Developer/SDKs/XROS27.0.sdk -O0 -w -Xlinker -no_warn_duplicate_libraries -F/Users/admin/builder/spi-builder-workspace/.derivedData/Build/Intermediates.noindex/EagerLinkingTBDs/Debug-xros -F/Users/admin/builder/spi-builder-workspace/.derivedData/Build/Products/Debug-xros/PackageFrameworks -F/Users/admin/builder/spi-builder-workspace/.derivedData/Build/Products/Debug-xros -iframework /Applications/Xcode-27.0.0.app/Contents/Developer/Platforms/XROS.platform/Developer/Library/Frameworks -iframework /Applications/Xcode-27.0.0.app/Contents/Developer/Platforms/XROS.platform/Developer/SDKs/XROS27.0.sdk/Developer/Library/Frameworks -filelist /Users/admin/builder/spi-builder-workspace/.derivedData/Build/Intermediates.noindex/swift-crypto.build/Debug-xros/CCryptoBoringSSLShims-t.build/Objects-normal/arm64/CCryptoBoringSSLShims.LinkFileList -nostdlib -Xlinker -object_path_lto -Xlinker /Users/admin/builder/spi-builder-workspace/.derivedData/Build/Intermediates.noindex/swift-crypto.build/Debug-xros/CCryptoBoringSSLShims-t.build/Objects-normal/arm64/CCryptoBoringSSLShims_lto.o -Xlinker -no_deduplicate -Xlinker -dependency_info -Xlinker /Users/admin/builder/spi-builder-workspace/.derivedData/Build/Intermediates.noindex/swift-crypto.build/Debug-xros/CCryptoBoringSSLShims-t.build/Objects-normal/arm64/CCryptoBoringSSLShims_dependency_info.dat -o /Users/admin/builder/spi-builder-workspace/.derivedData/Build/Products/Debug-xros/CCryptoBoringSSLShims.o
ExtractAppIntentsMetadata (in target 'SpanPreview' from project 'swift-collections')
    cd /Users/admin/builder/spi-builder-workspace/.dependencies/checkouts/swift-collections
    /Applications/Xcode-27.0.0.app/Contents/Developer/Toolchains/XcodeDefault.xctoolchain/usr/bin/appintentsmetadataprocessor --toolchain-dir /var/run/com.apple.security.cryptexd/mnt/com.apple.MobileAsset.MetalToolchain-v27.1.266.1.WtjLm3/Metal.xctoolchain --module-name SpanPreview --sdk-root /Applications/Xcode-27.0.0.app/Contents/Developer/Platforms/XROS.platform/Developer/SDKs/XROS27.0.sdk --xcode-version 27A266a --platform-family xrOS --deployment-target 1.0 --bundle-identifier swift-collections.SpanPreview --output /Users/admin/builder/spi-builder-workspace/.derivedData/Build/Products/Debug-xros/SpanPreview.appintents --target-triple arm64-apple-xros1.0 --binary-file /Users/admin/builder/spi-builder-workspace/.derivedData/Build/Products/Debug-xros/SpanPreview.o --dependency-file /Users/admin/builder/spi-builder-workspace/.derivedData/Build/Intermediates.noindex/swift-collections.build/Debug-xros/SpanPreview-t.build/Objects-normal/arm64/SpanPreview_dependency_info.dat --stringsdata-file /Users/admin/builder/spi-builder-workspace/.derivedData/Build/Intermediates.noindex/swift-collections.build/Debug-xros/SpanPreview-t.build/Objects-normal/arm64/ExtractedAppShortcutsMetadata.stringsdata --source-file-list /Users/admin/builder/spi-builder-workspace/.derivedData/Build/Intermediates.noindex/swift-collections.build/Debug-xros/SpanPreview-t.build/Objects-normal/arm64/SpanPreview.SwiftFileList --metadata-file-list /Users/admin/builder/spi-builder-workspace/.derivedData/Build/Intermediates.noindex/swift-collections.build/Debug-xros/SpanPreview-t.build/SpanPreview.DependencyMetadataFileList --static-metadata-file-list /Users/admin/builder/spi-builder-workspace/.derivedData/Build/Intermediates.noindex/swift-collections.build/Debug-xros/SpanPreview-t.build/SpanPreview.DependencyStaticMetadataFileList --swift-const-vals-list /Users/admin/builder/spi-builder-workspace/.derivedData/Build/Intermediates.noindex/swift-collections.build/Debug-xros/SpanPreview-t.build/Objects-normal/arm64/SpanPreview.SwiftConstValuesFileList --force --compile-time-extraction --deployment-aware-processing --no-app-shortcuts-localization
2026-10-12 00:14:29.904 appintentsmetadataprocessor[4219:13823] Starting appintentsmetadataprocessor export
2026-10-12 00:14:30.000 appintentsmetadataprocessor[4219:13823] Extracted no relevant App Intents symbols, skipping writing output
Ld /Users/admin/builder/spi-builder-workspace/.derivedData/Build/Products/Debug-xros/CryptoBoringWrapper.o normal (in target 'CryptoBoringWrapper' from project 'swift-crypto')
    cd /Users/admin/builder/spi-builder-workspace/.dependencies/checkouts/swift-crypto
    /Applications/Xcode-27.0.0.app/Contents/Developer/Toolchains/XcodeDefault.xctoolchain/usr/bin/clang -Xlinker -reproducible -target arm64-apple-xros1.0 -r -isysroot /Applications/Xcode-27.0.0.app/Contents/Developer/Platforms/XROS.platform/Developer/SDKs/XROS27.0.sdk -O0 -w -Xlinker -no_warn_duplicate_libraries -F/Users/admin/builder/spi-builder-workspace/.derivedData/Build/Intermediates.noindex/EagerLinkingTBDs/Debug-xros -F/Users/admin/builder/spi-builder-workspace/.derivedData/Build/Products/Debug-xros/PackageFrameworks -F/Users/admin/builder/spi-builder-workspace/.derivedData/Build/Products/Debug-xros -iframework /Applications/Xcode-27.0.0.app/Contents/Developer/Platforms/XROS.platform/Developer/Library/Frameworks -iframework /Applications/Xcode-27.0.0.app/Contents/Developer/Platforms/XROS.platform/Developer/SDKs/XROS27.0.sdk/Developer/Library/Frameworks -filelist /Users/admin/builder/spi-builder-workspace/.derivedData/Build/Intermediates.noindex/swift-crypto.build/Debug-xros/CryptoBoringWrapper-t.build/Objects-normal/arm64/CryptoBoringWrapper.LinkFileList -nostdlib -Xlinker -object_path_lto -Xlinker /Users/admin/builder/spi-builder-workspace/.derivedData/Build/Intermediates.noindex/swift-crypto.build/Debug-xros/CryptoBoringWrapper-t.build/Objects-normal/arm64/CryptoBoringWrapper_lto.o -Xlinker -no_deduplicate -Xlinker -dependency_info -Xlinker /Users/admin/builder/spi-builder-workspace/.derivedData/Build/Intermediates.noindex/swift-crypto.build/Debug-xros/CryptoBoringWrapper-t.build/Objects-normal/arm64/CryptoBoringWrapper_dependency_info.dat -fobjc-link-runtime -L/Applications/Xcode-27.0.0.app/Contents/Developer/Toolchains/XcodeDefault.xctoolchain/usr/lib/swift/xros -L/usr/lib/swift -Xlinker -add_ast_path -Xlinker /Users/admin/builder/spi-builder-workspace/.derivedData/Build/Intermediates.noindex/swift-crypto.build/Debug-xros/CryptoBoringWrapper-t.build/Objects-normal/arm64/CryptoBoringWrapper.swiftmodule -o /Users/admin/builder/spi-builder-workspace/.derivedData/Build/Products/Debug-xros/CryptoBoringWrapper.o
ExtractAppIntentsMetadata (in target 'CryptoBoringWrapper' from project 'swift-crypto')
    cd /Users/admin/builder/spi-builder-workspace/.dependencies/checkouts/swift-crypto
    /Applications/Xcode-27.0.0.app/Contents/Developer/Toolchains/XcodeDefault.xctoolchain/usr/bin/appintentsmetadataprocessor --toolchain-dir /var/run/com.apple.security.cryptexd/mnt/com.apple.MobileAsset.MetalToolchain-v27.1.266.1.WtjLm3/Metal.xctoolchain --module-name CryptoBoringWrapper --sdk-root /Applications/Xcode-27.0.0.app/Contents/Developer/Platforms/XROS.platform/Developer/SDKs/XROS27.0.sdk --xcode-version 27A266a --platform-family xrOS --deployment-target 1.0 --bundle-identifier swift-crypto.CryptoBoringWrapper --output /Users/admin/builder/spi-builder-workspace/.derivedData/Build/Products/Debug-xros/CryptoBoringWrapper.appintents --target-triple arm64-apple-xros1.0 --binary-file /Users/admin/builder/spi-builder-workspace/.derivedData/Build/Products/Debug-xros/CryptoBoringWrapper.o --dependency-file /Users/admin/builder/spi-builder-workspace/.derivedData/Build/Intermediates.noindex/swift-crypto.build/Debug-xros/CryptoBoringWrapper-t.build/Objects-normal/arm64/CryptoBoringWrapper_dependency_info.dat --stringsdata-file /Users/admin/builder/spi-builder-workspace/.derivedData/Build/Intermediates.noindex/swift-crypto.build/Debug-xros/CryptoBoringWrapper-t.build/Objects-normal/arm64/ExtractedAppShortcutsMetadata.stringsdata --source-file-list /Users/admin/builder/spi-builder-workspace/.derivedData/Build/Intermediates.noindex/swift-crypto.build/Debug-xros/CryptoBoringWrapper-t.build/Objects-normal/arm64/CryptoBoringWrapper.SwiftFileList --metadata-file-list /Users/admin/builder/spi-builder-workspace/.derivedData/Build/Intermediates.noindex/swift-crypto.build/Debug-xros/CryptoBoringWrapper-t.build/CryptoBoringWrapper.DependencyMetadataFileList --static-metadata-file-list /Users/admin/builder/spi-builder-workspace/.derivedData/Build/Intermediates.noindex/swift-crypto.build/Debug-xros/CryptoBoringWrapper-t.build/CryptoBoringWrapper.DependencyStaticMetadataFileList --swift-const-vals-list /Users/admin/builder/spi-builder-workspace/.derivedData/Build/Intermediates.noindex/swift-crypto.build/Debug-xros/CryptoBoringWrapper-t.build/Objects-normal/arm64/CryptoBoringWrapper.SwiftConstValuesFileList --force --compile-time-extraction --deployment-aware-processing --no-app-shortcuts-localization
2026-10-12 00:14:30.080 appintentsmetadataprocessor[4258:13915] Starting appintentsmetadataprocessor export
2026-10-12 00:14:30.169 appintentsmetadataprocessor[4258:13915] Extracted no relevant App Intents symbols, skipping writing output
SwiftDriver\ Compilation Instrumentation normal arm64 com.apple.xcode.tools.swift.compiler (in target 'Instrumentation' from project 'swift-distributed-tracing')
    cd /Users/admin/builder/spi-builder-workspace/.swiftpm/xcode
    builtin-Swift-Compilation -- /Applications/Xcode-27.0.0.app/Contents/Developer/Toolchains/XcodeDefault.xctoolchain/usr/bin/swiftc -parse-as-library -module-name Instrumentation -Onone @/Users/admin/builder/spi-builder-workspace/.derivedData/Build/Intermediates.noindex/swift-distributed-tracing.build/Debug-xros/Instrumentation-t.build/Objects-normal/arm64/Instrumentation.SwiftFileList -DSWIFT_PACKAGE -DDEBUG -DSWIFT_MODULE_RESOURCE_BUNDLE_UNAVAILABLE -DXcode -enable-experimental-feature StrictConcurrency\=complete -plugin-path /Applications/Xcode-27.0.0.app/Contents/Developer/Toolchains/XcodeDefault.xctoolchain/usr/lib/swift/host/plugins/testing -enable-experimental-feature DebugDescriptionMacro -sdk /Applications/Xcode-27.0.0.app/Contents/Developer/Platforms/XROS.platform/Developer/SDKs/XROS27.0.sdk -target arm64-apple-xros1.0 -g -module-cache-path /Users/admin/builder/spi-builder-workspace/.derivedData/ModuleCache.noindex -Xfrontend -serialize-debugging-options -enable-testing -suppress-warnings -index-store-path /Users/admin/builder/spi-builder-workspace/.derivedData/Index.noindex/DataStore -Xcc -D_LIBCPP_HARDENING_MODE\=_LIBCPP_HARDENING_MODE_DEBUG -swift-version 6 -I /Users/admin/builder/spi-builder-workspace/.derivedData/Build/Products/Debug-xros -Isystem /Applications/Xcode-27.0.0.app/Contents/Developer/Platforms/XROS.platform/Developer/usr/lib -F /Users/admin/builder/spi-builder-workspace/.derivedData/Build/Products/Debug-xros/PackageFrameworks -F /Users/admin/builder/spi-builder-workspace/.derivedData/Build/Products/Debug-xros -F /Applications/Xcode-27.0.0.app/Contents/Developer/Platforms/XROS.platform/Developer/Library/Frameworks -F /Applications/Xcode-27.0.0.app/Contents/Developer/Platforms/XROS.platform/Developer/SDKs/XROS27.0.sdk/Developer/Library/Frameworks -c -j10 -enable-batch-mode -incremental -Xcc -ivfsstatcache -Xcc /Users/admin/builder/spi-builder-workspace/.derivedData/SDKStatCaches.noindex/xros27.0-24M361-e829b21a6f8c9b70876ba0858053c04489c3c372b822c72ca60ec5271cbc7f3c.sdkstatcache -output-file-map /Users/admin/builder/spi-builder-workspace/.derivedData/Build/Intermediates.noindex/swift-distributed-tracing.build/Debug-xros/Instrumentation-t.build/Objects-normal/arm64/Instrumentation-OutputFileMap.json -save-temps -no-color-diagnostics -explicit-module-build -module-cache-path /Users/admin/builder/spi-builder-workspace/.derivedData/Build/Intermediates.noindex/SwiftExplicitPrecompiledModules -clang-scanner-module-cache-path /Users/admin/builder/spi-builder-workspace/.derivedData/ModuleCache.noindex -sdk-module-cache-path /Users/admin/builder/spi-builder-workspace/.derivedData/SDKExplicitPrecompiledModules -emit-dependencies -emit-module -emit-module-path /Users/admin/builder/spi-builder-workspace/.derivedData/Build/Intermediates.noindex/swift-distributed-tracing.build/Debug-xros/Instrumentation-t.build/Objects-normal/arm64/Instrumentation.swiftmodule -serialize-diagnostics -dependency-scan-serialize-diagnostics-path /Users/admin/builder/spi-builder-workspace/.derivedData/Build/Intermediates.noindex/swift-distributed-tracing.build/Debug-xros/Instrumentation-t.build/Objects-normal/arm64/Instrumentation-dependency-scan.dia -user-module-version 1.5.0 -validate-clang-modules-once -clang-build-session-file /Users/admin/builder/spi-builder-workspace/.derivedData/ModuleCache.noindex/Session.modulevalidation -Xcc -fmodules-prune-interval\=86400 -Xcc -fmodules-prune-after\=345600 -package-name swift_distributed_tracing -emit-const-values -const-gather-protocols-list /Users/admin/builder/spi-builder-workspace/.derivedData/Build/Intermediates.noindex/swift-distributed-tracing.build/Debug-xros/Instrumentation-t.build/Objects-normal/arm64/Instrumentation_const_extract_protocols.json -Xcc -I/Users/admin/builder/spi-builder-workspace/.derivedData/Build/Products/Debug-xros/include -Xcc -I/Users/admin/builder/spi-builder-workspace/.derivedData/Build/Intermediates.noindex/swift-distributed-tracing.build/Debug-xros/Instrumentation-t.build/DerivedSources-normal/arm64 -Xcc -I/Users/admin/builder/spi-builder-workspace/.derivedData/Build/Intermediates.noindex/swift-distributed-tracing.build/Debug-xros/Instrumentation-t.build/DerivedSources/arm64 -Xcc -I/Users/admin/builder/spi-builder-workspace/.derivedData/Build/Intermediates.noindex/swift-distributed-tracing.build/Debug-xros/Instrumentation-t.build/DerivedSources -Xcc -DSWIFT_PACKAGE -Xcc -DDEBUG\=1 -emit-objc-header -emit-objc-header-path /Users/admin/builder/spi-builder-workspace/.derivedData/Build/Intermediates.noindex/swift-distributed-tracing.build/Debug-xros/Instrumentation-t.build/Objects-normal/arm64/Instrumentation-Swift.h -working-directory /Users/admin/builder/spi-builder-workspace/.swiftpm/xcode -experimental-emit-module-separately -disable-cmo
Ld /Users/admin/builder/spi-builder-workspace/.derivedData/Build/Products/Debug-xros/Instrumentation.o normal (in target 'Instrumentation' from project 'swift-distributed-tracing')
    cd /Users/admin/builder/spi-builder-workspace/.dependencies/checkouts/swift-distributed-tracing
    /Applications/Xcode-27.0.0.app/Contents/Developer/Toolchains/XcodeDefault.xctoolchain/usr/bin/clang -Xlinker -reproducible -target arm64-apple-xros1.0 -r -isysroot /Applications/Xcode-27.0.0.app/Contents/Developer/Platforms/XROS.platform/Developer/SDKs/XROS27.0.sdk -O0 -w -Xlinker -no_warn_duplicate_libraries -F/Users/admin/builder/spi-builder-workspace/.derivedData/Build/Intermediates.noindex/EagerLinkingTBDs/Debug-xros -F/Users/admin/builder/spi-builder-workspace/.derivedData/Build/Products/Debug-xros/PackageFrameworks -F/Users/admin/builder/spi-builder-workspace/.derivedData/Build/Products/Debug-xros -iframework /Applications/Xcode-27.0.0.app/Contents/Developer/Platforms/XROS.platform/Developer/Library/Frameworks -iframework /Applications/Xcode-27.0.0.app/Contents/Developer/Platforms/XROS.platform/Developer/SDKs/XROS27.0.sdk/Developer/Library/Frameworks -filelist /Users/admin/builder/spi-builder-workspace/.derivedData/Build/Intermediates.noindex/swift-distributed-tracing.build/Debug-xros/Instrumentation-t.build/Objects-normal/arm64/Instrumentation.LinkFileList -nostdlib -Xlinker -object_path_lto -Xlinker /Users/admin/builder/spi-builder-workspace/.derivedData/Build/Intermediates.noindex/swift-distributed-tracing.build/Debug-xros/Instrumentation-t.build/Objects-normal/arm64/Instrumentation_lto.o -Xlinker -no_deduplicate -Xlinker -dependency_info -Xlinker /Users/admin/builder/spi-builder-workspace/.derivedData/Build/Intermediates.noindex/swift-distributed-tracing.build/Debug-xros/Instrumentation-t.build/Objects-normal/arm64/Instrumentation_dependency_info.dat -fobjc-link-runtime -L/Applications/Xcode-27.0.0.app/Contents/Developer/Toolchains/XcodeDefault.xctoolchain/usr/lib/swift/xros -L/usr/lib/swift -Xlinker -add_ast_path -Xlinker /Users/admin/builder/spi-builder-workspace/.derivedData/Build/Intermediates.noindex/swift-distributed-tracing.build/Debug-xros/Instrumentation-t.build/Objects-normal/arm64/Instrumentation.swiftmodule -o /Users/admin/builder/spi-builder-workspace/.derivedData/Build/Products/Debug-xros/Instrumentation.o
ExtractAppIntentsMetadata (in target 'Instrumentation' from project 'swift-distributed-tracing')
    cd /Users/admin/builder/spi-builder-workspace/.dependencies/checkouts/swift-distributed-tracing
    /Applications/Xcode-27.0.0.app/Contents/Developer/Toolchains/XcodeDefault.xctoolchain/usr/bin/appintentsmetadataprocessor --toolchain-dir /var/run/com.apple.security.cryptexd/mnt/com.apple.MobileAsset.MetalToolchain-v27.1.266.1.WtjLm3/Metal.xctoolchain --module-name Instrumentation --sdk-root /Applications/Xcode-27.0.0.app/Contents/Developer/Platforms/XROS.platform/Developer/SDKs/XROS27.0.sdk --xcode-version 27A266a --platform-family xrOS --deployment-target 1.0 --bundle-identifier swift-distributed-tracing.Instrumentation --output /Users/admin/builder/spi-builder-workspace/.derivedData/Build/Products/Debug-xros/Instrumentation.appintents --target-triple arm64-apple-xros1.0 --binary-file /Users/admin/builder/spi-builder-workspace/.derivedData/Build/Products/Debug-xros/Instrumentation.o --dependency-file /Users/admin/builder/spi-builder-workspace/.derivedData/Build/Intermediates.noindex/swift-distributed-tracing.build/Debug-xros/Instrumentation-t.build/Objects-normal/arm64/Instrumentation_dependency_info.dat --stringsdata-file /Users/admin/builder/spi-builder-workspace/.derivedData/Build/Intermediates.noindex/swift-distributed-tracing.build/Debug-xros/Instrumentation-t.build/Objects-normal/arm64/ExtractedAppShortcutsMetadata.stringsdata --source-file-list /Users/admin/builder/spi-builder-workspace/.derivedData/Build/Intermediates.noindex/swift-distributed-tracing.build/Debug-xros/Instrumentation-t.build/Objects-normal/arm64/Instrumentation.SwiftFileList --metadata-file-list /Users/admin/builder/spi-builder-workspace/.derivedData/Build/Intermediates.noindex/swift-distributed-tracing.build/Debug-xros/Instrumentation-t.build/Instrumentation.DependencyMetadataFileList --static-metadata-file-list /Users/admin/builder/spi-builder-workspace/.derivedData/Build/Intermediates.noindex/swift-distributed-tracing.build/Debug-xros/Instrumentation-t.build/Instrumentation.DependencyStaticMetadataFileList --swift-const-vals-list /Users/admin/builder/spi-builder-workspace/.derivedData/Build/Intermediates.noindex/swift-distributed-tracing.build/Debug-xros/Instrumentation-t.build/Objects-normal/arm64/Instrumentation.SwiftConstValuesFileList --force --compile-time-extraction --deployment-aware-processing --no-app-shortcuts-localization
2026-10-12 00:14:30.265 appintentsmetadataprocessor[4267:13975] Starting appintentsmetadataprocessor export
2026-10-12 00:14:30.342 appintentsmetadataprocessor[4267:13975] Extracted no relevant App Intents symbols, skipping writing output
SwiftCompile normal arm64 Compiling\ AdjacentPairs.swift,\ Chain.swift,\ Chunked.swift /Users/admin/builder/spi-builder-workspace/.dependencies/checkouts/swift-algorithms/Sources/Algorithms/AdjacentPairs.swift /Users/admin/builder/spi-builder-workspace/.dependencies/checkouts/swift-algorithms/Sources/Algorithms/Chain.swift /Users/admin/builder/spi-builder-workspace/.dependencies/checkouts/swift-algorithms/Sources/Algorithms/Chunked.swift (in target 'Algorithms' from project 'swift-algorithms')
SwiftCompile normal arm64 /Users/admin/builder/spi-builder-workspace/.dependencies/checkouts/swift-algorithms/Sources/Algorithms/AdjacentPairs.swift (in target 'Algorithms' from project 'swift-algorithms')
    cd /Users/admin/builder/spi-builder-workspace/.swiftpm/xcode
    builtin-SwiftPerFileCompile AdjacentPairs.swift
SwiftCompile normal arm64 /Users/admin/builder/spi-builder-workspace/.dependencies/checkouts/swift-algorithms/Sources/Algorithms/Chain.swift (in target 'Algorithms' from project 'swift-algorithms')
    cd /Users/admin/builder/spi-builder-workspace/.swiftpm/xcode
    builtin-SwiftPerFileCompile Chain.swift
SwiftCompile normal arm64 /Users/admin/builder/spi-builder-workspace/.dependencies/checkouts/swift-algorithms/Sources/Algorithms/Chunked.swift (in target 'Algorithms' from project 'swift-algorithms')
    cd /Users/admin/builder/spi-builder-workspace/.swiftpm/xcode
    builtin-SwiftPerFileCompile Chunked.swift
SwiftCompile normal arm64 Compiling\ Combinations.swift,\ Compacted.swift,\ Cycle.swift /Users/admin/builder/spi-builder-workspace/.dependencies/checkouts/swift-algorithms/Sources/Algorithms/Combinations.swift /Users/admin/builder/spi-builder-workspace/.dependencies/checkouts/swift-algorithms/Sources/Algorithms/Compacted.swift /Users/admin/builder/spi-builder-workspace/.dependencies/checkouts/swift-algorithms/Sources/Algorithms/Cycle.swift (in target 'Algorithms' from project 'swift-algorithms')
SwiftCompile normal arm64 /Users/admin/builder/spi-builder-workspace/.dependencies/checkouts/swift-algorithms/Sources/Algorithms/Combinations.swift (in target 'Algorithms' from project 'swift-algorithms')
    cd /Users/admin/builder/spi-builder-workspace/.swiftpm/xcode
    builtin-SwiftPerFileCompile Combinations.swift
SwiftCompile normal arm64 /Users/admin/builder/spi-builder-workspace/.dependencies/checkouts/swift-algorithms/Sources/Algorithms/Compacted.swift (in target 'Algorithms' from project 'swift-algorithms')
    cd /Users/admin/builder/spi-builder-workspace/.swiftpm/xcode
    builtin-SwiftPerFileCompile Compacted.swift
SwiftCompile normal arm64 /Users/admin/builder/spi-builder-workspace/.dependencies/checkouts/swift-algorithms/Sources/Algorithms/Cycle.swift (in target 'Algorithms' from project 'swift-algorithms')
    cd /Users/admin/builder/spi-builder-workspace/.swiftpm/xcode
    builtin-SwiftPerFileCompile Cycle.swift
SwiftEmitModule normal arm64 Emitting\ module\ for\ Algorithms (in target 'Algorithms' from project 'swift-algorithms')
SwiftCompile normal arm64 (in target 'Algorithms' from project 'swift-algorithms')
    cd /Users/admin/builder/spi-builder-workspace/.swiftpm/xcode

SwiftEmitModule normal arm64 Emitting\ module\ for\ Tracing (in target 'Tracing' from project 'swift-distributed-tracing')
SwiftCompile normal arm64 (in target 'Tracing' from project 'swift-distributed-tracing')
    cd /Users/admin/builder/spi-builder-workspace/.swiftpm/xcode

SwiftEmitModule normal arm64 Emitting\ module\ for\ DequeModule (in target 'DequeModule' from project 'swift-collections')
SwiftCompile normal arm64 (in target 'DequeModule' from project 'swift-collections')
    cd /Users/admin/builder/spi-builder-workspace/.swiftpm/xcode

SwiftCompile normal arm64 Compiling\ TracerProtocol.swift /Users/admin/builder/spi-builder-workspace/.dependencies/checkouts/swift-distributed-tracing/Sources/Tracing/TracerProtocol.swift (in target 'Tracing' from project 'swift-distributed-tracing')
SwiftCompile normal arm64 /Users/admin/builder/spi-builder-workspace/.dependencies/checkouts/swift-distributed-tracing/Sources/Tracing/TracerProtocol.swift (in target 'Tracing' from project 'swift-distributed-tracing')
    cd /Users/admin/builder/spi-builder-workspace/.swiftpm/xcode
    builtin-SwiftPerFileCompile TracerProtocol.swift
SwiftEmitModule normal arm64 Emitting\ module\ for\ GoogleWKT (in target 'GoogleWKT' from project 'GoogleWKT')
/Users/admin/builder/spi-builder-workspace/.dependencies/checkouts/swift-google-wkt/Sources/GoogleWKT/DecodeToDefault.swift:106:23: error: 'Int128' is only available in visionOS 2.0 or newer
 87 |
 88 | /// Decode singular fields to their default value.
 89 | extension DecodeToDefault: SingleValueDecodingContainer {
    | `- note: add '@available' attribute to enclosing extension
 90 |   // This is the only interesting case, forward to decodeGeneric() to resolve `Data` vs. other types.
 91 |   func decode<T: Decodable>(_ type: T.Type) throws -> T { return try decodeGeneric(type) }
    :
104 |   func decode(_ type: Int64.Type) throws -> Int64 { return Int64() }
105 |   func decode(_ type: UInt64.Type) throws -> UInt64 { return UInt64() }
106 |   func decode(_ type: Int128.Type) throws -> Int128 { return Int128() }
    |        |              `- error: 'Int128' is only available in visionOS 2.0 or newer
    |        `- note: add '@available' attribute to enclosing instance method
107 |   func decode(_ type: UInt128.Type) throws -> UInt128 { return UInt128() }
108 |   func decode(_ type: Float.Type) throws -> Float { return Float() }
/Users/admin/builder/spi-builder-workspace/.dependencies/checkouts/swift-google-wkt/Sources/GoogleWKT/DecodeToDefault.swift:106:46: error: 'Int128' is only available in visionOS 2.0 or newer
 87 |
 88 | /// Decode singular fields to their default value.
 89 | extension DecodeToDefault: SingleValueDecodingContainer {
    | `- note: add '@available' attribute to enclosing extension
 90 |   // This is the only interesting case, forward to decodeGeneric() to resolve `Data` vs. other types.
 91 |   func decode<T: Decodable>(_ type: T.Type) throws -> T { return try decodeGeneric(type) }
    :
104 |   func decode(_ type: Int64.Type) throws -> Int64 { return Int64() }
105 |   func decode(_ type: UInt64.Type) throws -> UInt64 { return UInt64() }
106 |   func decode(_ type: Int128.Type) throws -> Int128 { return Int128() }
    |        |                                     `- error: 'Int128' is only available in visionOS 2.0 or newer
    |        `- note: add '@available' attribute to enclosing instance method
107 |   func decode(_ type: UInt128.Type) throws -> UInt128 { return UInt128() }
108 |   func decode(_ type: Float.Type) throws -> Float { return Float() }
/Users/admin/builder/spi-builder-workspace/.dependencies/checkouts/swift-google-wkt/Sources/GoogleWKT/DecodeToDefault.swift:107:23: error: 'UInt128' is only available in visionOS 2.0 or newer
 87 |
 88 | /// Decode singular fields to their default value.
 89 | extension DecodeToDefault: SingleValueDecodingContainer {
    | `- note: add '@available' attribute to enclosing extension
 90 |   // This is the only interesting case, forward to decodeGeneric() to resolve `Data` vs. other types.
 91 |   func decode<T: Decodable>(_ type: T.Type) throws -> T { return try decodeGeneric(type) }
    :
105 |   func decode(_ type: UInt64.Type) throws -> UInt64 { return UInt64() }
106 |   func decode(_ type: Int128.Type) throws -> Int128 { return Int128() }
107 |   func decode(_ type: UInt128.Type) throws -> UInt128 { return UInt128() }
    |        |              `- error: 'UInt128' is only available in visionOS 2.0 or newer
    |        `- note: add '@available' attribute to enclosing instance method
108 |   func decode(_ type: Float.Type) throws -> Float { return Float() }
109 |   func decode(_ type: Double.Type) throws -> Double { return Double() }
/Users/admin/builder/spi-builder-workspace/.dependencies/checkouts/swift-google-wkt/Sources/GoogleWKT/DecodeToDefault.swift:107:47: error: 'UInt128' is only available in visionOS 2.0 or newer
 87 |
 88 | /// Decode singular fields to their default value.
 89 | extension DecodeToDefault: SingleValueDecodingContainer {
    | `- note: add '@available' attribute to enclosing extension
 90 |   // This is the only interesting case, forward to decodeGeneric() to resolve `Data` vs. other types.
 91 |   func decode<T: Decodable>(_ type: T.Type) throws -> T { return try decodeGeneric(type) }
    :
105 |   func decode(_ type: UInt64.Type) throws -> UInt64 { return UInt64() }
106 |   func decode(_ type: Int128.Type) throws -> Int128 { return Int128() }
107 |   func decode(_ type: UInt128.Type) throws -> UInt128 { return UInt128() }
    |        |                                      `- error: 'UInt128' is only available in visionOS 2.0 or newer
    |        `- note: add '@available' attribute to enclosing instance method
108 |   func decode(_ type: Float.Type) throws -> Float { return Float() }
109 |   func decode(_ type: Double.Type) throws -> Double { return Double() }
/Users/admin/builder/spi-builder-workspace/.dependencies/checkouts/swift-google-wkt/Sources/GoogleWKT/ProtoJSONDecoder.swift:135:23: error: 'Int128' is only available in visionOS 2.0 or newer
103 | }
104 |
105 | extension InternalSingleValueContainer: SingleValueDecodingContainer {
    | `- note: add '@available' attribute to enclosing extension
106 |   var codingPath: [any CodingKey] { impl.codingPath }
107 |
    :
133 |   func decode(_ type: Int64.Type) throws -> Int64 { try decodeGeneric(type) }
134 |   func decode(_ type: UInt64.Type) throws -> UInt64 { try decodeGeneric(type) }
135 |   func decode(_ type: Int128.Type) throws -> Int128 { try decodeGeneric(type) }
    |        |              `- error: 'Int128' is only available in visionOS 2.0 or newer
    |        `- note: add '@available' attribute to enclosing instance method
136 |   func decode(_ type: UInt128.Type) throws -> UInt128 { try decodeGeneric(type) }
137 |   func decode(_ type: Float.Type) throws -> Float { try decodeGeneric(type) }
/Users/admin/builder/spi-builder-workspace/.dependencies/checkouts/swift-google-wkt/Sources/GoogleWKT/ProtoJSONDecoder.swift:135:46: error: 'Int128' is only available in visionOS 2.0 or newer
103 | }
104 |
105 | extension InternalSingleValueContainer: SingleValueDecodingContainer {
    | `- note: add '@available' attribute to enclosing extension
106 |   var codingPath: [any CodingKey] { impl.codingPath }
107 |
    :
133 |   func decode(_ type: Int64.Type) throws -> Int64 { try decodeGeneric(type) }
134 |   func decode(_ type: UInt64.Type) throws -> UInt64 { try decodeGeneric(type) }
135 |   func decode(_ type: Int128.Type) throws -> Int128 { try decodeGeneric(type) }
    |        |                                     `- error: 'Int128' is only available in visionOS 2.0 or newer
    |        `- note: add '@available' attribute to enclosing instance method
136 |   func decode(_ type: UInt128.Type) throws -> UInt128 { try decodeGeneric(type) }
137 |   func decode(_ type: Float.Type) throws -> Float { try decodeGeneric(type) }
/Users/admin/builder/spi-builder-workspace/.dependencies/checkouts/swift-google-wkt/Sources/GoogleWKT/ProtoJSONDecoder.swift:136:23: error: 'UInt128' is only available in visionOS 2.0 or newer
103 | }
104 |
105 | extension InternalSingleValueContainer: SingleValueDecodingContainer {
    | `- note: add '@available' attribute to enclosing extension
106 |   var codingPath: [any CodingKey] { impl.codingPath }
107 |
    :
134 |   func decode(_ type: UInt64.Type) throws -> UInt64 { try decodeGeneric(type) }
135 |   func decode(_ type: Int128.Type) throws -> Int128 { try decodeGeneric(type) }
136 |   func decode(_ type: UInt128.Type) throws -> UInt128 { try decodeGeneric(type) }
    |        |              `- error: 'UInt128' is only available in visionOS 2.0 or newer
    |        `- note: add '@available' attribute to enclosing instance method
137 |   func decode(_ type: Float.Type) throws -> Float { try decodeGeneric(type) }
138 |   func decode(_ type: Double.Type) throws -> Double { try decodeGeneric(type) }
/Users/admin/builder/spi-builder-workspace/.dependencies/checkouts/swift-google-wkt/Sources/GoogleWKT/ProtoJSONDecoder.swift:136:47: error: 'UInt128' is only available in visionOS 2.0 or newer
103 | }
104 |
105 | extension InternalSingleValueContainer: SingleValueDecodingContainer {
    | `- note: add '@available' attribute to enclosing extension
106 |   var codingPath: [any CodingKey] { impl.codingPath }
107 |
    :
134 |   func decode(_ type: UInt64.Type) throws -> UInt64 { try decodeGeneric(type) }
135 |   func decode(_ type: Int128.Type) throws -> Int128 { try decodeGeneric(type) }
136 |   func decode(_ type: UInt128.Type) throws -> UInt128 { try decodeGeneric(type) }
    |        |                                      `- error: 'UInt128' is only available in visionOS 2.0 or newer
    |        `- note: add '@available' attribute to enclosing instance method
137 |   func decode(_ type: Float.Type) throws -> Float { try decodeGeneric(type) }
138 |   func decode(_ type: Double.Type) throws -> Double { try decodeGeneric(type) }
Failed frontend command:
/Applications/Xcode-27.0.0.app/Contents/Developer/Toolchains/XcodeDefault.xctoolchain/usr/bin/swift-frontend -frontend -emit-module -experimental-skip-non-inlinable-function-bodies-without-types /Users/admin/builder/spi-builder-workspace/.dependencies/checkouts/swift-google-wkt/Sources/GoogleWKT/AnyPackable.swift /Users/admin/builder/spi-builder-workspace/.dependencies/checkouts/swift-google-wkt/Sources/GoogleWKT/DecodeToDefault.swift /Users/admin/builder/spi-builder-workspace/.dependencies/checkouts/swift-google-wkt/Sources/GoogleWKT/DiscoveryBase64.swift /Users/admin/builder/spi-builder-workspace/.dependencies/checkouts/swift-google-wkt/Sources/GoogleWKT/ProtoJSONDecoder.swift /Users/admin/builder/spi-builder-workspace/.dependencies/checkouts/swift-google-wkt/Sources/GoogleWKT/ProtoJSONEncoder.swift /Users/admin/builder/spi-builder-workspace/.dependencies/checkouts/swift-google-wkt/Sources/GoogleWKT/UnknownFields.swift /Users/admin/builder/spi-builder-workspace/.dependencies/checkouts/swift-google-wkt/Sources/GoogleWKT/WKTAny.swift /Users/admin/builder/spi-builder-workspace/.dependencies/checkouts/swift-google-wkt/Sources/GoogleWKT/WKTAnyError.swift /Users/admin/builder/spi-builder-workspace/.dependencies/checkouts/swift-google-wkt/Sources/GoogleWKT/WKTBoolValue.swift /Users/admin/builder/spi-builder-workspace/.dependencies/checkouts/swift-google-wkt/Sources/GoogleWKT/WKTBytesValue.swift /Users/admin/builder/spi-builder-workspace/.dependencies/checkouts/swift-google-wkt/Sources/GoogleWKT/WKTDoubleValue.swift /Users/admin/builder/spi-builder-workspace/.dependencies/checkouts/swift-google-wkt/Sources/GoogleWKT/WKTDuration.swift /Users/admin/builder/spi-builder-workspace/.dependencies/checkouts/swift-google-wkt/Sources/GoogleWKT/WKTEmpty.swift /Users/admin/builder/spi-builder-workspace/.dependencies/checkouts/swift-google-wkt/Sources/GoogleWKT/WKTFieldMask.swift /Users/admin/builder/spi-builder-workspace/.dependencies/checkouts/swift-google-wkt/Sources/GoogleWKT/WKTFloatValue.swift /Users/admin/builder/spi-builder-workspace/.dependencies/checkouts/swift-google-wkt/Sources/GoogleWKT/WKTInt32Value.swift /Users/admin/builder/spi-builder-workspace/.dependencies/checkouts/swift-google-wkt/Sources/GoogleWKT/WKTInt64Value.swift /Users/admin/builder/spi-builder-workspace/.dependencies/checkouts/swift-google-wkt/Sources/GoogleWKT/WKTRecursive.swift /Users/admin/builder/spi-builder-workspace/.dependencies/checkouts/swift-google-wkt/Sources/GoogleWKT/WKTStringValue.swift /Users/admin/builder/spi-builder-workspace/.dependencies/checkouts/swift-google-wkt/Sources/GoogleWKT/WKTTimestamp.swift /Users/admin/builder/spi-builder-workspace/.dependencies/checkouts/swift-google-wkt/Sources/GoogleWKT/WKTUInt32Value.swift /Users/admin/builder/spi-builder-workspace/.dependencies/checkouts/swift-google-wkt/Sources/GoogleWKT/WKTUInt64Value.swift /Users/admin/builder/spi-builder-workspace/.dependencies/checkouts/swift-google-wkt/Sources/GoogleWKT/WKTValue.swift /Users/admin/builder/spi-builder-workspace/.dependencies/checkouts/swift-google-wkt/Sources/GoogleWKT/generated/messages/WKTApi.swift /Users/admin/builder/spi-builder-workspace/.dependencies/checkouts/swift-google-wkt/Sources/GoogleWKT/generated/messages/WKTEnum.swift /Users/admin/builder/spi-builder-workspace/.dependencies/checkouts/swift-google-wkt/Sources/GoogleWKT/generated/messages/WKTEnumValue.swift /Users/admin/builder/spi-builder-workspace/.dependencies/checkouts/swift-google-wkt/Sources/GoogleWKT/generated/messages/WKTField.swift /Users/admin/builder/spi-builder-workspace/.dependencies/checkouts/swift-google-wkt/Sources/GoogleWKT/generated/messages/WKTMethod.swift /Users/admin/builder/spi-builder-workspace/.dependencies/checkouts/swift-google-wkt/Sources/GoogleWKT/generated/messages/WKTMixin.swift /Users/admin/builder/spi-builder-workspace/.dependencies/checkouts/swift-google-wkt/Sources/GoogleWKT/generated/messages/WKTOption.swift /Users/admin/builder/spi-builder-workspace/.dependencies/checkouts/swift-google-wkt/Sources/GoogleWKT/generated/messages/WKTSourceContext.swift /Users/admin/builder/spi-builder-workspace/.dependencies/checkouts/swift-google-wkt/Sources/GoogleWKT/generated/messages/WKTSyntax.swift /Users/admin/builder/spi-builder-workspace/.dependencies/checkouts/swift-google-wkt/Sources/GoogleWKT/generated/messages/WKTType.swift /Users/admin/builder/spi-builder-workspace/.dependencies/checkouts/swift-google-wkt/Sources/GoogleWKT/generated/version/PackageVersion.swift -target arm64-apple-xros1.0 -disable-cross-import-overlay-search -load-resolved-plugin /Applications/Xcode-27.0.0.app/Contents/Developer/Platforms/XROS.platform/Developer/usr/lib/swift/host/plugins/libFoundationMacros.dylib\#/Applications/Xcode-27.0.0.app/Contents/Developer/Platforms/XROS.platform/Developer/usr/bin/swift-plugin-server\#FoundationMacros -load-resolved-plugin /Applications/Xcode-27.0.0.app/Contents/Developer/Platforms/XROS.platform/Developer/usr/lib/swift/host/plugins/libObservationMacros.dylib\#/Applications/Xcode-27.0.0.app/Contents/Developer/Platforms/XROS.platform/Developer/usr/bin/swift-plugin-server\#ObservationMacros -load-resolved-plugin /Applications/Xcode-27.0.0.app/Contents/Developer/Platforms/XROS.platform/Developer/usr/lib/swift/host/plugins/libSwiftMacros.dylib\#/Applications/Xcode-27.0.0.app/Contents/Developer/Platforms/XROS.platform/Developer/usr/bin/swift-plugin-server\#SwiftMacros -disable-implicit-swift-modules -Xcc -fno-implicit-modules -Xcc -fno-implicit-module-maps -explicit-swift-module-map-file /Users/admin/builder/spi-builder-workspace/.derivedData/Build/Intermediates.noindex/GoogleWKT.build/Debug-xros/GoogleWKT-t.build/Objects-normal/arm64/GoogleWKT-dependencies-1.json -Xllvm -aarch64-use-tbi -enable-objc-interop -stack-check -sdk /Applications/Xcode-27.0.0.app/Contents/Developer/Platforms/XROS.platform/Developer/SDKs/XROS27.0.sdk -I /Users/admin/builder/spi-builder-workspace/.derivedData/Build/Products/Debug-xros -Isystem /Applications/Xcode-27.0.0.app/Contents/Developer/Platforms/XROS.platform/Developer/usr/lib -F /Users/admin/builder/spi-builder-workspace/.derivedData/Build/Products/Debug-xros/PackageFrameworks -F /Users/admin/builder/spi-builder-workspace/.derivedData/Build/Products/Debug-xros -F /Applications/Xcode-27.0.0.app/Contents/Developer/Platforms/XROS.platform/Developer/Library/Frameworks -F /Applications/Xcode-27.0.0.app/Contents/Developer/Platforms/XROS.platform/Developer/SDKs/XROS27.0.sdk/Developer/Library/Frameworks -module-cache-path /Users/admin/builder/spi-builder-workspace/.derivedData/Build/Intermediates.noindex/SwiftExplicitPrecompiledModules -no-color-diagnostics -Xcc -fno-color-diagnostics -enable-testing -g -debug-info-format\=dwarf -dwarf-version\=4 -suppress-warnings -swift-version 6 -Onone -D SWIFT_PACKAGE -D DEBUG -D SWIFT_MODULE_RESOURCE_BUNDLE_UNAVAILABLE -D Xcode -serialize-debugging-options -enable-upcoming-feature ExistentialAny -enable-upcoming-feature InternalImportsByDefault -enable-upcoming-feature MemberImportVisibility -enable-upcoming-feature NonisolatedNonsendingByDefault -enable-experimental-feature DebugDescriptionMacro -strict-memory-safety -empty-abi-descriptor -user-module-version 0.5.0 -validate-clang-modules-once -clang-build-session-file /Users/admin/builder/spi-builder-workspace/.derivedData/ModuleCache.noindex/Session.modulevalidation -Xcc -working-directory -Xcc /Users/admin/builder/spi-builder-workspace/.swiftpm/xcode -enable-anonymous-context-mangled-names -file-compilation-dir /Users/admin/builder/spi-builder-workspace/.swiftpm/xcode -Xcc -D_LIBCPP_HARDENING_MODE\=_LIBCPP_HARDENING_MODE_DEBUG -Xcc -ivfsstatcache -Xcc /Users/admin/builder/spi-builder-workspace/.derivedData/SDKStatCaches.noindex/xros27.0-24M361-e829b21a6f8c9b70876ba0858053c04489c3c372b822c72ca60ec5271cbc7f3c.sdkstatcache -Xcc -fmodules-prune-interval\=86400 -Xcc -fmodules-prune-after\=345600 -Xcc -I/Users/admin/builder/spi-builder-workspace/.derivedData/Build/Products/Debug-xros/include -Xcc -I/Users/admin/builder/spi-builder-workspace/.derivedData/Build/Intermediates.noindex/GoogleWKT.build/Debug-xros/GoogleWKT-t.build/DerivedSources-normal/arm64 -Xcc -I/Users/admin/builder/spi-builder-workspace/.derivedData/Build/Intermediates.noindex/GoogleWKT.build/Debug-xros/GoogleWKT-t.build/DerivedSources/arm64 -Xcc -I/Users/admin/builder/spi-builder-workspace/.derivedData/Build/Intermediates.noindex/GoogleWKT.build/Debug-xros/GoogleWKT-t.build/DerivedSources -Xcc -DSWIFT_PACKAGE -Xcc -DDEBUG\=1 -no-auto-bridging-header-chaining -module-name GoogleWKT -package-name swift_google_wkt -const-gather-protocols-file /Users/admin/builder/spi-builder-workspace/.derivedData/Build/Intermediates.noindex/GoogleWKT.build/Debug-xros/GoogleWKT-t.build/Objects-normal/arm64/GoogleWKT_const_extract_protocols.json -disable-clang-spi -clang-target arm64-apple-xros27.0 -target-sdk-version 27.0 -target-sdk-name xros27.0 -in-process-plugin-server-path /Applications/Xcode-27.0.0.app/Contents/Developer/Toolchains/XcodeDefault.xctoolchain/usr/lib/swift/host/libSwiftInProcPluginServer.dylib -emit-module-doc-path /Users/admin/builder/spi-builder-workspace/.derivedData/Build/Intermediates.noindex/GoogleWKT.build/Debug-xros/GoogleWKT-t.build/Objects-normal/arm64/GoogleWKT.swiftdoc -emit-module-source-info-path /Users/admin/builder/spi-builder-workspace/.derivedData/Build/Intermediates.noindex/GoogleWKT.build/Debug-xros/GoogleWKT-t.build/Objects-normal/arm64/GoogleWKT.swiftsourceinfo -emit-objc-header-path /Users/admin/builder/spi-builder-workspace/.derivedData/Build/Intermediates.noindex/GoogleWKT.build/Debug-xros/GoogleWKT-t.build/Objects-normal/arm64/GoogleWKT-Swift.h -serialize-diagnostics-path /Users/admin/builder/spi-builder-workspace/.derivedData/Build/Intermediates.noindex/GoogleWKT.build/Debug-xros/GoogleWKT-t.build/Objects-normal/arm64/GoogleWKT-primary-emit-module.dia -emit-dependencies-path /Users/admin/builder/spi-builder-workspace/.derivedData/Build/Intermediates.noindex/GoogleWKT.build/Debug-xros/GoogleWKT-t.build/Objects-normal/arm64/GoogleWKT-primary-emit-module.d -parse-as-library -o /Users/admin/builder/spi-builder-workspace/.derivedData/Build/Intermediates.noindex/GoogleWKT.build/Debug-xros/GoogleWKT-t.build/Objects-normal/arm64/GoogleWKT.swiftmodule -emit-abi-descriptor-path /Users/admin/builder/spi-builder-workspace/.derivedData/Build/Intermediates.noindex/GoogleWKT.build/Debug-xros/GoogleWKT-t.build/Objects-normal/arm64/GoogleWKT.abi.json
SwiftCompile normal arm64 (in target 'GoogleWKT' from project 'GoogleWKT')
    cd /Users/admin/builder/spi-builder-workspace/.swiftpm/xcode

SwiftCompile normal arm64 Compiling\ NoOpTracer.swift /Users/admin/builder/spi-builder-workspace/.dependencies/checkouts/swift-distributed-tracing/Sources/Tracing/NoOpTracer.swift (in target 'Tracing' from project 'swift-distributed-tracing')
SwiftCompile normal arm64 /Users/admin/builder/spi-builder-workspace/.dependencies/checkouts/swift-distributed-tracing/Sources/Tracing/NoOpTracer.swift (in target 'Tracing' from project 'swift-distributed-tracing')
    cd /Users/admin/builder/spi-builder-workspace/.swiftpm/xcode
    builtin-SwiftPerFileCompile NoOpTracer.swift
SwiftEmitModule normal arm64 Emitting\ module\ for\ CryptoExtras (in target 'CryptoExtras' from project 'swift-crypto')
SwiftCompile normal arm64 (in target 'CryptoExtras' from project 'swift-crypto')
    cd /Users/admin/builder/spi-builder-workspace/.swiftpm/xcode

SwiftDriverJobDiscovery normal arm64 Compiling NoOpTracer.swift (in target 'Tracing' from project 'swift-distributed-tracing')
SwiftCompile normal arm64 Compiling\ InstrumentationSystem+Tracing.swift /Users/admin/builder/spi-builder-workspace/.dependencies/checkouts/swift-distributed-tracing/Sources/Tracing/InstrumentationSystem+Tracing.swift (in target 'Tracing' from project 'swift-distributed-tracing')
SwiftCompile normal arm64 /Users/admin/builder/spi-builder-workspace/.dependencies/checkouts/swift-distributed-tracing/Sources/Tracing/InstrumentationSystem+Tracing.swift (in target 'Tracing' from project 'swift-distributed-tracing')
    cd /Users/admin/builder/spi-builder-workspace/.swiftpm/xcode
    builtin-SwiftPerFileCompile InstrumentationSystem+Tracing.swift
SwiftDriverJobDiscovery normal arm64 Emitting module for Tracing (in target 'Tracing' from project 'swift-distributed-tracing')
SwiftDriver\ Compilation\ Requirements Tracing normal arm64 com.apple.xcode.tools.swift.compiler (in target 'Tracing' from project 'swift-distributed-tracing')
    cd /Users/admin/builder/spi-builder-workspace/.swiftpm/xcode
    builtin-Swift-Compilation-Requirements -- /Applications/Xcode-27.0.0.app/Contents/Developer/Toolchains/XcodeDefault.xctoolchain/usr/bin/swiftc -parse-as-library -module-name Tracing -Onone @/Users/admin/builder/spi-builder-workspace/.derivedData/Build/Intermediates.noindex/swift-distributed-tracing.build/Debug-xros/Tracing-t.build/Objects-normal/arm64/Tracing.SwiftFileList -DSWIFT_PACKAGE -DDEBUG -DSWIFT_MODULE_RESOURCE_BUNDLE_UNAVAILABLE -DXcode -enable-experimental-feature StrictConcurrency\=complete -plugin-path /Applications/Xcode-27.0.0.app/Contents/Developer/Toolchains/XcodeDefault.xctoolchain/usr/lib/swift/host/plugins/testing -enable-experimental-feature DebugDescriptionMacro -sdk /Applications/Xcode-27.0.0.app/Contents/Developer/Platforms/XROS.platform/Developer/SDKs/XROS27.0.sdk -target arm64-apple-xros1.0 -g -module-cache-path /Users/admin/builder/spi-builder-workspace/.derivedData/ModuleCache.noindex -Xfrontend -serialize-debugging-options -enable-testing -suppress-warnings -index-store-path /Users/admin/builder/spi-builder-workspace/.derivedData/Index.noindex/DataStore -Xcc -D_LIBCPP_HARDENING_MODE\=_LIBCPP_HARDENING_MODE_DEBUG -swift-version 6 -I /Users/admin/builder/spi-builder-workspace/.derivedData/Build/Products/Debug-xros -Isystem /Applications/Xcode-27.0.0.app/Contents/Developer/Platforms/XROS.platform/Developer/usr/lib -F /Users/admin/builder/spi-builder-workspace/.derivedData/Build/Products/Debug-xros/PackageFrameworks -F /Users/admin/builder/spi-builder-workspace/.derivedData/Build/Products/Debug-xros -F /Applications/Xcode-27.0.0.app/Contents/Developer/Platforms/XROS.platform/Developer/Library/Frameworks -F /Applications/Xcode-27.0.0.app/Contents/Developer/Platforms/XROS.platform/Developer/SDKs/XROS27.0.sdk/Developer/Library/Frameworks -c -j10 -enable-batch-mode -incremental -Xcc -ivfsstatcache -Xcc /Users/admin/builder/spi-builder-workspace/.derivedData/SDKStatCaches.noindex/xros27.0-24M361-e829b21a6f8c9b70876ba0858053c04489c3c372b822c72ca60ec5271cbc7f3c.sdkstatcache -output-file-map /Users/admin/builder/spi-builder-workspace/.derivedData/Build/Intermediates.noindex/swift-distributed-tracing.build/Debug-xros/Tracing-t.build/Objects-normal/arm64/Tracing-OutputFileMap.json -save-temps -no-color-diagnostics -explicit-module-build -module-cache-path /Users/admin/builder/spi-builder-workspace/.derivedData/Build/Intermediates.noindex/SwiftExplicitPrecompiledModules -clang-scanner-module-cache-path /Users/admin/builder/spi-builder-workspace/.derivedData/ModuleCache.noindex -sdk-module-cache-path /Users/admin/builder/spi-builder-workspace/.derivedData/SDKExplicitPrecompiledModules -emit-dependencies -emit-module -emit-module-path /Users/admin/builder/spi-builder-workspace/.derivedData/Build/Intermediates.noindex/swift-distributed-tracing.build/Debug-xros/Tracing-t.build/Objects-normal/arm64/Tracing.swiftmodule -serialize-diagnostics -dependency-scan-serialize-diagnostics-path /Users/admin/builder/spi-builder-workspace/.derivedData/Build/Intermediates.noindex/swift-distributed-tracing.build/Debug-xros/Tracing-t.build/Objects-normal/arm64/Tracing-dependency-scan.dia -user-module-version 1.5.0 -validate-clang-modules-once -clang-build-session-file /Users/admin/builder/spi-builder-workspace/.derivedData/ModuleCache.noindex/Session.modulevalidation -Xcc -fmodules-prune-interval\=86400 -Xcc -fmodules-prune-after\=345600 -package-name swift_distributed_tracing -emit-const-values -const-gather-protocols-list /Users/admin/builder/spi-builder-workspace/.derivedData/Build/Intermediates.noindex/swift-distributed-tracing.build/Debug-xros/Tracing-t.build/Objects-normal/arm64/Tracing_const_extract_protocols.json -Xcc -I/Users/admin/builder/spi-builder-workspace/.derivedData/Build/Products/Debug-xros/include -Xcc -I/Users/admin/builder/spi-builder-workspace/.derivedData/Build/Intermediates.noindex/swift-distributed-tracing.build/Debug-xros/Tracing-t.build/DerivedSources-normal/arm64 -Xcc -I/Users/admin/builder/spi-builder-workspace/.derivedData/Build/Intermediates.noindex/swift-distributed-tracing.build/Debug-xros/Tracing-t.build/DerivedSources/arm64 -Xcc -I/Users/admin/builder/spi-builder-workspace/.derivedData/Build/Intermediates.noindex/swift-distributed-tracing.build/Debug-xros/Tracing-t.build/DerivedSources -Xcc -DSWIFT_PACKAGE -Xcc -DDEBUG\=1 -emit-objc-header -emit-objc-header-path /Users/admin/builder/spi-builder-workspace/.derivedData/Build/Intermediates.noindex/swift-distributed-tracing.build/Debug-xros/Tracing-t.build/Objects-normal/arm64/Tracing-Swift.h -working-directory /Users/admin/builder/spi-builder-workspace/.swiftpm/xcode -experimental-emit-module-separately -disable-cmo
SwiftDriverJobDiscovery normal arm64 Compiling TracerProtocol.swift (in target 'Tracing' from project 'swift-distributed-tracing')
SwiftCompile normal arm64 Compiling\ TracingTime.swift /Users/admin/builder/spi-builder-workspace/.dependencies/checkouts/swift-distributed-tracing/Sources/Tracing/TracingTime.swift (in target 'Tracing' from project 'swift-distributed-tracing')
SwiftCompile normal arm64 /Users/admin/builder/spi-builder-workspace/.dependencies/checkouts/swift-distributed-tracing/Sources/Tracing/TracingTime.swift (in target 'Tracing' from project 'swift-distributed-tracing')
    cd /Users/admin/builder/spi-builder-workspace/.swiftpm/xcode
    builtin-SwiftPerFileCompile TracingTime.swift
SwiftMergeGeneratedHeaders /Users/admin/builder/spi-builder-workspace/.derivedData/Build/Intermediates.noindex/GeneratedModuleMaps-xros/Tracing-Swift.h /Users/admin/builder/spi-builder-workspace/.derivedData/Build/Intermediates.noindex/swift-distributed-tracing.build/Debug-xros/Tracing-t.build/Objects-normal/arm64/Tracing-Swift.h (in target 'Tracing' from project 'swift-distributed-tracing')
    cd /Users/admin/builder/spi-builder-workspace/.dependencies/checkouts/swift-distributed-tracing
    builtin-swiftHeaderTool -arch arm64 /Users/admin/builder/spi-builder-workspace/.derivedData/Build/Intermediates.noindex/swift-distributed-tracing.build/Debug-xros/Tracing-t.build/Objects-normal/arm64/Tracing-Swift.h -o /Users/admin/builder/spi-builder-workspace/.derivedData/Build/Intermediates.noindex/GeneratedModuleMaps-xros/Tracing-Swift.h
SwiftDriverJobDiscovery normal arm64 Compiling InstrumentationSystem+Tracing.swift (in target 'Tracing' from project 'swift-distributed-tracing')
Copy /Users/admin/builder/spi-builder-workspace/.derivedData/Build/Products/Debug-xros/Tracing.swiftmodule/arm64-apple-xros.swiftmodule /Users/admin/builder/spi-builder-workspace/.derivedData/Build/Intermediates.noindex/swift-distributed-tracing.build/Debug-xros/Tracing-t.build/Objects-normal/arm64/Tracing.swiftmodule (in target 'Tracing' from project 'swift-distributed-tracing')
    cd /Users/admin/builder/spi-builder-workspace/.dependencies/checkouts/swift-distributed-tracing
    builtin-copy -exclude .DS_Store -exclude CVS -exclude .svn -exclude .git -exclude .hg -resolve-src-symlinks -rename /Users/admin/builder/spi-builder-workspace/.derivedData/Build/Intermediates.noindex/swift-distributed-tracing.build/Debug-xros/Tracing-t.build/Objects-normal/arm64/Tracing.swiftmodule /Users/admin/builder/spi-builder-workspace/.derivedData/Build/Products/Debug-xros/Tracing.swiftmodule/arm64-apple-xros.swiftmodule
Copy /Users/admin/builder/spi-builder-workspace/.derivedData/Build/Products/Debug-xros/Tracing.swiftmodule/arm64-apple-xros.swiftdoc /Users/admin/builder/spi-builder-workspace/.derivedData/Build/Intermediates.noindex/swift-distributed-tracing.build/Debug-xros/Tracing-t.build/Objects-normal/arm64/Tracing.swiftdoc (in target 'Tracing' from project 'swift-distributed-tracing')
    cd /Users/admin/builder/spi-builder-workspace/.dependencies/checkouts/swift-distributed-tracing
    builtin-copy -exclude .DS_Store -exclude CVS -exclude .svn -exclude .git -exclude .hg -resolve-src-symlinks -rename /Users/admin/builder/spi-builder-workspace/.derivedData/Build/Intermediates.noindex/swift-distributed-tracing.build/Debug-xros/Tracing-t.build/Objects-normal/arm64/Tracing.swiftdoc /Users/admin/builder/spi-builder-workspace/.derivedData/Build/Products/Debug-xros/Tracing.swiftmodule/arm64-apple-xros.swiftdoc
Copy /Users/admin/builder/spi-builder-workspace/.derivedData/Build/Products/Debug-xros/Tracing.swiftmodule/arm64-apple-xros.abi.json /Users/admin/builder/spi-builder-workspace/.derivedData/Build/Intermediates.noindex/swift-distributed-tracing.build/Debug-xros/Tracing-t.build/Objects-normal/arm64/Tracing.abi.json (in target 'Tracing' from project 'swift-distributed-tracing')
    cd /Users/admin/builder/spi-builder-workspace/.dependencies/checkouts/swift-distributed-tracing
    builtin-copy -exclude .DS_Store -exclude CVS -exclude .svn -exclude .git -exclude .hg -resolve-src-symlinks -rename /Users/admin/builder/spi-builder-workspace/.derivedData/Build/Intermediates.noindex/swift-distributed-tracing.build/Debug-xros/Tracing-t.build/Objects-normal/arm64/Tracing.abi.json /Users/admin/builder/spi-builder-workspace/.derivedData/Build/Products/Debug-xros/Tracing.swiftmodule/arm64-apple-xros.abi.json
Copy /Users/admin/builder/spi-builder-workspace/.derivedData/Build/Products/Debug-xros/Tracing.swiftmodule/Project/arm64-apple-xros.swiftsourceinfo /Users/admin/builder/spi-builder-workspace/.derivedData/Build/Intermediates.noindex/swift-distributed-tracing.build/Debug-xros/Tracing-t.build/Objects-normal/arm64/Tracing.swiftsourceinfo (in target 'Tracing' from project 'swift-distributed-tracing')
    cd /Users/admin/builder/spi-builder-workspace/.dependencies/checkouts/swift-distributed-tracing
    builtin-copy -exclude .DS_Store -exclude CVS -exclude .svn -exclude .git -exclude .hg -resolve-src-symlinks -rename /Users/admin/builder/spi-builder-workspace/.derivedData/Build/Intermediates.noindex/swift-distributed-tracing.build/Debug-xros/Tracing-t.build/Objects-normal/arm64/Tracing.swiftsourceinfo /Users/admin/builder/spi-builder-workspace/.derivedData/Build/Products/Debug-xros/Tracing.swiftmodule/Project/arm64-apple-xros.swiftsourceinfo
SwiftCompile normal arm64 Compiling\ WithTracer.swift /Users/admin/builder/spi-builder-workspace/.dependencies/checkouts/swift-distributed-tracing/Sources/Tracing/WithTracer.swift (in target 'Tracing' from project 'swift-distributed-tracing')
SwiftCompile normal arm64 /Users/admin/builder/spi-builder-workspace/.dependencies/checkouts/swift-distributed-tracing/Sources/Tracing/WithTracer.swift (in target 'Tracing' from project 'swift-distributed-tracing')
    cd /Users/admin/builder/spi-builder-workspace/.swiftpm/xcode
    builtin-SwiftPerFileCompile WithTracer.swift
PruneExplicitPrecompiledModules /Users/admin/builder/spi-builder-workspace/.derivedData/SDKExplicitPrecompiledModules
PruneExplicitPrecompiledModules /Users/admin/builder/spi-builder-workspace/.derivedData/Build/Intermediates.noindex/SwiftExplicitPrecompiledModules
PruneExplicitPrecompiledModules /Users/admin/builder/spi-builder-workspace/.derivedData/Build/Intermediates.noindex/ExplicitPrecompiledModules
2026-10-12 00:14:25.465 xcodebuild[4210:13744] [MT] IDERunDestination: Supported platforms for the buildables in the current scheme is empty.
** BUILD FAILED **
The following build commands failed:
	SwiftEmitModule normal arm64 Emitting\ module\ for\ GoogleWKT (in target 'GoogleWKT' from project 'GoogleWKT')
	SwiftCompile normal arm64 (in target 'GoogleWKT' from project 'GoogleWKT')
	Building workspace GoogleCloudVideoTranscoderV1 with scheme GoogleCloudVideoTranscoderV1
(3 failures)
BUILD FAILURE 6.4 visionOS