Build Information
Failed to build ASAPExecution, reference main (192997), with Swift 6.4 for iOS using Xcode 27.0 on 21 Sep 2026 17:27:35 UTC.
Build Command
No build command. This typically means the build failed at an early stage where we determine the build command.Build Log
========================================
RunAll
========================================
Builder version: 5.1.0
Interrupt handler set up.
========================================
Checkout
========================================
Clone URL: https://github.com/Frizlab/ASAPExecution.git
Reference: main
Initialized empty Git repository in /Users/admin/builder/spi-builder-workspace/.git/
From https://github.com/Frizlab/ASAPExecution
* branch main -> FETCH_HEAD
* [new branch] main -> origin/main
HEAD is now at 192997f Add more ASAP run variants (combination of already existing variants)
Cloned https://github.com/Frizlab/ASAPExecution.git
Revision (git rev-parse @):
192997fd3b5b48e1e7216613cd3ba11382e1e2a7
SUCCESS checkout https://github.com/Frizlab/ASAPExecution.git at main
========================================
Build
========================================
Selected platform: iOS
Swift version: 6.4
Building package at path: $PWD
https://github.com/Frizlab/ASAPExecution.git
Command line invocation:
/Applications/Xcode-27.0.0-Release.Candidate.app/Contents/Developer/usr/bin/xcodebuild -IDEClonedSourcePackagesDirPathOverride=/Users/admin/builder/spi-builder-workspace/.dependencies -resolvePackageDependencies
Resolve Package Graph
Fetching from https://github.com/happn-app/RunLoopThread.git
skipping cache due to an error: Failed to clone repository https://github.com/happn-app/RunLoopThread.git:
Cloning into bare repository '/Users/admin/Library/Caches/org.swift.swiftpm/repositories/RunLoopThread-0438a421'...
fatal: could not read Username for 'https://github.com': terminal prompts disabled
Fetching from https://github.com/happn-app/RunLoopThread.git
skipping cache due to an error: Failed to clone repository https://github.com/happn-app/RunLoopThread.git:
Cloning into bare repository '/Users/admin/Library/Caches/org.swift.swiftpm/repositories/RunLoopThread-0438a421'...
fatal: could not read Username for 'https://github.com': terminal prompts disabled
Resolve Package Graph
Fetching from https://github.com/happn-app/RunLoopThread.git
skipping cache due to an error: Failed to clone repository https://github.com/happn-app/RunLoopThread.git:
Cloning into bare repository '/Users/admin/Library/Caches/org.swift.swiftpm/repositories/RunLoopThread-0438a421'...
fatal: could not read Username for 'https://github.com': terminal prompts disabled
Fetching from https://github.com/happn-app/RunLoopThread.git
skipping cache due to an error: Failed to clone repository https://github.com/happn-app/RunLoopThread.git:
Cloning into bare repository '/Users/admin/Library/Caches/org.swift.swiftpm/repositories/RunLoopThread-0438a421'...
fatal: could not read Username for 'https://github.com': terminal prompts disabled
Resolved source packages:
spi-builder-workspace: (null)
2026-09-21 13:27:32.778 xcodebuild[563:3067] Writing error result bundle to /var/folders/xq/y_g06wb113726d38xsyx71_h0000gn/T/ResultBundle_2026-21-09_13-27-0032.xcresult
xcodebuild: error: Could not resolve package dependencies:
Failed to clone repository https://github.com/happn-app/RunLoopThread.git:
Cloning into bare repository '/Users/admin/builder/spi-builder-workspace/.dependencies/repositories/RunLoopThread-0438a421'...
fatal: could not read Username for 'https://github.com': terminal prompts disabled
Command line invocation:
/Applications/Xcode-27.0.0-Release.Candidate.app/Contents/Developer/usr/bin/xcodebuild -IDEClonedSourcePackagesDirPathOverride=/Users/admin/builder/spi-builder-workspace/.dependencies -resolvePackageDependencies
Resolve Package Graph
Fetching from https://github.com/happn-app/RunLoopThread.git
skipping cache due to an error: Failed to clone repository https://github.com/happn-app/RunLoopThread.git:
Cloning into bare repository '/Users/admin/Library/Caches/org.swift.swiftpm/repositories/RunLoopThread-0438a421'...
fatal: could not read Username for 'https://github.com': terminal prompts disabled
Fetching from https://github.com/happn-app/RunLoopThread.git
skipping cache due to an error: Failed to clone repository https://github.com/happn-app/RunLoopThread.git:
Cloning into bare repository '/Users/admin/Library/Caches/org.swift.swiftpm/repositories/RunLoopThread-0438a421'...
fatal: could not read Username for 'https://github.com': terminal prompts disabled
Resolved source packages:
spi-builder-workspace: (null)
2026-09-21 13:27:35.415 xcodebuild[681:3872] Writing error result bundle to /var/folders/xq/y_g06wb113726d38xsyx71_h0000gn/T/ResultBundle_2026-21-09_13-27-0035.xcresult
xcodebuild: error: Could not resolve package dependencies:
Failed to clone repository https://github.com/happn-app/RunLoopThread.git:
Cloning into bare repository '/Users/admin/builder/spi-builder-workspace/.dependencies/repositories/RunLoopThread-0438a421'...
fatal: could not read Username for 'https://github.com': terminal prompts disabled
BUILD FAILURE 6.4 iOS