Build Information
Failed to build SwiftlierCLI, reference 6.0.1 (94d731), with Swift 6.4 for watchOS using Xcode 27.0 on 16 Sep 2026 04:29:34 UTC.
Build Command
env DEVELOPER_DIR=/Applications/Xcode-27.0.0-Release.Candidate.app xcrun xcodebuild -IDEClonedSourcePackagesDirPathOverride=$PWD/.dependencies -skipMacroValidation -skipPackagePluginValidation -derivedDataPath $PWD/.derivedData build -scheme SwiftlierCLI -destination generic/platform=watchOSBuild Log
builtin-copy -exclude .DS_Store -exclude CVS -exclude .svn -exclude .git -exclude .hg -resolve-src-symlinks -rename /Users/admin/builder/spi-builder-workspace/.derivedData/Build/Intermediates.noindex/SwiftDate.build/Debug-watchos/SwiftDate-t.build/Objects-normal/arm64_32/SwiftDate.abi.json /Users/admin/builder/spi-builder-workspace/.derivedData/Build/Products/Debug-watchos/SwiftDate.swiftmodule/arm64_32-apple-watchos.abi.json
Copy /Users/admin/builder/spi-builder-workspace/.derivedData/Build/Products/Debug-watchos/SwiftDate.swiftmodule/Project/arm64_32-apple-watchos.swiftsourceinfo /Users/admin/builder/spi-builder-workspace/.derivedData/Build/Intermediates.noindex/SwiftDate.build/Debug-watchos/SwiftDate-t.build/Objects-normal/arm64_32/SwiftDate.swiftsourceinfo (in target 'SwiftDate' from project 'SwiftDate')
cd /Users/admin/builder/spi-builder-workspace/.dependencies/checkouts/SwiftDate
builtin-copy -exclude .DS_Store -exclude CVS -exclude .svn -exclude .git -exclude .hg -resolve-src-symlinks -rename /Users/admin/builder/spi-builder-workspace/.derivedData/Build/Intermediates.noindex/SwiftDate.build/Debug-watchos/SwiftDate-t.build/Objects-normal/arm64_32/SwiftDate.swiftsourceinfo /Users/admin/builder/spi-builder-workspace/.derivedData/Build/Products/Debug-watchos/SwiftDate.swiftmodule/Project/arm64_32-apple-watchos.swiftsourceinfo
SwiftExplicitDependencyGeneratePcm arm64 /Users/admin/builder/spi-builder-workspace/.derivedData/SDKExplicitPrecompiledModules/_SwiftConcurrencyShims-659N52XSKR5F0QSB880BH2FJR.pcm
SwiftExplicitDependencyGeneratePcm arm64_32 /Users/admin/builder/spi-builder-workspace/.derivedData/SDKExplicitPrecompiledModules/ptrcheck-7ELIH9BTIGVKX3UBITM9N72WD.pcm
SwiftExplicitDependencyGeneratePcm arm64_32 /Users/admin/builder/spi-builder-workspace/.derivedData/SDKExplicitPrecompiledModules/_SwiftConcurrencyShims-6RTBPQ03V7BM9SPRK8SUE055H.pcm
SwiftExplicitDependencyGeneratePcm arm64 /Users/admin/builder/spi-builder-workspace/.derivedData/SDKExplicitPrecompiledModules/_AvailabilityInternal-BUNV3UXM65NT37THI4W1AM0SF.pcm
SwiftExplicitDependencyGeneratePcm arm64_32 /Users/admin/builder/spi-builder-workspace/.derivedData/SDKExplicitPrecompiledModules/_DarwinFoundation1-2GWF9RFMPLQW4PDHS3NARVI3G.pcm
SwiftExplicitDependencyGeneratePcm arm64_32 /Users/admin/builder/spi-builder-workspace/.derivedData/SDKExplicitPrecompiledModules/ptrauth-BFXF358ME5AK535N5A9Z766WU.pcm
SwiftExplicitDependencyGeneratePcm arm64 /Users/admin/builder/spi-builder-workspace/.derivedData/SDKExplicitPrecompiledModules/_Builtin_stddef-1FU30Y8SWFB7OUUHMJQH5J6FM.pcm
SwiftExplicitDependencyGeneratePcm arm64 /Users/admin/builder/spi-builder-workspace/.derivedData/SDKExplicitPrecompiledModules/ptrauth-3TZ9WJCGLYD25HQPWH4968ONX.pcm
SwiftExplicitDependencyGeneratePcm arm64_32 /Users/admin/builder/spi-builder-workspace/.derivedData/SDKExplicitPrecompiledModules/_DarwinFoundation2-9MY8GOSYRO0M9MKNXF6D3MBNK.pcm
SwiftExplicitDependencyGeneratePcm arm64_32 /Users/admin/builder/spi-builder-workspace/.derivedData/SDKExplicitPrecompiledModules/_Builtin_limits-3VKBU2AFTD65PAJZ5CJ3LHFM2.pcm
SwiftExplicitDependencyGeneratePcm arm64_32 /Users/admin/builder/spi-builder-workspace/.derivedData/SDKExplicitPrecompiledModules/_Builtin_stdbool-A967K8W8YUYEC9SN52KJ7OO88.pcm
SwiftExplicitDependencyGeneratePcm arm64 /Users/admin/builder/spi-builder-workspace/.derivedData/SDKExplicitPrecompiledModules/ptrcheck-AIF0NDOYZ8ORBNHQAQR5NNB8M.pcm
SwiftCompile normal arm64_32 Compiling\ TimePeriodChain.swift,\ TimePeriodCollection.swift,\ TimePeriodGroup.swift /Users/admin/builder/spi-builder-workspace/.dependencies/checkouts/SwiftDate/Sources/SwiftDate/TimePeriod/Groups/TimePeriodChain.swift /Users/admin/builder/spi-builder-workspace/.dependencies/checkouts/SwiftDate/Sources/SwiftDate/TimePeriod/Groups/TimePeriodCollection.swift /Users/admin/builder/spi-builder-workspace/.dependencies/checkouts/SwiftDate/Sources/SwiftDate/TimePeriod/Groups/TimePeriodGroup.swift (in target 'SwiftDate' from project 'SwiftDate')
SwiftCompile normal arm64_32 /Users/admin/builder/spi-builder-workspace/.dependencies/checkouts/SwiftDate/Sources/SwiftDate/TimePeriod/Groups/TimePeriodChain.swift (in target 'SwiftDate' from project 'SwiftDate')
cd /Users/admin/builder/spi-builder-workspace/.swiftpm/xcode
builtin-SwiftPerFileCompile TimePeriodChain.swift
SwiftCompile normal arm64_32 /Users/admin/builder/spi-builder-workspace/.dependencies/checkouts/SwiftDate/Sources/SwiftDate/TimePeriod/Groups/TimePeriodCollection.swift (in target 'SwiftDate' from project 'SwiftDate')
cd /Users/admin/builder/spi-builder-workspace/.swiftpm/xcode
builtin-SwiftPerFileCompile TimePeriodCollection.swift
SwiftCompile normal arm64_32 /Users/admin/builder/spi-builder-workspace/.dependencies/checkouts/SwiftDate/Sources/SwiftDate/TimePeriod/Groups/TimePeriodGroup.swift (in target 'SwiftDate' from project 'SwiftDate')
cd /Users/admin/builder/spi-builder-workspace/.swiftpm/xcode
builtin-SwiftPerFileCompile TimePeriodGroup.swift
SwiftExplicitDependencyGeneratePcm arm64_32 /Users/admin/builder/spi-builder-workspace/.derivedData/SDKExplicitPrecompiledModules/string_h-BFVLUQUSBZWYMLCU9QI7VZALW.pcm
SwiftExplicitDependencyGeneratePcm arm64 /Users/admin/builder/spi-builder-workspace/.derivedData/SDKExplicitPrecompiledModules/_DarwinFoundation1-7SPX3MD0HMP55E4OLNCPNDQ53.pcm
SwiftExplicitDependencyGeneratePcm arm64_32 /Users/admin/builder/spi-builder-workspace/.derivedData/SDKExplicitPrecompiledModules/sys_types-8TLLMW08ZJWDGIIPKOYFGHHZW.pcm
SwiftExplicitDependencyGeneratePcm arm64 /Users/admin/builder/spi-builder-workspace/.derivedData/SDKExplicitPrecompiledModules/_Builtin_limits-9GWPA2B0H20DYUNYHYCWKABJG.pcm
SwiftExplicitDependencyGeneratePcm arm64 /Users/admin/builder/spi-builder-workspace/.derivedData/SDKExplicitPrecompiledModules/_DarwinFoundation2-D0XAPJU49S5E9XMKYOFGSTB1Q.pcm
SwiftExplicitDependencyGeneratePcm arm64_32 /Users/admin/builder/spi-builder-workspace/.derivedData/SDKExplicitPrecompiledModules/_Builtin_stdint-1HMXWI3V0V4TXHRWZOMZGZ80Y.pcm
SwiftDriverJobDiscovery normal arm64 Compiling Int+DateComponents.swift, String+Parser.swift, TimeInterval+Formatter.swift, AssociatedValues.swift (in target 'SwiftDate' from project 'SwiftDate')
SwiftCompile normal arm64_32 Compiling\ TimePeriod+Support.swift,\ TimePeriod.swift,\ TimePeriodProtocol.swift /Users/admin/builder/spi-builder-workspace/.dependencies/checkouts/SwiftDate/Sources/SwiftDate/TimePeriod/TimePeriod+Support.swift /Users/admin/builder/spi-builder-workspace/.dependencies/checkouts/SwiftDate/Sources/SwiftDate/TimePeriod/TimePeriod.swift /Users/admin/builder/spi-builder-workspace/.dependencies/checkouts/SwiftDate/Sources/SwiftDate/TimePeriod/TimePeriodProtocol.swift (in target 'SwiftDate' from project 'SwiftDate')
SwiftCompile normal arm64_32 /Users/admin/builder/spi-builder-workspace/.dependencies/checkouts/SwiftDate/Sources/SwiftDate/TimePeriod/TimePeriod+Support.swift (in target 'SwiftDate' from project 'SwiftDate')
cd /Users/admin/builder/spi-builder-workspace/.swiftpm/xcode
builtin-SwiftPerFileCompile TimePeriod+Support.swift
SwiftCompile normal arm64_32 /Users/admin/builder/spi-builder-workspace/.dependencies/checkouts/SwiftDate/Sources/SwiftDate/TimePeriod/TimePeriod.swift (in target 'SwiftDate' from project 'SwiftDate')
cd /Users/admin/builder/spi-builder-workspace/.swiftpm/xcode
builtin-SwiftPerFileCompile TimePeriod.swift
SwiftCompile normal arm64_32 /Users/admin/builder/spi-builder-workspace/.dependencies/checkouts/SwiftDate/Sources/SwiftDate/TimePeriod/TimePeriodProtocol.swift (in target 'SwiftDate' from project 'SwiftDate')
cd /Users/admin/builder/spi-builder-workspace/.swiftpm/xcode
builtin-SwiftPerFileCompile TimePeriodProtocol.swift
SwiftDriverJobDiscovery normal arm64 Compiling TimeStructures.swift, Zones.swift, SwiftDate.swift (in target 'SwiftDate' from project 'SwiftDate')
SwiftCompile normal arm64_32 Compiling\ Int+DateComponents.swift,\ String+Parser.swift,\ TimeInterval+Formatter.swift,\ AssociatedValues.swift /Users/admin/builder/spi-builder-workspace/.dependencies/checkouts/SwiftDate/Sources/SwiftDate/Foundation+Extras/Int+DateComponents.swift /Users/admin/builder/spi-builder-workspace/.dependencies/checkouts/SwiftDate/Sources/SwiftDate/Foundation+Extras/String+Parser.swift /Users/admin/builder/spi-builder-workspace/.dependencies/checkouts/SwiftDate/Sources/SwiftDate/Foundation+Extras/TimeInterval+Formatter.swift /Users/admin/builder/spi-builder-workspace/.dependencies/checkouts/SwiftDate/Sources/SwiftDate/Supports/AssociatedValues.swift (in target 'SwiftDate' from project 'SwiftDate')
SwiftCompile normal arm64_32 /Users/admin/builder/spi-builder-workspace/.dependencies/checkouts/SwiftDate/Sources/SwiftDate/Foundation+Extras/Int+DateComponents.swift (in target 'SwiftDate' from project 'SwiftDate')
cd /Users/admin/builder/spi-builder-workspace/.swiftpm/xcode
builtin-SwiftPerFileCompile Int+DateComponents.swift
SwiftCompile normal arm64_32 /Users/admin/builder/spi-builder-workspace/.dependencies/checkouts/SwiftDate/Sources/SwiftDate/Foundation+Extras/String+Parser.swift (in target 'SwiftDate' from project 'SwiftDate')
cd /Users/admin/builder/spi-builder-workspace/.swiftpm/xcode
builtin-SwiftPerFileCompile String+Parser.swift
SwiftCompile normal arm64_32 /Users/admin/builder/spi-builder-workspace/.dependencies/checkouts/SwiftDate/Sources/SwiftDate/Foundation+Extras/TimeInterval+Formatter.swift (in target 'SwiftDate' from project 'SwiftDate')
cd /Users/admin/builder/spi-builder-workspace/.swiftpm/xcode
builtin-SwiftPerFileCompile TimeInterval+Formatter.swift
SwiftCompile normal arm64_32 /Users/admin/builder/spi-builder-workspace/.dependencies/checkouts/SwiftDate/Sources/SwiftDate/Supports/AssociatedValues.swift (in target 'SwiftDate' from project 'SwiftDate')
cd /Users/admin/builder/spi-builder-workspace/.swiftpm/xcode
builtin-SwiftPerFileCompile AssociatedValues.swift
SwiftCompile normal arm64_32 Compiling\ DateInRegion+Math.swift,\ DateInRegion.swift,\ Region.swift,\ DateRepresentable.swift /Users/admin/builder/spi-builder-workspace/.dependencies/checkouts/SwiftDate/Sources/SwiftDate/DateInRegion/DateInRegion+Math.swift /Users/admin/builder/spi-builder-workspace/.dependencies/checkouts/SwiftDate/Sources/SwiftDate/DateInRegion/DateInRegion.swift /Users/admin/builder/spi-builder-workspace/.dependencies/checkouts/SwiftDate/Sources/SwiftDate/DateInRegion/Region.swift /Users/admin/builder/spi-builder-workspace/.dependencies/checkouts/SwiftDate/Sources/SwiftDate/DateRepresentable.swift (in target 'SwiftDate' from project 'SwiftDate')
SwiftCompile normal arm64_32 /Users/admin/builder/spi-builder-workspace/.dependencies/checkouts/SwiftDate/Sources/SwiftDate/DateInRegion/DateInRegion+Math.swift (in target 'SwiftDate' from project 'SwiftDate')
cd /Users/admin/builder/spi-builder-workspace/.swiftpm/xcode
builtin-SwiftPerFileCompile DateInRegion+Math.swift
SwiftCompile normal arm64_32 /Users/admin/builder/spi-builder-workspace/.dependencies/checkouts/SwiftDate/Sources/SwiftDate/DateInRegion/DateInRegion.swift (in target 'SwiftDate' from project 'SwiftDate')
cd /Users/admin/builder/spi-builder-workspace/.swiftpm/xcode
builtin-SwiftPerFileCompile DateInRegion.swift
SwiftCompile normal arm64_32 /Users/admin/builder/spi-builder-workspace/.dependencies/checkouts/SwiftDate/Sources/SwiftDate/DateInRegion/Region.swift (in target 'SwiftDate' from project 'SwiftDate')
cd /Users/admin/builder/spi-builder-workspace/.swiftpm/xcode
builtin-SwiftPerFileCompile Region.swift
SwiftCompile normal arm64_32 /Users/admin/builder/spi-builder-workspace/.dependencies/checkouts/SwiftDate/Sources/SwiftDate/DateRepresentable.swift (in target 'SwiftDate' from project 'SwiftDate')
cd /Users/admin/builder/spi-builder-workspace/.swiftpm/xcode
builtin-SwiftPerFileCompile DateRepresentable.swift
SwiftDriverJobDiscovery normal arm64 Compiling TimePeriodChain.swift, TimePeriodCollection.swift, TimePeriodGroup.swift (in target 'SwiftDate' from project 'SwiftDate')
SwiftCompile normal arm64_32 Compiling\ RelativeFormatter+Style.swift,\ RelativeFormatter.swift,\ RelativeFormatterLanguage.swift,\ DateComponents+Extras.swift /Users/admin/builder/spi-builder-workspace/.dependencies/checkouts/SwiftDate/Sources/SwiftDate/Formatters/RelativeFormatter/RelativeFormatter+Style.swift /Users/admin/builder/spi-builder-workspace/.dependencies/checkouts/SwiftDate/Sources/SwiftDate/Formatters/RelativeFormatter/RelativeFormatter.swift /Users/admin/builder/spi-builder-workspace/.dependencies/checkouts/SwiftDate/Sources/SwiftDate/Formatters/RelativeFormatter/RelativeFormatterLanguage.swift /Users/admin/builder/spi-builder-workspace/.dependencies/checkouts/SwiftDate/Sources/SwiftDate/Foundation+Extras/DateComponents+Extras.swift (in target 'SwiftDate' from project 'SwiftDate')
SwiftCompile normal arm64_32 /Users/admin/builder/spi-builder-workspace/.dependencies/checkouts/SwiftDate/Sources/SwiftDate/Formatters/RelativeFormatter/RelativeFormatter+Style.swift (in target 'SwiftDate' from project 'SwiftDate')
cd /Users/admin/builder/spi-builder-workspace/.swiftpm/xcode
builtin-SwiftPerFileCompile RelativeFormatter+Style.swift
SwiftCompile normal arm64_32 /Users/admin/builder/spi-builder-workspace/.dependencies/checkouts/SwiftDate/Sources/SwiftDate/Formatters/RelativeFormatter/RelativeFormatter.swift (in target 'SwiftDate' from project 'SwiftDate')
cd /Users/admin/builder/spi-builder-workspace/.swiftpm/xcode
builtin-SwiftPerFileCompile RelativeFormatter.swift
SwiftCompile normal arm64_32 /Users/admin/builder/spi-builder-workspace/.dependencies/checkouts/SwiftDate/Sources/SwiftDate/Formatters/RelativeFormatter/RelativeFormatterLanguage.swift (in target 'SwiftDate' from project 'SwiftDate')
cd /Users/admin/builder/spi-builder-workspace/.swiftpm/xcode
builtin-SwiftPerFileCompile RelativeFormatterLanguage.swift
SwiftCompile normal arm64_32 /Users/admin/builder/spi-builder-workspace/.dependencies/checkouts/SwiftDate/Sources/SwiftDate/Foundation+Extras/DateComponents+Extras.swift (in target 'SwiftDate' from project 'SwiftDate')
cd /Users/admin/builder/spi-builder-workspace/.swiftpm/xcode
builtin-SwiftPerFileCompile DateComponents+Extras.swift
SwiftCompile normal arm64 Compiling\ Calendars.swift,\ Commons.swift,\ Locales.swift /Users/admin/builder/spi-builder-workspace/.dependencies/checkouts/SwiftDate/Sources/SwiftDate/Supports/Calendars.swift /Users/admin/builder/spi-builder-workspace/.dependencies/checkouts/SwiftDate/Sources/SwiftDate/Supports/Commons.swift /Users/admin/builder/spi-builder-workspace/.dependencies/checkouts/SwiftDate/Sources/SwiftDate/Supports/Locales.swift (in target 'SwiftDate' from project 'SwiftDate')
SwiftCompile normal arm64 /Users/admin/builder/spi-builder-workspace/.dependencies/checkouts/SwiftDate/Sources/SwiftDate/Supports/Calendars.swift (in target 'SwiftDate' from project 'SwiftDate')
cd /Users/admin/builder/spi-builder-workspace/.swiftpm/xcode
builtin-SwiftPerFileCompile Calendars.swift
SwiftCompile normal arm64 /Users/admin/builder/spi-builder-workspace/.dependencies/checkouts/SwiftDate/Sources/SwiftDate/Supports/Commons.swift (in target 'SwiftDate' from project 'SwiftDate')
cd /Users/admin/builder/spi-builder-workspace/.swiftpm/xcode
builtin-SwiftPerFileCompile Commons.swift
SwiftCompile normal arm64 /Users/admin/builder/spi-builder-workspace/.dependencies/checkouts/SwiftDate/Sources/SwiftDate/Supports/Locales.swift (in target 'SwiftDate' from project 'SwiftDate')
cd /Users/admin/builder/spi-builder-workspace/.swiftpm/xcode
builtin-SwiftPerFileCompile Locales.swift
SwiftDriverJobDiscovery normal arm64 Compiling DotNetParserFormatter.swift, Formatter+Protocols.swift, ISOFormatter.swift, ISOParser.swift (in target 'SwiftDate' from project 'SwiftDate')
SwiftDriverJobDiscovery normal arm64 Compiling Date+Compare.swift, Date+Components.swift, Date+Create.swift, Date+Math.swift (in target 'SwiftDate' from project 'SwiftDate')
SwiftDriverJobDiscovery normal arm64 Compiling Date.swift, DateInRegion+Compare.swift, DateInRegion+Components.swift, DateInRegion+Create.swift (in target 'SwiftDate' from project 'SwiftDate')
SwiftCompile normal arm64_32 Compiling\ TimeStructures.swift,\ Zones.swift,\ SwiftDate.swift /Users/admin/builder/spi-builder-workspace/.dependencies/checkouts/SwiftDate/Sources/SwiftDate/Supports/TimeStructures.swift /Users/admin/builder/spi-builder-workspace/.dependencies/checkouts/SwiftDate/Sources/SwiftDate/Supports/Zones.swift /Users/admin/builder/spi-builder-workspace/.dependencies/checkouts/SwiftDate/Sources/SwiftDate/SwiftDate.swift (in target 'SwiftDate' from project 'SwiftDate')
SwiftCompile normal arm64_32 /Users/admin/builder/spi-builder-workspace/.dependencies/checkouts/SwiftDate/Sources/SwiftDate/Supports/TimeStructures.swift (in target 'SwiftDate' from project 'SwiftDate')
cd /Users/admin/builder/spi-builder-workspace/.swiftpm/xcode
builtin-SwiftPerFileCompile TimeStructures.swift
SwiftCompile normal arm64_32 /Users/admin/builder/spi-builder-workspace/.dependencies/checkouts/SwiftDate/Sources/SwiftDate/Supports/Zones.swift (in target 'SwiftDate' from project 'SwiftDate')
cd /Users/admin/builder/spi-builder-workspace/.swiftpm/xcode
builtin-SwiftPerFileCompile Zones.swift
SwiftCompile normal arm64_32 /Users/admin/builder/spi-builder-workspace/.dependencies/checkouts/SwiftDate/Sources/SwiftDate/SwiftDate.swift (in target 'SwiftDate' from project 'SwiftDate')
cd /Users/admin/builder/spi-builder-workspace/.swiftpm/xcode
builtin-SwiftPerFileCompile SwiftDate.swift
SwiftDriverJobDiscovery normal arm64 Compiling RelativeFormatter+Style.swift, RelativeFormatter.swift, RelativeFormatterLanguage.swift, DateComponents+Extras.swift (in target 'SwiftDate' from project 'SwiftDate')
SwiftDriverJobDiscovery normal arm64 Compiling DateInRegion+Math.swift, DateInRegion.swift, Region.swift, DateRepresentable.swift (in target 'SwiftDate' from project 'SwiftDate')
SwiftCompile normal arm64_32 Compiling\ DotNetParserFormatter.swift,\ Formatter+Protocols.swift,\ ISOFormatter.swift,\ ISOParser.swift /Users/admin/builder/spi-builder-workspace/.dependencies/checkouts/SwiftDate/Sources/SwiftDate/Formatters/DotNetParserFormatter.swift /Users/admin/builder/spi-builder-workspace/.dependencies/checkouts/SwiftDate/Sources/SwiftDate/Formatters/Formatter+Protocols.swift /Users/admin/builder/spi-builder-workspace/.dependencies/checkouts/SwiftDate/Sources/SwiftDate/Formatters/ISOFormatter.swift /Users/admin/builder/spi-builder-workspace/.dependencies/checkouts/SwiftDate/Sources/SwiftDate/Formatters/ISOParser.swift (in target 'SwiftDate' from project 'SwiftDate')
SwiftCompile normal arm64_32 /Users/admin/builder/spi-builder-workspace/.dependencies/checkouts/SwiftDate/Sources/SwiftDate/Formatters/DotNetParserFormatter.swift (in target 'SwiftDate' from project 'SwiftDate')
cd /Users/admin/builder/spi-builder-workspace/.swiftpm/xcode
builtin-SwiftPerFileCompile DotNetParserFormatter.swift
SwiftCompile normal arm64_32 /Users/admin/builder/spi-builder-workspace/.dependencies/checkouts/SwiftDate/Sources/SwiftDate/Formatters/Formatter+Protocols.swift (in target 'SwiftDate' from project 'SwiftDate')
cd /Users/admin/builder/spi-builder-workspace/.swiftpm/xcode
builtin-SwiftPerFileCompile Formatter+Protocols.swift
SwiftCompile normal arm64_32 /Users/admin/builder/spi-builder-workspace/.dependencies/checkouts/SwiftDate/Sources/SwiftDate/Formatters/ISOFormatter.swift (in target 'SwiftDate' from project 'SwiftDate')
cd /Users/admin/builder/spi-builder-workspace/.swiftpm/xcode
builtin-SwiftPerFileCompile ISOFormatter.swift
SwiftCompile normal arm64_32 /Users/admin/builder/spi-builder-workspace/.dependencies/checkouts/SwiftDate/Sources/SwiftDate/Formatters/ISOParser.swift (in target 'SwiftDate' from project 'SwiftDate')
cd /Users/admin/builder/spi-builder-workspace/.swiftpm/xcode
builtin-SwiftPerFileCompile ISOParser.swift
SwiftExplicitDependencyGeneratePcm arm64_32 /Users/admin/builder/spi-builder-workspace/.derivedData/SDKExplicitPrecompiledModules/_DarwinFoundation3-3DUTYQDQSD9HUAAVY947NMWOI.pcm
SwiftExplicitDependencyGeneratePcm arm64 /Users/admin/builder/spi-builder-workspace/.derivedData/SDKExplicitPrecompiledModules/string_h-E6PRXK75PHIPCZFWOFCQ3QBMK.pcm
SwiftExplicitDependencyGeneratePcm arm64 /Users/admin/builder/spi-builder-workspace/.derivedData/SDKExplicitPrecompiledModules/_Builtin_stdint-8XMILLJZEGRN2XG7XZUXZ5RLX.pcm
SwiftExplicitDependencyGeneratePcm arm64 /Users/admin/builder/spi-builder-workspace/.derivedData/SDKExplicitPrecompiledModules/sys_types-2KXQLI78OUCDP779AE68GZJ2.pcm
SwiftExplicitDependencyGeneratePcm arm64_32 /Users/admin/builder/spi-builder-workspace/.derivedData/SDKExplicitPrecompiledModules/_Builtin_inttypes-D2KPCR4PEX9AQA33NGLUT5SBR.pcm
SwiftExplicitDependencyGeneratePcm arm64 /Users/admin/builder/spi-builder-workspace/.derivedData/SDKExplicitPrecompiledModules/_DarwinFoundation3-B97LRG0E9GON2NUE65TVG81HU.pcm
SwiftExplicitDependencyGeneratePcm arm64_32 /Users/admin/builder/spi-builder-workspace/.derivedData/SDKExplicitPrecompiledModules/Darwin-3FVT1SKLN2ZQ5RVOABMTQBB34.pcm
SwiftExplicitDependencyGeneratePcm arm64 /Users/admin/builder/spi-builder-workspace/.derivedData/SDKExplicitPrecompiledModules/_Builtin_inttypes-3UQSCM7WNM9EK4HZML8TY5J3D.pcm
SwiftExplicitDependencyGeneratePcm arm64 /Users/admin/builder/spi-builder-workspace/.derivedData/SDKExplicitPrecompiledModules/Darwin-3984OXKFNSPE77NT743WK8SEX.pcm
SwiftCompile normal arm64_32 Compiling\ Date+Compare.swift,\ Date+Components.swift,\ Date+Create.swift,\ Date+Math.swift /Users/admin/builder/spi-builder-workspace/.dependencies/checkouts/SwiftDate/Sources/SwiftDate/Date/Date+Compare.swift /Users/admin/builder/spi-builder-workspace/.dependencies/checkouts/SwiftDate/Sources/SwiftDate/Date/Date+Components.swift /Users/admin/builder/spi-builder-workspace/.dependencies/checkouts/SwiftDate/Sources/SwiftDate/Date/Date+Create.swift /Users/admin/builder/spi-builder-workspace/.dependencies/checkouts/SwiftDate/Sources/SwiftDate/Date/Date+Math.swift (in target 'SwiftDate' from project 'SwiftDate')
SwiftCompile normal arm64_32 /Users/admin/builder/spi-builder-workspace/.dependencies/checkouts/SwiftDate/Sources/SwiftDate/Date/Date+Compare.swift (in target 'SwiftDate' from project 'SwiftDate')
cd /Users/admin/builder/spi-builder-workspace/.swiftpm/xcode
builtin-SwiftPerFileCompile Date+Compare.swift
SwiftCompile normal arm64_32 /Users/admin/builder/spi-builder-workspace/.dependencies/checkouts/SwiftDate/Sources/SwiftDate/Date/Date+Components.swift (in target 'SwiftDate' from project 'SwiftDate')
cd /Users/admin/builder/spi-builder-workspace/.swiftpm/xcode
builtin-SwiftPerFileCompile Date+Components.swift
SwiftCompile normal arm64_32 /Users/admin/builder/spi-builder-workspace/.dependencies/checkouts/SwiftDate/Sources/SwiftDate/Date/Date+Create.swift (in target 'SwiftDate' from project 'SwiftDate')
cd /Users/admin/builder/spi-builder-workspace/.swiftpm/xcode
builtin-SwiftPerFileCompile Date+Create.swift
SwiftCompile normal arm64_32 /Users/admin/builder/spi-builder-workspace/.dependencies/checkouts/SwiftDate/Sources/SwiftDate/Date/Date+Math.swift (in target 'SwiftDate' from project 'SwiftDate')
cd /Users/admin/builder/spi-builder-workspace/.swiftpm/xcode
builtin-SwiftPerFileCompile Date+Math.swift
SwiftExplicitDependencyGeneratePcm arm64_32 /Users/admin/builder/spi-builder-workspace/.derivedData/SDKExplicitPrecompiledModules/ObjectiveC-6IJNELR2E80E7LUKESVCP2KET.pcm
SwiftDriverJobDiscovery normal arm64 Compiling Calendars.swift, Commons.swift, Locales.swift (in target 'SwiftDate' from project 'SwiftDate')
SwiftCompile normal arm64_32 Compiling\ Date.swift,\ DateInRegion+Compare.swift,\ DateInRegion+Components.swift,\ DateInRegion+Create.swift /Users/admin/builder/spi-builder-workspace/.dependencies/checkouts/SwiftDate/Sources/SwiftDate/Date/Date.swift /Users/admin/builder/spi-builder-workspace/.dependencies/checkouts/SwiftDate/Sources/SwiftDate/DateInRegion/DateInRegion+Compare.swift /Users/admin/builder/spi-builder-workspace/.dependencies/checkouts/SwiftDate/Sources/SwiftDate/DateInRegion/DateInRegion+Components.swift /Users/admin/builder/spi-builder-workspace/.dependencies/checkouts/SwiftDate/Sources/SwiftDate/DateInRegion/DateInRegion+Create.swift (in target 'SwiftDate' from project 'SwiftDate')
SwiftCompile normal arm64_32 /Users/admin/builder/spi-builder-workspace/.dependencies/checkouts/SwiftDate/Sources/SwiftDate/Date/Date.swift (in target 'SwiftDate' from project 'SwiftDate')
cd /Users/admin/builder/spi-builder-workspace/.swiftpm/xcode
builtin-SwiftPerFileCompile Date.swift
SwiftCompile normal arm64_32 /Users/admin/builder/spi-builder-workspace/.dependencies/checkouts/SwiftDate/Sources/SwiftDate/DateInRegion/DateInRegion+Compare.swift (in target 'SwiftDate' from project 'SwiftDate')
cd /Users/admin/builder/spi-builder-workspace/.swiftpm/xcode
builtin-SwiftPerFileCompile DateInRegion+Compare.swift
SwiftCompile normal arm64_32 /Users/admin/builder/spi-builder-workspace/.dependencies/checkouts/SwiftDate/Sources/SwiftDate/DateInRegion/DateInRegion+Components.swift (in target 'SwiftDate' from project 'SwiftDate')
cd /Users/admin/builder/spi-builder-workspace/.swiftpm/xcode
builtin-SwiftPerFileCompile DateInRegion+Components.swift
SwiftCompile normal arm64_32 /Users/admin/builder/spi-builder-workspace/.dependencies/checkouts/SwiftDate/Sources/SwiftDate/DateInRegion/DateInRegion+Create.swift (in target 'SwiftDate' from project 'SwiftDate')
cd /Users/admin/builder/spi-builder-workspace/.swiftpm/xcode
builtin-SwiftPerFileCompile DateInRegion+Create.swift
SwiftExplicitDependencyGeneratePcm arm64_32 /Users/admin/builder/spi-builder-workspace/.derivedData/SDKExplicitPrecompiledModules/os_object-5YWTC6L4756IWSTPGXS5NM0D0.pcm
SwiftExplicitDependencyGeneratePcm arm64 /Users/admin/builder/spi-builder-workspace/.derivedData/SDKExplicitPrecompiledModules/ObjectiveC-72IVD3VS2RS8Q28D9PIMY0KQP.pcm
SwiftExplicitDependencyGeneratePcm arm64_32 /Users/admin/builder/spi-builder-workspace/.derivedData/SDKExplicitPrecompiledModules/os_workgroup-5JHTPDMNBUNHLJI8LPHKQK1JK.pcm
SwiftExplicitDependencyGeneratePcm arm64 /Users/admin/builder/spi-builder-workspace/.derivedData/SDKExplicitPrecompiledModules/os_object-3SDKD7F87FTZ26OON37DRYT6O.pcm
SwiftExplicitDependencyGeneratePcm arm64_32 /Users/admin/builder/spi-builder-workspace/.derivedData/SDKExplicitPrecompiledModules/Dispatch-2P62F1T4XV63S4P99TUDTOK2Q.pcm
SwiftExplicitDependencyGeneratePcm arm64 /Users/admin/builder/spi-builder-workspace/.derivedData/SDKExplicitPrecompiledModules/os_workgroup-89GG5G7YC2D0ZTK6AZXXQ20DH.pcm
SwiftExplicitDependencyGeneratePcm arm64_32 /Users/admin/builder/spi-builder-workspace/.derivedData/SDKExplicitPrecompiledModules/XPC-81Y45QFY96XYYFCW2GT6FY8S4.pcm
SwiftDriverJobDiscovery normal arm64_32 Compiling TimePeriod+Support.swift, TimePeriod.swift, TimePeriodProtocol.swift (in target 'SwiftDate' from project 'SwiftDate')
SwiftExplicitDependencyGeneratePcm arm64_32 /Users/admin/builder/spi-builder-workspace/.derivedData/SDKExplicitPrecompiledModules/CoreFoundation-8E6Y4BA3EXYKUGJ24GT9LGV3N.pcm
SwiftDriverJobDiscovery normal arm64_32 Compiling TimeStructures.swift, Zones.swift, SwiftDate.swift (in target 'SwiftDate' from project 'SwiftDate')
SwiftCompile normal arm64 Compiling\ TimePeriod+Support.swift,\ TimePeriod.swift,\ TimePeriodProtocol.swift /Users/admin/builder/spi-builder-workspace/.dependencies/checkouts/SwiftDate/Sources/SwiftDate/TimePeriod/TimePeriod+Support.swift /Users/admin/builder/spi-builder-workspace/.dependencies/checkouts/SwiftDate/Sources/SwiftDate/TimePeriod/TimePeriod.swift /Users/admin/builder/spi-builder-workspace/.dependencies/checkouts/SwiftDate/Sources/SwiftDate/TimePeriod/TimePeriodProtocol.swift (in target 'SwiftDate' from project 'SwiftDate')
SwiftCompile normal arm64 /Users/admin/builder/spi-builder-workspace/.dependencies/checkouts/SwiftDate/Sources/SwiftDate/TimePeriod/TimePeriod+Support.swift (in target 'SwiftDate' from project 'SwiftDate')
cd /Users/admin/builder/spi-builder-workspace/.swiftpm/xcode
builtin-SwiftPerFileCompile TimePeriod+Support.swift
SwiftCompile normal arm64 /Users/admin/builder/spi-builder-workspace/.dependencies/checkouts/SwiftDate/Sources/SwiftDate/TimePeriod/TimePeriod.swift (in target 'SwiftDate' from project 'SwiftDate')
cd /Users/admin/builder/spi-builder-workspace/.swiftpm/xcode
builtin-SwiftPerFileCompile TimePeriod.swift
SwiftCompile normal arm64 /Users/admin/builder/spi-builder-workspace/.dependencies/checkouts/SwiftDate/Sources/SwiftDate/TimePeriod/TimePeriodProtocol.swift (in target 'SwiftDate' from project 'SwiftDate')
cd /Users/admin/builder/spi-builder-workspace/.swiftpm/xcode
builtin-SwiftPerFileCompile TimePeriodProtocol.swift
SwiftDriverJobDiscovery normal arm64_32 Compiling Int+DateComponents.swift, String+Parser.swift, TimeInterval+Formatter.swift, AssociatedValues.swift (in target 'SwiftDate' from project 'SwiftDate')
SwiftCompile normal arm64_32 Compiling\ Calendars.swift,\ Commons.swift,\ Locales.swift /Users/admin/builder/spi-builder-workspace/.dependencies/checkouts/SwiftDate/Sources/SwiftDate/Supports/Calendars.swift /Users/admin/builder/spi-builder-workspace/.dependencies/checkouts/SwiftDate/Sources/SwiftDate/Supports/Commons.swift /Users/admin/builder/spi-builder-workspace/.dependencies/checkouts/SwiftDate/Sources/SwiftDate/Supports/Locales.swift (in target 'SwiftDate' from project 'SwiftDate')
SwiftCompile normal arm64_32 /Users/admin/builder/spi-builder-workspace/.dependencies/checkouts/SwiftDate/Sources/SwiftDate/Supports/Calendars.swift (in target 'SwiftDate' from project 'SwiftDate')
cd /Users/admin/builder/spi-builder-workspace/.swiftpm/xcode
builtin-SwiftPerFileCompile Calendars.swift
SwiftCompile normal arm64_32 /Users/admin/builder/spi-builder-workspace/.dependencies/checkouts/SwiftDate/Sources/SwiftDate/Supports/Commons.swift (in target 'SwiftDate' from project 'SwiftDate')
cd /Users/admin/builder/spi-builder-workspace/.swiftpm/xcode
builtin-SwiftPerFileCompile Commons.swift
SwiftCompile normal arm64_32 /Users/admin/builder/spi-builder-workspace/.dependencies/checkouts/SwiftDate/Sources/SwiftDate/Supports/Locales.swift (in target 'SwiftDate' from project 'SwiftDate')
cd /Users/admin/builder/spi-builder-workspace/.swiftpm/xcode
builtin-SwiftPerFileCompile Locales.swift
SwiftDriverJobDiscovery normal arm64_32 Compiling TimePeriodChain.swift, TimePeriodCollection.swift, TimePeriodGroup.swift (in target 'SwiftDate' from project 'SwiftDate')
SwiftDriverJobDiscovery normal arm64_32 Compiling DateInRegion+Math.swift, DateInRegion.swift, Region.swift, DateRepresentable.swift (in target 'SwiftDate' from project 'SwiftDate')
SwiftDriverJobDiscovery normal arm64_32 Compiling RelativeFormatter+Style.swift, RelativeFormatter.swift, RelativeFormatterLanguage.swift, DateComponents+Extras.swift (in target 'SwiftDate' from project 'SwiftDate')
SwiftExplicitDependencyGeneratePcm arm64 /Users/admin/builder/spi-builder-workspace/.derivedData/SDKExplicitPrecompiledModules/Dispatch-1NLJOVAK60XP0DUB05XA59EIM.pcm
SwiftDriverJobDiscovery normal arm64_32 Compiling Date+Compare.swift, Date+Components.swift, Date+Create.swift, Date+Math.swift (in target 'SwiftDate' from project 'SwiftDate')
SwiftExplicitDependencyGeneratePcm arm64_32 /Users/admin/builder/spi-builder-workspace/.derivedData/SDKExplicitPrecompiledModules/Security-D7TOWF88VWF67TB9HAFP5UWB1.pcm
SwiftExplicitDependencyGeneratePcm arm64 /Users/admin/builder/spi-builder-workspace/.derivedData/SDKExplicitPrecompiledModules/XPC-40DR0X1DHKGCV4J1IOLFS8MOU.pcm
SwiftExplicitDependencyGeneratePcm arm64 /Users/admin/builder/spi-builder-workspace/.derivedData/SDKExplicitPrecompiledModules/CoreFoundation-8T2L24YC5NU7WO6WQJWRY7W08.pcm
SwiftDriverJobDiscovery normal arm64_32 Compiling DotNetParserFormatter.swift, Formatter+Protocols.swift, ISOFormatter.swift, ISOParser.swift (in target 'SwiftDate' from project 'SwiftDate')
SwiftExplicitDependencyGeneratePcm arm64_32 /Users/admin/builder/spi-builder-workspace/.derivedData/SDKExplicitPrecompiledModules/Foundation-BJ2VQGI3OGR34500MEQ1VKHPH.pcm
SwiftExplicitDependencyGeneratePcm arm64 /Users/admin/builder/spi-builder-workspace/.derivedData/SDKExplicitPrecompiledModules/Security-6RZ6YBRU8WCUHRFFRVUK5WKMM.pcm
SwiftDriverJobDiscovery normal arm64_32 Compiling Date.swift, DateInRegion+Compare.swift, DateInRegion+Components.swift, DateInRegion+Create.swift (in target 'SwiftDate' from project 'SwiftDate')
SwiftExplicitDependencyGeneratePcm arm64 /Users/admin/builder/spi-builder-workspace/.derivedData/SDKExplicitPrecompiledModules/Foundation-DLBKUSGXN8QHAT8W0OARR9S8A.pcm
SwiftDriverJobDiscovery normal arm64 Compiling TimePeriod+Support.swift, TimePeriod.swift, TimePeriodProtocol.swift (in target 'SwiftDate' from project 'SwiftDate')
SwiftDriver\ Compilation SwiftDate normal arm64 com.apple.xcode.tools.swift.compiler (in target 'SwiftDate' from project 'SwiftDate')
cd /Users/admin/builder/spi-builder-workspace/.swiftpm/xcode
builtin-Swift-Compilation -- /Applications/Xcode-27.0.0-Release.Candidate.app/Contents/Developer/Toolchains/XcodeDefault.xctoolchain/usr/bin/swiftc -parse-as-library -module-name SwiftDate -Onone @/Users/admin/builder/spi-builder-workspace/.derivedData/Build/Intermediates.noindex/SwiftDate.build/Debug-watchos/SwiftDate-t.build/Objects-normal/arm64/SwiftDate.SwiftFileList -DSWIFT_PACKAGE -DDEBUG -DSWIFT_MODULE_RESOURCE_BUNDLE_UNAVAILABLE -DXcode -plugin-path /Applications/Xcode-27.0.0-Release.Candidate.app/Contents/Developer/Toolchains/XcodeDefault.xctoolchain/usr/lib/swift/host/plugins/testing -enable-experimental-feature DebugDescriptionMacro -sdk /Applications/Xcode-27.0.0-Release.Candidate.app/Contents/Developer/Platforms/WatchOS.platform/Developer/SDKs/WatchOS27.0.sdk -target arm64-apple-watchos9.0 -g -module-cache-path /Users/admin/builder/spi-builder-workspace/.derivedData/ModuleCache.noindex -Xfrontend -serialize-debugging-options -profile-coverage-mapping -profile-generate -enable-testing -suppress-warnings -index-store-path /Users/admin/builder/spi-builder-workspace/.derivedData/Index.noindex/DataStore -Xcc -D_LIBCPP_HARDENING_MODE\=_LIBCPP_HARDENING_MODE_DEBUG -swift-version 4 -I /Users/admin/builder/spi-builder-workspace/.derivedData/Build/Products/Debug-watchos -Isystem /Applications/Xcode-27.0.0-Release.Candidate.app/Contents/Developer/Platforms/WatchOS.platform/Developer/usr/lib -F /Users/admin/builder/spi-builder-workspace/.derivedData/Build/Products/Debug-watchos -F /Applications/Xcode-27.0.0-Release.Candidate.app/Contents/Developer/Platforms/WatchOS.platform/Developer/Library/Frameworks -F /Applications/Xcode-27.0.0-Release.Candidate.app/Contents/Developer/Platforms/WatchOS.platform/Developer/SDKs/WatchOS27.0.sdk/Developer/Library/Frameworks -c -j10 -enable-batch-mode -incremental -Xcc -ivfsstatcache -Xcc /Users/admin/builder/spi-builder-workspace/.derivedData/SDKStatCaches.noindex/watchos27.0-24R360-e829b21a6f8c9b70876ba0858053c04477534ef55a1706bf4c1112bbb242f0a2.sdkstatcache -output-file-map /Users/admin/builder/spi-builder-workspace/.derivedData/Build/Intermediates.noindex/SwiftDate.build/Debug-watchos/SwiftDate-t.build/Objects-normal/arm64/SwiftDate-OutputFileMap.json -save-temps -no-color-diagnostics -emit-dependencies -emit-module -emit-module-path /Users/admin/builder/spi-builder-workspace/.derivedData/Build/Intermediates.noindex/SwiftDate.build/Debug-watchos/SwiftDate-t.build/Objects-normal/arm64/SwiftDate.swiftmodule -serialize-diagnostics -validate-clang-modules-once -clang-build-session-file /Users/admin/builder/spi-builder-workspace/.derivedData/ModuleCache.noindex/Session.modulevalidation -Xcc -fmodules-prune-interval\=86400 -Xcc -fmodules-prune-after\=345600 -emit-const-values -const-gather-protocols-list /Users/admin/builder/spi-builder-workspace/.derivedData/Build/Intermediates.noindex/SwiftDate.build/Debug-watchos/SwiftDate-t.build/Objects-normal/arm64/SwiftDate_const_extract_protocols.json -Xcc -I/Users/admin/builder/spi-builder-workspace/.derivedData/Build/Products/Debug-watchos/include -Xcc -I/Users/admin/builder/spi-builder-workspace/.derivedData/Build/Intermediates.noindex/SwiftDate.build/Debug-watchos/SwiftDate-t.build/DerivedSources-normal/arm64 -Xcc -I/Users/admin/builder/spi-builder-workspace/.derivedData/Build/Intermediates.noindex/SwiftDate.build/Debug-watchos/SwiftDate-t.build/DerivedSources/arm64 -Xcc -I/Users/admin/builder/spi-builder-workspace/.derivedData/Build/Intermediates.noindex/SwiftDate.build/Debug-watchos/SwiftDate-t.build/DerivedSources -Xcc -DSWIFT_PACKAGE -Xcc -DDEBUG\=1 -emit-objc-header -emit-objc-header-path /Users/admin/builder/spi-builder-workspace/.derivedData/Build/Intermediates.noindex/SwiftDate.build/Debug-watchos/SwiftDate-t.build/Objects-normal/arm64/SwiftDate-Swift.h -working-directory /Users/admin/builder/spi-builder-workspace/.swiftpm/xcode -experimental-emit-module-separately -disable-cmo
Ld /Users/admin/builder/spi-builder-workspace/.derivedData/Build/Intermediates.noindex/SwiftDate.build/Debug-watchos/SwiftDate-t.build/Objects-normal/arm64/Binary/SwiftDate.o normal arm64 (in target 'SwiftDate' from project 'SwiftDate')
cd /Users/admin/builder/spi-builder-workspace/.dependencies/checkouts/SwiftDate
/Applications/Xcode-27.0.0-Release.Candidate.app/Contents/Developer/Toolchains/XcodeDefault.xctoolchain/usr/bin/clang -Xlinker -reproducible -target arm64-apple-watchos9.0 -r -isysroot /Applications/Xcode-27.0.0-Release.Candidate.app/Contents/Developer/Platforms/WatchOS.platform/Developer/SDKs/WatchOS27.0.sdk -O0 -w -Xlinker -no_warn_duplicate_libraries -F/Users/admin/builder/spi-builder-workspace/.derivedData/Build/Intermediates.noindex/EagerLinkingTBDs/Debug-watchos -F/Users/admin/builder/spi-builder-workspace/.derivedData/Build/Products/Debug-watchos -iframework /Applications/Xcode-27.0.0-Release.Candidate.app/Contents/Developer/Platforms/WatchOS.platform/Developer/Library/Frameworks -iframework /Applications/Xcode-27.0.0-Release.Candidate.app/Contents/Developer/Platforms/WatchOS.platform/Developer/SDKs/WatchOS27.0.sdk/Developer/Library/Frameworks -filelist /Users/admin/builder/spi-builder-workspace/.derivedData/Build/Intermediates.noindex/SwiftDate.build/Debug-watchos/SwiftDate-t.build/Objects-normal/arm64/SwiftDate.LinkFileList -nostdlib -Xlinker -object_path_lto -Xlinker /Users/admin/builder/spi-builder-workspace/.derivedData/Build/Intermediates.noindex/SwiftDate.build/Debug-watchos/SwiftDate-t.build/Objects-normal/arm64/SwiftDate_lto.o -Xlinker -no_deduplicate -Xlinker -debug_variant -Xlinker -dependency_info -Xlinker /Users/admin/builder/spi-builder-workspace/.derivedData/Build/Intermediates.noindex/SwiftDate.build/Debug-watchos/SwiftDate-t.build/Objects-normal/arm64/SwiftDate_dependency_info.dat -fobjc-link-runtime -L/Applications/Xcode-27.0.0-Release.Candidate.app/Contents/Developer/Toolchains/XcodeDefault.xctoolchain/usr/lib/swift/watchos -L/usr/lib/swift -Xlinker -add_ast_path -Xlinker /Users/admin/builder/spi-builder-workspace/.derivedData/Build/Intermediates.noindex/SwiftDate.build/Debug-watchos/SwiftDate-t.build/Objects-normal/arm64/SwiftDate.swiftmodule -o /Users/admin/builder/spi-builder-workspace/.derivedData/Build/Intermediates.noindex/SwiftDate.build/Debug-watchos/SwiftDate-t.build/Objects-normal/arm64/Binary/SwiftDate.o
SwiftCompile normal arm64_32 Compiling\ UniquelyIdentifiable.swift,\ CSVStreamReader.swift,\ DelimiterStreamReader.swift,\ StreamReader.swift,\ Date+Testable.swift,\ URLSession+Testing.swift /Users/admin/builder/spi-builder-workspace/.dependencies/checkouts/Swiftlier/Sources/Swiftlier/Model/Types/UniquelyIdentifiable.swift /Users/admin/builder/spi-builder-workspace/.dependencies/checkouts/Swiftlier/Sources/Swiftlier/Streams/CSVStreamReader.swift /Users/admin/builder/spi-builder-workspace/.dependencies/checkouts/Swiftlier/Sources/Swiftlier/Streams/DelimiterStreamReader.swift /Users/admin/builder/spi-builder-workspace/.dependencies/checkouts/Swiftlier/Sources/Swiftlier/Streams/StreamReader.swift /Users/admin/builder/spi-builder-workspace/.dependencies/checkouts/Swiftlier/Sources/Swiftlier/Testing/Date+Testable.swift /Users/admin/builder/spi-builder-workspace/.dependencies/checkouts/Swiftlier/Sources/Swiftlier/Testing/URLSession+Testing.swift (in target 'Swiftlier' from project 'Swiftlier')
SwiftCompile normal arm64_32 /Users/admin/builder/spi-builder-workspace/.dependencies/checkouts/Swiftlier/Sources/Swiftlier/Model/Types/UniquelyIdentifiable.swift (in target 'Swiftlier' from project 'Swiftlier')
cd /Users/admin/builder/spi-builder-workspace/.swiftpm/xcode
builtin-SwiftPerFileCompile UniquelyIdentifiable.swift
SwiftCompile normal arm64_32 /Users/admin/builder/spi-builder-workspace/.dependencies/checkouts/Swiftlier/Sources/Swiftlier/Streams/CSVStreamReader.swift (in target 'Swiftlier' from project 'Swiftlier')
cd /Users/admin/builder/spi-builder-workspace/.swiftpm/xcode
builtin-SwiftPerFileCompile CSVStreamReader.swift
SwiftCompile normal arm64_32 /Users/admin/builder/spi-builder-workspace/.dependencies/checkouts/Swiftlier/Sources/Swiftlier/Streams/DelimiterStreamReader.swift (in target 'Swiftlier' from project 'Swiftlier')
cd /Users/admin/builder/spi-builder-workspace/.swiftpm/xcode
builtin-SwiftPerFileCompile DelimiterStreamReader.swift
SwiftCompile normal arm64_32 /Users/admin/builder/spi-builder-workspace/.dependencies/checkouts/Swiftlier/Sources/Swiftlier/Streams/StreamReader.swift (in target 'Swiftlier' from project 'Swiftlier')
cd /Users/admin/builder/spi-builder-workspace/.swiftpm/xcode
builtin-SwiftPerFileCompile StreamReader.swift
SwiftCompile normal arm64_32 /Users/admin/builder/spi-builder-workspace/.dependencies/checkouts/Swiftlier/Sources/Swiftlier/Testing/Date+Testable.swift (in target 'Swiftlier' from project 'Swiftlier')
cd /Users/admin/builder/spi-builder-workspace/.swiftpm/xcode
builtin-SwiftPerFileCompile Date+Testable.swift
SwiftCompile normal arm64_32 /Users/admin/builder/spi-builder-workspace/.dependencies/checkouts/Swiftlier/Sources/Swiftlier/Testing/URLSession+Testing.swift (in target 'Swiftlier' from project 'Swiftlier')
cd /Users/admin/builder/spi-builder-workspace/.swiftpm/xcode
builtin-SwiftPerFileCompile URLSession+Testing.swift
SwiftCompile normal arm64_32 Compiling\ JSON.swift,\ NativeTypesStructured.swift,\ Structured.swift,\ XML.swift,\ Age.swift,\ AlwaysEqual.swift /Users/admin/builder/spi-builder-workspace/.dependencies/checkouts/Swiftlier/Sources/Swiftlier/Model/Structured/JSON.swift /Users/admin/builder/spi-builder-workspace/.dependencies/checkouts/Swiftlier/Sources/Swiftlier/Model/Structured/NativeTypesStructured.swift /Users/admin/builder/spi-builder-workspace/.dependencies/checkouts/Swiftlier/Sources/Swiftlier/Model/Structured/Structured.swift /Users/admin/builder/spi-builder-workspace/.dependencies/checkouts/Swiftlier/Sources/Swiftlier/Model/Structured/XML.swift /Users/admin/builder/spi-builder-workspace/.dependencies/checkouts/Swiftlier/Sources/Swiftlier/Model/Types/Age.swift /Users/admin/builder/spi-builder-workspace/.dependencies/checkouts/Swiftlier/Sources/Swiftlier/Model/Types/AlwaysEqual.swift (in target 'Swiftlier' from project 'Swiftlier')
SwiftCompile normal arm64_32 /Users/admin/builder/spi-builder-workspace/.dependencies/checkouts/Swiftlier/Sources/Swiftlier/Model/Structured/JSON.swift (in target 'Swiftlier' from project 'Swiftlier')
cd /Users/admin/builder/spi-builder-workspace/.swiftpm/xcode
builtin-SwiftPerFileCompile JSON.swift
SwiftCompile normal arm64_32 /Users/admin/builder/spi-builder-workspace/.dependencies/checkouts/Swiftlier/Sources/Swiftlier/Model/Structured/NativeTypesStructured.swift (in target 'Swiftlier' from project 'Swiftlier')
cd /Users/admin/builder/spi-builder-workspace/.swiftpm/xcode
builtin-SwiftPerFileCompile NativeTypesStructured.swift
SwiftCompile normal arm64_32 /Users/admin/builder/spi-builder-workspace/.dependencies/checkouts/Swiftlier/Sources/Swiftlier/Model/Structured/Structured.swift (in target 'Swiftlier' from project 'Swiftlier')
cd /Users/admin/builder/spi-builder-workspace/.swiftpm/xcode
builtin-SwiftPerFileCompile Structured.swift
SwiftCompile normal arm64_32 /Users/admin/builder/spi-builder-workspace/.dependencies/checkouts/Swiftlier/Sources/Swiftlier/Model/Structured/XML.swift (in target 'Swiftlier' from project 'Swiftlier')
cd /Users/admin/builder/spi-builder-workspace/.swiftpm/xcode
builtin-SwiftPerFileCompile XML.swift
SwiftCompile normal arm64_32 /Users/admin/builder/spi-builder-workspace/.dependencies/checkouts/Swiftlier/Sources/Swiftlier/Model/Types/Age.swift (in target 'Swiftlier' from project 'Swiftlier')
cd /Users/admin/builder/spi-builder-workspace/.swiftpm/xcode
builtin-SwiftPerFileCompile Age.swift
SwiftCompile normal arm64_32 /Users/admin/builder/spi-builder-workspace/.dependencies/checkouts/Swiftlier/Sources/Swiftlier/Model/Types/AlwaysEqual.swift (in target 'Swiftlier' from project 'Swiftlier')
cd /Users/admin/builder/spi-builder-workspace/.swiftpm/xcode
builtin-SwiftPerFileCompile AlwaysEqual.swift
SwiftCompile normal arm64_32 Compiling\ Data+Base64.swift,\ Date+Formatting.swift,\ Double+Formatting.swift,\ HeartRateFormatter.swift,\ TimeInterval+Formatting.swift,\ BinarySearchTree.swift /Users/admin/builder/spi-builder-workspace/.dependencies/checkouts/Swiftlier/Sources/Swiftlier/Formatting/Data+Base64.swift /Users/admin/builder/spi-builder-workspace/.dependencies/checkouts/Swiftlier/Sources/Swiftlier/Formatting/Date+Formatting.swift /Users/admin/builder/spi-builder-workspace/.dependencies/checkouts/Swiftlier/Sources/Swiftlier/Formatting/Double+Formatting.swift /Users/admin/builder/spi-builder-workspace/.dependencies/checkouts/Swiftlier/Sources/Swiftlier/Formatting/HeartRateFormatter.swift /Users/admin/builder/spi-builder-workspace/.dependencies/checkouts/Swiftlier/Sources/Swiftlier/Formatting/TimeInterval+Formatting.swift /Users/admin/builder/spi-builder-workspace/.dependencies/checkouts/Swiftlier/Sources/Swiftlier/Model/Containers/BinarySearchTree.swift (in target 'Swiftlier' from project 'Swiftlier')
SwiftCompile normal arm64_32 /Users/admin/builder/spi-builder-workspace/.dependencies/checkouts/Swiftlier/Sources/Swiftlier/Formatting/Data+Base64.swift (in target 'Swiftlier' from project 'Swiftlier')
cd /Users/admin/builder/spi-builder-workspace/.swiftpm/xcode
builtin-SwiftPerFileCompile Data+Base64.swift
SwiftCompile normal arm64_32 /Users/admin/builder/spi-builder-workspace/.dependencies/checkouts/Swiftlier/Sources/Swiftlier/Formatting/Date+Formatting.swift (in target 'Swiftlier' from project 'Swiftlier')
cd /Users/admin/builder/spi-builder-workspace/.swiftpm/xcode
builtin-SwiftPerFileCompile Date+Formatting.swift
SwiftCompile normal arm64_32 /Users/admin/builder/spi-builder-workspace/.dependencies/checkouts/Swiftlier/Sources/Swiftlier/Formatting/Double+Formatting.swift (in target 'Swiftlier' from project 'Swiftlier')
cd /Users/admin/builder/spi-builder-workspace/.swiftpm/xcode
builtin-SwiftPerFileCompile Double+Formatting.swift
SwiftCompile normal arm64_32 /Users/admin/builder/spi-builder-workspace/.dependencies/checkouts/Swiftlier/Sources/Swiftlier/Formatting/HeartRateFormatter.swift (in target 'Swiftlier' from project 'Swiftlier')
cd /Users/admin/builder/spi-builder-workspace/.swiftpm/xcode
builtin-SwiftPerFileCompile HeartRateFormatter.swift
SwiftCompile normal arm64_32 /Users/admin/builder/spi-builder-workspace/.dependencies/checkouts/Swiftlier/Sources/Swiftlier/Formatting/TimeInterval+Formatting.swift (in target 'Swiftlier' from project 'Swiftlier')
cd /Users/admin/builder/spi-builder-workspace/.swiftpm/xcode
builtin-SwiftPerFileCompile TimeInterval+Formatting.swift
SwiftCompile normal arm64_32 /Users/admin/builder/spi-builder-workspace/.dependencies/checkouts/Swiftlier/Sources/Swiftlier/Model/Containers/BinarySearchTree.swift (in target 'Swiftlier' from project 'Swiftlier')
cd /Users/admin/builder/spi-builder-workspace/.swiftpm/xcode
builtin-SwiftPerFileCompile BinarySearchTree.swift
SwiftEmitModule normal arm64_32 Emitting\ module\ for\ Swiftlier (in target 'Swiftlier' from project 'Swiftlier')
SwiftCompile normal arm64_32 (in target 'Swiftlier' from project 'Swiftlier')
cd /Users/admin/builder/spi-builder-workspace/.swiftpm/xcode
SwiftCompile normal arm64_32 Compiling\ Coding+Helpers.swift,\ CodingKeys.swift,\ NativeTypesDecoder.swift,\ NativeTypesEncoder.swift,\ PercentEncodable.swift,\ SpecDecoder.swift,\ Collection+Enhancments.swift /Users/admin/builder/spi-builder-workspace/.dependencies/checkouts/Swiftlier/Sources/Swiftlier/Coding/Coding+Helpers.swift /Users/admin/builder/spi-builder-workspace/.dependencies/checkouts/Swiftlier/Sources/Swiftlier/Coding/CodingKeys.swift /Users/admin/builder/spi-builder-workspace/.dependencies/checkouts/Swiftlier/Sources/Swiftlier/Coding/NativeTypesDecoder.swift /Users/admin/builder/spi-builder-workspace/.dependencies/checkouts/Swiftlier/Sources/Swiftlier/Coding/NativeTypesEncoder.swift /Users/admin/builder/spi-builder-workspace/.dependencies/checkouts/Swiftlier/Sources/Swiftlier/Coding/PercentEncodable.swift /Users/admin/builder/spi-builder-workspace/.dependencies/checkouts/Swiftlier/Sources/Swiftlier/Coding/SpecDecoder.swift /Users/admin/builder/spi-builder-workspace/.dependencies/checkouts/Swiftlier/Sources/Swiftlier/Enhancements/Collection+Enhancments.swift (in target 'Swiftlier' from project 'Swiftlier')
SwiftCompile normal arm64_32 /Users/admin/builder/spi-builder-workspace/.dependencies/checkouts/Swiftlier/Sources/Swiftlier/Coding/Coding+Helpers.swift (in target 'Swiftlier' from project 'Swiftlier')
cd /Users/admin/builder/spi-builder-workspace/.swiftpm/xcode
builtin-SwiftPerFileCompile Coding+Helpers.swift
SwiftCompile normal arm64_32 /Users/admin/builder/spi-builder-workspace/.dependencies/checkouts/Swiftlier/Sources/Swiftlier/Coding/CodingKeys.swift (in target 'Swiftlier' from project 'Swiftlier')
cd /Users/admin/builder/spi-builder-workspace/.swiftpm/xcode
builtin-SwiftPerFileCompile CodingKeys.swift
SwiftCompile normal arm64_32 /Users/admin/builder/spi-builder-workspace/.dependencies/checkouts/Swiftlier/Sources/Swiftlier/Coding/NativeTypesDecoder.swift (in target 'Swiftlier' from project 'Swiftlier')
cd /Users/admin/builder/spi-builder-workspace/.swiftpm/xcode
builtin-SwiftPerFileCompile NativeTypesDecoder.swift
SwiftCompile normal arm64_32 /Users/admin/builder/spi-builder-workspace/.dependencies/checkouts/Swiftlier/Sources/Swiftlier/Coding/NativeTypesEncoder.swift (in target 'Swiftlier' from project 'Swiftlier')
cd /Users/admin/builder/spi-builder-workspace/.swiftpm/xcode
builtin-SwiftPerFileCompile NativeTypesEncoder.swift
SwiftCompile normal arm64_32 /Users/admin/builder/spi-builder-workspace/.dependencies/checkouts/Swiftlier/Sources/Swiftlier/Coding/PercentEncodable.swift (in target 'Swiftlier' from project 'Swiftlier')
cd /Users/admin/builder/spi-builder-workspace/.swiftpm/xcode
builtin-SwiftPerFileCompile PercentEncodable.swift
SwiftCompile normal arm64_32 /Users/admin/builder/spi-builder-workspace/.dependencies/checkouts/Swiftlier/Sources/Swiftlier/Coding/SpecDecoder.swift (in target 'Swiftlier' from project 'Swiftlier')
cd /Users/admin/builder/spi-builder-workspace/.swiftpm/xcode
builtin-SwiftPerFileCompile SpecDecoder.swift
SwiftCompile normal arm64_32 /Users/admin/builder/spi-builder-workspace/.dependencies/checkouts/Swiftlier/Sources/Swiftlier/Enhancements/Collection+Enhancments.swift (in target 'Swiftlier' from project 'Swiftlier')
cd /Users/admin/builder/spi-builder-workspace/.swiftpm/xcode
builtin-SwiftPerFileCompile Collection+Enhancments.swift
SwiftCompile normal arm64_32 Compiling\ Data+Processing.swift,\ Date+Helpers.swift,\ DispatchQueue+Enhancements.swift,\ String+Enhancements.swift,\ URL+Enhancements.swift,\ AnySwiftlierError.swift,\ GenericSwiftlierError.swift /Users/admin/builder/spi-builder-workspace/.dependencies/checkouts/Swiftlier/Sources/Swiftlier/Enhancements/Data+Processing.swift /Users/admin/builder/spi-builder-workspace/.dependencies/checkouts/Swiftlier/Sources/Swiftlier/Enhancements/Date+Helpers.swift /Users/admin/builder/spi-builder-workspace/.dependencies/checkouts/Swiftlier/Sources/Swiftlier/Enhancements/DispatchQueue+Enhancements.swift /Users/admin/builder/spi-builder-workspace/.dependencies/checkouts/Swiftlier/Sources/Swiftlier/Enhancements/String+Enhancements.swift /Users/admin/builder/spi-builder-workspace/.dependencies/checkouts/Swiftlier/Sources/Swiftlier/Enhancements/URL+Enhancements.swift /Users/admin/builder/spi-builder-workspace/.dependencies/checkouts/Swiftlier/Sources/Swiftlier/Errors/AnySwiftlierError.swift /Users/admin/builder/spi-builder-workspace/.dependencies/checkouts/Swiftlier/Sources/Swiftlier/Errors/GenericSwiftlierError.swift (in target 'Swiftlier' from project 'Swiftlier')
SwiftCompile normal arm64_32 /Users/admin/builder/spi-builder-workspace/.dependencies/checkouts/Swiftlier/Sources/Swiftlier/Enhancements/Data+Processing.swift (in target 'Swiftlier' from project 'Swiftlier')
cd /Users/admin/builder/spi-builder-workspace/.swiftpm/xcode
builtin-SwiftPerFileCompile Data+Processing.swift
SwiftCompile normal arm64_32 /Users/admin/builder/spi-builder-workspace/.dependencies/checkouts/Swiftlier/Sources/Swiftlier/Enhancements/Date+Helpers.swift (in target 'Swiftlier' from project 'Swiftlier')
cd /Users/admin/builder/spi-builder-workspace/.swiftpm/xcode
builtin-SwiftPerFileCompile Date+Helpers.swift
SwiftCompile normal arm64_32 /Users/admin/builder/spi-builder-workspace/.dependencies/checkouts/Swiftlier/Sources/Swiftlier/Enhancements/DispatchQueue+Enhancements.swift (in target 'Swiftlier' from project 'Swiftlier')
cd /Users/admin/builder/spi-builder-workspace/.swiftpm/xcode
builtin-SwiftPerFileCompile DispatchQueue+Enhancements.swift
SwiftCompile normal arm64_32 /Users/admin/builder/spi-builder-workspace/.dependencies/checkouts/Swiftlier/Sources/Swiftlier/Enhancements/String+Enhancements.swift (in target 'Swiftlier' from project 'Swiftlier')
cd /Users/admin/builder/spi-builder-workspace/.swiftpm/xcode
builtin-SwiftPerFileCompile String+Enhancements.swift
SwiftCompile normal arm64_32 /Users/admin/builder/spi-builder-workspace/.dependencies/checkouts/Swiftlier/Sources/Swiftlier/Enhancements/URL+Enhancements.swift (in target 'Swiftlier' from project 'Swiftlier')
cd /Users/admin/builder/spi-builder-workspace/.swiftpm/xcode
builtin-SwiftPerFileCompile URL+Enhancements.swift
SwiftCompile normal arm64_32 /Users/admin/builder/spi-builder-workspace/.dependencies/checkouts/Swiftlier/Sources/Swiftlier/Errors/AnySwiftlierError.swift (in target 'Swiftlier' from project 'Swiftlier')
cd /Users/admin/builder/spi-builder-workspace/.swiftpm/xcode
builtin-SwiftPerFileCompile AnySwiftlierError.swift
SwiftCompile normal arm64_32 /Users/admin/builder/spi-builder-workspace/.dependencies/checkouts/Swiftlier/Sources/Swiftlier/Errors/GenericSwiftlierError.swift (in target 'Swiftlier' from project 'Swiftlier')
cd /Users/admin/builder/spi-builder-workspace/.swiftpm/xcode
builtin-SwiftPerFileCompile GenericSwiftlierError.swift
SwiftCompile normal arm64_32 Compiling\ Path+Coding.swift,\ Path.swift,\ PersistenceService.swift,\ ReferenceTypePersistenceService.swift,\ ValueTypePersistenceService.swift,\ Bool+Formatting.swift /Users/admin/builder/spi-builder-workspace/.dependencies/checkouts/Swiftlier/Sources/Swiftlier/FileSystem/Path+Coding.swift /Users/admin/builder/spi-builder-workspace/.dependencies/checkouts/Swiftlier/Sources/Swiftlier/FileSystem/Path.swift /Users/admin/builder/spi-builder-workspace/.dependencies/checkouts/Swiftlier/Sources/Swiftlier/FileSystem/PersistenceService.swift /Users/admin/builder/spi-builder-workspace/.dependencies/checkouts/Swiftlier/Sources/Swiftlier/FileSystem/ReferenceTypePersistenceService.swift /Users/admin/builder/spi-builder-workspace/.dependencies/checkouts/Swiftlier/Sources/Swiftlier/FileSystem/ValueTypePersistenceService.swift /Users/admin/builder/spi-builder-workspace/.dependencies/checkouts/Swiftlier/Sources/Swiftlier/Formatting/Bool+Formatting.swift (in target 'Swiftlier' from project 'Swiftlier')
SwiftCompile normal arm64_32 /Users/admin/builder/spi-builder-workspace/.dependencies/checkouts/Swiftlier/Sources/Swiftlier/FileSystem/Path+Coding.swift (in target 'Swiftlier' from project 'Swiftlier')
cd /Users/admin/builder/spi-builder-workspace/.swiftpm/xcode
builtin-SwiftPerFileCompile Path+Coding.swift
SwiftCompile normal arm64_32 /Users/admin/builder/spi-builder-workspace/.dependencies/checkouts/Swiftlier/Sources/Swiftlier/FileSystem/Path.swift (in target 'Swiftlier' from project 'Swiftlier')
cd /Users/admin/builder/spi-builder-workspace/.swiftpm/xcode
builtin-SwiftPerFileCompile Path.swift
SwiftCompile normal arm64_32 /Users/admin/builder/spi-builder-workspace/.dependencies/checkouts/Swiftlier/Sources/Swiftlier/FileSystem/PersistenceService.swift (in target 'Swiftlier' from project 'Swiftlier')
cd /Users/admin/builder/spi-builder-workspace/.swiftpm/xcode
builtin-SwiftPerFileCompile PersistenceService.swift
SwiftCompile normal arm64_32 /Users/admin/builder/spi-builder-workspace/.dependencies/checkouts/Swiftlier/Sources/Swiftlier/FileSystem/ReferenceTypePersistenceService.swift (in target 'Swiftlier' from project 'Swiftlier')
cd /Users/admin/builder/spi-builder-workspace/.swiftpm/xcode
builtin-SwiftPerFileCompile ReferenceTypePersistenceService.swift
SwiftCompile normal arm64_32 /Users/admin/builder/spi-builder-workspace/.dependencies/checkouts/Swiftlier/Sources/Swiftlier/FileSystem/ValueTypePersistenceService.swift (in target 'Swiftlier' from project 'Swiftlier')
cd /Users/admin/builder/spi-builder-workspace/.swiftpm/xcode
builtin-SwiftPerFileCompile ValueTypePersistenceService.swift
SwiftCompile normal arm64_32 /Users/admin/builder/spi-builder-workspace/.dependencies/checkouts/Swiftlier/Sources/Swiftlier/Formatting/Bool+Formatting.swift (in target 'Swiftlier' from project 'Swiftlier')
cd /Users/admin/builder/spi-builder-workspace/.swiftpm/xcode
builtin-SwiftPerFileCompile Bool+Formatting.swift
SwiftCompile normal arm64_32 Compiling\ EventCenter.swift,\ MultiCallback.swift,\ Observable.swift,\ ObservableArray.swift,\ ObservableDictionary.swift,\ ObservableReference.swift /Users/admin/builder/spi-builder-workspace/.dependencies/checkouts/Swiftlier/Sources/Swiftlier/Model/Observable/EventCenter.swift /Users/admin/builder/spi-builder-workspace/.dependencies/checkouts/Swiftlier/Sources/Swiftlier/Model/Observable/MultiCallback.swift /Users/admin/builder/spi-builder-workspace/.dependencies/checkouts/Swiftlier/Sources/Swiftlier/Model/Observable/Observable.swift /Users/admin/builder/spi-builder-workspace/.dependencies/checkouts/Swiftlier/Sources/Swiftlier/Model/Observable/ObservableArray.swift /Users/admin/builder/spi-builder-workspace/.dependencies/checkouts/Swiftlier/Sources/Swiftlier/Model/Observable/ObservableDictionary.swift /Users/admin/builder/spi-builder-workspace/.dependencies/checkouts/Swiftlier/Sources/Swiftlier/Model/Observable/ObservableReference.swift (in target 'Swiftlier' from project 'Swiftlier')
SwiftCompile normal arm64_32 /Users/admin/builder/spi-builder-workspace/.dependencies/checkouts/Swiftlier/Sources/Swiftlier/Model/Observable/EventCenter.swift (in target 'Swiftlier' from project 'Swiftlier')
cd /Users/admin/builder/spi-builder-workspace/.swiftpm/xcode
builtin-SwiftPerFileCompile EventCenter.swift
SwiftCompile normal arm64_32 /Users/admin/builder/spi-builder-workspace/.dependencies/checkouts/Swiftlier/Sources/Swiftlier/Model/Observable/MultiCallback.swift (in target 'Swiftlier' from project 'Swiftlier')
cd /Users/admin/builder/spi-builder-workspace/.swiftpm/xcode
builtin-SwiftPerFileCompile MultiCallback.swift
SwiftCompile normal arm64_32 /Users/admin/builder/spi-builder-workspace/.dependencies/checkouts/Swiftlier/Sources/Swiftlier/Model/Observable/Observable.swift (in target 'Swiftlier' from project 'Swiftlier')
cd /Users/admin/builder/spi-builder-workspace/.swiftpm/xcode
builtin-SwiftPerFileCompile Observable.swift
SwiftCompile normal arm64_32 /Users/admin/builder/spi-builder-workspace/.dependencies/checkouts/Swiftlier/Sources/Swiftlier/Model/Observable/ObservableArray.swift (in target 'Swiftlier' from project 'Swiftlier')
cd /Users/admin/builder/spi-builder-workspace/.swiftpm/xcode
builtin-SwiftPerFileCompile ObservableArray.swift
SwiftCompile normal arm64_32 /Users/admin/builder/spi-builder-workspace/.dependencies/checkouts/Swiftlier/Sources/Swiftlier/Model/Observable/ObservableDictionary.swift (in target 'Swiftlier' from project 'Swiftlier')
cd /Users/admin/builder/spi-builder-workspace/.swiftpm/xcode
builtin-SwiftPerFileCompile ObservableDictionary.swift
SwiftCompile normal arm64_32 /Users/admin/builder/spi-builder-workspace/.dependencies/checkouts/Swiftlier/Sources/Swiftlier/Model/Observable/ObservableReference.swift (in target 'Swiftlier' from project 'Swiftlier')
cd /Users/admin/builder/spi-builder-workspace/.swiftpm/xcode
builtin-SwiftPerFileCompile ObservableReference.swift
SwiftCompile normal arm64_32 Compiling\ OperationBasedError.swift,\ OtherSwiftlierError.swift,\ SwiftlierError.swift,\ SwiftlierResult.swift,\ FileSystem+iOSDirectories.swift,\ FileSystem.swift /Users/admin/builder/spi-builder-workspace/.dependencies/checkouts/Swiftlier/Sources/Swiftlier/Errors/OperationBasedError.swift /Users/admin/builder/spi-builder-workspace/.dependencies/checkouts/Swiftlier/Sources/Swiftlier/Errors/OtherSwiftlierError.swift /Users/admin/builder/spi-builder-workspace/.dependencies/checkouts/Swiftlier/Sources/Swiftlier/Errors/SwiftlierError.swift /Users/admin/builder/spi-builder-workspace/.dependencies/checkouts/Swiftlier/Sources/Swiftlier/Errors/SwiftlierResult.swift /Users/admin/builder/spi-builder-workspace/.dependencies/checkouts/Swiftlier/Sources/Swiftlier/FileSystem/FileSystem+iOSDirectories.swift /Users/admin/builder/spi-builder-workspace/.dependencies/checkouts/Swiftlier/Sources/Swiftlier/FileSystem/FileSystem.swift (in target 'Swiftlier' from project 'Swiftlier')
SwiftCompile normal arm64_32 /Users/admin/builder/spi-builder-workspace/.dependencies/checkouts/Swiftlier/Sources/Swiftlier/Errors/OperationBasedError.swift (in target 'Swiftlier' from project 'Swiftlier')
cd /Users/admin/builder/spi-builder-workspace/.swiftpm/xcode
builtin-SwiftPerFileCompile OperationBasedError.swift
SwiftCompile normal arm64_32 /Users/admin/builder/spi-builder-workspace/.dependencies/checkouts/Swiftlier/Sources/Swiftlier/Errors/OtherSwiftlierError.swift (in target 'Swiftlier' from project 'Swiftlier')
cd /Users/admin/builder/spi-builder-workspace/.swiftpm/xcode
builtin-SwiftPerFileCompile OtherSwiftlierError.swift
SwiftCompile normal arm64_32 /Users/admin/builder/spi-builder-workspace/.dependencies/checkouts/Swiftlier/Sources/Swiftlier/Errors/SwiftlierError.swift (in target 'Swiftlier' from project 'Swiftlier')
cd /Users/admin/builder/spi-builder-workspace/.swiftpm/xcode
builtin-SwiftPerFileCompile SwiftlierError.swift
SwiftCompile normal arm64_32 /Users/admin/builder/spi-builder-workspace/.dependencies/checkouts/Swiftlier/Sources/Swiftlier/Errors/SwiftlierResult.swift (in target 'Swiftlier' from project 'Swiftlier')
cd /Users/admin/builder/spi-builder-workspace/.swiftpm/xcode
builtin-SwiftPerFileCompile SwiftlierResult.swift
SwiftCompile normal arm64_32 /Users/admin/builder/spi-builder-workspace/.dependencies/checkouts/Swiftlier/Sources/Swiftlier/FileSystem/FileSystem+iOSDirectories.swift (in target 'Swiftlier' from project 'Swiftlier')
cd /Users/admin/builder/spi-builder-workspace/.swiftpm/xcode
builtin-SwiftPerFileCompile FileSystem+iOSDirectories.swift
SwiftCompile normal arm64_32 /Users/admin/builder/spi-builder-workspace/.dependencies/checkouts/Swiftlier/Sources/Swiftlier/FileSystem/FileSystem.swift (in target 'Swiftlier' from project 'Swiftlier')
cd /Users/admin/builder/spi-builder-workspace/.swiftpm/xcode
builtin-SwiftPerFileCompile FileSystem.swift
SwiftDriverJobDiscovery normal arm64_32 Compiling Calendars.swift, Commons.swift, Locales.swift (in target 'SwiftDate' from project 'SwiftDate')
SwiftCompile normal arm64_32 Compiling\ Angle.swift,\ Day.swift,\ EmailAddress.swift,\ HTML.swift,\ Mass.swift,\ Price.swift /Users/admin/builder/spi-builder-workspace/.dependencies/checkouts/Swiftlier/Sources/Swiftlier/Model/Types/Angle.swift /Users/admin/builder/spi-builder-workspace/.dependencies/checkouts/Swiftlier/Sources/Swiftlier/Model/Types/Day.swift /Users/admin/builder/spi-builder-workspace/.dependencies/checkouts/Swiftlier/Sources/Swiftlier/Model/Types/EmailAddress.swift /Users/admin/builder/spi-builder-workspace/.dependencies/checkouts/Swiftlier/Sources/Swiftlier/Model/Types/HTML.swift /Users/admin/builder/spi-builder-workspace/.dependencies/checkouts/Swiftlier/Sources/Swiftlier/Model/Types/Mass.swift /Users/admin/builder/spi-builder-workspace/.dependencies/checkouts/Swiftlier/Sources/Swiftlier/Model/Types/Price.swift (in target 'Swiftlier' from project 'Swiftlier')
SwiftCompile normal arm64_32 /Users/admin/builder/spi-builder-workspace/.dependencies/checkouts/Swiftlier/Sources/Swiftlier/Model/Types/Angle.swift (in target 'Swiftlier' from project 'Swiftlier')
cd /Users/admin/builder/spi-builder-workspace/.swiftpm/xcode
builtin-SwiftPerFileCompile Angle.swift
SwiftCompile normal arm64_32 /Users/admin/builder/spi-builder-workspace/.dependencies/checkouts/Swiftlier/Sources/Swiftlier/Model/Types/Day.swift (in target 'Swiftlier' from project 'Swiftlier')
cd /Users/admin/builder/spi-builder-workspace/.swiftpm/xcode
builtin-SwiftPerFileCompile Day.swift
SwiftCompile normal arm64_32 /Users/admin/builder/spi-builder-workspace/.dependencies/checkouts/Swiftlier/Sources/Swiftlier/Model/Types/EmailAddress.swift (in target 'Swiftlier' from project 'Swiftlier')
cd /Users/admin/builder/spi-builder-workspace/.swiftpm/xcode
builtin-SwiftPerFileCompile EmailAddress.swift
SwiftCompile normal arm64_32 /Users/admin/builder/spi-builder-workspace/.dependencies/checkouts/Swiftlier/Sources/Swiftlier/Model/Types/HTML.swift (in target 'Swiftlier' from project 'Swiftlier')
cd /Users/admin/builder/spi-builder-workspace/.swiftpm/xcode
builtin-SwiftPerFileCompile HTML.swift
SwiftCompile normal arm64_32 /Users/admin/builder/spi-builder-workspace/.dependencies/checkouts/Swiftlier/Sources/Swiftlier/Model/Types/Mass.swift (in target 'Swiftlier' from project 'Swiftlier')
cd /Users/admin/builder/spi-builder-workspace/.swiftpm/xcode
builtin-SwiftPerFileCompile Mass.swift
SwiftCompile normal arm64_32 /Users/admin/builder/spi-builder-workspace/.dependencies/checkouts/Swiftlier/Sources/Swiftlier/Model/Types/Price.swift (in target 'Swiftlier' from project 'Swiftlier')
cd /Users/admin/builder/spi-builder-workspace/.swiftpm/xcode
builtin-SwiftPerFileCompile Price.swift
SwiftEmitModule normal arm64 Emitting\ module\ for\ Swiftlier (in target 'Swiftlier' from project 'Swiftlier')
SwiftCompile normal arm64 (in target 'Swiftlier' from project 'Swiftlier')
cd /Users/admin/builder/spi-builder-workspace/.swiftpm/xcode
SwiftDriverJobDiscovery normal arm64_32 Emitting module for Swiftlier (in target 'Swiftlier' from project 'Swiftlier')
SwiftDriver\ Compilation\ Requirements Swiftlier normal arm64_32 com.apple.xcode.tools.swift.compiler (in target 'Swiftlier' from project 'Swiftlier')
cd /Users/admin/builder/spi-builder-workspace/.swiftpm/xcode
builtin-Swift-Compilation-Requirements -- /Applications/Xcode-27.0.0-Release.Candidate.app/Contents/Developer/Toolchains/XcodeDefault.xctoolchain/usr/bin/swiftc -parse-as-library -module-name Swiftlier -Onone @/Users/admin/builder/spi-builder-workspace/.derivedData/Build/Intermediates.noindex/Swiftlier.build/Debug-watchos/Swiftlier-t.build/Objects-normal/arm64_32/Swiftlier.SwiftFileList -DSWIFT_PACKAGE -DDEBUG -DSWIFT_MODULE_RESOURCE_BUNDLE_UNAVAILABLE -DXcode -plugin-path /Applications/Xcode-27.0.0-Release.Candidate.app/Contents/Developer/Toolchains/XcodeDefault.xctoolchain/usr/lib/swift/host/plugins/testing -enable-experimental-feature DebugDescriptionMacro -sdk /Applications/Xcode-27.0.0-Release.Candidate.app/Contents/Developer/Platforms/WatchOS.platform/Developer/SDKs/WatchOS27.0.sdk -target arm64_32-apple-watchos9.0 -g -module-cache-path /Users/admin/builder/spi-builder-workspace/.derivedData/ModuleCache.noindex -Xfrontend -serialize-debugging-options -profile-coverage-mapping -profile-generate -enable-testing -suppress-warnings -index-store-path /Users/admin/builder/spi-builder-workspace/.derivedData/Index.noindex/DataStore -Xcc -D_LIBCPP_HARDENING_MODE\=_LIBCPP_HARDENING_MODE_DEBUG -swift-version 5 -I /Users/admin/builder/spi-builder-workspace/.derivedData/Build/Products/Debug-watchos -Isystem /Applications/Xcode-27.0.0-Release.Candidate.app/Contents/Developer/Platforms/WatchOS.platform/Developer/usr/lib -F /Users/admin/builder/spi-builder-workspace/.derivedData/Build/Products/Debug-watchos -F /Applications/Xcode-27.0.0-Release.Candidate.app/Contents/Developer/Platforms/WatchOS.platform/Developer/Library/Frameworks -F /Applications/Xcode-27.0.0-Release.Candidate.app/Contents/Developer/Platforms/WatchOS.platform/Developer/SDKs/WatchOS27.0.sdk/Developer/Library/Frameworks -c -j10 -enable-batch-mode -incremental -Xcc -ivfsstatcache -Xcc /Users/admin/builder/spi-builder-workspace/.derivedData/SDKStatCaches.noindex/watchos27.0-24R360-e829b21a6f8c9b70876ba0858053c04477534ef55a1706bf4c1112bbb242f0a2.sdkstatcache -output-file-map /Users/admin/builder/spi-builder-workspace/.derivedData/Build/Intermediates.noindex/Swiftlier.build/Debug-watchos/Swiftlier-t.build/Objects-normal/arm64_32/Swiftlier-OutputFileMap.json -save-temps -no-color-diagnostics -explicit-module-build -module-cache-path /Users/admin/builder/spi-builder-workspace/.derivedData/Build/Intermediates.noindex/SwiftExplicitPrecompiledModules -clang-scanner-module-cache-path /Users/admin/builder/spi-builder-workspace/.derivedData/ModuleCache.noindex -sdk-module-cache-path /Users/admin/builder/spi-builder-workspace/.derivedData/SDKExplicitPrecompiledModules -emit-dependencies -emit-module -emit-module-path /Users/admin/builder/spi-builder-workspace/.derivedData/Build/Intermediates.noindex/Swiftlier.build/Debug-watchos/Swiftlier-t.build/Objects-normal/arm64_32/Swiftlier.swiftmodule -serialize-diagnostics -dependency-scan-serialize-diagnostics-path /Users/admin/builder/spi-builder-workspace/.derivedData/Build/Intermediates.noindex/Swiftlier.build/Debug-watchos/Swiftlier-t.build/Objects-normal/arm64_32/Swiftlier-dependency-scan.dia -validate-clang-modules-once -clang-build-session-file /Users/admin/builder/spi-builder-workspace/.derivedData/ModuleCache.noindex/Session.modulevalidation -Xcc -fmodules-prune-interval\=86400 -Xcc -fmodules-prune-after\=345600 -emit-const-values -const-gather-protocols-list /Users/admin/builder/spi-builder-workspace/.derivedData/Build/Intermediates.noindex/Swiftlier.build/Debug-watchos/Swiftlier-t.build/Objects-normal/arm64_32/Swiftlier_const_extract_protocols.json -Xcc -I/Users/admin/builder/spi-builder-workspace/.derivedData/Build/Products/Debug-watchos/include -Xcc -I/Users/admin/builder/spi-builder-workspace/.derivedData/Build/Intermediates.noindex/Swiftlier.build/Debug-watchos/Swiftlier-t.build/DerivedSources-normal/arm64_32 -Xcc -I/Users/admin/builder/spi-builder-workspace/.derivedData/Build/Intermediates.noindex/Swiftlier.build/Debug-watchos/Swiftlier-t.build/DerivedSources/arm64_32 -Xcc -I/Users/admin/builder/spi-builder-workspace/.derivedData/Build/Intermediates.noindex/Swiftlier.build/Debug-watchos/Swiftlier-t.build/DerivedSources -Xcc -DSWIFT_PACKAGE -Xcc -DDEBUG\=1 -emit-objc-header -emit-objc-header-path /Users/admin/builder/spi-builder-workspace/.derivedData/Build/Intermediates.noindex/Swiftlier.build/Debug-watchos/Swiftlier-t.build/Objects-normal/arm64_32/Swiftlier-Swift.h -working-directory /Users/admin/builder/spi-builder-workspace/.swiftpm/xcode -experimental-emit-module-separately -disable-cmo
SwiftDriverJobDiscovery normal arm64_32 Compiling Coding+Helpers.swift, CodingKeys.swift, NativeTypesDecoder.swift, NativeTypesEncoder.swift, PercentEncodable.swift, SpecDecoder.swift, Collection+Enhancments.swift (in target 'Swiftlier' from project 'Swiftlier')
SwiftCompile normal arm64 Compiling\ UniquelyIdentifiable.swift,\ CSVStreamReader.swift,\ DelimiterStreamReader.swift,\ StreamReader.swift,\ Date+Testable.swift,\ URLSession+Testing.swift /Users/admin/builder/spi-builder-workspace/.dependencies/checkouts/Swiftlier/Sources/Swiftlier/Model/Types/UniquelyIdentifiable.swift /Users/admin/builder/spi-builder-workspace/.dependencies/checkouts/Swiftlier/Sources/Swiftlier/Streams/CSVStreamReader.swift /Users/admin/builder/spi-builder-workspace/.dependencies/checkouts/Swiftlier/Sources/Swiftlier/Streams/DelimiterStreamReader.swift /Users/admin/builder/spi-builder-workspace/.dependencies/checkouts/Swiftlier/Sources/Swiftlier/Streams/StreamReader.swift /Users/admin/builder/spi-builder-workspace/.dependencies/checkouts/Swiftlier/Sources/Swiftlier/Testing/Date+Testable.swift /Users/admin/builder/spi-builder-workspace/.dependencies/checkouts/Swiftlier/Sources/Swiftlier/Testing/URLSession+Testing.swift (in target 'Swiftlier' from project 'Swiftlier')
SwiftCompile normal arm64 /Users/admin/builder/spi-builder-workspace/.dependencies/checkouts/Swiftlier/Sources/Swiftlier/Model/Types/UniquelyIdentifiable.swift (in target 'Swiftlier' from project 'Swiftlier')
cd /Users/admin/builder/spi-builder-workspace/.swiftpm/xcode
builtin-SwiftPerFileCompile UniquelyIdentifiable.swift
SwiftCompile normal arm64 /Users/admin/builder/spi-builder-workspace/.dependencies/checkouts/Swiftlier/Sources/Swiftlier/Streams/CSVStreamReader.swift (in target 'Swiftlier' from project 'Swiftlier')
cd /Users/admin/builder/spi-builder-workspace/.swiftpm/xcode
builtin-SwiftPerFileCompile CSVStreamReader.swift
SwiftCompile normal arm64 /Users/admin/builder/spi-builder-workspace/.dependencies/checkouts/Swiftlier/Sources/Swiftlier/Streams/DelimiterStreamReader.swift (in target 'Swiftlier' from project 'Swiftlier')
cd /Users/admin/builder/spi-builder-workspace/.swiftpm/xcode
builtin-SwiftPerFileCompile DelimiterStreamReader.swift
SwiftCompile normal arm64 /Users/admin/builder/spi-builder-workspace/.dependencies/checkouts/Swiftlier/Sources/Swiftlier/Streams/StreamReader.swift (in target 'Swiftlier' from project 'Swiftlier')
cd /Users/admin/builder/spi-builder-workspace/.swiftpm/xcode
builtin-SwiftPerFileCompile StreamReader.swift
SwiftCompile normal arm64 /Users/admin/builder/spi-builder-workspace/.dependencies/checkouts/Swiftlier/Sources/Swiftlier/Testing/Date+Testable.swift (in target 'Swiftlier' from project 'Swiftlier')
cd /Users/admin/builder/spi-builder-workspace/.swiftpm/xcode
builtin-SwiftPerFileCompile Date+Testable.swift
SwiftCompile normal arm64 /Users/admin/builder/spi-builder-workspace/.dependencies/checkouts/Swiftlier/Sources/Swiftlier/Testing/URLSession+Testing.swift (in target 'Swiftlier' from project 'Swiftlier')
cd /Users/admin/builder/spi-builder-workspace/.swiftpm/xcode
builtin-SwiftPerFileCompile URLSession+Testing.swift
SwiftCompile normal arm64 Compiling\ Coding+Helpers.swift,\ CodingKeys.swift,\ NativeTypesDecoder.swift,\ NativeTypesEncoder.swift,\ PercentEncodable.swift,\ SpecDecoder.swift,\ Collection+Enhancments.swift /Users/admin/builder/spi-builder-workspace/.dependencies/checkouts/Swiftlier/Sources/Swiftlier/Coding/Coding+Helpers.swift /Users/admin/builder/spi-builder-workspace/.dependencies/checkouts/Swiftlier/Sources/Swiftlier/Coding/CodingKeys.swift /Users/admin/builder/spi-builder-workspace/.dependencies/checkouts/Swiftlier/Sources/Swiftlier/Coding/NativeTypesDecoder.swift /Users/admin/builder/spi-builder-workspace/.dependencies/checkouts/Swiftlier/Sources/Swiftlier/Coding/NativeTypesEncoder.swift /Users/admin/builder/spi-builder-workspace/.dependencies/checkouts/Swiftlier/Sources/Swiftlier/Coding/PercentEncodable.swift /Users/admin/builder/spi-builder-workspace/.dependencies/checkouts/Swiftlier/Sources/Swiftlier/Coding/SpecDecoder.swift /Users/admin/builder/spi-builder-workspace/.dependencies/checkouts/Swiftlier/Sources/Swiftlier/Enhancements/Collection+Enhancments.swift (in target 'Swiftlier' from project 'Swiftlier')
SwiftCompile normal arm64 /Users/admin/builder/spi-builder-workspace/.dependencies/checkouts/Swiftlier/Sources/Swiftlier/Coding/Coding+Helpers.swift (in target 'Swiftlier' from project 'Swiftlier')
cd /Users/admin/builder/spi-builder-workspace/.swiftpm/xcode
builtin-SwiftPerFileCompile Coding+Helpers.swift
SwiftCompile normal arm64 /Users/admin/builder/spi-builder-workspace/.dependencies/checkouts/Swiftlier/Sources/Swiftlier/Coding/CodingKeys.swift (in target 'Swiftlier' from project 'Swiftlier')
cd /Users/admin/builder/spi-builder-workspace/.swiftpm/xcode
builtin-SwiftPerFileCompile CodingKeys.swift
SwiftCompile normal arm64 /Users/admin/builder/spi-builder-workspace/.dependencies/checkouts/Swiftlier/Sources/Swiftlier/Coding/NativeTypesDecoder.swift (in target 'Swiftlier' from project 'Swiftlier')
cd /Users/admin/builder/spi-builder-workspace/.swiftpm/xcode
builtin-SwiftPerFileCompile NativeTypesDecoder.swift
SwiftCompile normal arm64 /Users/admin/builder/spi-builder-workspace/.dependencies/checkouts/Swiftlier/Sources/Swiftlier/Coding/NativeTypesEncoder.swift (in target 'Swiftlier' from project 'Swiftlier')
cd /Users/admin/builder/spi-builder-workspace/.swiftpm/xcode
builtin-SwiftPerFileCompile NativeTypesEncoder.swift
SwiftCompile normal arm64 /Users/admin/builder/spi-builder-workspace/.dependencies/checkouts/Swiftlier/Sources/Swiftlier/Coding/PercentEncodable.swift (in target 'Swiftlier' from project 'Swiftlier')
cd /Users/admin/builder/spi-builder-workspace/.swiftpm/xcode
builtin-SwiftPerFileCompile PercentEncodable.swift
SwiftCompile normal arm64 /Users/admin/builder/spi-builder-workspace/.dependencies/checkouts/Swiftlier/Sources/Swiftlier/Coding/SpecDecoder.swift (in target 'Swiftlier' from project 'Swiftlier')
cd /Users/admin/builder/spi-builder-workspace/.swiftpm/xcode
builtin-SwiftPerFileCompile SpecDecoder.swift
SwiftCompile normal arm64 /Users/admin/builder/spi-builder-workspace/.dependencies/checkouts/Swiftlier/Sources/Swiftlier/Enhancements/Collection+Enhancments.swift (in target 'Swiftlier' from project 'Swiftlier')
cd /Users/admin/builder/spi-builder-workspace/.swiftpm/xcode
builtin-SwiftPerFileCompile Collection+Enhancments.swift
SwiftDriverJobDiscovery normal arm64_32 Compiling OperationBasedError.swift, OtherSwiftlierError.swift, SwiftlierError.swift, SwiftlierResult.swift, FileSystem+iOSDirectories.swift, FileSystem.swift (in target 'Swiftlier' from project 'Swiftlier')
Copy /Users/admin/builder/spi-builder-workspace/.derivedData/Build/Products/Debug-watchos/Swiftlier.swiftmodule/arm64_32-apple-watchos.swiftmodule /Users/admin/builder/spi-builder-workspace/.derivedData/Build/Intermediates.noindex/Swiftlier.build/Debug-watchos/Swiftlier-t.build/Objects-normal/arm64_32/Swiftlier.swiftmodule (in target 'Swiftlier' from project 'Swiftlier')
cd /Users/admin/builder/spi-builder-workspace/.dependencies/checkouts/Swiftlier
builtin-copy -exclude .DS_Store -exclude CVS -exclude .svn -exclude .git -exclude .hg -resolve-src-symlinks -rename /Users/admin/builder/spi-builder-workspace/.derivedData/Build/Intermediates.noindex/Swiftlier.build/Debug-watchos/Swiftlier-t.build/Objects-normal/arm64_32/Swiftlier.swiftmodule /Users/admin/builder/spi-builder-workspace/.derivedData/Build/Products/Debug-watchos/Swiftlier.swiftmodule/arm64_32-apple-watchos.swiftmodule
SwiftDriverJobDiscovery normal arm64_32 Compiling JSON.swift, NativeTypesStructured.swift, Structured.swift, XML.swift, Age.swift, AlwaysEqual.swift (in target 'Swiftlier' from project 'Swiftlier')
Copy /Users/admin/builder/spi-builder-workspace/.derivedData/Build/Products/Debug-watchos/Swiftlier.swiftmodule/arm64_32-apple-watchos.swiftdoc /Users/admin/builder/spi-builder-workspace/.derivedData/Build/Intermediates.noindex/Swiftlier.build/Debug-watchos/Swiftlier-t.build/Objects-normal/arm64_32/Swiftlier.swiftdoc (in target 'Swiftlier' from project 'Swiftlier')
cd /Users/admin/builder/spi-builder-workspace/.dependencies/checkouts/Swiftlier
builtin-copy -exclude .DS_Store -exclude CVS -exclude .svn -exclude .git -exclude .hg -resolve-src-symlinks -rename /Users/admin/builder/spi-builder-workspace/.derivedData/Build/Intermediates.noindex/Swiftlier.build/Debug-watchos/Swiftlier-t.build/Objects-normal/arm64_32/Swiftlier.swiftdoc /Users/admin/builder/spi-builder-workspace/.derivedData/Build/Products/Debug-watchos/Swiftlier.swiftmodule/arm64_32-apple-watchos.swiftdoc
Copy /Users/admin/builder/spi-builder-workspace/.derivedData/Build/Products/Debug-watchos/Swiftlier.swiftmodule/arm64_32-apple-watchos.abi.json /Users/admin/builder/spi-builder-workspace/.derivedData/Build/Intermediates.noindex/Swiftlier.build/Debug-watchos/Swiftlier-t.build/Objects-normal/arm64_32/Swiftlier.abi.json (in target 'Swiftlier' from project 'Swiftlier')
cd /Users/admin/builder/spi-builder-workspace/.dependencies/checkouts/Swiftlier
builtin-copy -exclude .DS_Store -exclude CVS -exclude .svn -exclude .git -exclude .hg -resolve-src-symlinks -rename /Users/admin/builder/spi-builder-workspace/.derivedData/Build/Intermediates.noindex/Swiftlier.build/Debug-watchos/Swiftlier-t.build/Objects-normal/arm64_32/Swiftlier.abi.json /Users/admin/builder/spi-builder-workspace/.derivedData/Build/Products/Debug-watchos/Swiftlier.swiftmodule/arm64_32-apple-watchos.abi.json
Copy /Users/admin/builder/spi-builder-workspace/.derivedData/Build/Products/Debug-watchos/Swiftlier.swiftmodule/Project/arm64_32-apple-watchos.swiftsourceinfo /Users/admin/builder/spi-builder-workspace/.derivedData/Build/Intermediates.noindex/Swiftlier.build/Debug-watchos/Swiftlier-t.build/Objects-normal/arm64_32/Swiftlier.swiftsourceinfo (in target 'Swiftlier' from project 'Swiftlier')
cd /Users/admin/builder/spi-builder-workspace/.dependencies/checkouts/Swiftlier
builtin-copy -exclude .DS_Store -exclude CVS -exclude .svn -exclude .git -exclude .hg -resolve-src-symlinks -rename /Users/admin/builder/spi-builder-workspace/.derivedData/Build/Intermediates.noindex/Swiftlier.build/Debug-watchos/Swiftlier-t.build/Objects-normal/arm64_32/Swiftlier.swiftsourceinfo /Users/admin/builder/spi-builder-workspace/.derivedData/Build/Products/Debug-watchos/Swiftlier.swiftmodule/Project/arm64_32-apple-watchos.swiftsourceinfo
SwiftDriverJobDiscovery normal arm64_32 Compiling UniquelyIdentifiable.swift, CSVStreamReader.swift, DelimiterStreamReader.swift, StreamReader.swift, Date+Testable.swift, URLSession+Testing.swift (in target 'Swiftlier' from project 'Swiftlier')
SwiftCompile normal arm64 Compiling\ OperationBasedError.swift,\ OtherSwiftlierError.swift,\ SwiftlierError.swift,\ SwiftlierResult.swift,\ FileSystem+iOSDirectories.swift,\ FileSystem.swift /Users/admin/builder/spi-builder-workspace/.dependencies/checkouts/Swiftlier/Sources/Swiftlier/Errors/OperationBasedError.swift /Users/admin/builder/spi-builder-workspace/.dependencies/checkouts/Swiftlier/Sources/Swiftlier/Errors/OtherSwiftlierError.swift /Users/admin/builder/spi-builder-workspace/.dependencies/checkouts/Swiftlier/Sources/Swiftlier/Errors/SwiftlierError.swift /Users/admin/builder/spi-builder-workspace/.dependencies/checkouts/Swiftlier/Sources/Swiftlier/Errors/SwiftlierResult.swift /Users/admin/builder/spi-builder-workspace/.dependencies/checkouts/Swiftlier/Sources/Swiftlier/FileSystem/FileSystem+iOSDirectories.swift /Users/admin/builder/spi-builder-workspace/.dependencies/checkouts/Swiftlier/Sources/Swiftlier/FileSystem/FileSystem.swift (in target 'Swiftlier' from project 'Swiftlier')
SwiftCompile normal arm64 /Users/admin/builder/spi-builder-workspace/.dependencies/checkouts/Swiftlier/Sources/Swiftlier/Errors/OperationBasedError.swift (in target 'Swiftlier' from project 'Swiftlier')
cd /Users/admin/builder/spi-builder-workspace/.swiftpm/xcode
builtin-SwiftPerFileCompile OperationBasedError.swift
SwiftCompile normal arm64 /Users/admin/builder/spi-builder-workspace/.dependencies/checkouts/Swiftlier/Sources/Swiftlier/Errors/OtherSwiftlierError.swift (in target 'Swiftlier' from project 'Swiftlier')
cd /Users/admin/builder/spi-builder-workspace/.swiftpm/xcode
builtin-SwiftPerFileCompile OtherSwiftlierError.swift
SwiftCompile normal arm64 /Users/admin/builder/spi-builder-workspace/.dependencies/checkouts/Swiftlier/Sources/Swiftlier/Errors/SwiftlierError.swift (in target 'Swiftlier' from project 'Swiftlier')
cd /Users/admin/builder/spi-builder-workspace/.swiftpm/xcode
builtin-SwiftPerFileCompile SwiftlierError.swift
SwiftCompile normal arm64 /Users/admin/builder/spi-builder-workspace/.dependencies/checkouts/Swiftlier/Sources/Swiftlier/Errors/SwiftlierResult.swift (in target 'Swiftlier' from project 'Swiftlier')
cd /Users/admin/builder/spi-builder-workspace/.swiftpm/xcode
builtin-SwiftPerFileCompile SwiftlierResult.swift
SwiftCompile normal arm64 /Users/admin/builder/spi-builder-workspace/.dependencies/checkouts/Swiftlier/Sources/Swiftlier/FileSystem/FileSystem+iOSDirectories.swift (in target 'Swiftlier' from project 'Swiftlier')
cd /Users/admin/builder/spi-builder-workspace/.swiftpm/xcode
builtin-SwiftPerFileCompile FileSystem+iOSDirectories.swift
SwiftCompile normal arm64 /Users/admin/builder/spi-builder-workspace/.dependencies/checkouts/Swiftlier/Sources/Swiftlier/FileSystem/FileSystem.swift (in target 'Swiftlier' from project 'Swiftlier')
cd /Users/admin/builder/spi-builder-workspace/.swiftpm/xcode
builtin-SwiftPerFileCompile FileSystem.swift
SwiftCompile normal arm64 Compiling\ LimitedQueue.swift,\ OrderedDictionary.swift,\ PatchyRange.swift,\ SelectableValue.swift,\ Syncable.swift,\ WeakWrapper.swift /Users/admin/builder/spi-builder-workspace/.dependencies/checkouts/Swiftlier/Sources/Swiftlier/Model/Containers/LimitedQueue.swift /Users/admin/builder/spi-builder-workspace/.dependencies/checkouts/Swiftlier/Sources/Swiftlier/Model/Containers/OrderedDictionary.swift /Users/admin/builder/spi-builder-workspace/.dependencies/checkouts/Swiftlier/Sources/Swiftlier/Model/Containers/PatchyRange.swift /Users/admin/builder/spi-builder-workspace/.dependencies/checkouts/Swiftlier/Sources/Swiftlier/Model/Containers/SelectableValue.swift /Users/admin/builder/spi-builder-workspace/.dependencies/checkouts/Swiftlier/Sources/Swiftlier/Model/Containers/Syncable.swift /Users/admin/builder/spi-builder-workspace/.dependencies/checkouts/Swiftlier/Sources/Swiftlier/Model/Containers/WeakWrapper.swift (in target 'Swiftlier' from project 'Swiftlier')
SwiftCompile normal arm64 /Users/admin/builder/spi-builder-workspace/.dependencies/checkouts/Swiftlier/Sources/Swiftlier/Model/Containers/LimitedQueue.swift (in target 'Swiftlier' from project 'Swiftlier')
cd /Users/admin/builder/spi-builder-workspace/.swiftpm/xcode
builtin-SwiftPerFileCompile LimitedQueue.swift
SwiftCompile normal arm64 /Users/admin/builder/spi-builder-workspace/.dependencies/checkouts/Swiftlier/Sources/Swiftlier/Model/Containers/OrderedDictionary.swift (in target 'Swiftlier' from project 'Swiftlier')
cd /Users/admin/builder/spi-builder-workspace/.swiftpm/xcode
builtin-SwiftPerFileCompile OrderedDictionary.swift
SwiftCompile normal arm64 /Users/admin/builder/spi-builder-workspace/.dependencies/checkouts/Swiftlier/Sources/Swiftlier/Model/Containers/PatchyRange.swift (in target 'Swiftlier' from project 'Swiftlier')
cd /Users/admin/builder/spi-builder-workspace/.swiftpm/xcode
builtin-SwiftPerFileCompile PatchyRange.swift
SwiftCompile normal arm64 /Users/admin/builder/spi-builder-workspace/.dependencies/checkouts/Swiftlier/Sources/Swiftlier/Model/Containers/SelectableValue.swift (in target 'Swiftlier' from project 'Swiftlier')
cd /Users/admin/builder/spi-builder-workspace/.swiftpm/xcode
builtin-SwiftPerFileCompile SelectableValue.swift
SwiftCompile normal arm64 /Users/admin/builder/spi-builder-workspace/.dependencies/checkouts/Swiftlier/Sources/Swiftlier/Model/Containers/Syncable.swift (in target 'Swiftlier' from project 'Swiftlier')
cd /Users/admin/builder/spi-builder-workspace/.swiftpm/xcode
builtin-SwiftPerFileCompile Syncable.swift
SwiftCompile normal arm64 /Users/admin/builder/spi-builder-workspace/.dependencies/checkouts/Swiftlier/Sources/Swiftlier/Model/Containers/WeakWrapper.swift (in target 'Swiftlier' from project 'Swiftlier')
cd /Users/admin/builder/spi-builder-workspace/.swiftpm/xcode
builtin-SwiftPerFileCompile WeakWrapper.swift
SwiftCompile normal arm64 Compiling\ Data+Processing.swift,\ Date+Helpers.swift,\ DispatchQueue+Enhancements.swift,\ String+Enhancements.swift,\ URL+Enhancements.swift,\ AnySwiftlierError.swift,\ GenericSwiftlierError.swift /Users/admin/builder/spi-builder-workspace/.dependencies/checkouts/Swiftlier/Sources/Swiftlier/Enhancements/Data+Processing.swift /Users/admin/builder/spi-builder-workspace/.dependencies/checkouts/Swiftlier/Sources/Swiftlier/Enhancements/Date+Helpers.swift /Users/admin/builder/spi-builder-workspace/.dependencies/checkouts/Swiftlier/Sources/Swiftlier/Enhancements/DispatchQueue+Enhancements.swift /Users/admin/builder/spi-builder-workspace/.dependencies/checkouts/Swiftlier/Sources/Swiftlier/Enhancements/String+Enhancements.swift /Users/admin/builder/spi-builder-workspace/.dependencies/checkouts/Swiftlier/Sources/Swiftlier/Enhancements/URL+Enhancements.swift /Users/admin/builder/spi-builder-workspace/.dependencies/checkouts/Swiftlier/Sources/Swiftlier/Errors/AnySwiftlierError.swift /Users/admin/builder/spi-builder-workspace/.dependencies/checkouts/Swiftlier/Sources/Swiftlier/Errors/GenericSwiftlierError.swift (in target 'Swiftlier' from project 'Swiftlier')
SwiftCompile normal arm64 /Users/admin/builder/spi-builder-workspace/.dependencies/checkouts/Swiftlier/Sources/Swiftlier/Enhancements/Data+Processing.swift (in target 'Swiftlier' from project 'Swiftlier')
cd /Users/admin/builder/spi-builder-workspace/.swiftpm/xcode
builtin-SwiftPerFileCompile Data+Processing.swift
SwiftCompile normal arm64 /Users/admin/builder/spi-builder-workspace/.dependencies/checkouts/Swiftlier/Sources/Swiftlier/Enhancements/Date+Helpers.swift (in target 'Swiftlier' from project 'Swiftlier')
cd /Users/admin/builder/spi-builder-workspace/.swiftpm/xcode
builtin-SwiftPerFileCompile Date+Helpers.swift
SwiftCompile normal arm64 /Users/admin/builder/spi-builder-workspace/.dependencies/checkouts/Swiftlier/Sources/Swiftlier/Enhancements/DispatchQueue+Enhancements.swift (in target 'Swiftlier' from project 'Swiftlier')
cd /Users/admin/builder/spi-builder-workspace/.swiftpm/xcode
builtin-SwiftPerFileCompile DispatchQueue+Enhancements.swift
SwiftCompile normal arm64 /Users/admin/builder/spi-builder-workspace/.dependencies/checkouts/Swiftlier/Sources/Swiftlier/Enhancements/String+Enhancements.swift (in target 'Swiftlier' from project 'Swiftlier')
cd /Users/admin/builder/spi-builder-workspace/.swiftpm/xcode
builtin-SwiftPerFileCompile String+Enhancements.swift
SwiftCompile normal arm64 /Users/admin/builder/spi-builder-workspace/.dependencies/checkouts/Swiftlier/Sources/Swiftlier/Enhancements/URL+Enhancements.swift (in target 'Swiftlier' from project 'Swiftlier')
cd /Users/admin/builder/spi-builder-workspace/.swiftpm/xcode
builtin-SwiftPerFileCompile URL+Enhancements.swift
SwiftCompile normal arm64 /Users/admin/builder/spi-builder-workspace/.dependencies/checkouts/Swiftlier/Sources/Swiftlier/Errors/AnySwiftlierError.swift (in target 'Swiftlier' from project 'Swiftlier')
cd /Users/admin/builder/spi-builder-workspace/.swiftpm/xcode
builtin-SwiftPerFileCompile AnySwiftlierError.swift
SwiftCompile normal arm64 /Users/admin/builder/spi-builder-workspace/.dependencies/checkouts/Swiftlier/Sources/Swiftlier/Errors/GenericSwiftlierError.swift (in target 'Swiftlier' from project 'Swiftlier')
cd /Users/admin/builder/spi-builder-workspace/.swiftpm/xcode
builtin-SwiftPerFileCompile GenericSwiftlierError.swift
SwiftDriverJobDiscovery normal arm64_32 Compiling Path+Coding.swift, Path.swift, PersistenceService.swift, ReferenceTypePersistenceService.swift, ValueTypePersistenceService.swift, Bool+Formatting.swift (in target 'Swiftlier' from project 'Swiftlier')
SwiftCompile normal arm64 Compiling\ EventCenter.swift,\ MultiCallback.swift,\ Observable.swift,\ ObservableArray.swift,\ ObservableDictionary.swift,\ ObservableReference.swift /Users/admin/builder/spi-builder-workspace/.dependencies/checkouts/Swiftlier/Sources/Swiftlier/Model/Observable/EventCenter.swift /Users/admin/builder/spi-builder-workspace/.dependencies/checkouts/Swiftlier/Sources/Swiftlier/Model/Observable/MultiCallback.swift /Users/admin/builder/spi-builder-workspace/.dependencies/checkouts/Swiftlier/Sources/Swiftlier/Model/Observable/Observable.swift /Users/admin/builder/spi-builder-workspace/.dependencies/checkouts/Swiftlier/Sources/Swiftlier/Model/Observable/ObservableArray.swift /Users/admin/builder/spi-builder-workspace/.dependencies/checkouts/Swiftlier/Sources/Swiftlier/Model/Observable/ObservableDictionary.swift /Users/admin/builder/spi-builder-workspace/.dependencies/checkouts/Swiftlier/Sources/Swiftlier/Model/Observable/ObservableReference.swift (in target 'Swiftlier' from project 'Swiftlier')
SwiftCompile normal arm64 /Users/admin/builder/spi-builder-workspace/.dependencies/checkouts/Swiftlier/Sources/Swiftlier/Model/Observable/EventCenter.swift (in target 'Swiftlier' from project 'Swiftlier')
cd /Users/admin/builder/spi-builder-workspace/.swiftpm/xcode
builtin-SwiftPerFileCompile EventCenter.swift
SwiftCompile normal arm64 /Users/admin/builder/spi-builder-workspace/.dependencies/checkouts/Swiftlier/Sources/Swiftlier/Model/Observable/MultiCallback.swift (in target 'Swiftlier' from project 'Swiftlier')
cd /Users/admin/builder/spi-builder-workspace/.swiftpm/xcode
builtin-SwiftPerFileCompile MultiCallback.swift
SwiftCompile normal arm64 /Users/admin/builder/spi-builder-workspace/.dependencies/checkouts/Swiftlier/Sources/Swiftlier/Model/Observable/Observable.swift (in target 'Swiftlier' from project 'Swiftlier')
cd /Users/admin/builder/spi-builder-workspace/.swiftpm/xcode
builtin-SwiftPerFileCompile Observable.swift
SwiftCompile normal arm64 /Users/admin/builder/spi-builder-workspace/.dependencies/checkouts/Swiftlier/Sources/Swiftlier/Model/Observable/ObservableArray.swift (in target 'Swiftlier' from project 'Swiftlier')
cd /Users/admin/builder/spi-builder-workspace/.swiftpm/xcode
builtin-SwiftPerFileCompile ObservableArray.swift
SwiftCompile normal arm64 /Users/admin/builder/spi-builder-workspace/.dependencies/checkouts/Swiftlier/Sources/Swiftlier/Model/Observable/ObservableDictionary.swift (in target 'Swiftlier' from project 'Swiftlier')
cd /Users/admin/builder/spi-builder-workspace/.swiftpm/xcode
builtin-SwiftPerFileCompile ObservableDictionary.swift
SwiftCompile normal arm64 /Users/admin/builder/spi-builder-workspace/.dependencies/checkouts/Swiftlier/Sources/Swiftlier/Model/Observable/ObservableReference.swift (in target 'Swiftlier' from project 'Swiftlier')
cd /Users/admin/builder/spi-builder-workspace/.swiftpm/xcode
builtin-SwiftPerFileCompile ObservableReference.swift
SwiftDriverJobDiscovery normal arm64_32 Compiling Data+Processing.swift, Date+Helpers.swift, DispatchQueue+Enhancements.swift, String+Enhancements.swift, URL+Enhancements.swift, AnySwiftlierError.swift, GenericSwiftlierError.swift (in target 'Swiftlier' from project 'Swiftlier')
SwiftCompile normal arm64 Compiling\ Path+Coding.swift,\ Path.swift,\ PersistenceService.swift,\ ReferenceTypePersistenceService.swift,\ ValueTypePersistenceService.swift,\ Bool+Formatting.swift /Users/admin/builder/spi-builder-workspace/.dependencies/checkouts/Swiftlier/Sources/Swiftlier/FileSystem/Path+Coding.swift /Users/admin/builder/spi-builder-workspace/.dependencies/checkouts/Swiftlier/Sources/Swiftlier/FileSystem/Path.swift /Users/admin/builder/spi-builder-workspace/.dependencies/checkouts/Swiftlier/Sources/Swiftlier/FileSystem/PersistenceService.swift /Users/admin/builder/spi-builder-workspace/.dependencies/checkouts/Swiftlier/Sources/Swiftlier/FileSystem/ReferenceTypePersistenceService.swift /Users/admin/builder/spi-builder-workspace/.dependencies/checkouts/Swiftlier/Sources/Swiftlier/FileSystem/ValueTypePersistenceService.swift /Users/admin/builder/spi-builder-workspace/.dependencies/checkouts/Swiftlier/Sources/Swiftlier/Formatting/Bool+Formatting.swift (in target 'Swiftlier' from project 'Swiftlier')
SwiftCompile normal arm64 /Users/admin/builder/spi-builder-workspace/.dependencies/checkouts/Swiftlier/Sources/Swiftlier/FileSystem/Path+Coding.swift (in target 'Swiftlier' from project 'Swiftlier')
cd /Users/admin/builder/spi-builder-workspace/.swiftpm/xcode
builtin-SwiftPerFileCompile Path+Coding.swift
SwiftCompile normal arm64 /Users/admin/builder/spi-builder-workspace/.dependencies/checkouts/Swiftlier/Sources/Swiftlier/FileSystem/Path.swift (in target 'Swiftlier' from project 'Swiftlier')
cd /Users/admin/builder/spi-builder-workspace/.swiftpm/xcode
builtin-SwiftPerFileCompile Path.swift
SwiftCompile normal arm64 /Users/admin/builder/spi-builder-workspace/.dependencies/checkouts/Swiftlier/Sources/Swiftlier/FileSystem/PersistenceService.swift (in target 'Swiftlier' from project 'Swiftlier')
cd /Users/admin/builder/spi-builder-workspace/.swiftpm/xcode
builtin-SwiftPerFileCompile PersistenceService.swift
SwiftCompile normal arm64 /Users/admin/builder/spi-builder-workspace/.dependencies/checkouts/Swiftlier/Sources/Swiftlier/FileSystem/ReferenceTypePersistenceService.swift (in target 'Swiftlier' from project 'Swiftlier')
cd /Users/admin/builder/spi-builder-workspace/.swiftpm/xcode
builtin-SwiftPerFileCompile ReferenceTypePersistenceService.swift
SwiftCompile normal arm64 /Users/admin/builder/spi-builder-workspace/.dependencies/checkouts/Swiftlier/Sources/Swiftlier/FileSystem/ValueTypePersistenceService.swift (in target 'Swiftlier' from project 'Swiftlier')
cd /Users/admin/builder/spi-builder-workspace/.swiftpm/xcode
builtin-SwiftPerFileCompile ValueTypePersistenceService.swift
SwiftCompile normal arm64 /Users/admin/builder/spi-builder-workspace/.dependencies/checkouts/Swiftlier/Sources/Swiftlier/Formatting/Bool+Formatting.swift (in target 'Swiftlier' from project 'Swiftlier')
cd /Users/admin/builder/spi-builder-workspace/.swiftpm/xcode
builtin-SwiftPerFileCompile Bool+Formatting.swift
SwiftDriverJobDiscovery normal arm64_32 Compiling Data+Base64.swift, Date+Formatting.swift, Double+Formatting.swift, HeartRateFormatter.swift, TimeInterval+Formatting.swift, BinarySearchTree.swift (in target 'Swiftlier' from project 'Swiftlier')
SwiftCompile normal arm64 Compiling\ JSON.swift,\ NativeTypesStructured.swift,\ Structured.swift,\ XML.swift,\ Age.swift,\ AlwaysEqual.swift /Users/admin/builder/spi-builder-workspace/.dependencies/checkouts/Swiftlier/Sources/Swiftlier/Model/Structured/JSON.swift /Users/admin/builder/spi-builder-workspace/.dependencies/checkouts/Swiftlier/Sources/Swiftlier/Model/Structured/NativeTypesStructured.swift /Users/admin/builder/spi-builder-workspace/.dependencies/checkouts/Swiftlier/Sources/Swiftlier/Model/Structured/Structured.swift /Users/admin/builder/spi-builder-workspace/.dependencies/checkouts/Swiftlier/Sources/Swiftlier/Model/Structured/XML.swift /Users/admin/builder/spi-builder-workspace/.dependencies/checkouts/Swiftlier/Sources/Swiftlier/Model/Types/Age.swift /Users/admin/builder/spi-builder-workspace/.dependencies/checkouts/Swiftlier/Sources/Swiftlier/Model/Types/AlwaysEqual.swift (in target 'Swiftlier' from project 'Swiftlier')
SwiftCompile normal arm64 /Users/admin/builder/spi-builder-workspace/.dependencies/checkouts/Swiftlier/Sources/Swiftlier/Model/Structured/JSON.swift (in target 'Swiftlier' from project 'Swiftlier')
cd /Users/admin/builder/spi-builder-workspace/.swiftpm/xcode
builtin-SwiftPerFileCompile JSON.swift
SwiftCompile normal arm64 /Users/admin/builder/spi-builder-workspace/.dependencies/checkouts/Swiftlier/Sources/Swiftlier/Model/Structured/NativeTypesStructured.swift (in target 'Swiftlier' from project 'Swiftlier')
cd /Users/admin/builder/spi-builder-workspace/.swiftpm/xcode
builtin-SwiftPerFileCompile NativeTypesStructured.swift
SwiftCompile normal arm64 /Users/admin/builder/spi-builder-workspace/.dependencies/checkouts/Swiftlier/Sources/Swiftlier/Model/Structured/Structured.swift (in target 'Swiftlier' from project 'Swiftlier')
cd /Users/admin/builder/spi-builder-workspace/.swiftpm/xcode
builtin-SwiftPerFileCompile Structured.swift
SwiftCompile normal arm64 /Users/admin/builder/spi-builder-workspace/.dependencies/checkouts/Swiftlier/Sources/Swiftlier/Model/Structured/XML.swift (in target 'Swiftlier' from project 'Swiftlier')
cd /Users/admin/builder/spi-builder-workspace/.swiftpm/xcode
builtin-SwiftPerFileCompile XML.swift
SwiftCompile normal arm64 /Users/admin/builder/spi-builder-workspace/.dependencies/checkouts/Swiftlier/Sources/Swiftlier/Model/Types/Age.swift (in target 'Swiftlier' from project 'Swiftlier')
cd /Users/admin/builder/spi-builder-workspace/.swiftpm/xcode
builtin-SwiftPerFileCompile Age.swift
SwiftCompile normal arm64 /Users/admin/builder/spi-builder-workspace/.dependencies/checkouts/Swiftlier/Sources/Swiftlier/Model/Types/AlwaysEqual.swift (in target 'Swiftlier' from project 'Swiftlier')
cd /Users/admin/builder/spi-builder-workspace/.swiftpm/xcode
builtin-SwiftPerFileCompile AlwaysEqual.swift
SwiftDriverJobDiscovery normal arm64_32 Compiling EventCenter.swift, MultiCallback.swift, Observable.swift, ObservableArray.swift, ObservableDictionary.swift, ObservableReference.swift (in target 'Swiftlier' from project 'Swiftlier')
SwiftCompile normal arm64 Compiling\ Data+Base64.swift,\ Date+Formatting.swift,\ Double+Formatting.swift,\ HeartRateFormatter.swift,\ TimeInterval+Formatting.swift,\ BinarySearchTree.swift /Users/admin/builder/spi-builder-workspace/.dependencies/checkouts/Swiftlier/Sources/Swiftlier/Formatting/Data+Base64.swift /Users/admin/builder/spi-builder-workspace/.dependencies/checkouts/Swiftlier/Sources/Swiftlier/Formatting/Date+Formatting.swift /Users/admin/builder/spi-builder-workspace/.dependencies/checkouts/Swiftlier/Sources/Swiftlier/Formatting/Double+Formatting.swift /Users/admin/builder/spi-builder-workspace/.dependencies/checkouts/Swiftlier/Sources/Swiftlier/Formatting/HeartRateFormatter.swift /Users/admin/builder/spi-builder-workspace/.dependencies/checkouts/Swiftlier/Sources/Swiftlier/Formatting/TimeInterval+Formatting.swift /Users/admin/builder/spi-builder-workspace/.dependencies/checkouts/Swiftlier/Sources/Swiftlier/Model/Containers/BinarySearchTree.swift (in target 'Swiftlier' from project 'Swiftlier')
SwiftCompile normal arm64 /Users/admin/builder/spi-builder-workspace/.dependencies/checkouts/Swiftlier/Sources/Swiftlier/Formatting/Data+Base64.swift (in target 'Swiftlier' from project 'Swiftlier')
cd /Users/admin/builder/spi-builder-workspace/.swiftpm/xcode
builtin-SwiftPerFileCompile Data+Base64.swift
SwiftCompile normal arm64 /Users/admin/builder/spi-builder-workspace/.dependencies/checkouts/Swiftlier/Sources/Swiftlier/Formatting/Date+Formatting.swift (in target 'Swiftlier' from project 'Swiftlier')
cd /Users/admin/builder/spi-builder-workspace/.swiftpm/xcode
builtin-SwiftPerFileCompile Date+Formatting.swift
SwiftCompile normal arm64 /Users/admin/builder/spi-builder-workspace/.dependencies/checkouts/Swiftlier/Sources/Swiftlier/Formatting/Double+Formatting.swift (in target 'Swiftlier' from project 'Swiftlier')
cd /Users/admin/builder/spi-builder-workspace/.swiftpm/xcode
builtin-SwiftPerFileCompile Double+Formatting.swift
SwiftCompile normal arm64 /Users/admin/builder/spi-builder-workspace/.dependencies/checkouts/Swiftlier/Sources/Swiftlier/Formatting/HeartRateFormatter.swift (in target 'Swiftlier' from project 'Swiftlier')
cd /Users/admin/builder/spi-builder-workspace/.swiftpm/xcode
builtin-SwiftPerFileCompile HeartRateFormatter.swift
SwiftCompile normal arm64 /Users/admin/builder/spi-builder-workspace/.dependencies/checkouts/Swiftlier/Sources/Swiftlier/Formatting/TimeInterval+Formatting.swift (in target 'Swiftlier' from project 'Swiftlier')
cd /Users/admin/builder/spi-builder-workspace/.swiftpm/xcode
builtin-SwiftPerFileCompile TimeInterval+Formatting.swift
SwiftCompile normal arm64 /Users/admin/builder/spi-builder-workspace/.dependencies/checkouts/Swiftlier/Sources/Swiftlier/Model/Containers/BinarySearchTree.swift (in target 'Swiftlier' from project 'Swiftlier')
cd /Users/admin/builder/spi-builder-workspace/.swiftpm/xcode
builtin-SwiftPerFileCompile BinarySearchTree.swift
SwiftDriverJobDiscovery normal arm64_32 Compiling Angle.swift, Day.swift, EmailAddress.swift, HTML.swift, Mass.swift, Price.swift (in target 'Swiftlier' from project 'Swiftlier')
SwiftCompile normal arm64 Compiling\ Angle.swift,\ Day.swift,\ EmailAddress.swift,\ HTML.swift,\ Mass.swift,\ Price.swift /Users/admin/builder/spi-builder-workspace/.dependencies/checkouts/Swiftlier/Sources/Swiftlier/Model/Types/Angle.swift /Users/admin/builder/spi-builder-workspace/.dependencies/checkouts/Swiftlier/Sources/Swiftlier/Model/Types/Day.swift /Users/admin/builder/spi-builder-workspace/.dependencies/checkouts/Swiftlier/Sources/Swiftlier/Model/Types/EmailAddress.swift /Users/admin/builder/spi-builder-workspace/.dependencies/checkouts/Swiftlier/Sources/Swiftlier/Model/Types/HTML.swift /Users/admin/builder/spi-builder-workspace/.dependencies/checkouts/Swiftlier/Sources/Swiftlier/Model/Types/Mass.swift /Users/admin/builder/spi-builder-workspace/.dependencies/checkouts/Swiftlier/Sources/Swiftlier/Model/Types/Price.swift (in target 'Swiftlier' from project 'Swiftlier')
SwiftCompile normal arm64 /Users/admin/builder/spi-builder-workspace/.dependencies/checkouts/Swiftlier/Sources/Swiftlier/Model/Types/Angle.swift (in target 'Swiftlier' from project 'Swiftlier')
cd /Users/admin/builder/spi-builder-workspace/.swiftpm/xcode
builtin-SwiftPerFileCompile Angle.swift
SwiftCompile normal arm64 /Users/admin/builder/spi-builder-workspace/.dependencies/checkouts/Swiftlier/Sources/Swiftlier/Model/Types/Day.swift (in target 'Swiftlier' from project 'Swiftlier')
cd /Users/admin/builder/spi-builder-workspace/.swiftpm/xcode
builtin-SwiftPerFileCompile Day.swift
SwiftCompile normal arm64 /Users/admin/builder/spi-builder-workspace/.dependencies/checkouts/Swiftlier/Sources/Swiftlier/Model/Types/EmailAddress.swift (in target 'Swiftlier' from project 'Swiftlier')
cd /Users/admin/builder/spi-builder-workspace/.swiftpm/xcode
builtin-SwiftPerFileCompile EmailAddress.swift
SwiftCompile normal arm64 /Users/admin/builder/spi-builder-workspace/.dependencies/checkouts/Swiftlier/Sources/Swiftlier/Model/Types/HTML.swift (in target 'Swiftlier' from project 'Swiftlier')
cd /Users/admin/builder/spi-builder-workspace/.swiftpm/xcode
builtin-SwiftPerFileCompile HTML.swift
SwiftCompile normal arm64 /Users/admin/builder/spi-builder-workspace/.dependencies/checkouts/Swiftlier/Sources/Swiftlier/Model/Types/Mass.swift (in target 'Swiftlier' from project 'Swiftlier')
cd /Users/admin/builder/spi-builder-workspace/.swiftpm/xcode
builtin-SwiftPerFileCompile Mass.swift
SwiftCompile normal arm64 /Users/admin/builder/spi-builder-workspace/.dependencies/checkouts/Swiftlier/Sources/Swiftlier/Model/Types/Price.swift (in target 'Swiftlier' from project 'Swiftlier')
cd /Users/admin/builder/spi-builder-workspace/.swiftpm/xcode
builtin-SwiftPerFileCompile Price.swift
SwiftDriverJobDiscovery normal arm64 Emitting module for Swiftlier (in target 'Swiftlier' from project 'Swiftlier')
SwiftDriver\ Compilation\ Requirements Swiftlier normal arm64 com.apple.xcode.tools.swift.compiler (in target 'Swiftlier' from project 'Swiftlier')
cd /Users/admin/builder/spi-builder-workspace/.swiftpm/xcode
builtin-Swift-Compilation-Requirements -- /Applications/Xcode-27.0.0-Release.Candidate.app/Contents/Developer/Toolchains/XcodeDefault.xctoolchain/usr/bin/swiftc -parse-as-library -module-name Swiftlier -Onone @/Users/admin/builder/spi-builder-workspace/.derivedData/Build/Intermediates.noindex/Swiftlier.build/Debug-watchos/Swiftlier-t.build/Objects-normal/arm64/Swiftlier.SwiftFileList -DSWIFT_PACKAGE -DDEBUG -DSWIFT_MODULE_RESOURCE_BUNDLE_UNAVAILABLE -DXcode -plugin-path /Applications/Xcode-27.0.0-Release.Candidate.app/Contents/Developer/Toolchains/XcodeDefault.xctoolchain/usr/lib/swift/host/plugins/testing -enable-experimental-feature DebugDescriptionMacro -sdk /Applications/Xcode-27.0.0-Release.Candidate.app/Contents/Developer/Platforms/WatchOS.platform/Developer/SDKs/WatchOS27.0.sdk -target arm64-apple-watchos9.0 -g -module-cache-path /Users/admin/builder/spi-builder-workspace/.derivedData/ModuleCache.noindex -Xfrontend -serialize-debugging-options -profile-coverage-mapping -profile-generate -enable-testing -suppress-warnings -index-store-path /Users/admin/builder/spi-builder-workspace/.derivedData/Index.noindex/DataStore -Xcc -D_LIBCPP_HARDENING_MODE\=_LIBCPP_HARDENING_MODE_DEBUG -swift-version 5 -I /Users/admin/builder/spi-builder-workspace/.derivedData/Build/Products/Debug-watchos -Isystem /Applications/Xcode-27.0.0-Release.Candidate.app/Contents/Developer/Platforms/WatchOS.platform/Developer/usr/lib -F /Users/admin/builder/spi-builder-workspace/.derivedData/Build/Products/Debug-watchos -F /Applications/Xcode-27.0.0-Release.Candidate.app/Contents/Developer/Platforms/WatchOS.platform/Developer/Library/Frameworks -F /Applications/Xcode-27.0.0-Release.Candidate.app/Contents/Developer/Platforms/WatchOS.platform/Developer/SDKs/WatchOS27.0.sdk/Developer/Library/Frameworks -c -j10 -enable-batch-mode -incremental -Xcc -ivfsstatcache -Xcc /Users/admin/builder/spi-builder-workspace/.derivedData/SDKStatCaches.noindex/watchos27.0-24R360-e829b21a6f8c9b70876ba0858053c04477534ef55a1706bf4c1112bbb242f0a2.sdkstatcache -output-file-map /Users/admin/builder/spi-builder-workspace/.derivedData/Build/Intermediates.noindex/Swiftlier.build/Debug-watchos/Swiftlier-t.build/Objects-normal/arm64/Swiftlier-OutputFileMap.json -save-temps -no-color-diagnostics -explicit-module-build -module-cache-path /Users/admin/builder/spi-builder-workspace/.derivedData/Build/Intermediates.noindex/SwiftExplicitPrecompiledModules -clang-scanner-module-cache-path /Users/admin/builder/spi-builder-workspace/.derivedData/ModuleCache.noindex -sdk-module-cache-path /Users/admin/builder/spi-builder-workspace/.derivedData/SDKExplicitPrecompiledModules -emit-dependencies -emit-module -emit-module-path /Users/admin/builder/spi-builder-workspace/.derivedData/Build/Intermediates.noindex/Swiftlier.build/Debug-watchos/Swiftlier-t.build/Objects-normal/arm64/Swiftlier.swiftmodule -serialize-diagnostics -dependency-scan-serialize-diagnostics-path /Users/admin/builder/spi-builder-workspace/.derivedData/Build/Intermediates.noindex/Swiftlier.build/Debug-watchos/Swiftlier-t.build/Objects-normal/arm64/Swiftlier-dependency-scan.dia -validate-clang-modules-once -clang-build-session-file /Users/admin/builder/spi-builder-workspace/.derivedData/ModuleCache.noindex/Session.modulevalidation -Xcc -fmodules-prune-interval\=86400 -Xcc -fmodules-prune-after\=345600 -emit-const-values -const-gather-protocols-list /Users/admin/builder/spi-builder-workspace/.derivedData/Build/Intermediates.noindex/Swiftlier.build/Debug-watchos/Swiftlier-t.build/Objects-normal/arm64/Swiftlier_const_extract_protocols.json -Xcc -I/Users/admin/builder/spi-builder-workspace/.derivedData/Build/Products/Debug-watchos/include -Xcc -I/Users/admin/builder/spi-builder-workspace/.derivedData/Build/Intermediates.noindex/Swiftlier.build/Debug-watchos/Swiftlier-t.build/DerivedSources-normal/arm64 -Xcc -I/Users/admin/builder/spi-builder-workspace/.derivedData/Build/Intermediates.noindex/Swiftlier.build/Debug-watchos/Swiftlier-t.build/DerivedSources/arm64 -Xcc -I/Users/admin/builder/spi-builder-workspace/.derivedData/Build/Intermediates.noindex/Swiftlier.build/Debug-watchos/Swiftlier-t.build/DerivedSources -Xcc -DSWIFT_PACKAGE -Xcc -DDEBUG\=1 -emit-objc-header -emit-objc-header-path /Users/admin/builder/spi-builder-workspace/.derivedData/Build/Intermediates.noindex/Swiftlier.build/Debug-watchos/Swiftlier-t.build/Objects-normal/arm64/Swiftlier-Swift.h -working-directory /Users/admin/builder/spi-builder-workspace/.swiftpm/xcode -experimental-emit-module-separately -disable-cmo
SwiftDriverJobDiscovery normal arm64 Compiling OperationBasedError.swift, OtherSwiftlierError.swift, SwiftlierError.swift, SwiftlierResult.swift, FileSystem+iOSDirectories.swift, FileSystem.swift (in target 'Swiftlier' from project 'Swiftlier')
SwiftCompile normal arm64_32 Compiling\ LimitedQueue.swift,\ OrderedDictionary.swift,\ PatchyRange.swift,\ SelectableValue.swift,\ Syncable.swift,\ WeakWrapper.swift /Users/admin/builder/spi-builder-workspace/.dependencies/checkouts/Swiftlier/Sources/Swiftlier/Model/Containers/LimitedQueue.swift /Users/admin/builder/spi-builder-workspace/.dependencies/checkouts/Swiftlier/Sources/Swiftlier/Model/Containers/OrderedDictionary.swift /Users/admin/builder/spi-builder-workspace/.dependencies/checkouts/Swiftlier/Sources/Swiftlier/Model/Containers/PatchyRange.swift /Users/admin/builder/spi-builder-workspace/.dependencies/checkouts/Swiftlier/Sources/Swiftlier/Model/Containers/SelectableValue.swift /Users/admin/builder/spi-builder-workspace/.dependencies/checkouts/Swiftlier/Sources/Swiftlier/Model/Containers/Syncable.swift /Users/admin/builder/spi-builder-workspace/.dependencies/checkouts/Swiftlier/Sources/Swiftlier/Model/Containers/WeakWrapper.swift (in target 'Swiftlier' from project 'Swiftlier')
SwiftCompile normal arm64_32 /Users/admin/builder/spi-builder-workspace/.dependencies/checkouts/Swiftlier/Sources/Swiftlier/Model/Containers/LimitedQueue.swift (in target 'Swiftlier' from project 'Swiftlier')
cd /Users/admin/builder/spi-builder-workspace/.swiftpm/xcode
builtin-SwiftPerFileCompile LimitedQueue.swift
SwiftCompile normal arm64_32 /Users/admin/builder/spi-builder-workspace/.dependencies/checkouts/Swiftlier/Sources/Swiftlier/Model/Containers/OrderedDictionary.swift (in target 'Swiftlier' from project 'Swiftlier')
cd /Users/admin/builder/spi-builder-workspace/.swiftpm/xcode
builtin-SwiftPerFileCompile OrderedDictionary.swift
SwiftCompile normal arm64_32 /Users/admin/builder/spi-builder-workspace/.dependencies/checkouts/Swiftlier/Sources/Swiftlier/Model/Containers/PatchyRange.swift (in target 'Swiftlier' from project 'Swiftlier')
cd /Users/admin/builder/spi-builder-workspace/.swiftpm/xcode
builtin-SwiftPerFileCompile PatchyRange.swift
SwiftCompile normal arm64_32 /Users/admin/builder/spi-builder-workspace/.dependencies/checkouts/Swiftlier/Sources/Swiftlier/Model/Containers/SelectableValue.swift (in target 'Swiftlier' from project 'Swiftlier')
cd /Users/admin/builder/spi-builder-workspace/.swiftpm/xcode
builtin-SwiftPerFileCompile SelectableValue.swift
SwiftCompile normal arm64_32 /Users/admin/builder/spi-builder-workspace/.dependencies/checkouts/Swiftlier/Sources/Swiftlier/Model/Containers/Syncable.swift (in target 'Swiftlier' from project 'Swiftlier')
cd /Users/admin/builder/spi-builder-workspace/.swiftpm/xcode
builtin-SwiftPerFileCompile Syncable.swift
SwiftCompile normal arm64_32 /Users/admin/builder/spi-builder-workspace/.dependencies/checkouts/Swiftlier/Sources/Swiftlier/Model/Containers/WeakWrapper.swift (in target 'Swiftlier' from project 'Swiftlier')
cd /Users/admin/builder/spi-builder-workspace/.swiftpm/xcode
builtin-SwiftPerFileCompile WeakWrapper.swift
SwiftDriver\ Compilation SwiftDate normal arm64_32 com.apple.xcode.tools.swift.compiler (in target 'SwiftDate' from project 'SwiftDate')
cd /Users/admin/builder/spi-builder-workspace/.swiftpm/xcode
builtin-Swift-Compilation -- /Applications/Xcode-27.0.0-Release.Candidate.app/Contents/Developer/Toolchains/XcodeDefault.xctoolchain/usr/bin/swiftc -parse-as-library -module-name SwiftDate -Onone @/Users/admin/builder/spi-builder-workspace/.derivedData/Build/Intermediates.noindex/SwiftDate.build/Debug-watchos/SwiftDate-t.build/Objects-normal/arm64_32/SwiftDate.SwiftFileList -DSWIFT_PACKAGE -DDEBUG -DSWIFT_MODULE_RESOURCE_BUNDLE_UNAVAILABLE -DXcode -plugin-path /Applications/Xcode-27.0.0-Release.Candidate.app/Contents/Developer/Toolchains/XcodeDefault.xctoolchain/usr/lib/swift/host/plugins/testing -enable-experimental-feature DebugDescriptionMacro -sdk /Applications/Xcode-27.0.0-Release.Candidate.app/Contents/Developer/Platforms/WatchOS.platform/Developer/SDKs/WatchOS27.0.sdk -target arm64_32-apple-watchos9.0 -g -module-cache-path /Users/admin/builder/spi-builder-workspace/.derivedData/ModuleCache.noindex -Xfrontend -serialize-debugging-options -profile-coverage-mapping -profile-generate -enable-testing -suppress-warnings -index-store-path /Users/admin/builder/spi-builder-workspace/.derivedData/Index.noindex/DataStore -Xcc -D_LIBCPP_HARDENING_MODE\=_LIBCPP_HARDENING_MODE_DEBUG -swift-version 4 -I /Users/admin/builder/spi-builder-workspace/.derivedData/Build/Products/Debug-watchos -Isystem /Applications/Xcode-27.0.0-Release.Candidate.app/Contents/Developer/Platforms/WatchOS.platform/Developer/usr/lib -F /Users/admin/builder/spi-builder-workspace/.derivedData/Build/Products/Debug-watchos -F /Applications/Xcode-27.0.0-Release.Candidate.app/Contents/Developer/Platforms/WatchOS.platform/Developer/Library/Frameworks -F /Applications/Xcode-27.0.0-Release.Candidate.app/Contents/Developer/Platforms/WatchOS.platform/Developer/SDKs/WatchOS27.0.sdk/Developer/Library/Frameworks -c -j10 -enable-batch-mode -incremental -Xcc -ivfsstatcache -Xcc /Users/admin/builder/spi-builder-workspace/.derivedData/SDKStatCaches.noindex/watchos27.0-24R360-e829b21a6f8c9b70876ba0858053c04477534ef55a1706bf4c1112bbb242f0a2.sdkstatcache -output-file-map /Users/admin/builder/spi-builder-workspace/.derivedData/Build/Intermediates.noindex/SwiftDate.build/Debug-watchos/SwiftDate-t.build/Objects-normal/arm64_32/SwiftDate-OutputFileMap.json -save-temps -no-color-diagnostics -emit-dependencies -emit-module -emit-module-path /Users/admin/builder/spi-builder-workspace/.derivedData/Build/Intermediates.noindex/SwiftDate.build/Debug-watchos/SwiftDate-t.build/Objects-normal/arm64_32/SwiftDate.swiftmodule -serialize-diagnostics -validate-clang-modules-once -clang-build-session-file /Users/admin/builder/spi-builder-workspace/.derivedData/ModuleCache.noindex/Session.modulevalidation -Xcc -fmodules-prune-interval\=86400 -Xcc -fmodules-prune-after\=345600 -emit-const-values -const-gather-protocols-list /Users/admin/builder/spi-builder-workspace/.derivedData/Build/Intermediates.noindex/SwiftDate.build/Debug-watchos/SwiftDate-t.build/Objects-normal/arm64_32/SwiftDate_const_extract_protocols.json -Xcc -I/Users/admin/builder/spi-builder-workspace/.derivedData/Build/Products/Debug-watchos/include -Xcc -I/Users/admin/builder/spi-builder-workspace/.derivedData/Build/Intermediates.noindex/SwiftDate.build/Debug-watchos/SwiftDate-t.build/DerivedSources-normal/arm64_32 -Xcc -I/Users/admin/builder/spi-builder-workspace/.derivedData/Build/Intermediates.noindex/SwiftDate.build/Debug-watchos/SwiftDate-t.build/DerivedSources/arm64_32 -Xcc -I/Users/admin/builder/spi-builder-workspace/.derivedData/Build/Intermediates.noindex/SwiftDate.build/Debug-watchos/SwiftDate-t.build/DerivedSources -Xcc -DSWIFT_PACKAGE -Xcc -DDEBUG\=1 -emit-objc-header -emit-objc-header-path /Users/admin/builder/spi-builder-workspace/.derivedData/Build/Intermediates.noindex/SwiftDate.build/Debug-watchos/SwiftDate-t.build/Objects-normal/arm64_32/SwiftDate-Swift.h -working-directory /Users/admin/builder/spi-builder-workspace/.swiftpm/xcode -experimental-emit-module-separately -disable-cmo
SwiftDriverJobDiscovery normal arm64 Compiling Coding+Helpers.swift, CodingKeys.swift, NativeTypesDecoder.swift, NativeTypesEncoder.swift, PercentEncodable.swift, SpecDecoder.swift, Collection+Enhancments.swift (in target 'Swiftlier' from project 'Swiftlier')
SwiftMergeGeneratedHeaders /Users/admin/builder/spi-builder-workspace/.derivedData/Build/Intermediates.noindex/GeneratedModuleMaps-watchos/Swiftlier-Swift.h /Users/admin/builder/spi-builder-workspace/.derivedData/Build/Intermediates.noindex/Swiftlier.build/Debug-watchos/Swiftlier-t.build/Objects-normal/arm64/Swiftlier-Swift.h /Users/admin/builder/spi-builder-workspace/.derivedData/Build/Intermediates.noindex/Swiftlier.build/Debug-watchos/Swiftlier-t.build/Objects-normal/arm64_32/Swiftlier-Swift.h (in target 'Swiftlier' from project 'Swiftlier')
cd /Users/admin/builder/spi-builder-workspace/.dependencies/checkouts/Swiftlier
builtin-swiftHeaderTool -arch arm64 /Users/admin/builder/spi-builder-workspace/.derivedData/Build/Intermediates.noindex/Swiftlier.build/Debug-watchos/Swiftlier-t.build/Objects-normal/arm64/Swiftlier-Swift.h -arch arm64_32 /Users/admin/builder/spi-builder-workspace/.derivedData/Build/Intermediates.noindex/Swiftlier.build/Debug-watchos/Swiftlier-t.build/Objects-normal/arm64_32/Swiftlier-Swift.h -o /Users/admin/builder/spi-builder-workspace/.derivedData/Build/Intermediates.noindex/GeneratedModuleMaps-watchos/Swiftlier-Swift.h
Copy /Users/admin/builder/spi-builder-workspace/.derivedData/Build/Products/Debug-watchos/Swiftlier.swiftmodule/arm64-apple-watchos.swiftmodule /Users/admin/builder/spi-builder-workspace/.derivedData/Build/Intermediates.noindex/Swiftlier.build/Debug-watchos/Swiftlier-t.build/Objects-normal/arm64/Swiftlier.swiftmodule (in target 'Swiftlier' from project 'Swiftlier')
cd /Users/admin/builder/spi-builder-workspace/.dependencies/checkouts/Swiftlier
builtin-copy -exclude .DS_Store -exclude CVS -exclude .svn -exclude .git -exclude .hg -resolve-src-symlinks -rename /Users/admin/builder/spi-builder-workspace/.derivedData/Build/Intermediates.noindex/Swiftlier.build/Debug-watchos/Swiftlier-t.build/Objects-normal/arm64/Swiftlier.swiftmodule /Users/admin/builder/spi-builder-workspace/.derivedData/Build/Products/Debug-watchos/Swiftlier.swiftmodule/arm64-apple-watchos.swiftmodule
Copy /Users/admin/builder/spi-builder-workspace/.derivedData/Build/Products/Debug-watchos/Swiftlier.swiftmodule/arm64-apple-watchos.swiftdoc /Users/admin/builder/spi-builder-workspace/.derivedData/Build/Intermediates.noindex/Swiftlier.build/Debug-watchos/Swiftlier-t.build/Objects-normal/arm64/Swiftlier.swiftdoc (in target 'Swiftlier' from project 'Swiftlier')
cd /Users/admin/builder/spi-builder-workspace/.dependencies/checkouts/Swiftlier
builtin-copy -exclude .DS_Store -exclude CVS -exclude .svn -exclude .git -exclude .hg -resolve-src-symlinks -rename /Users/admin/builder/spi-builder-workspace/.derivedData/Build/Intermediates.noindex/Swiftlier.build/Debug-watchos/Swiftlier-t.build/Objects-normal/arm64/Swiftlier.swiftdoc /Users/admin/builder/spi-builder-workspace/.derivedData/Build/Products/Debug-watchos/Swiftlier.swiftmodule/arm64-apple-watchos.swiftdoc
Copy /Users/admin/builder/spi-builder-workspace/.derivedData/Build/Products/Debug-watchos/Swiftlier.swiftmodule/arm64-apple-watchos.abi.json /Users/admin/builder/spi-builder-workspace/.derivedData/Build/Intermediates.noindex/Swiftlier.build/Debug-watchos/Swiftlier-t.build/Objects-normal/arm64/Swiftlier.abi.json (in target 'Swiftlier' from project 'Swiftlier')
cd /Users/admin/builder/spi-builder-workspace/.dependencies/checkouts/Swiftlier
builtin-copy -exclude .DS_Store -exclude CVS -exclude .svn -exclude .git -exclude .hg -resolve-src-symlinks -rename /Users/admin/builder/spi-builder-workspace/.derivedData/Build/Intermediates.noindex/Swiftlier.build/Debug-watchos/Swiftlier-t.build/Objects-normal/arm64/Swiftlier.abi.json /Users/admin/builder/spi-builder-workspace/.derivedData/Build/Products/Debug-watchos/Swiftlier.swiftmodule/arm64-apple-watchos.abi.json
Copy /Users/admin/builder/spi-builder-workspace/.derivedData/Build/Products/Debug-watchos/Swiftlier.swiftmodule/Project/arm64-apple-watchos.swiftsourceinfo /Users/admin/builder/spi-builder-workspace/.derivedData/Build/Intermediates.noindex/Swiftlier.build/Debug-watchos/Swiftlier-t.build/Objects-normal/arm64/Swiftlier.swiftsourceinfo (in target 'Swiftlier' from project 'Swiftlier')
cd /Users/admin/builder/spi-builder-workspace/.dependencies/checkouts/Swiftlier
builtin-copy -exclude .DS_Store -exclude CVS -exclude .svn -exclude .git -exclude .hg -resolve-src-symlinks -rename /Users/admin/builder/spi-builder-workspace/.derivedData/Build/Intermediates.noindex/Swiftlier.build/Debug-watchos/Swiftlier-t.build/Objects-normal/arm64/Swiftlier.swiftsourceinfo /Users/admin/builder/spi-builder-workspace/.derivedData/Build/Products/Debug-watchos/Swiftlier.swiftmodule/Project/arm64-apple-watchos.swiftsourceinfo
Ld /Users/admin/builder/spi-builder-workspace/.derivedData/Build/Intermediates.noindex/SwiftDate.build/Debug-watchos/SwiftDate-t.build/Objects-normal/arm64_32/Binary/SwiftDate.o normal arm64_32 (in target 'SwiftDate' from project 'SwiftDate')
cd /Users/admin/builder/spi-builder-workspace/.dependencies/checkouts/SwiftDate
/Applications/Xcode-27.0.0-Release.Candidate.app/Contents/Developer/Toolchains/XcodeDefault.xctoolchain/usr/bin/clang -Xlinker -reproducible -target arm64_32-apple-watchos9.0 -r -isysroot /Applications/Xcode-27.0.0-Release.Candidate.app/Contents/Developer/Platforms/WatchOS.platform/Developer/SDKs/WatchOS27.0.sdk -O0 -w -Xlinker -no_warn_duplicate_libraries -F/Users/admin/builder/spi-builder-workspace/.derivedData/Build/Intermediates.noindex/EagerLinkingTBDs/Debug-watchos -F/Users/admin/builder/spi-builder-workspace/.derivedData/Build/Products/Debug-watchos -iframework /Applications/Xcode-27.0.0-Release.Candidate.app/Contents/Developer/Platforms/WatchOS.platform/Developer/Library/Frameworks -iframework /Applications/Xcode-27.0.0-Release.Candidate.app/Contents/Developer/Platforms/WatchOS.platform/Developer/SDKs/WatchOS27.0.sdk/Developer/Library/Frameworks -filelist /Users/admin/builder/spi-builder-workspace/.derivedData/Build/Intermediates.noindex/SwiftDate.build/Debug-watchos/SwiftDate-t.build/Objects-normal/arm64_32/SwiftDate.LinkFileList -nostdlib -Xlinker -object_path_lto -Xlinker /Users/admin/builder/spi-builder-workspace/.derivedData/Build/Intermediates.noindex/SwiftDate.build/Debug-watchos/SwiftDate-t.build/Objects-normal/arm64_32/SwiftDate_lto.o -Xlinker -no_deduplicate -Xlinker -debug_variant -Xlinker -dependency_info -Xlinker /Users/admin/builder/spi-builder-workspace/.derivedData/Build/Intermediates.noindex/SwiftDate.build/Debug-watchos/SwiftDate-t.build/Objects-normal/arm64_32/SwiftDate_dependency_info.dat -fobjc-link-runtime -L/Applications/Xcode-27.0.0-Release.Candidate.app/Contents/Developer/Toolchains/XcodeDefault.xctoolchain/usr/lib/swift/watchos -L/usr/lib/swift -Xlinker -add_ast_path -Xlinker /Users/admin/builder/spi-builder-workspace/.derivedData/Build/Intermediates.noindex/SwiftDate.build/Debug-watchos/SwiftDate-t.build/Objects-normal/arm64_32/SwiftDate.swiftmodule -o /Users/admin/builder/spi-builder-workspace/.derivedData/Build/Intermediates.noindex/SwiftDate.build/Debug-watchos/SwiftDate-t.build/Objects-normal/arm64_32/Binary/SwiftDate.o
SwiftDriverJobDiscovery normal arm64 Compiling LimitedQueue.swift, OrderedDictionary.swift, PatchyRange.swift, SelectableValue.swift, Syncable.swift, WeakWrapper.swift (in target 'Swiftlier' from project 'Swiftlier')
SwiftDriverJobDiscovery normal arm64 Compiling UniquelyIdentifiable.swift, CSVStreamReader.swift, DelimiterStreamReader.swift, StreamReader.swift, Date+Testable.swift, URLSession+Testing.swift (in target 'Swiftlier' from project 'Swiftlier')
SwiftDriver SwiftlierCLI normal arm64_32 com.apple.xcode.tools.swift.compiler (in target 'SwiftlierCLI' from project 'SwiftlierCLI')
cd /Users/admin/builder/spi-builder-workspace/.swiftpm/xcode
builtin-SwiftDriver -- /Applications/Xcode-27.0.0-Release.Candidate.app/Contents/Developer/Toolchains/XcodeDefault.xctoolchain/usr/bin/swiftc -parse-as-library -module-name SwiftlierCLI -Onone @/Users/admin/builder/spi-builder-workspace/.derivedData/Build/Intermediates.noindex/SwiftlierCLI.build/Debug-watchos/SwiftlierCLI-t.build/Objects-normal/arm64_32/SwiftlierCLI.SwiftFileList -DSWIFT_PACKAGE -DDEBUG -DSWIFT_MODULE_RESOURCE_BUNDLE_UNAVAILABLE -DXcode -plugin-path /Applications/Xcode-27.0.0-Release.Candidate.app/Contents/Developer/Toolchains/XcodeDefault.xctoolchain/usr/lib/swift/host/plugins/testing -enable-experimental-feature DebugDescriptionMacro -sdk /Applications/Xcode-27.0.0-Release.Candidate.app/Contents/Developer/Platforms/WatchOS.platform/Developer/SDKs/WatchOS27.0.sdk -target arm64_32-apple-watchos9.0 -g -module-cache-path /Users/admin/builder/spi-builder-workspace/.derivedData/ModuleCache.noindex -Xfrontend -serialize-debugging-options -profile-coverage-mapping -profile-generate -enable-testing -index-store-path /Users/admin/builder/spi-builder-workspace/.derivedData/Index.noindex/DataStore -Xcc -D_LIBCPP_HARDENING_MODE\=_LIBCPP_HARDENING_MODE_DEBUG -swift-version 5 -I /Users/admin/builder/spi-builder-workspace/.derivedData/Build/Products/Debug-watchos -Isystem /Applications/Xcode-27.0.0-Release.Candidate.app/Contents/Developer/Platforms/WatchOS.platform/Developer/usr/lib -F /Users/admin/builder/spi-builder-workspace/.derivedData/Build/Products/Debug-watchos/PackageFrameworks -F /Users/admin/builder/spi-builder-workspace/.derivedData/Build/Products/Debug-watchos -F /Applications/Xcode-27.0.0-Release.Candidate.app/Contents/Developer/Platforms/WatchOS.platform/Developer/Library/Frameworks -F /Applications/Xcode-27.0.0-Release.Candidate.app/Contents/Developer/Platforms/WatchOS.platform/Developer/SDKs/WatchOS27.0.sdk/Developer/Library/Frameworks -c -j10 -enable-batch-mode -incremental -Xcc -ivfsstatcache -Xcc /Users/admin/builder/spi-builder-workspace/.derivedData/SDKStatCaches.noindex/watchos27.0-24R360-e829b21a6f8c9b70876ba0858053c04477534ef55a1706bf4c1112bbb242f0a2.sdkstatcache -output-file-map /Users/admin/builder/spi-builder-workspace/.derivedData/Build/Intermediates.noindex/SwiftlierCLI.build/Debug-watchos/SwiftlierCLI-t.build/Objects-normal/arm64_32/SwiftlierCLI-OutputFileMap.json -save-temps -no-color-diagnostics -explicit-module-build -module-cache-path /Users/admin/builder/spi-builder-workspace/.derivedData/Build/Intermediates.noindex/SwiftExplicitPrecompiledModules -clang-scanner-module-cache-path /Users/admin/builder/spi-builder-workspace/.derivedData/ModuleCache.noindex -sdk-module-cache-path /Users/admin/builder/spi-builder-workspace/.derivedData/SDKExplicitPrecompiledModules -emit-dependencies -emit-module -emit-module-path /Users/admin/builder/spi-builder-workspace/.derivedData/Build/Intermediates.noindex/SwiftlierCLI.build/Debug-watchos/SwiftlierCLI-t.build/Objects-normal/arm64_32/SwiftlierCLI.swiftmodule -serialize-diagnostics -dependency-scan-serialize-diagnostics-path /Users/admin/builder/spi-builder-workspace/.derivedData/Build/Intermediates.noindex/SwiftlierCLI.build/Debug-watchos/SwiftlierCLI-t.build/Objects-normal/arm64_32/SwiftlierCLI-dependency-scan.dia -validate-clang-modules-once -clang-build-session-file /Users/admin/builder/spi-builder-workspace/.derivedData/ModuleCache.noindex/Session.modulevalidation -Xcc -fmodules-prune-interval\=86400 -Xcc -fmodules-prune-after\=345600 -emit-const-values -const-gather-protocols-list /Users/admin/builder/spi-builder-workspace/.derivedData/Build/Intermediates.noindex/SwiftlierCLI.build/Debug-watchos/SwiftlierCLI-t.build/Objects-normal/arm64_32/SwiftlierCLI_const_extract_protocols.json -Xcc -I/Users/admin/builder/spi-builder-workspace/.derivedData/Build/Products/Debug-watchos/include -Xcc -I/Users/admin/builder/spi-builder-workspace/.derivedData/Build/Intermediates.noindex/SwiftlierCLI.build/Debug-watchos/SwiftlierCLI-t.build/DerivedSources-normal/arm64_32 -Xcc -I/Users/admin/builder/spi-builder-workspace/.derivedData/Build/Intermediates.noindex/SwiftlierCLI.build/Debug-watchos/SwiftlierCLI-t.build/DerivedSources/arm64_32 -Xcc -I/Users/admin/builder/spi-builder-workspace/.derivedData/Build/Intermediates.noindex/SwiftlierCLI.build/Debug-watchos/SwiftlierCLI-t.build/DerivedSources -Xcc -DSWIFT_PACKAGE -Xcc -DDEBUG\=1 -emit-objc-header -emit-objc-header-path /Users/admin/builder/spi-builder-workspace/.derivedData/Build/Intermediates.noindex/SwiftlierCLI.build/Debug-watchos/SwiftlierCLI-t.build/Objects-normal/arm64_32/SwiftlierCLI-Swift.h -working-directory /Users/admin/builder/spi-builder-workspace/.swiftpm/xcode -experimental-emit-module-separately -disable-cmo
SwiftDriver SwiftlierCLI normal arm64 com.apple.xcode.tools.swift.compiler (in target 'SwiftlierCLI' from project 'SwiftlierCLI')
cd /Users/admin/builder/spi-builder-workspace/.swiftpm/xcode
builtin-SwiftDriver -- /Applications/Xcode-27.0.0-Release.Candidate.app/Contents/Developer/Toolchains/XcodeDefault.xctoolchain/usr/bin/swiftc -parse-as-library -module-name SwiftlierCLI -Onone @/Users/admin/builder/spi-builder-workspace/.derivedData/Build/Intermediates.noindex/SwiftlierCLI.build/Debug-watchos/SwiftlierCLI-t.build/Objects-normal/arm64/SwiftlierCLI.SwiftFileList -DSWIFT_PACKAGE -DDEBUG -DSWIFT_MODULE_RESOURCE_BUNDLE_UNAVAILABLE -DXcode -plugin-path /Applications/Xcode-27.0.0-Release.Candidate.app/Contents/Developer/Toolchains/XcodeDefault.xctoolchain/usr/lib/swift/host/plugins/testing -enable-experimental-feature DebugDescriptionMacro -sdk /Applications/Xcode-27.0.0-Release.Candidate.app/Contents/Developer/Platforms/WatchOS.platform/Developer/SDKs/WatchOS27.0.sdk -target arm64-apple-watchos9.0 -g -module-cache-path /Users/admin/builder/spi-builder-workspace/.derivedData/ModuleCache.noindex -Xfrontend -serialize-debugging-options -profile-coverage-mapping -profile-generate -enable-testing -index-store-path /Users/admin/builder/spi-builder-workspace/.derivedData/Index.noindex/DataStore -Xcc -D_LIBCPP_HARDENING_MODE\=_LIBCPP_HARDENING_MODE_DEBUG -swift-version 5 -I /Users/admin/builder/spi-builder-workspace/.derivedData/Build/Products/Debug-watchos -Isystem /Applications/Xcode-27.0.0-Release.Candidate.app/Contents/Developer/Platforms/WatchOS.platform/Developer/usr/lib -F /Users/admin/builder/spi-builder-workspace/.derivedData/Build/Products/Debug-watchos/PackageFrameworks -F /Users/admin/builder/spi-builder-workspace/.derivedData/Build/Products/Debug-watchos -F /Applications/Xcode-27.0.0-Release.Candidate.app/Contents/Developer/Platforms/WatchOS.platform/Developer/Library/Frameworks -F /Applications/Xcode-27.0.0-Release.Candidate.app/Contents/Developer/Platforms/WatchOS.platform/Developer/SDKs/WatchOS27.0.sdk/Developer/Library/Frameworks -c -j10 -enable-batch-mode -incremental -Xcc -ivfsstatcache -Xcc /Users/admin/builder/spi-builder-workspace/.derivedData/SDKStatCaches.noindex/watchos27.0-24R360-e829b21a6f8c9b70876ba0858053c04477534ef55a1706bf4c1112bbb242f0a2.sdkstatcache -output-file-map /Users/admin/builder/spi-builder-workspace/.derivedData/Build/Intermediates.noindex/SwiftlierCLI.build/Debug-watchos/SwiftlierCLI-t.build/Objects-normal/arm64/SwiftlierCLI-OutputFileMap.json -save-temps -no-color-diagnostics -explicit-module-build -module-cache-path /Users/admin/builder/spi-builder-workspace/.derivedData/Build/Intermediates.noindex/SwiftExplicitPrecompiledModules -clang-scanner-module-cache-path /Users/admin/builder/spi-builder-workspace/.derivedData/ModuleCache.noindex -sdk-module-cache-path /Users/admin/builder/spi-builder-workspace/.derivedData/SDKExplicitPrecompiledModules -emit-dependencies -emit-module -emit-module-path /Users/admin/builder/spi-builder-workspace/.derivedData/Build/Intermediates.noindex/SwiftlierCLI.build/Debug-watchos/SwiftlierCLI-t.build/Objects-normal/arm64/SwiftlierCLI.swiftmodule -serialize-diagnostics -dependency-scan-serialize-diagnostics-path /Users/admin/builder/spi-builder-workspace/.derivedData/Build/Intermediates.noindex/SwiftlierCLI.build/Debug-watchos/SwiftlierCLI-t.build/Objects-normal/arm64/SwiftlierCLI-dependency-scan.dia -validate-clang-modules-once -clang-build-session-file /Users/admin/builder/spi-builder-workspace/.derivedData/ModuleCache.noindex/Session.modulevalidation -Xcc -fmodules-prune-interval\=86400 -Xcc -fmodules-prune-after\=345600 -emit-const-values -const-gather-protocols-list /Users/admin/builder/spi-builder-workspace/.derivedData/Build/Intermediates.noindex/SwiftlierCLI.build/Debug-watchos/SwiftlierCLI-t.build/Objects-normal/arm64/SwiftlierCLI_const_extract_protocols.json -Xcc -I/Users/admin/builder/spi-builder-workspace/.derivedData/Build/Products/Debug-watchos/include -Xcc -I/Users/admin/builder/spi-builder-workspace/.derivedData/Build/Intermediates.noindex/SwiftlierCLI.build/Debug-watchos/SwiftlierCLI-t.build/DerivedSources-normal/arm64 -Xcc -I/Users/admin/builder/spi-builder-workspace/.derivedData/Build/Intermediates.noindex/SwiftlierCLI.build/Debug-watchos/SwiftlierCLI-t.build/DerivedSources/arm64 -Xcc -I/Users/admin/builder/spi-builder-workspace/.derivedData/Build/Intermediates.noindex/SwiftlierCLI.build/Debug-watchos/SwiftlierCLI-t.build/DerivedSources -Xcc -DSWIFT_PACKAGE -Xcc -DDEBUG\=1 -emit-objc-header -emit-objc-header-path /Users/admin/builder/spi-builder-workspace/.derivedData/Build/Intermediates.noindex/SwiftlierCLI.build/Debug-watchos/SwiftlierCLI-t.build/Objects-normal/arm64/SwiftlierCLI-Swift.h -working-directory /Users/admin/builder/spi-builder-workspace/.swiftpm/xcode -experimental-emit-module-separately -disable-cmo
CreateUniversalBinary /Users/admin/builder/spi-builder-workspace/.derivedData/Build/Products/Debug-watchos/SwiftDate.o normal arm64\ arm64_32 (in target 'SwiftDate' from project 'SwiftDate')
cd /Users/admin/builder/spi-builder-workspace/.dependencies/checkouts/SwiftDate
/Applications/Xcode-27.0.0-Release.Candidate.app/Contents/Developer/Toolchains/XcodeDefault.xctoolchain/usr/bin/lipo -create /Users/admin/builder/spi-builder-workspace/.derivedData/Build/Intermediates.noindex/SwiftDate.build/Debug-watchos/SwiftDate-t.build/Objects-normal/arm64/Binary/SwiftDate.o /Users/admin/builder/spi-builder-workspace/.derivedData/Build/Intermediates.noindex/SwiftDate.build/Debug-watchos/SwiftDate-t.build/Objects-normal/arm64_32/Binary/SwiftDate.o -output /Users/admin/builder/spi-builder-workspace/.derivedData/Build/Products/Debug-watchos/SwiftDate.o
SwiftDriverJobDiscovery normal arm64 Compiling Path+Coding.swift, Path.swift, PersistenceService.swift, ReferenceTypePersistenceService.swift, ValueTypePersistenceService.swift, Bool+Formatting.swift (in target 'Swiftlier' from project 'Swiftlier')
SwiftDriverJobDiscovery normal arm64 Compiling Data+Processing.swift, Date+Helpers.swift, DispatchQueue+Enhancements.swift, String+Enhancements.swift, URL+Enhancements.swift, AnySwiftlierError.swift, GenericSwiftlierError.swift (in target 'Swiftlier' from project 'Swiftlier')
ExtractAppIntentsMetadata (in target 'SwiftDate' from project 'SwiftDate')
cd /Users/admin/builder/spi-builder-workspace/.dependencies/checkouts/SwiftDate
/Applications/Xcode-27.0.0-Release.Candidate.app/Contents/Developer/Toolchains/XcodeDefault.xctoolchain/usr/bin/appintentsmetadataprocessor --toolchain-dir /var/run/com.apple.security.cryptexd/mnt/com.apple.MobileAsset.MetalToolchain-v27.1.266.1.NxHLTg/Metal.xctoolchain --module-name SwiftDate --sdk-root /Applications/Xcode-27.0.0-Release.Candidate.app/Contents/Developer/Platforms/WatchOS.platform/Developer/SDKs/WatchOS27.0.sdk --xcode-version 27A266a --platform-family watchOS --deployment-target 9.0 --bundle-identifier swiftdate.SwiftDate --output /Users/admin/builder/spi-builder-workspace/.derivedData/Build/Products/Debug-watchos/SwiftDate.appintents --target-triple arm64-apple-watchos9.0 --target-triple arm64_32-apple-watchos9.0 --binary-file /Users/admin/builder/spi-builder-workspace/.derivedData/Build/Products/Debug-watchos/SwiftDate.o --dependency-file /Users/admin/builder/spi-builder-workspace/.derivedData/Build/Intermediates.noindex/SwiftDate.build/Debug-watchos/SwiftDate-t.build/Objects-normal/arm64/SwiftDate_dependency_info.dat --dependency-file /Users/admin/builder/spi-builder-workspace/.derivedData/Build/Intermediates.noindex/SwiftDate.build/Debug-watchos/SwiftDate-t.build/Objects-normal/arm64_32/SwiftDate_dependency_info.dat --stringsdata-file /Users/admin/builder/spi-builder-workspace/.derivedData/Build/Intermediates.noindex/SwiftDate.build/Debug-watchos/SwiftDate-t.build/Objects-normal/arm64/ExtractedAppShortcutsMetadata.stringsdata --stringsdata-file /Users/admin/builder/spi-builder-workspace/.derivedData/Build/Intermediates.noindex/SwiftDate.build/Debug-watchos/SwiftDate-t.build/Objects-normal/arm64_32/ExtractedAppShortcutsMetadata.stringsdata --source-file-list /Users/admin/builder/spi-builder-workspace/.derivedData/Build/Intermediates.noindex/SwiftDate.build/Debug-watchos/SwiftDate-t.build/Objects-normal/arm64/SwiftDate.SwiftFileList --source-file-list /Users/admin/builder/spi-builder-workspace/.derivedData/Build/Intermediates.noindex/SwiftDate.build/Debug-watchos/SwiftDate-t.build/Objects-normal/arm64_32/SwiftDate.SwiftFileList --metadata-file-list /Users/admin/builder/spi-builder-workspace/.derivedData/Build/Intermediates.noindex/SwiftDate.build/Debug-watchos/SwiftDate-t.build/SwiftDate.DependencyMetadataFileList --static-metadata-file-list /Users/admin/builder/spi-builder-workspace/.derivedData/Build/Intermediates.noindex/SwiftDate.build/Debug-watchos/SwiftDate-t.build/SwiftDate.DependencyStaticMetadataFileList --swift-const-vals-list /Users/admin/builder/spi-builder-workspace/.derivedData/Build/Intermediates.noindex/SwiftDate.build/Debug-watchos/SwiftDate-t.build/Objects-normal/arm64/SwiftDate.SwiftConstValuesFileList --swift-const-vals-list /Users/admin/builder/spi-builder-workspace/.derivedData/Build/Intermediates.noindex/SwiftDate.build/Debug-watchos/SwiftDate-t.build/Objects-normal/arm64_32/SwiftDate.SwiftConstValuesFileList --force --compile-time-extraction --deployment-aware-processing --no-app-shortcuts-localization
2026-09-16 00:29:29.644 appintentsmetadataprocessor[855:5283] Starting appintentsmetadataprocessor export
2026-09-16 00:29:29.749 appintentsmetadataprocessor[855:5283] Extracted no relevant App Intents symbols, skipping writing output
SwiftDriverJobDiscovery normal arm64 Compiling JSON.swift, NativeTypesStructured.swift, Structured.swift, XML.swift, Age.swift, AlwaysEqual.swift (in target 'Swiftlier' from project 'Swiftlier')
SwiftDriverJobDiscovery normal arm64 Compiling EventCenter.swift, MultiCallback.swift, Observable.swift, ObservableArray.swift, ObservableDictionary.swift, ObservableReference.swift (in target 'Swiftlier' from project 'Swiftlier')
SwiftDriverJobDiscovery normal arm64 Compiling Data+Base64.swift, Date+Formatting.swift, Double+Formatting.swift, HeartRateFormatter.swift, TimeInterval+Formatting.swift, BinarySearchTree.swift (in target 'Swiftlier' from project 'Swiftlier')
SwiftCompile normal arm64 Compiling\ ShellCommand.swift /Users/admin/builder/spi-builder-workspace/Sources/SwiftlierCLI/ShellCommand.swift (in target 'SwiftlierCLI' from project 'SwiftlierCLI')
SwiftCompile normal arm64 /Users/admin/builder/spi-builder-workspace/Sources/SwiftlierCLI/ShellCommand.swift (in target 'SwiftlierCLI' from project 'SwiftlierCLI')
cd /Users/admin/builder/spi-builder-workspace/.swiftpm/xcode
builtin-SwiftPerFileCompile ShellCommand.swift
SwiftEmitModule normal arm64 Emitting\ module\ for\ SwiftlierCLI (in target 'SwiftlierCLI' from project 'SwiftlierCLI')
/Users/admin/builder/spi-builder-workspace/Sources/SwiftlierCLI/ShellCommand.swift:25:31: error: cannot find 'Process' in scope
23 | #endif
24 |
25 | fileprivate let process = Process()
| `- error: cannot find 'Process' in scope
26 |
27 | fileprivate let parentCommand: ShellCommand?
Failed frontend command:
/Applications/Xcode-27.0.0-Release.Candidate.app/Contents/Developer/Toolchains/XcodeDefault.xctoolchain/usr/bin/swift-frontend -frontend -emit-module -experimental-skip-non-inlinable-function-bodies-without-types /Users/admin/builder/spi-builder-workspace/Sources/SwiftlierCLI/CommandLineDecoder.swift /Users/admin/builder/spi-builder-workspace/Sources/SwiftlierCLI/ShellCommand.swift /Users/admin/builder/spi-builder-workspace/Sources/SwiftlierCLI/ZipFilePath.swift -target arm64-apple-watchos9.0 -disable-cross-import-overlay-search -load-resolved-plugin /Applications/Xcode-27.0.0-Release.Candidate.app/Contents/Developer/Platforms/WatchOS.platform/Developer/usr/lib/swift/host/plugins/libFoundationMacros.dylib\#/Applications/Xcode-27.0.0-Release.Candidate.app/Contents/Developer/Platforms/WatchOS.platform/Developer/usr/bin/swift-plugin-server\#FoundationMacros -load-resolved-plugin /Applications/Xcode-27.0.0-Release.Candidate.app/Contents/Developer/Platforms/WatchOS.platform/Developer/usr/lib/swift/host/plugins/libObservationMacros.dylib\#/Applications/Xcode-27.0.0-Release.Candidate.app/Contents/Developer/Platforms/WatchOS.platform/Developer/usr/bin/swift-plugin-server\#ObservationMacros -load-resolved-plugin /Applications/Xcode-27.0.0-Release.Candidate.app/Contents/Developer/Platforms/WatchOS.platform/Developer/usr/lib/swift/host/plugins/libSwiftMacros.dylib\#/Applications/Xcode-27.0.0-Release.Candidate.app/Contents/Developer/Platforms/WatchOS.platform/Developer/usr/bin/swift-plugin-server\#SwiftMacros -disable-implicit-swift-modules -Xcc -fno-implicit-modules -Xcc -fno-implicit-module-maps -explicit-swift-module-map-file /Users/admin/builder/spi-builder-workspace/.derivedData/Build/Intermediates.noindex/SwiftlierCLI.build/Debug-watchos/SwiftlierCLI-t.build/Objects-normal/arm64/SwiftlierCLI-dependencies-1.json -Xllvm -aarch64-use-tbi -enable-objc-interop -stack-check -sdk /Applications/Xcode-27.0.0-Release.Candidate.app/Contents/Developer/Platforms/WatchOS.platform/Developer/SDKs/WatchOS27.0.sdk -I /Users/admin/builder/spi-builder-workspace/.derivedData/Build/Products/Debug-watchos -Isystem /Applications/Xcode-27.0.0-Release.Candidate.app/Contents/Developer/Platforms/WatchOS.platform/Developer/usr/lib -F /Users/admin/builder/spi-builder-workspace/.derivedData/Build/Products/Debug-watchos/PackageFrameworks -F /Users/admin/builder/spi-builder-workspace/.derivedData/Build/Products/Debug-watchos -F /Applications/Xcode-27.0.0-Release.Candidate.app/Contents/Developer/Platforms/WatchOS.platform/Developer/Library/Frameworks -F /Applications/Xcode-27.0.0-Release.Candidate.app/Contents/Developer/Platforms/WatchOS.platform/Developer/SDKs/WatchOS27.0.sdk/Developer/Library/Frameworks -module-cache-path /Users/admin/builder/spi-builder-workspace/.derivedData/Build/Intermediates.noindex/SwiftExplicitPrecompiledModules -no-color-diagnostics -Xcc -fno-color-diagnostics -enable-testing -g -debug-info-format\=dwarf -dwarf-version\=4 -profile-generate -profile-coverage-mapping -swift-version 5 -Onone -D SWIFT_PACKAGE -D DEBUG -D SWIFT_MODULE_RESOURCE_BUNDLE_UNAVAILABLE -D Xcode -serialize-debugging-options -enable-experimental-feature DebugDescriptionMacro -empty-abi-descriptor -validate-clang-modules-once -clang-build-session-file /Users/admin/builder/spi-builder-workspace/.derivedData/ModuleCache.noindex/Session.modulevalidation -Xcc -working-directory -Xcc /Users/admin/builder/spi-builder-workspace/.swiftpm/xcode -enable-anonymous-context-mangled-names -file-compilation-dir /Users/admin/builder/spi-builder-workspace/.swiftpm/xcode -Xcc -D_LIBCPP_HARDENING_MODE\=_LIBCPP_HARDENING_MODE_DEBUG -Xcc -ivfsstatcache -Xcc /Users/admin/builder/spi-builder-workspace/.derivedData/SDKStatCaches.noindex/watchos27.0-24R360-e829b21a6f8c9b70876ba0858053c04477534ef55a1706bf4c1112bbb242f0a2.sdkstatcache -Xcc -fmodules-prune-interval\=86400 -Xcc -fmodules-prune-after\=345600 -Xcc -I/Users/admin/builder/spi-builder-workspace/.derivedData/Build/Products/Debug-watchos/include -Xcc -I/Users/admin/builder/spi-builder-workspace/.derivedData/Build/Intermediates.noindex/SwiftlierCLI.build/Debug-watchos/SwiftlierCLI-t.build/DerivedSources-normal/arm64 -Xcc -I/Users/admin/builder/spi-builder-workspace/.derivedData/Build/Intermediates.noindex/SwiftlierCLI.build/Debug-watchos/SwiftlierCLI-t.build/DerivedSources/arm64 -Xcc -I/Users/admin/builder/spi-builder-workspace/.derivedData/Build/Intermediates.noindex/SwiftlierCLI.build/Debug-watchos/SwiftlierCLI-t.build/DerivedSources -Xcc -DSWIFT_PACKAGE -Xcc -DDEBUG\=1 -no-auto-bridging-header-chaining -module-name SwiftlierCLI -const-gather-protocols-file /Users/admin/builder/spi-builder-workspace/.derivedData/Build/Intermediates.noindex/SwiftlierCLI.build/Debug-watchos/SwiftlierCLI-t.build/Objects-normal/arm64/SwiftlierCLI_const_extract_protocols.json -disable-clang-spi -clang-target arm64-apple-watchos27.0 -target-sdk-version 27.0 -target-sdk-name watchos27.0 -in-process-plugin-server-path /Applications/Xcode-27.0.0-Release.Candidate.app/Contents/Developer/Toolchains/XcodeDefault.xctoolchain/usr/lib/swift/host/libSwiftInProcPluginServer.dylib -emit-module-doc-path /Users/admin/builder/spi-builder-workspace/.derivedData/Build/Intermediates.noindex/SwiftlierCLI.build/Debug-watchos/SwiftlierCLI-t.build/Objects-normal/arm64/SwiftlierCLI.swiftdoc -emit-module-source-info-path /Users/admin/builder/spi-builder-workspace/.derivedData/Build/Intermediates.noindex/SwiftlierCLI.build/Debug-watchos/SwiftlierCLI-t.build/Objects-normal/arm64/SwiftlierCLI.swiftsourceinfo -emit-objc-header-path /Users/admin/builder/spi-builder-workspace/.derivedData/Build/Intermediates.noindex/SwiftlierCLI.build/Debug-watchos/SwiftlierCLI-t.build/Objects-normal/arm64/SwiftlierCLI-Swift.h -serialize-diagnostics-path /Users/admin/builder/spi-builder-workspace/.derivedData/Build/Intermediates.noindex/SwiftlierCLI.build/Debug-watchos/SwiftlierCLI-t.build/Objects-normal/arm64/SwiftlierCLI-primary-emit-module.dia -emit-dependencies-path /Users/admin/builder/spi-builder-workspace/.derivedData/Build/Intermediates.noindex/SwiftlierCLI.build/Debug-watchos/SwiftlierCLI-t.build/Objects-normal/arm64/SwiftlierCLI-primary-emit-module.d -parse-as-library -o /Users/admin/builder/spi-builder-workspace/.derivedData/Build/Intermediates.noindex/SwiftlierCLI.build/Debug-watchos/SwiftlierCLI-t.build/Objects-normal/arm64/SwiftlierCLI.swiftmodule -emit-abi-descriptor-path /Users/admin/builder/spi-builder-workspace/.derivedData/Build/Intermediates.noindex/SwiftlierCLI.build/Debug-watchos/SwiftlierCLI-t.build/Objects-normal/arm64/SwiftlierCLI.abi.json
SwiftCompile normal arm64 (in target 'SwiftlierCLI' from project 'SwiftlierCLI')
cd /Users/admin/builder/spi-builder-workspace/.swiftpm/xcode
SwiftCompile normal arm64 Compiling\ ZipFilePath.swift /Users/admin/builder/spi-builder-workspace/Sources/SwiftlierCLI/ZipFilePath.swift (in target 'SwiftlierCLI' from project 'SwiftlierCLI')
SwiftCompile normal arm64 /Users/admin/builder/spi-builder-workspace/Sources/SwiftlierCLI/ZipFilePath.swift (in target 'SwiftlierCLI' from project 'SwiftlierCLI')
cd /Users/admin/builder/spi-builder-workspace/.swiftpm/xcode
builtin-SwiftPerFileCompile ZipFilePath.swift
SwiftCompile normal arm64 Compiling\ CommandLineDecoder.swift /Users/admin/builder/spi-builder-workspace/Sources/SwiftlierCLI/CommandLineDecoder.swift (in target 'SwiftlierCLI' from project 'SwiftlierCLI')
SwiftCompile normal arm64 /Users/admin/builder/spi-builder-workspace/Sources/SwiftlierCLI/CommandLineDecoder.swift (in target 'SwiftlierCLI' from project 'SwiftlierCLI')
cd /Users/admin/builder/spi-builder-workspace/.swiftpm/xcode
builtin-SwiftPerFileCompile CommandLineDecoder.swift
SwiftCompile normal arm64_32 Compiling\ ZipFilePath.swift /Users/admin/builder/spi-builder-workspace/Sources/SwiftlierCLI/ZipFilePath.swift (in target 'SwiftlierCLI' from project 'SwiftlierCLI')
SwiftCompile normal arm64_32 /Users/admin/builder/spi-builder-workspace/Sources/SwiftlierCLI/ZipFilePath.swift (in target 'SwiftlierCLI' from project 'SwiftlierCLI')
cd /Users/admin/builder/spi-builder-workspace/.swiftpm/xcode
builtin-SwiftPerFileCompile ZipFilePath.swift
SwiftEmitModule normal arm64_32 Emitting\ module\ for\ SwiftlierCLI (in target 'SwiftlierCLI' from project 'SwiftlierCLI')
SwiftCompile normal arm64_32 (in target 'SwiftlierCLI' from project 'SwiftlierCLI')
cd /Users/admin/builder/spi-builder-workspace/.swiftpm/xcode
SwiftCompile normal arm64_32 Compiling\ ShellCommand.swift /Users/admin/builder/spi-builder-workspace/Sources/SwiftlierCLI/ShellCommand.swift (in target 'SwiftlierCLI' from project 'SwiftlierCLI')
SwiftCompile normal arm64_32 /Users/admin/builder/spi-builder-workspace/Sources/SwiftlierCLI/ShellCommand.swift (in target 'SwiftlierCLI' from project 'SwiftlierCLI')
cd /Users/admin/builder/spi-builder-workspace/.swiftpm/xcode
builtin-SwiftPerFileCompile ShellCommand.swift
SwiftCompile normal arm64_32 Compiling\ CommandLineDecoder.swift /Users/admin/builder/spi-builder-workspace/Sources/SwiftlierCLI/CommandLineDecoder.swift (in target 'SwiftlierCLI' from project 'SwiftlierCLI')
SwiftCompile normal arm64_32 /Users/admin/builder/spi-builder-workspace/Sources/SwiftlierCLI/CommandLineDecoder.swift (in target 'SwiftlierCLI' from project 'SwiftlierCLI')
cd /Users/admin/builder/spi-builder-workspace/.swiftpm/xcode
builtin-SwiftPerFileCompile CommandLineDecoder.swift
PruneExplicitPrecompiledModules /Users/admin/builder/spi-builder-workspace/.derivedData/SDKExplicitPrecompiledModules
PruneExplicitPrecompiledModules /Users/admin/builder/spi-builder-workspace/.derivedData/Build/Intermediates.noindex/ExplicitPrecompiledModules
PruneExplicitPrecompiledModules /Users/admin/builder/spi-builder-workspace/.derivedData/Build/Intermediates.noindex/SwiftExplicitPrecompiledModules
2026-09-16 00:29:21.860 xcodebuild[723:4552] [MT] IDERunDestination: Supported platforms for the buildables in the current scheme is empty.
** BUILD FAILED **
The following build commands failed:
SwiftEmitModule normal arm64 Emitting\ module\ for\ SwiftlierCLI (in target 'SwiftlierCLI' from project 'SwiftlierCLI')
SwiftCompile normal arm64 (in target 'SwiftlierCLI' from project 'SwiftlierCLI')
Building workspace SwiftlierCLI with scheme SwiftlierCLI
(3 failures)
Command line invocation:
/Applications/Xcode-27.0.0-Release.Candidate.app/Contents/Developer/usr/bin/xcodebuild -IDEClonedSourcePackagesDirPathOverride=/Users/admin/builder/spi-builder-workspace/.dependencies -resolvePackageDependencies
Resolve Package Graph
Resolved source packages:
Swiftlier: https://github.com/drewag/Swiftlier.git @ 6.1.3
SwiftlierCLI: /Users/admin/builder/spi-builder-workspace
SwiftDate: https://github.com/drewag/SwiftDate.git @ 6.1.1
resolved source packages: Swiftlier, SwiftlierCLI, SwiftDate
2026-09-16 00:29:30.943 xcodebuild[864:5413] [MT] IDERunDestination: Supported platforms for the buildables in the current scheme is empty.
{
"dependencies" : [
{
"identity" : "swiftlier",
"requirement" : {
"range" : [
{
"lower_bound" : "6.0.0",
"upper_bound" : "7.0.0"
}
]
},
"type" : "sourceControl",
"url" : "https://github.com/drewag/Swiftlier.git"
},
{
"identity" : "swiftdate",
"requirement" : {
"range" : [
{
"lower_bound" : "6.0.0",
"upper_bound" : "7.0.0"
}
]
},
"type" : "sourceControl",
"url" : "https://github.com/drewag/SwiftDate.git"
}
],
"manifest_display_name" : "SwiftlierCLI",
"name" : "SwiftlierCLI",
"path" : "/Users/admin/builder/spi-builder-workspace",
"platforms" : [
{
"name" : "macos",
"version" : "10.11"
}
],
"products" : [
{
"name" : "SwiftlierCLI",
"targets" : [
"SwiftlierCLI"
],
"type" : {
"library" : [
"automatic"
]
}
}
],
"targets" : [
{
"c99name" : "SwiftlierCLITests",
"module_type" : "SwiftTarget",
"name" : "SwiftlierCLITests",
"path" : "Tests/SwiftlierCLITests",
"sources" : [
"EmptyTests.swift"
],
"target_dependencies" : [
"SwiftlierCLI"
],
"type" : "test"
},
{
"c99name" : "SwiftlierCLI",
"module_type" : "SwiftTarget",
"name" : "SwiftlierCLI",
"path" : "Sources/SwiftlierCLI",
"product_dependencies" : [
"Swiftlier",
"SwiftDate"
],
"product_memberships" : [
"SwiftlierCLI"
],
"sources" : [
"CommandLineDecoder.swift",
"ShellCommand.swift",
"ZipFilePath.swift"
],
"type" : "library"
}
],
"tools_version" : "5.0"
}
{
"workspace" : {
"name" : "SwiftlierCLI",
"schemes" : [
"SwiftlierCLI"
]
}
}
2026-09-16 00:29:32.267 xcodebuild[872:5482] [MT] IDERunDestination: Supported platforms for the buildables in the current scheme is empty.
Running build ...
env DEVELOPER_DIR=/Applications/Xcode-27.0.0-Release.Candidate.app xcrun xcodebuild -IDEClonedSourcePackagesDirPathOverride=$PWD/.dependencies -skipMacroValidation -skipPackagePluginValidation -derivedDataPath $PWD/.derivedData build -scheme SwiftlierCLI -destination generic/platform=watchOS
Command line invocation:
/Applications/Xcode-27.0.0-Release.Candidate.app/Contents/Developer/usr/bin/xcodebuild -IDEClonedSourcePackagesDirPathOverride=/Users/admin/builder/spi-builder-workspace/.dependencies -skipMacroValidation -skipPackagePluginValidation -derivedDataPath /Users/admin/builder/spi-builder-workspace/.derivedData build -scheme SwiftlierCLI -destination generic/platform=watchOS
Resolve Package Graph
Resolved source packages:
SwiftDate: https://github.com/drewag/SwiftDate.git @ 6.1.1
Swiftlier: https://github.com/drewag/Swiftlier.git @ 6.1.3
SwiftlierCLI: /Users/admin/builder/spi-builder-workspace
ComputePackagePrebuildTargetDependencyGraph
Prepare packages
CreateBuildRequest
SendProjectDescription
CreateBuildOperation
ComputeTargetDependencyGraph
note: Building targets in dependency order
note: Target dependency graph (6 targets)
Target 'SwiftlierCLI-product' in project 'SwiftlierCLI'
➜ Explicit dependency on target 'SwiftlierCLI' in project 'SwiftlierCLI'
➜ Explicit dependency on target 'Swiftlier-product' in project 'Swiftlier'
➜ Explicit dependency on target 'SwiftDate-product' in project 'SwiftDate'
Target 'SwiftlierCLI' in project 'SwiftlierCLI'
➜ Explicit dependency on target 'Swiftlier-product' in project 'Swiftlier'
➜ Explicit dependency on target 'SwiftDate-product' in project 'SwiftDate'
Target 'SwiftDate-product' in project 'SwiftDate'
➜ Explicit dependency on target 'SwiftDate' in project 'SwiftDate'
Target 'SwiftDate' in project 'SwiftDate' (no dependencies)
Target 'Swiftlier-product' in project 'Swiftlier'
➜ Explicit dependency on target 'Swiftlier' in project 'Swiftlier'
Target 'Swiftlier' in project 'Swiftlier' (no dependencies)
GatherProvisioningInputs
CreateBuildDescription
ClangStatCache /Applications/Xcode-27.0.0-Release.Candidate.app/Contents/Developer/Toolchains/XcodeDefault.xctoolchain/usr/bin/clang-stat-cache /Applications/Xcode-27.0.0-Release.Candidate.app/Contents/Developer/Platforms/WatchOS.platform/Developer/SDKs/WatchOS27.0.sdk /Users/admin/builder/spi-builder-workspace/.derivedData/SDKStatCaches.noindex/watchos27.0-24R360-e829b21a6f8c9b70876ba0858053c04477534ef55a1706bf4c1112bbb242f0a2.sdkstatcache
cd /Users/admin/builder/spi-builder-workspace/.swiftpm/xcode
/Applications/Xcode-27.0.0-Release.Candidate.app/Contents/Developer/Toolchains/XcodeDefault.xctoolchain/usr/bin/clang-stat-cache /Applications/Xcode-27.0.0-Release.Candidate.app/Contents/Developer/Platforms/WatchOS.platform/Developer/SDKs/WatchOS27.0.sdk -o /Users/admin/builder/spi-builder-workspace/.derivedData/SDKStatCaches.noindex/watchos27.0-24R360-e829b21a6f8c9b70876ba0858053c04477534ef55a1706bf4c1112bbb242f0a2.sdkstatcache
SwiftDriver SwiftlierCLI normal arm64_32 com.apple.xcode.tools.swift.compiler (in target 'SwiftlierCLI' from project 'SwiftlierCLI')
cd /Users/admin/builder/spi-builder-workspace/.swiftpm/xcode
builtin-SwiftDriver -- /Applications/Xcode-27.0.0-Release.Candidate.app/Contents/Developer/Toolchains/XcodeDefault.xctoolchain/usr/bin/swiftc -parse-as-library -module-name SwiftlierCLI -Onone @/Users/admin/builder/spi-builder-workspace/.derivedData/Build/Intermediates.noindex/SwiftlierCLI.build/Debug-watchos/SwiftlierCLI-t.build/Objects-normal/arm64_32/SwiftlierCLI.SwiftFileList -DSWIFT_PACKAGE -DDEBUG -DSWIFT_MODULE_RESOURCE_BUNDLE_UNAVAILABLE -DXcode -plugin-path /Applications/Xcode-27.0.0-Release.Candidate.app/Contents/Developer/Toolchains/XcodeDefault.xctoolchain/usr/lib/swift/host/plugins/testing -enable-experimental-feature DebugDescriptionMacro -sdk /Applications/Xcode-27.0.0-Release.Candidate.app/Contents/Developer/Platforms/WatchOS.platform/Developer/SDKs/WatchOS27.0.sdk -target arm64_32-apple-watchos9.0 -g -module-cache-path /Users/admin/builder/spi-builder-workspace/.derivedData/ModuleCache.noindex -Xfrontend -serialize-debugging-options -profile-coverage-mapping -profile-generate -enable-testing -index-store-path /Users/admin/builder/spi-builder-workspace/.derivedData/Index.noindex/DataStore -Xcc -D_LIBCPP_HARDENING_MODE\=_LIBCPP_HARDENING_MODE_DEBUG -swift-version 5 -I /Users/admin/builder/spi-builder-workspace/.derivedData/Build/Products/Debug-watchos -Isystem /Applications/Xcode-27.0.0-Release.Candidate.app/Contents/Developer/Platforms/WatchOS.platform/Developer/usr/lib -F /Users/admin/builder/spi-builder-workspace/.derivedData/Build/Products/Debug-watchos/PackageFrameworks -F /Users/admin/builder/spi-builder-workspace/.derivedData/Build/Products/Debug-watchos -F /Applications/Xcode-27.0.0-Release.Candidate.app/Contents/Developer/Platforms/WatchOS.platform/Developer/Library/Frameworks -F /Applications/Xcode-27.0.0-Release.Candidate.app/Contents/Developer/Platforms/WatchOS.platform/Developer/SDKs/WatchOS27.0.sdk/Developer/Library/Frameworks -c -j10 -enable-batch-mode -incremental -Xcc -ivfsstatcache -Xcc /Users/admin/builder/spi-builder-workspace/.derivedData/SDKStatCaches.noindex/watchos27.0-24R360-e829b21a6f8c9b70876ba0858053c04477534ef55a1706bf4c1112bbb242f0a2.sdkstatcache -output-file-map /Users/admin/builder/spi-builder-workspace/.derivedData/Build/Intermediates.noindex/SwiftlierCLI.build/Debug-watchos/SwiftlierCLI-t.build/Objects-normal/arm64_32/SwiftlierCLI-OutputFileMap.json -save-temps -no-color-diagnostics -explicit-module-build -module-cache-path /Users/admin/builder/spi-builder-workspace/.derivedData/Build/Intermediates.noindex/SwiftExplicitPrecompiledModules -clang-scanner-module-cache-path /Users/admin/builder/spi-builder-workspace/.derivedData/ModuleCache.noindex -sdk-module-cache-path /Users/admin/builder/spi-builder-workspace/.derivedData/SDKExplicitPrecompiledModules -emit-dependencies -emit-module -emit-module-path /Users/admin/builder/spi-builder-workspace/.derivedData/Build/Intermediates.noindex/SwiftlierCLI.build/Debug-watchos/SwiftlierCLI-t.build/Objects-normal/arm64_32/SwiftlierCLI.swiftmodule -serialize-diagnostics -dependency-scan-serialize-diagnostics-path /Users/admin/builder/spi-builder-workspace/.derivedData/Build/Intermediates.noindex/SwiftlierCLI.build/Debug-watchos/SwiftlierCLI-t.build/Objects-normal/arm64_32/SwiftlierCLI-dependency-scan.dia -validate-clang-modules-once -clang-build-session-file /Users/admin/builder/spi-builder-workspace/.derivedData/ModuleCache.noindex/Session.modulevalidation -Xcc -fmodules-prune-interval\=86400 -Xcc -fmodules-prune-after\=345600 -emit-const-values -const-gather-protocols-list /Users/admin/builder/spi-builder-workspace/.derivedData/Build/Intermediates.noindex/SwiftlierCLI.build/Debug-watchos/SwiftlierCLI-t.build/Objects-normal/arm64_32/SwiftlierCLI_const_extract_protocols.json -Xcc -I/Users/admin/builder/spi-builder-workspace/.derivedData/Build/Products/Debug-watchos/include -Xcc -I/Users/admin/builder/spi-builder-workspace/.derivedData/Build/Intermediates.noindex/SwiftlierCLI.build/Debug-watchos/SwiftlierCLI-t.build/DerivedSources-normal/arm64_32 -Xcc -I/Users/admin/builder/spi-builder-workspace/.derivedData/Build/Intermediates.noindex/SwiftlierCLI.build/Debug-watchos/SwiftlierCLI-t.build/DerivedSources/arm64_32 -Xcc -I/Users/admin/builder/spi-builder-workspace/.derivedData/Build/Intermediates.noindex/SwiftlierCLI.build/Debug-watchos/SwiftlierCLI-t.build/DerivedSources -Xcc -DSWIFT_PACKAGE -Xcc -DDEBUG\=1 -emit-objc-header -emit-objc-header-path /Users/admin/builder/spi-builder-workspace/.derivedData/Build/Intermediates.noindex/SwiftlierCLI.build/Debug-watchos/SwiftlierCLI-t.build/Objects-normal/arm64_32/SwiftlierCLI-Swift.h -working-directory /Users/admin/builder/spi-builder-workspace/.swiftpm/xcode -experimental-emit-module-separately -disable-cmo
SwiftDriver Swiftlier normal arm64_32 com.apple.xcode.tools.swift.compiler (in target 'Swiftlier' from project 'Swiftlier')
cd /Users/admin/builder/spi-builder-workspace/.swiftpm/xcode
builtin-SwiftDriver -- /Applications/Xcode-27.0.0-Release.Candidate.app/Contents/Developer/Toolchains/XcodeDefault.xctoolchain/usr/bin/swiftc -parse-as-library -module-name Swiftlier -Onone @/Users/admin/builder/spi-builder-workspace/.derivedData/Build/Intermediates.noindex/Swiftlier.build/Debug-watchos/Swiftlier-t.build/Objects-normal/arm64_32/Swiftlier.SwiftFileList -DSWIFT_PACKAGE -DDEBUG -DSWIFT_MODULE_RESOURCE_BUNDLE_UNAVAILABLE -DXcode -plugin-path /Applications/Xcode-27.0.0-Release.Candidate.app/Contents/Developer/Toolchains/XcodeDefault.xctoolchain/usr/lib/swift/host/plugins/testing -enable-experimental-feature DebugDescriptionMacro -sdk /Applications/Xcode-27.0.0-Release.Candidate.app/Contents/Developer/Platforms/WatchOS.platform/Developer/SDKs/WatchOS27.0.sdk -target arm64_32-apple-watchos9.0 -g -module-cache-path /Users/admin/builder/spi-builder-workspace/.derivedData/ModuleCache.noindex -Xfrontend -serialize-debugging-options -profile-coverage-mapping -profile-generate -enable-testing -suppress-warnings -index-store-path /Users/admin/builder/spi-builder-workspace/.derivedData/Index.noindex/DataStore -Xcc -D_LIBCPP_HARDENING_MODE\=_LIBCPP_HARDENING_MODE_DEBUG -swift-version 5 -I /Users/admin/builder/spi-builder-workspace/.derivedData/Build/Products/Debug-watchos -Isystem /Applications/Xcode-27.0.0-Release.Candidate.app/Contents/Developer/Platforms/WatchOS.platform/Developer/usr/lib -F /Users/admin/builder/spi-builder-workspace/.derivedData/Build/Products/Debug-watchos -F /Applications/Xcode-27.0.0-Release.Candidate.app/Contents/Developer/Platforms/WatchOS.platform/Developer/Library/Frameworks -F /Applications/Xcode-27.0.0-Release.Candidate.app/Contents/Developer/Platforms/WatchOS.platform/Developer/SDKs/WatchOS27.0.sdk/Developer/Library/Frameworks -c -j10 -enable-batch-mode -incremental -Xcc -ivfsstatcache -Xcc /Users/admin/builder/spi-builder-workspace/.derivedData/SDKStatCaches.noindex/watchos27.0-24R360-e829b21a6f8c9b70876ba0858053c04477534ef55a1706bf4c1112bbb242f0a2.sdkstatcache -output-file-map /Users/admin/builder/spi-builder-workspace/.derivedData/Build/Intermediates.noindex/Swiftlier.build/Debug-watchos/Swiftlier-t.build/Objects-normal/arm64_32/Swiftlier-OutputFileMap.json -save-temps -no-color-diagnostics -explicit-module-build -module-cache-path /Users/admin/builder/spi-builder-workspace/.derivedData/Build/Intermediates.noindex/SwiftExplicitPrecompiledModules -clang-scanner-module-cache-path /Users/admin/builder/spi-builder-workspace/.derivedData/ModuleCache.noindex -sdk-module-cache-path /Users/admin/builder/spi-builder-workspace/.derivedData/SDKExplicitPrecompiledModules -emit-dependencies -emit-module -emit-module-path /Users/admin/builder/spi-builder-workspace/.derivedData/Build/Intermediates.noindex/Swiftlier.build/Debug-watchos/Swiftlier-t.build/Objects-normal/arm64_32/Swiftlier.swiftmodule -serialize-diagnostics -dependency-scan-serialize-diagnostics-path /Users/admin/builder/spi-builder-workspace/.derivedData/Build/Intermediates.noindex/Swiftlier.build/Debug-watchos/Swiftlier-t.build/Objects-normal/arm64_32/Swiftlier-dependency-scan.dia -validate-clang-modules-once -clang-build-session-file /Users/admin/builder/spi-builder-workspace/.derivedData/ModuleCache.noindex/Session.modulevalidation -Xcc -fmodules-prune-interval\=86400 -Xcc -fmodules-prune-after\=345600 -emit-const-values -const-gather-protocols-list /Users/admin/builder/spi-builder-workspace/.derivedData/Build/Intermediates.noindex/Swiftlier.build/Debug-watchos/Swiftlier-t.build/Objects-normal/arm64_32/Swiftlier_const_extract_protocols.json -Xcc -I/Users/admin/builder/spi-builder-workspace/.derivedData/Build/Products/Debug-watchos/include -Xcc -I/Users/admin/builder/spi-builder-workspace/.derivedData/Build/Intermediates.noindex/Swiftlier.build/Debug-watchos/Swiftlier-t.build/DerivedSources-normal/arm64_32 -Xcc -I/Users/admin/builder/spi-builder-workspace/.derivedData/Build/Intermediates.noindex/Swiftlier.build/Debug-watchos/Swiftlier-t.build/DerivedSources/arm64_32 -Xcc -I/Users/admin/builder/spi-builder-workspace/.derivedData/Build/Intermediates.noindex/Swiftlier.build/Debug-watchos/Swiftlier-t.build/DerivedSources -Xcc -DSWIFT_PACKAGE -Xcc -DDEBUG\=1 -emit-objc-header -emit-objc-header-path /Users/admin/builder/spi-builder-workspace/.derivedData/Build/Intermediates.noindex/Swiftlier.build/Debug-watchos/Swiftlier-t.build/Objects-normal/arm64_32/Swiftlier-Swift.h -working-directory /Users/admin/builder/spi-builder-workspace/.swiftpm/xcode -experimental-emit-module-separately -disable-cmo
SwiftDriver SwiftlierCLI normal arm64 com.apple.xcode.tools.swift.compiler (in target 'SwiftlierCLI' from project 'SwiftlierCLI')
cd /Users/admin/builder/spi-builder-workspace/.swiftpm/xcode
builtin-SwiftDriver -- /Applications/Xcode-27.0.0-Release.Candidate.app/Contents/Developer/Toolchains/XcodeDefault.xctoolchain/usr/bin/swiftc -parse-as-library -module-name SwiftlierCLI -Onone @/Users/admin/builder/spi-builder-workspace/.derivedData/Build/Intermediates.noindex/SwiftlierCLI.build/Debug-watchos/SwiftlierCLI-t.build/Objects-normal/arm64/SwiftlierCLI.SwiftFileList -DSWIFT_PACKAGE -DDEBUG -DSWIFT_MODULE_RESOURCE_BUNDLE_UNAVAILABLE -DXcode -plugin-path /Applications/Xcode-27.0.0-Release.Candidate.app/Contents/Developer/Toolchains/XcodeDefault.xctoolchain/usr/lib/swift/host/plugins/testing -enable-experimental-feature DebugDescriptionMacro -sdk /Applications/Xcode-27.0.0-Release.Candidate.app/Contents/Developer/Platforms/WatchOS.platform/Developer/SDKs/WatchOS27.0.sdk -target arm64-apple-watchos9.0 -g -module-cache-path /Users/admin/builder/spi-builder-workspace/.derivedData/ModuleCache.noindex -Xfrontend -serialize-debugging-options -profile-coverage-mapping -profile-generate -enable-testing -index-store-path /Users/admin/builder/spi-builder-workspace/.derivedData/Index.noindex/DataStore -Xcc -D_LIBCPP_HARDENING_MODE\=_LIBCPP_HARDENING_MODE_DEBUG -swift-version 5 -I /Users/admin/builder/spi-builder-workspace/.derivedData/Build/Products/Debug-watchos -Isystem /Applications/Xcode-27.0.0-Release.Candidate.app/Contents/Developer/Platforms/WatchOS.platform/Developer/usr/lib -F /Users/admin/builder/spi-builder-workspace/.derivedData/Build/Products/Debug-watchos/PackageFrameworks -F /Users/admin/builder/spi-builder-workspace/.derivedData/Build/Products/Debug-watchos -F /Applications/Xcode-27.0.0-Release.Candidate.app/Contents/Developer/Platforms/WatchOS.platform/Developer/Library/Frameworks -F /Applications/Xcode-27.0.0-Release.Candidate.app/Contents/Developer/Platforms/WatchOS.platform/Developer/SDKs/WatchOS27.0.sdk/Developer/Library/Frameworks -c -j10 -enable-batch-mode -incremental -Xcc -ivfsstatcache -Xcc /Users/admin/builder/spi-builder-workspace/.derivedData/SDKStatCaches.noindex/watchos27.0-24R360-e829b21a6f8c9b70876ba0858053c04477534ef55a1706bf4c1112bbb242f0a2.sdkstatcache -output-file-map /Users/admin/builder/spi-builder-workspace/.derivedData/Build/Intermediates.noindex/SwiftlierCLI.build/Debug-watchos/SwiftlierCLI-t.build/Objects-normal/arm64/SwiftlierCLI-OutputFileMap.json -save-temps -no-color-diagnostics -explicit-module-build -module-cache-path /Users/admin/builder/spi-builder-workspace/.derivedData/Build/Intermediates.noindex/SwiftExplicitPrecompiledModules -clang-scanner-module-cache-path /Users/admin/builder/spi-builder-workspace/.derivedData/ModuleCache.noindex -sdk-module-cache-path /Users/admin/builder/spi-builder-workspace/.derivedData/SDKExplicitPrecompiledModules -emit-dependencies -emit-module -emit-module-path /Users/admin/builder/spi-builder-workspace/.derivedData/Build/Intermediates.noindex/SwiftlierCLI.build/Debug-watchos/SwiftlierCLI-t.build/Objects-normal/arm64/SwiftlierCLI.swiftmodule -serialize-diagnostics -dependency-scan-serialize-diagnostics-path /Users/admin/builder/spi-builder-workspace/.derivedData/Build/Intermediates.noindex/SwiftlierCLI.build/Debug-watchos/SwiftlierCLI-t.build/Objects-normal/arm64/SwiftlierCLI-dependency-scan.dia -validate-clang-modules-once -clang-build-session-file /Users/admin/builder/spi-builder-workspace/.derivedData/ModuleCache.noindex/Session.modulevalidation -Xcc -fmodules-prune-interval\=86400 -Xcc -fmodules-prune-after\=345600 -emit-const-values -const-gather-protocols-list /Users/admin/builder/spi-builder-workspace/.derivedData/Build/Intermediates.noindex/SwiftlierCLI.build/Debug-watchos/SwiftlierCLI-t.build/Objects-normal/arm64/SwiftlierCLI_const_extract_protocols.json -Xcc -I/Users/admin/builder/spi-builder-workspace/.derivedData/Build/Products/Debug-watchos/include -Xcc -I/Users/admin/builder/spi-builder-workspace/.derivedData/Build/Intermediates.noindex/SwiftlierCLI.build/Debug-watchos/SwiftlierCLI-t.build/DerivedSources-normal/arm64 -Xcc -I/Users/admin/builder/spi-builder-workspace/.derivedData/Build/Intermediates.noindex/SwiftlierCLI.build/Debug-watchos/SwiftlierCLI-t.build/DerivedSources/arm64 -Xcc -I/Users/admin/builder/spi-builder-workspace/.derivedData/Build/Intermediates.noindex/SwiftlierCLI.build/Debug-watchos/SwiftlierCLI-t.build/DerivedSources -Xcc -DSWIFT_PACKAGE -Xcc -DDEBUG\=1 -emit-objc-header -emit-objc-header-path /Users/admin/builder/spi-builder-workspace/.derivedData/Build/Intermediates.noindex/SwiftlierCLI.build/Debug-watchos/SwiftlierCLI-t.build/Objects-normal/arm64/SwiftlierCLI-Swift.h -working-directory /Users/admin/builder/spi-builder-workspace/.swiftpm/xcode -experimental-emit-module-separately -disable-cmo
SwiftDriver Swiftlier normal arm64 com.apple.xcode.tools.swift.compiler (in target 'Swiftlier' from project 'Swiftlier')
cd /Users/admin/builder/spi-builder-workspace/.swiftpm/xcode
builtin-SwiftDriver -- /Applications/Xcode-27.0.0-Release.Candidate.app/Contents/Developer/Toolchains/XcodeDefault.xctoolchain/usr/bin/swiftc -parse-as-library -module-name Swiftlier -Onone @/Users/admin/builder/spi-builder-workspace/.derivedData/Build/Intermediates.noindex/Swiftlier.build/Debug-watchos/Swiftlier-t.build/Objects-normal/arm64/Swiftlier.SwiftFileList -DSWIFT_PACKAGE -DDEBUG -DSWIFT_MODULE_RESOURCE_BUNDLE_UNAVAILABLE -DXcode -plugin-path /Applications/Xcode-27.0.0-Release.Candidate.app/Contents/Developer/Toolchains/XcodeDefault.xctoolchain/usr/lib/swift/host/plugins/testing -enable-experimental-feature DebugDescriptionMacro -sdk /Applications/Xcode-27.0.0-Release.Candidate.app/Contents/Developer/Platforms/WatchOS.platform/Developer/SDKs/WatchOS27.0.sdk -target arm64-apple-watchos9.0 -g -module-cache-path /Users/admin/builder/spi-builder-workspace/.derivedData/ModuleCache.noindex -Xfrontend -serialize-debugging-options -profile-coverage-mapping -profile-generate -enable-testing -suppress-warnings -index-store-path /Users/admin/builder/spi-builder-workspace/.derivedData/Index.noindex/DataStore -Xcc -D_LIBCPP_HARDENING_MODE\=_LIBCPP_HARDENING_MODE_DEBUG -swift-version 5 -I /Users/admin/builder/spi-builder-workspace/.derivedData/Build/Products/Debug-watchos -Isystem /Applications/Xcode-27.0.0-Release.Candidate.app/Contents/Developer/Platforms/WatchOS.platform/Developer/usr/lib -F /Users/admin/builder/spi-builder-workspace/.derivedData/Build/Products/Debug-watchos -F /Applications/Xcode-27.0.0-Release.Candidate.app/Contents/Developer/Platforms/WatchOS.platform/Developer/Library/Frameworks -F /Applications/Xcode-27.0.0-Release.Candidate.app/Contents/Developer/Platforms/WatchOS.platform/Developer/SDKs/WatchOS27.0.sdk/Developer/Library/Frameworks -c -j10 -enable-batch-mode -incremental -Xcc -ivfsstatcache -Xcc /Users/admin/builder/spi-builder-workspace/.derivedData/SDKStatCaches.noindex/watchos27.0-24R360-e829b21a6f8c9b70876ba0858053c04477534ef55a1706bf4c1112bbb242f0a2.sdkstatcache -output-file-map /Users/admin/builder/spi-builder-workspace/.derivedData/Build/Intermediates.noindex/Swiftlier.build/Debug-watchos/Swiftlier-t.build/Objects-normal/arm64/Swiftlier-OutputFileMap.json -save-temps -no-color-diagnostics -explicit-module-build -module-cache-path /Users/admin/builder/spi-builder-workspace/.derivedData/Build/Intermediates.noindex/SwiftExplicitPrecompiledModules -clang-scanner-module-cache-path /Users/admin/builder/spi-builder-workspace/.derivedData/ModuleCache.noindex -sdk-module-cache-path /Users/admin/builder/spi-builder-workspace/.derivedData/SDKExplicitPrecompiledModules -emit-dependencies -emit-module -emit-module-path /Users/admin/builder/spi-builder-workspace/.derivedData/Build/Intermediates.noindex/Swiftlier.build/Debug-watchos/Swiftlier-t.build/Objects-normal/arm64/Swiftlier.swiftmodule -serialize-diagnostics -dependency-scan-serialize-diagnostics-path /Users/admin/builder/spi-builder-workspace/.derivedData/Build/Intermediates.noindex/Swiftlier.build/Debug-watchos/Swiftlier-t.build/Objects-normal/arm64/Swiftlier-dependency-scan.dia -validate-clang-modules-once -clang-build-session-file /Users/admin/builder/spi-builder-workspace/.derivedData/ModuleCache.noindex/Session.modulevalidation -Xcc -fmodules-prune-interval\=86400 -Xcc -fmodules-prune-after\=345600 -emit-const-values -const-gather-protocols-list /Users/admin/builder/spi-builder-workspace/.derivedData/Build/Intermediates.noindex/Swiftlier.build/Debug-watchos/Swiftlier-t.build/Objects-normal/arm64/Swiftlier_const_extract_protocols.json -Xcc -I/Users/admin/builder/spi-builder-workspace/.derivedData/Build/Products/Debug-watchos/include -Xcc -I/Users/admin/builder/spi-builder-workspace/.derivedData/Build/Intermediates.noindex/Swiftlier.build/Debug-watchos/Swiftlier-t.build/DerivedSources-normal/arm64 -Xcc -I/Users/admin/builder/spi-builder-workspace/.derivedData/Build/Intermediates.noindex/Swiftlier.build/Debug-watchos/Swiftlier-t.build/DerivedSources/arm64 -Xcc -I/Users/admin/builder/spi-builder-workspace/.derivedData/Build/Intermediates.noindex/Swiftlier.build/Debug-watchos/Swiftlier-t.build/DerivedSources -Xcc -DSWIFT_PACKAGE -Xcc -DDEBUG\=1 -emit-objc-header -emit-objc-header-path /Users/admin/builder/spi-builder-workspace/.derivedData/Build/Intermediates.noindex/Swiftlier.build/Debug-watchos/Swiftlier-t.build/Objects-normal/arm64/Swiftlier-Swift.h -working-directory /Users/admin/builder/spi-builder-workspace/.swiftpm/xcode -experimental-emit-module-separately -disable-cmo
SwiftCompile normal arm64 Compiling\ ShellCommand.swift /Users/admin/builder/spi-builder-workspace/Sources/SwiftlierCLI/ShellCommand.swift (in target 'SwiftlierCLI' from project 'SwiftlierCLI')
SwiftCompile normal arm64 /Users/admin/builder/spi-builder-workspace/Sources/SwiftlierCLI/ShellCommand.swift (in target 'SwiftlierCLI' from project 'SwiftlierCLI')
cd /Users/admin/builder/spi-builder-workspace/.swiftpm/xcode
builtin-SwiftPerFileCompile ShellCommand.swift
SwiftCompile normal arm64 Compiling\ CommandLineDecoder.swift /Users/admin/builder/spi-builder-workspace/Sources/SwiftlierCLI/CommandLineDecoder.swift (in target 'SwiftlierCLI' from project 'SwiftlierCLI')
SwiftCompile normal arm64 /Users/admin/builder/spi-builder-workspace/Sources/SwiftlierCLI/CommandLineDecoder.swift (in target 'SwiftlierCLI' from project 'SwiftlierCLI')
cd /Users/admin/builder/spi-builder-workspace/.swiftpm/xcode
builtin-SwiftPerFileCompile CommandLineDecoder.swift
SwiftCompile normal arm64 Compiling\ ZipFilePath.swift /Users/admin/builder/spi-builder-workspace/Sources/SwiftlierCLI/ZipFilePath.swift (in target 'SwiftlierCLI' from project 'SwiftlierCLI')
SwiftCompile normal arm64 /Users/admin/builder/spi-builder-workspace/Sources/SwiftlierCLI/ZipFilePath.swift (in target 'SwiftlierCLI' from project 'SwiftlierCLI')
cd /Users/admin/builder/spi-builder-workspace/.swiftpm/xcode
builtin-SwiftPerFileCompile ZipFilePath.swift
SwiftEmitModule normal arm64 Emitting\ module\ for\ SwiftlierCLI (in target 'SwiftlierCLI' from project 'SwiftlierCLI')
/Users/admin/builder/spi-builder-workspace/Sources/SwiftlierCLI/ShellCommand.swift:25:31: error: cannot find 'Process' in scope
23 | #endif
24 |
25 | fileprivate let process = Process()
| `- error: cannot find 'Process' in scope
26 |
27 | fileprivate let parentCommand: ShellCommand?
Failed frontend command:
/Applications/Xcode-27.0.0-Release.Candidate.app/Contents/Developer/Toolchains/XcodeDefault.xctoolchain/usr/bin/swift-frontend -frontend -emit-module -experimental-skip-non-inlinable-function-bodies-without-types /Users/admin/builder/spi-builder-workspace/Sources/SwiftlierCLI/CommandLineDecoder.swift /Users/admin/builder/spi-builder-workspace/Sources/SwiftlierCLI/ShellCommand.swift /Users/admin/builder/spi-builder-workspace/Sources/SwiftlierCLI/ZipFilePath.swift -target arm64-apple-watchos9.0 -disable-cross-import-overlay-search -load-resolved-plugin /Applications/Xcode-27.0.0-Release.Candidate.app/Contents/Developer/Platforms/WatchOS.platform/Developer/usr/lib/swift/host/plugins/libFoundationMacros.dylib\#/Applications/Xcode-27.0.0-Release.Candidate.app/Contents/Developer/Platforms/WatchOS.platform/Developer/usr/bin/swift-plugin-server\#FoundationMacros -load-resolved-plugin /Applications/Xcode-27.0.0-Release.Candidate.app/Contents/Developer/Platforms/WatchOS.platform/Developer/usr/lib/swift/host/plugins/libObservationMacros.dylib\#/Applications/Xcode-27.0.0-Release.Candidate.app/Contents/Developer/Platforms/WatchOS.platform/Developer/usr/bin/swift-plugin-server\#ObservationMacros -load-resolved-plugin /Applications/Xcode-27.0.0-Release.Candidate.app/Contents/Developer/Platforms/WatchOS.platform/Developer/usr/lib/swift/host/plugins/libSwiftMacros.dylib\#/Applications/Xcode-27.0.0-Release.Candidate.app/Contents/Developer/Platforms/WatchOS.platform/Developer/usr/bin/swift-plugin-server\#SwiftMacros -disable-implicit-swift-modules -Xcc -fno-implicit-modules -Xcc -fno-implicit-module-maps -explicit-swift-module-map-file /Users/admin/builder/spi-builder-workspace/.derivedData/Build/Intermediates.noindex/SwiftlierCLI.build/Debug-watchos/SwiftlierCLI-t.build/Objects-normal/arm64/SwiftlierCLI-dependencies-2.json -Xllvm -aarch64-use-tbi -enable-objc-interop -stack-check -sdk /Applications/Xcode-27.0.0-Release.Candidate.app/Contents/Developer/Platforms/WatchOS.platform/Developer/SDKs/WatchOS27.0.sdk -I /Users/admin/builder/spi-builder-workspace/.derivedData/Build/Products/Debug-watchos -Isystem /Applications/Xcode-27.0.0-Release.Candidate.app/Contents/Developer/Platforms/WatchOS.platform/Developer/usr/lib -F /Users/admin/builder/spi-builder-workspace/.derivedData/Build/Products/Debug-watchos/PackageFrameworks -F /Users/admin/builder/spi-builder-workspace/.derivedData/Build/Products/Debug-watchos -F /Applications/Xcode-27.0.0-Release.Candidate.app/Contents/Developer/Platforms/WatchOS.platform/Developer/Library/Frameworks -F /Applications/Xcode-27.0.0-Release.Candidate.app/Contents/Developer/Platforms/WatchOS.platform/Developer/SDKs/WatchOS27.0.sdk/Developer/Library/Frameworks -module-cache-path /Users/admin/builder/spi-builder-workspace/.derivedData/Build/Intermediates.noindex/SwiftExplicitPrecompiledModules -no-color-diagnostics -Xcc -fno-color-diagnostics -enable-testing -g -debug-info-format\=dwarf -dwarf-version\=4 -profile-generate -profile-coverage-mapping -swift-version 5 -Onone -D SWIFT_PACKAGE -D DEBUG -D SWIFT_MODULE_RESOURCE_BUNDLE_UNAVAILABLE -D Xcode -serialize-debugging-options -enable-experimental-feature DebugDescriptionMacro -empty-abi-descriptor -validate-clang-modules-once -clang-build-session-file /Users/admin/builder/spi-builder-workspace/.derivedData/ModuleCache.noindex/Session.modulevalidation -Xcc -working-directory -Xcc /Users/admin/builder/spi-builder-workspace/.swiftpm/xcode -enable-anonymous-context-mangled-names -file-compilation-dir /Users/admin/builder/spi-builder-workspace/.swiftpm/xcode -Xcc -D_LIBCPP_HARDENING_MODE\=_LIBCPP_HARDENING_MODE_DEBUG -Xcc -ivfsstatcache -Xcc /Users/admin/builder/spi-builder-workspace/.derivedData/SDKStatCaches.noindex/watchos27.0-24R360-e829b21a6f8c9b70876ba0858053c04477534ef55a1706bf4c1112bbb242f0a2.sdkstatcache -Xcc -fmodules-prune-interval\=86400 -Xcc -fmodules-prune-after\=345600 -Xcc -I/Users/admin/builder/spi-builder-workspace/.derivedData/Build/Products/Debug-watchos/include -Xcc -I/Users/admin/builder/spi-builder-workspace/.derivedData/Build/Intermediates.noindex/SwiftlierCLI.build/Debug-watchos/SwiftlierCLI-t.build/DerivedSources-normal/arm64 -Xcc -I/Users/admin/builder/spi-builder-workspace/.derivedData/Build/Intermediates.noindex/SwiftlierCLI.build/Debug-watchos/SwiftlierCLI-t.build/DerivedSources/arm64 -Xcc -I/Users/admin/builder/spi-builder-workspace/.derivedData/Build/Intermediates.noindex/SwiftlierCLI.build/Debug-watchos/SwiftlierCLI-t.build/DerivedSources -Xcc -DSWIFT_PACKAGE -Xcc -DDEBUG\=1 -no-auto-bridging-header-chaining -module-name SwiftlierCLI -const-gather-protocols-file /Users/admin/builder/spi-builder-workspace/.derivedData/Build/Intermediates.noindex/SwiftlierCLI.build/Debug-watchos/SwiftlierCLI-t.build/Objects-normal/arm64/SwiftlierCLI_const_extract_protocols.json -disable-clang-spi -clang-target arm64-apple-watchos27.0 -target-sdk-version 27.0 -target-sdk-name watchos27.0 -in-process-plugin-server-path /Applications/Xcode-27.0.0-Release.Candidate.app/Contents/Developer/Toolchains/XcodeDefault.xctoolchain/usr/lib/swift/host/libSwiftInProcPluginServer.dylib -emit-module-doc-path /Users/admin/builder/spi-builder-workspace/.derivedData/Build/Intermediates.noindex/SwiftlierCLI.build/Debug-watchos/SwiftlierCLI-t.build/Objects-normal/arm64/SwiftlierCLI.swiftdoc -emit-module-source-info-path /Users/admin/builder/spi-builder-workspace/.derivedData/Build/Intermediates.noindex/SwiftlierCLI.build/Debug-watchos/SwiftlierCLI-t.build/Objects-normal/arm64/SwiftlierCLI.swiftsourceinfo -emit-objc-header-path /Users/admin/builder/spi-builder-workspace/.derivedData/Build/Intermediates.noindex/SwiftlierCLI.build/Debug-watchos/SwiftlierCLI-t.build/Objects-normal/arm64/SwiftlierCLI-Swift.h -serialize-diagnostics-path /Users/admin/builder/spi-builder-workspace/.derivedData/Build/Intermediates.noindex/SwiftlierCLI.build/Debug-watchos/SwiftlierCLI-t.build/Objects-normal/arm64/SwiftlierCLI-primary-emit-module.dia -emit-dependencies-path /Users/admin/builder/spi-builder-workspace/.derivedData/Build/Intermediates.noindex/SwiftlierCLI.build/Debug-watchos/SwiftlierCLI-t.build/Objects-normal/arm64/SwiftlierCLI-primary-emit-module.d -parse-as-library -o /Users/admin/builder/spi-builder-workspace/.derivedData/Build/Intermediates.noindex/SwiftlierCLI.build/Debug-watchos/SwiftlierCLI-t.build/Objects-normal/arm64/SwiftlierCLI.swiftmodule -emit-abi-descriptor-path /Users/admin/builder/spi-builder-workspace/.derivedData/Build/Intermediates.noindex/SwiftlierCLI.build/Debug-watchos/SwiftlierCLI-t.build/Objects-normal/arm64/SwiftlierCLI.abi.json
SwiftCompile normal arm64 (in target 'SwiftlierCLI' from project 'SwiftlierCLI')
cd /Users/admin/builder/spi-builder-workspace/.swiftpm/xcode
SwiftEmitModule normal arm64_32 Emitting\ module\ for\ SwiftlierCLI (in target 'SwiftlierCLI' from project 'SwiftlierCLI')
/Users/admin/builder/spi-builder-workspace/Sources/SwiftlierCLI/ShellCommand.swift:25:31: error: cannot find 'Process' in scope
23 | #endif
24 |
25 | fileprivate let process = Process()
| `- error: cannot find 'Process' in scope
26 |
27 | fileprivate let parentCommand: ShellCommand?
Failed frontend command:
/Applications/Xcode-27.0.0-Release.Candidate.app/Contents/Developer/Toolchains/XcodeDefault.xctoolchain/usr/bin/swift-frontend -frontend -emit-module -experimental-skip-non-inlinable-function-bodies-without-types /Users/admin/builder/spi-builder-workspace/Sources/SwiftlierCLI/CommandLineDecoder.swift /Users/admin/builder/spi-builder-workspace/Sources/SwiftlierCLI/ShellCommand.swift /Users/admin/builder/spi-builder-workspace/Sources/SwiftlierCLI/ZipFilePath.swift -target arm64_32-apple-watchos9.0 -disable-cross-import-overlay-search -load-resolved-plugin /Applications/Xcode-27.0.0-Release.Candidate.app/Contents/Developer/Platforms/WatchOS.platform/Developer/usr/lib/swift/host/plugins/libFoundationMacros.dylib\#/Applications/Xcode-27.0.0-Release.Candidate.app/Contents/Developer/Platforms/WatchOS.platform/Developer/usr/bin/swift-plugin-server\#FoundationMacros -load-resolved-plugin /Applications/Xcode-27.0.0-Release.Candidate.app/Contents/Developer/Platforms/WatchOS.platform/Developer/usr/lib/swift/host/plugins/libObservationMacros.dylib\#/Applications/Xcode-27.0.0-Release.Candidate.app/Contents/Developer/Platforms/WatchOS.platform/Developer/usr/bin/swift-plugin-server\#ObservationMacros -load-resolved-plugin /Applications/Xcode-27.0.0-Release.Candidate.app/Contents/Developer/Platforms/WatchOS.platform/Developer/usr/lib/swift/host/plugins/libSwiftMacros.dylib\#/Applications/Xcode-27.0.0-Release.Candidate.app/Contents/Developer/Platforms/WatchOS.platform/Developer/usr/bin/swift-plugin-server\#SwiftMacros -disable-implicit-swift-modules -Xcc -fno-implicit-modules -Xcc -fno-implicit-module-maps -explicit-swift-module-map-file /Users/admin/builder/spi-builder-workspace/.derivedData/Build/Intermediates.noindex/SwiftlierCLI.build/Debug-watchos/SwiftlierCLI-t.build/Objects-normal/arm64_32/SwiftlierCLI-dependencies-1.json -enable-objc-interop -sdk /Applications/Xcode-27.0.0-Release.Candidate.app/Contents/Developer/Platforms/WatchOS.platform/Developer/SDKs/WatchOS27.0.sdk -I /Users/admin/builder/spi-builder-workspace/.derivedData/Build/Products/Debug-watchos -Isystem /Applications/Xcode-27.0.0-Release.Candidate.app/Contents/Developer/Platforms/WatchOS.platform/Developer/usr/lib -F /Users/admin/builder/spi-builder-workspace/.derivedData/Build/Products/Debug-watchos/PackageFrameworks -F /Users/admin/builder/spi-builder-workspace/.derivedData/Build/Products/Debug-watchos -F /Applications/Xcode-27.0.0-Release.Candidate.app/Contents/Developer/Platforms/WatchOS.platform/Developer/Library/Frameworks -F /Applications/Xcode-27.0.0-Release.Candidate.app/Contents/Developer/Platforms/WatchOS.platform/Developer/SDKs/WatchOS27.0.sdk/Developer/Library/Frameworks -module-cache-path /Users/admin/builder/spi-builder-workspace/.derivedData/Build/Intermediates.noindex/SwiftExplicitPrecompiledModules -no-color-diagnostics -Xcc -fno-color-diagnostics -enable-testing -g -debug-info-format\=dwarf -dwarf-version\=4 -profile-generate -profile-coverage-mapping -swift-version 5 -Onone -D SWIFT_PACKAGE -D DEBUG -D SWIFT_MODULE_RESOURCE_BUNDLE_UNAVAILABLE -D Xcode -serialize-debugging-options -enable-experimental-feature DebugDescriptionMacro -empty-abi-descriptor -validate-clang-modules-once -clang-build-session-file /Users/admin/builder/spi-builder-workspace/.derivedData/ModuleCache.noindex/Session.modulevalidation -Xcc -working-directory -Xcc /Users/admin/builder/spi-builder-workspace/.swiftpm/xcode -enable-anonymous-context-mangled-names -file-compilation-dir /Users/admin/builder/spi-builder-workspace/.swiftpm/xcode -Xcc -D_LIBCPP_HARDENING_MODE\=_LIBCPP_HARDENING_MODE_DEBUG -Xcc -ivfsstatcache -Xcc /Users/admin/builder/spi-builder-workspace/.derivedData/SDKStatCaches.noindex/watchos27.0-24R360-e829b21a6f8c9b70876ba0858053c04477534ef55a1706bf4c1112bbb242f0a2.sdkstatcache -Xcc -fmodules-prune-interval\=86400 -Xcc -fmodules-prune-after\=345600 -Xcc -I/Users/admin/builder/spi-builder-workspace/.derivedData/Build/Products/Debug-watchos/include -Xcc -I/Users/admin/builder/spi-builder-workspace/.derivedData/Build/Intermediates.noindex/SwiftlierCLI.build/Debug-watchos/SwiftlierCLI-t.build/DerivedSources-normal/arm64_32 -Xcc -I/Users/admin/builder/spi-builder-workspace/.derivedData/Build/Intermediates.noindex/SwiftlierCLI.build/Debug-watchos/SwiftlierCLI-t.build/DerivedSources/arm64_32 -Xcc -I/Users/admin/builder/spi-builder-workspace/.derivedData/Build/Intermediates.noindex/SwiftlierCLI.build/Debug-watchos/SwiftlierCLI-t.build/DerivedSources -Xcc -DSWIFT_PACKAGE -Xcc -DDEBUG\=1 -no-auto-bridging-header-chaining -module-name SwiftlierCLI -const-gather-protocols-file /Users/admin/builder/spi-builder-workspace/.derivedData/Build/Intermediates.noindex/SwiftlierCLI.build/Debug-watchos/SwiftlierCLI-t.build/Objects-normal/arm64_32/SwiftlierCLI_const_extract_protocols.json -disable-clang-spi -clang-target arm64_32-apple-watchos27.0 -target-sdk-version 27.0 -target-sdk-name watchos27.0 -in-process-plugin-server-path /Applications/Xcode-27.0.0-Release.Candidate.app/Contents/Developer/Toolchains/XcodeDefault.xctoolchain/usr/lib/swift/host/libSwiftInProcPluginServer.dylib -emit-module-doc-path /Users/admin/builder/spi-builder-workspace/.derivedData/Build/Intermediates.noindex/SwiftlierCLI.build/Debug-watchos/SwiftlierCLI-t.build/Objects-normal/arm64_32/SwiftlierCLI.swiftdoc -emit-module-source-info-path /Users/admin/builder/spi-builder-workspace/.derivedData/Build/Intermediates.noindex/SwiftlierCLI.build/Debug-watchos/SwiftlierCLI-t.build/Objects-normal/arm64_32/SwiftlierCLI.swiftsourceinfo -emit-objc-header-path /Users/admin/builder/spi-builder-workspace/.derivedData/Build/Intermediates.noindex/SwiftlierCLI.build/Debug-watchos/SwiftlierCLI-t.build/Objects-normal/arm64_32/SwiftlierCLI-Swift.h -serialize-diagnostics-path /Users/admin/builder/spi-builder-workspace/.derivedData/Build/Intermediates.noindex/SwiftlierCLI.build/Debug-watchos/SwiftlierCLI-t.build/Objects-normal/arm64_32/SwiftlierCLI-primary-emit-module.dia -emit-dependencies-path /Users/admin/builder/spi-builder-workspace/.derivedData/Build/Intermediates.noindex/SwiftlierCLI.build/Debug-watchos/SwiftlierCLI-t.build/Objects-normal/arm64_32/SwiftlierCLI-primary-emit-module.d -parse-as-library -o /Users/admin/builder/spi-builder-workspace/.derivedData/Build/Intermediates.noindex/SwiftlierCLI.build/Debug-watchos/SwiftlierCLI-t.build/Objects-normal/arm64_32/SwiftlierCLI.swiftmodule -emit-abi-descriptor-path /Users/admin/builder/spi-builder-workspace/.derivedData/Build/Intermediates.noindex/SwiftlierCLI.build/Debug-watchos/SwiftlierCLI-t.build/Objects-normal/arm64_32/SwiftlierCLI.abi.json
SwiftCompile normal arm64_32 (in target 'SwiftlierCLI' from project 'SwiftlierCLI')
cd /Users/admin/builder/spi-builder-workspace/.swiftpm/xcode
SwiftCompile normal arm64_32 Compiling\ ShellCommand.swift /Users/admin/builder/spi-builder-workspace/Sources/SwiftlierCLI/ShellCommand.swift (in target 'SwiftlierCLI' from project 'SwiftlierCLI')
SwiftCompile normal arm64_32 /Users/admin/builder/spi-builder-workspace/Sources/SwiftlierCLI/ShellCommand.swift (in target 'SwiftlierCLI' from project 'SwiftlierCLI')
cd /Users/admin/builder/spi-builder-workspace/.swiftpm/xcode
builtin-SwiftPerFileCompile ShellCommand.swift
SwiftCompile normal arm64_32 Compiling\ CommandLineDecoder.swift /Users/admin/builder/spi-builder-workspace/Sources/SwiftlierCLI/CommandLineDecoder.swift (in target 'SwiftlierCLI' from project 'SwiftlierCLI')
SwiftCompile normal arm64_32 /Users/admin/builder/spi-builder-workspace/Sources/SwiftlierCLI/CommandLineDecoder.swift (in target 'SwiftlierCLI' from project 'SwiftlierCLI')
cd /Users/admin/builder/spi-builder-workspace/.swiftpm/xcode
builtin-SwiftPerFileCompile CommandLineDecoder.swift
SwiftCompile normal arm64_32 Compiling\ ZipFilePath.swift /Users/admin/builder/spi-builder-workspace/Sources/SwiftlierCLI/ZipFilePath.swift (in target 'SwiftlierCLI' from project 'SwiftlierCLI')
SwiftCompile normal arm64_32 /Users/admin/builder/spi-builder-workspace/Sources/SwiftlierCLI/ZipFilePath.swift (in target 'SwiftlierCLI' from project 'SwiftlierCLI')
cd /Users/admin/builder/spi-builder-workspace/.swiftpm/xcode
builtin-SwiftPerFileCompile ZipFilePath.swift
SwiftEmitModule normal arm64 Emitting\ module\ for\ Swiftlier (in target 'Swiftlier' from project 'Swiftlier')
SwiftCompile normal arm64 (in target 'Swiftlier' from project 'Swiftlier')
cd /Users/admin/builder/spi-builder-workspace/.swiftpm/xcode
SwiftCompile normal arm64 Compiling\ Mass.swift /Users/admin/builder/spi-builder-workspace/.dependencies/checkouts/Swiftlier/Sources/Swiftlier/Model/Types/Mass.swift (in target 'Swiftlier' from project 'Swiftlier')
SwiftCompile normal arm64 /Users/admin/builder/spi-builder-workspace/.dependencies/checkouts/Swiftlier/Sources/Swiftlier/Model/Types/Mass.swift (in target 'Swiftlier' from project 'Swiftlier')
cd /Users/admin/builder/spi-builder-workspace/.swiftpm/xcode
builtin-SwiftPerFileCompile Mass.swift
SwiftEmitModule normal arm64_32 Emitting\ module\ for\ Swiftlier (in target 'Swiftlier' from project 'Swiftlier')
SwiftCompile normal arm64_32 (in target 'Swiftlier' from project 'Swiftlier')
cd /Users/admin/builder/spi-builder-workspace/.swiftpm/xcode
PruneExplicitPrecompiledModules /Users/admin/builder/spi-builder-workspace/.derivedData/Build/Intermediates.noindex/ExplicitPrecompiledModules
PruneExplicitPrecompiledModules /Users/admin/builder/spi-builder-workspace/.derivedData/SDKExplicitPrecompiledModules
PruneExplicitPrecompiledModules /Users/admin/builder/spi-builder-workspace/.derivedData/Build/Intermediates.noindex/SwiftExplicitPrecompiledModules
2026-09-16 00:29:33.296 xcodebuild[873:5508] [MT] IDERunDestination: Supported platforms for the buildables in the current scheme is empty.
** BUILD FAILED **
The following build commands failed:
SwiftEmitModule normal arm64 Emitting\ module\ for\ SwiftlierCLI (in target 'SwiftlierCLI' from project 'SwiftlierCLI')
SwiftCompile normal arm64 (in target 'SwiftlierCLI' from project 'SwiftlierCLI')
SwiftEmitModule normal arm64_32 Emitting\ module\ for\ SwiftlierCLI (in target 'SwiftlierCLI' from project 'SwiftlierCLI')
SwiftCompile normal arm64_32 (in target 'SwiftlierCLI' from project 'SwiftlierCLI')
Building workspace SwiftlierCLI with scheme SwiftlierCLI
(5 failures)
BUILD FAILURE 6.4 watchOS