Build Information
Failed to build AppStoreConnect-Swift-SDK, reference 4.5.1 (f84d9a), with Swift 6.3 for Android on 12 Oct 2026 15:10:33 UTC.
Build Command
bash -c docker run --pull=always --rm -v "checkouts-54344849-0":/host -w "$PWD" -e JAVA_HOME="/root/.sdkman/candidates/java/current" -e SPI_BUILD="1" -e SPI_PROCESSING="1" registry.gitlab.com/saguaro1/spi-images:android-6.3-latest swift build --swift-sdk aarch64-unknown-linux-android28 2>&1Build Log
========================================
RunAll
========================================
Builder version: 5.1.1
Interrupt handler set up.
========================================
Checkout
========================================
Clone URL: https://github.com/AvdLee/appstoreconnect-swift-sdk.git
Reference: 4.5.1
Initialized empty Git repository in /host/spi-builder-workspace/.git/
hint: Using 'master' as the name for the initial branch. This default branch name
hint: is subject to change. To configure the initial branch name to use in all
hint: of your new repositories, which will suppress this warning, call:
hint:
hint: git config --global init.defaultBranch <name>
hint:
hint: Names commonly chosen instead of 'master' are 'main', 'trunk' and
hint: 'development'. The just-created branch can be renamed via this command:
hint:
hint: git branch -m <name>
From https://github.com/AvdLee/appstoreconnect-swift-sdk
* tag 4.5.1 -> FETCH_HEAD
HEAD is now at f84d9a5 Merge pull request #351 from AvdLee/spec-update-4.5.1
Cloned https://github.com/AvdLee/appstoreconnect-swift-sdk.git
Revision (git rev-parse @):
f84d9a552a5ec63d0f86f71f370a66ea588fd1c2
SUCCESS checkout https://github.com/AvdLee/appstoreconnect-swift-sdk.git at 4.5.1
========================================
Build
========================================
Selected platform: android
Swift version: 6.3
Building package at path: $PWD
https://github.com/AvdLee/appstoreconnect-swift-sdk.git
Running build ...
bash -c docker run --pull=always --rm -v "checkouts-54344849-0":/host -w "$PWD" -e JAVA_HOME="/root/.sdkman/candidates/java/current" -e SPI_BUILD="1" -e SPI_PROCESSING="1" registry.gitlab.com/saguaro1/spi-images:android-6.3-latest swift build --swift-sdk aarch64-unknown-linux-android28 2>&1
android-6.3-latest: Pulling from saguaro1/spi-images
Digest: sha256:a57e63703100e13e1ecb61b565870501ccb169d7515bc7af7f0994f211e1b1f6
Status: Image is up to date for registry.gitlab.com/saguaro1/spi-images:android-6.3-latest
Fetching https://github.com/OpenCombine/OpenCombine.git
Fetching https://github.com/apple/swift-argument-parser
Fetching https://github.com/CreateAPI/URLQueryEncoder.git
Fetching https://github.com/weichsel/ZIPFoundation
Fetching https://github.com/apple/swift-crypto.git
[1/18629] Fetching swift-crypto
[2/18757] Fetching swift-crypto, urlqueryencoder
Fetched https://github.com/CreateAPI/URLQueryEncoder.git from cache (0.39s)
[187/18629] Fetching swift-crypto
[374/25100] Fetching swift-crypto, zipfoundation
[3806/33406] Fetching swift-crypto, zipfoundation, opencombine
[11842/52518] Fetching swift-crypto, zipfoundation, opencombine, swift-argument-parser
Fetching https://github.com/apple/swift-collections.git
Fetched https://github.com/OpenCombine/OpenCombine.git from cache (1.05s)
Fetched https://github.com/apple/swift-argument-parser from cache (1.05s)
[22679/25100] Fetching swift-crypto, zipfoundation
Fetched https://github.com/weichsel/ZIPFoundation from cache (1.34s)
Fetched https://github.com/apple/swift-crypto.git from cache (1.35s)
[1/28703] Fetching swift-collections
Fetched https://github.com/apple/swift-collections.git from cache (1.61s)
Computing version for https://github.com/OpenCombine/OpenCombine.git
Computed https://github.com/OpenCombine/OpenCombine.git at 0.14.0 (2.83s)
Computing version for https://github.com/weichsel/ZIPFoundation
Computed https://github.com/weichsel/ZIPFoundation at 0.9.20 (0.14s)
Computing version for https://github.com/CreateAPI/URLQueryEncoder.git
Computed https://github.com/CreateAPI/URLQueryEncoder.git at 0.2.1 (0.16s)
Computing version for https://github.com/apple/swift-argument-parser
Computed https://github.com/apple/swift-argument-parser at 1.8.2 (0.16s)
Computing version for https://github.com/apple/swift-collections.git
Computed https://github.com/apple/swift-collections.git at 1.1.6 (0.26s)
Computing version for https://github.com/apple/swift-crypto.git
Computed https://github.com/apple/swift-crypto.git at 3.15.1 (0.21s)
Fetching https://github.com/apple/swift-asn1.git
[1/2009] Fetching swift-asn1
Fetched https://github.com/apple/swift-asn1.git from cache (0.93s)
Computing version for https://github.com/apple/swift-asn1.git
Computed https://github.com/apple/swift-asn1.git at 1.7.3 (1.81s)
Creating working copy for https://github.com/apple/swift-collections.git
Working copy of https://github.com/apple/swift-collections.git resolved at 1.1.6
Creating working copy for https://github.com/CreateAPI/URLQueryEncoder.git
Working copy of https://github.com/CreateAPI/URLQueryEncoder.git resolved at 0.2.1
Creating working copy for https://github.com/OpenCombine/OpenCombine.git
Working copy of https://github.com/OpenCombine/OpenCombine.git resolved at 0.14.0
Creating working copy for https://github.com/apple/swift-crypto.git
Working copy of https://github.com/apple/swift-crypto.git resolved at 3.15.1
Creating working copy for https://github.com/apple/swift-argument-parser
Working copy of https://github.com/apple/swift-argument-parser resolved at 1.8.2
Creating working copy for https://github.com/weichsel/ZIPFoundation
Working copy of https://github.com/weichsel/ZIPFoundation resolved at 0.9.20
Creating working copy for https://github.com/apple/swift-asn1.git
Working copy of https://github.com/apple/swift-asn1.git resolved at 1.7.3
Downloading binary artifact https://github.com/CreateAPI/CreateAPI/releases/download/0.2.0/create-api.artifactbundle.zip
[11015/5323848] Downloading https://github.com/CreateAPI/CreateAPI/releases/download/0.2.0/create-api.artifactbundle.zip
Downloaded https://github.com/CreateAPI/CreateAPI/releases/download/0.2.0/create-api.artifactbundle.zip (0.68s)
warning: 'spi-builder-workspace': Invalid Exclude '/host/spi-builder-workspace/Sources/OpenAPI/app_store_connect_api.json.orig': File not found.
warning: 'zipfoundation': found 1 file(s) which are unhandled; explicitly declare them as resources or exclude from the target
/host/spi-builder-workspace/.build/checkouts/ZIPFoundation/Sources/ZIPFoundation/Resources/PrivacyInfo.xcprivacy
[1/1] Compiling plugin CreateAPI
[2/2] Compiling plugin GenerateManual
[3/3] Compiling plugin GenerateDoccReference
Building for debugging...
[3/393] Write sources
[12/393] Compiling fiat_curve25519_adx_square.S
[13/393] Compiling md5-x86_64-linux.S
[14/393] Compiling fiat_curve25519_adx_mul.S
[15/393] Compiling fiat_p256_adx_mul.S
[16/393] Compiling fiat_p256_adx_sqr.S
[17/393] Write swift-version-272D24FF697CF451.txt
[18/393] Compiling md5-x86_64-apple.S
[19/393] Compiling md5-586-linux.S
[20/393] Compiling md5-586-apple.S
[21/393] Compiling chacha20_poly1305_x86_64-linux.S
[22/393] Compiling chacha20_poly1305_x86_64-apple.S
[23/393] Compiling chacha20_poly1305_armv8-win.S
[24/420] Compiling chacha20_poly1305_armv8-linux.S
[25/432] Compiling chacha-x86_64-linux.S
[26/432] Compiling chacha20_poly1305_armv8-apple.S
[27/432] Compiling chacha-x86-linux.S
[28/432] Compiling chacha-x86_64-apple.S
[29/432] Compiling CCryptoBoringSSLShims shims.c
[30/432] Compiling chacha-x86-apple.S
[31/432] Compiling chacha-armv8-win.S
[32/432] Compiling chacha-armv8-apple.S
[33/432] Compiling chacha-armv4-linux.S
[34/432] Compiling chacha-armv8-linux.S
[35/432] Compiling aes128gcmsiv-x86_64-linux.S
[36/432] Compiling aes128gcmsiv-x86_64-apple.S
[37/432] Compiling x86_64-mont5-linux.S
[38/432] Compiling x86_64-mont5-apple.S
[39/432] Compiling x86_64-mont-linux.S
[40/432] Compiling x86_64-mont-apple.S
[41/432] Compiling x86-mont-linux.S
[42/432] Compiling x86-mont-apple.S
[43/432] Compiling vpaes-x86_64-linux.S
[44/432] Compiling vpaes-x86-linux.S
[45/432] Compiling vpaes-x86_64-apple.S
[46/432] Compiling vpaes-x86-apple.S
[47/432] Compiling vpaes-armv8-win.S
[48/432] Compiling vpaes-armv8-linux.S
[49/432] Compiling vpaes-armv8-apple.S
[50/432] Compiling vpaes-armv7-linux.S
[51/432] Compiling sha512-x86_64-linux.S
[52/432] Compiling sha512-x86_64-apple.S
[53/432] Compiling sha512-armv8-win.S
[54/432] Compiling sha512-armv8-apple.S
[55/432] Compiling sha512-armv8-linux.S
[56/432] Compiling sha512-586-linux.S
[57/432] Compiling sha512-armv4-linux.S
[58/432] Compiling sha512-586-apple.S
[60/432] Emitting module InternalCollectionsUtilities
[60/434] Compiling sha256-x86_64-linux.S
[61/434] Compiling sha256-x86_64-apple.S
[62/434] Compiling sha256-armv8-win.S
[63/434] Compiling err_data.cc
[64/434] Compiling sha256-armv8-apple.S
[65/434] Compiling sha256-armv4-linux.S
[66/434] Compiling sha256-armv8-linux.S
[67/434] Compiling sha256-586-linux.S
[68/434] Compiling sha256-586-apple.S
[69/434] Compiling sha1-x86_64-apple.S
[70/434] Compiling sha1-x86_64-linux.S
[71/434] Compiling sha1-armv8-win.S
[72/434] Compiling sha1-armv8-apple.S
[73/434] Compiling sha1-586-linux.S
[74/434] Compiling sha1-armv8-linux.S
[75/434] Compiling sha1-armv4-large-linux.S
[76/434] Compiling sha1-586-apple.S
[77/434] Compiling COpenCombineHelpers COpenCombineHelpers.cpp
[78/434] Compiling rsaz-avx2-linux.S
[79/434] Compiling rsaz-avx2-apple.S
[80/434] Compiling rdrand-x86_64-linux.S
[81/434] Compiling p256_beeu-x86_64-asm-linux.S
[81/434] Compiling rdrand-x86_64-apple.S
[83/434] Compiling p256_beeu-armv8-asm-win.S
[84/434] Compiling p256_beeu-x86_64-asm-apple.S
[85/434] Compiling p256_beeu-armv8-asm-apple.S
[86/434] Compiling p256_beeu-armv8-asm-linux.S
[87/434] Compiling p256-x86_64-asm-linux.S
[88/435] Compiling p256-x86_64-asm-apple.S
[89/435] Compiling p256-armv8-asm-win.S
[90/435] Compiling p256-armv8-asm-apple.S
[91/444] Compiling p256-armv8-asm-linux.S
[92/454] Compiling ghashv8-armv8-win.S
[93/454] Compiling ghashv8-armv8-linux.S
[94/487] Compiling ghashv8-armv8-apple.S
[95/490] Compiling ghash-x86_64-linux.S
[96/494] Compiling ghashv8-armv7-linux.S
[97/508] Compiling ghash-x86_64-apple.S
[98/526] Compiling ghash-x86-apple.S
[99/526] Compiling ghash-ssse3-x86_64-apple.S
[100/526] Compiling ghash-x86-linux.S
[101/526] Compiling ghash-ssse3-x86_64-linux.S
[102/526] Compiling ghash-ssse3-x86-linux.S
[103/526] Compiling ghash-neon-armv8-win.S
[104/526] Compiling ghash-ssse3-x86-apple.S
[105/526] Compiling ghash-neon-armv8-linux.S
[106/526] Compiling ghash-neon-armv8-apple.S
[107/526] Compiling ghash-armv4-linux.S
[108/526] Compiling bn-armv8-win.S
[109/526] Compiling co-586-linux.S
[110/526] Compiling co-586-apple.S
[111/526] Compiling bsaes-armv7-linux.S
[112/526] Compiling bn-586-linux.S
[113/526] Compiling bn-armv8-apple.S
[114/526] Compiling bn-armv8-linux.S
[115/526] Compiling bn-586-apple.S
[116/526] Compiling armv8-mont-win.S
[117/526] Compiling armv8-mont-linux.S
[118/526] Compiling armv4-mont-linux.S
[119/526] Compiling armv8-mont-apple.S
[120/526] Compiling aesv8-gcm-armv8-win.S
[121/526] Compiling aesv8-gcm-armv8-linux.S
[122/526] Compiling aesv8-armv8-win.S
[123/526] Compiling aesv8-gcm-armv8-apple.S
[124/526] Compiling aesv8-armv8-linux.S
[125/526] Compiling aesv8-armv8-apple.S
[126/526] Compiling aesv8-armv7-linux.S
[127/526] Compiling aesni-x86_64-linux.S
[128/526] Compiling aesni-x86-linux.S
[129/526] Compiling aesni-x86_64-apple.S
[130/526] Compiling aes-gcm-avx512-x86_64-linux.S
[131/526] Compiling aesni-x86-apple.S
[132/526] Compiling aesni-gcm-x86_64-linux.S
[133/526] Compiling aesni-gcm-x86_64-apple.S
[134/526] Compiling aes-gcm-avx2-x86_64-linux.S
[135/526] Compiling aes-gcm-avx512-x86_64-apple.S
[136/526] Compiling aes-gcm-avx2-x86_64-apple.S
[137/526] Compiling xwing.cc
[138/526] Compiling x_x509.cc
[139/526] Compiling x_x509a.cc
[140/526] Compiling x_spki.cc
[141/526] Compiling x_sig.cc
[143/526] Emitting module OpenCombine
error: emit-module command failed with exit code 1 (use -v to see invocation)
[144/538] Emitting module ZIPFoundation
/host/spi-builder-workspace/.build/checkouts/ZIPFoundation/Sources/ZIPFoundation/Date+ZIP.swift:77:11: error: cannot find type 'stat' in scope
75 | }
76 |
77 | extension stat {
| `- error: cannot find type 'stat' in scope
78 |
79 | var lastAccessDate: Date {
[145/540] Emitting module URLQueryEncoder
[145/540] Compiling x_req.cc
[147/540] Compiling OpenCombine CurrentValueSubject.swift
[148/540] Compiling OpenCombine CustomCombineIdentifierConvertible.swift
[149/540] Compiling OpenCombine ConduitList.swift
[150/540] Compiling OpenCombine DebugHook.swift
[151/540] Compiling OpenCombine AnyCancellable.swift
[152/540] Compiling OpenCombine AnyPublisher.swift
[153/540] Compiling OpenCombine AnySubscriber.swift
[154/540] Compiling OpenCombine Cancellable.swift
[155/540] Compiling OpenCombine Codable.swift
[156/540] Compiling OpenCombine CombineIdentifier.swift
[157/540] Compiling OpenCombine ConcurrencyHelpers.swift
[158/540] Compiling OpenCombine Future+Concurrency.swift
[159/540] Compiling OpenCombine GENERATED-Publisher+Concurrency.swift
[162/540] Compiling OpenCombine Future.swift
[163/540] Compiling OpenCombine GENERATED-RootProtocols.swift
[164/540] Compiling OpenCombine FilterProducer.swift
[165/540] Compiling OpenCombine Locking.swift
[166/540] Compiling OpenCombine ConduitBase.swift
[171/540] Compiling OpenCombine PartialCompletion.swift
[172/540] Compiling ZIPFoundation FileManager+ZIPDeprecated.swift
[173/540] Compiling ZIPFoundation URL+ZIP.swift
[174/540] Compiling OpenCombine ReduceProducer.swift
[175/540] Compiling OpenCombine SubjectSubscriber.swift
[176/540] Compiling OpenCombine SubscriberTap.swift
[177/540] Compiling OpenCombine SubscriptionStatus.swift
[178/540] Compiling OpenCombine SubscriptionTap.swift
[179/540] Compiling OpenCombine Utils.swift
[180/540] Compiling OpenCombine Violations.swift
[181/540] Compiling OpenCombine ImmediateScheduler.swift
[182/540] Compiling OpenCombine ObservableObject.swift
[183/540] Compiling OpenCombine PassthroughSubject.swift
[184/540] Compiling OpenCombine Published.swift
[185/540] Compiling OpenCombine Publisher+Subscribe.swift
[186/540] Compiling OpenCombine Deferred.swift
[187/540] Compiling OpenCombine Empty.swift
[188/540] Compiling OpenCombine Fail.swift
[189/540] Compiling OpenCombine GENERATED-Publishers.Catch.swift
[190/540] Compiling OpenCombine GENERATED-Publishers.Encode.swift
[191/540] Compiling OpenCombine GENERATED-Publishers.MapKeyPath.swift
[192/540] Compiling OpenCombine Publishers.Map.swift
[193/540] Compiling OpenCombine Publishers.MapError.swift
[194/540] Compiling OpenCombine Publishers.MeasureInterval.swift
[195/540] Compiling OpenCombine Publishers.Multicast.swift
[196/540] Compiling OpenCombine Publishers.Output.swift
[197/540] Compiling OpenCombine Publishers.PrefixUntilOutput.swift
[198/540] Compiling OpenCombine Publishers.PrefixWhile.swift
[199/540] Compiling OpenCombine Publishers.Print.swift
[200/540] Compiling OpenCombine Publishers.ReceiveOn.swift
[201/540] Compiling OpenCombine Publishers.Reduce.swift
[202/540] Compiling OpenCombine Publishers.RemoveDuplicates.swift
[203/540] Compiling OpenCombine Publishers.ReplaceEmpty.swift
[204/540] Compiling OpenCombine Publishers.ReplaceError.swift
[209/540] Compiling x_name.cc
[211/540] Compiling OpenCombine Just.swift
[212/540] Compiling OpenCombine Optional.Publisher.swift
[213/540] Compiling OpenCombine Publishers.AllSatisfy.swift
[214/540] Compiling OpenCombine Publishers.AssertNoFailure.swift
[215/540] Compiling OpenCombine Publishers.Autoconnect.swift
[216/540] Compiling OpenCombine Publishers.Breakpoint.swift
[217/540] Compiling OpenCombine Publishers.Buffer.swift
[218/540] Compiling OpenCombine Publishers.Collect.swift
[219/540] Compiling OpenCombine Publishers.CollectByCount.swift
[220/540] Compiling OpenCombine Publishers.CompactMap.swift
[221/540] Compiling OpenCombine Publishers.Comparison.swift
[222/540] Compiling OpenCombine Publishers.Concatenate.swift
[223/540] Compiling OpenCombine Publishers.Contains.swift
[231/541] Compiling x_pubkey.cc
[232/542] Compiling x_exten.cc
[233/596] Wrapping AST for InternalCollectionsUtilities for debugging
[235/596] Compiling OpenCombine Result.swift
[236/596] Compiling OpenCombine Scheduler.swift
[237/596] Compiling OpenCombine Subject+Void.swift
[238/596] Compiling OpenCombine Subscriber+Void.swift
[239/596] Compiling OpenCombine Subscribers.Assign.swift
[240/596] Compiling OpenCombine Subscribers.Completion.swift
[241/596] Compiling OpenCombine Subscribers.Demand.swift
[242/596] Compiling OpenCombine Subscribers.Sink.swift
[243/596] Compiling OpenCombine Subscribers.swift
[244/596] Compiling OpenCombine Subscription.swift
[245/596] Compiling OpenCombine Subscriptions.swift
[246/596] Compiling OpenCombine _Introspection.swift
[247/596] Compiling OrderedCollections OrderedSet+Hashable.swift
[248/596] Compiling OrderedCollections OrderedSet+Partial SetAlgebra intersection.swift
[249/596] Compiling OrderedCollections OrderedSet+Partial SetAlgebra isDisjoint.swift
[250/596] Compiling OrderedCollections OrderedSet+Partial SetAlgebra isEqualSet.swift
[251/596] Compiling OrderedCollections OrderedSet+Partial SetAlgebra isStrictSubset.swift
[252/596] Compiling OrderedCollections OrderedSet+Partial SetAlgebra isStrictSuperset.swift
[253/596] Compiling OrderedCollections OrderedSet+Partial SetAlgebra isSubset.swift
[254/596] Compiling OrderedCollections OrderedSet+Partial SetAlgebra isSuperset.swift
[255/596] Compiling OrderedCollections OrderedSet+Partial SetAlgebra subtract.swift
[256/596] Compiling OrderedCollections OrderedSet+Partial SetAlgebra subtracting.swift
[257/596] Compiling OrderedCollections OrderedSet+Partial SetAlgebra symmetricDifference.swift
[258/596] Compiling OrderedCollections OrderedSet+Partial SetAlgebra union.swift
[259/596] Compiling OrderedCollections OrderedSet+Partial SetAlgebra+Basics.swift
[260/596] Compiling OpenCombine Publishers.Count.swift
[261/596] Compiling OpenCombine Publishers.Debounce.swift
[262/596] Compiling OpenCombine Publishers.Delay.swift
[263/596] Compiling OpenCombine Publishers.Drop.swift
[264/596] Compiling OpenCombine Publishers.DropUntilOutput.swift
[265/596] Compiling OpenCombine Publishers.DropWhile.swift
[266/596] Compiling OpenCombine Publishers.Filter.swift
[267/596] Compiling OpenCombine Publishers.First.swift
[268/596] Compiling OpenCombine Publishers.FlatMap.swift
[269/596] Compiling OpenCombine Publishers.HandleEvents.swift
[270/596] Compiling OpenCombine Publishers.IgnoreOutput.swift
[271/596] Compiling OpenCombine Publishers.Last.swift
[272/596] Compiling OpenCombine Publishers.MakeConnectable.swift
[272/597] Compiling x_crl.cc
[280/597] Compiling OrderedCollections OrderedSet+RandomAccessCollection.swift
[281/597] Compiling OrderedCollections OrderedSet+ReserveCapacity.swift
[288/597] Compiling x_attrib.cc
[290/604] Compiling OrderedCollections OrderedDictionary.swift
[291/604] Compiling OrderedCollections OrderedSet+Codable.swift
[292/604] Compiling OrderedCollections OrderedSet+CustomReflectable.swift
[293/604] Compiling OrderedCollections OrderedSet+Descriptions.swift
[294/604] Compiling OrderedCollections OrderedSet+Diffing.swift
[295/604] Compiling OrderedCollections OrderedSet+Equatable.swift
[296/604] Compiling OrderedCollections OrderedSet+ExpressibleByArrayLiteral.swift
[297/604] Compiling x_all.cc
[299/604] Compiling OrderedCollections OrderedDictionary+Codable.swift
[300/604] Compiling OrderedCollections OrderedDictionary+CustomReflectable.swift
[301/604] Compiling OrderedCollections OrderedDictionary+Deprecations.swift
[302/604] Compiling OrderedCollections OrderedDictionary+Descriptions.swift
[303/604] Compiling OrderedCollections OrderedDictionary+Elements.SubSequence.swift
[304/604] Compiling OrderedCollections OrderedDictionary+Elements.swift
[305/604] Compiling OrderedCollections OrderedDictionary+Equatable.swift
[306/604] Compiling OrderedCollections OrderedDictionary+ExpressibleByDictionaryLiteral.swift
[307/604] Compiling OrderedCollections OrderedDictionary+Hashable.swift
[308/604] Compiling OrderedCollections OrderedDictionary+Initializers.swift
[309/604] Compiling OrderedCollections OrderedDictionary+Invariants.swift
[310/604] Compiling OrderedCollections OrderedDictionary+Partial MutableCollection.swift
[311/604] Compiling OrderedCollections OrderedDictionary+Partial RangeReplaceableCollection.swift
[312/604] Compiling OrderedCollections OrderedDictionary+Sendable.swift
[313/604] Compiling OrderedCollections OrderedDictionary+Sequence.swift
[314/604] Compiling OrderedCollections OrderedDictionary+Values.swift
[315/604] Compiling OrderedCollections OrderedSet+Initializers.swift
[316/604] Compiling OrderedCollections OrderedSet+Insertions.swift
[317/604] Compiling OrderedCollections OrderedSet+Invariants.swift
[318/604] Compiling OrderedCollections OrderedSet+Partial MutableCollection.swift
[319/604] Compiling OrderedCollections OrderedSet+Partial RangeReplaceableCollection.swift
[320/604] Compiling OrderedCollections OrderedSet+Partial SetAlgebra formIntersection.swift
[321/604] Compiling OrderedCollections OrderedSet+Partial SetAlgebra formSymmetricDifference.swift
[322/604] Compiling OrderedCollections OrderedSet+Partial SetAlgebra formUnion.swift
[322/604] Compiling x_algor.cc
[324/604] Compiling OrderedCollections _HashTable+Bucket.swift
[325/604] Compiling OrderedCollections _HashTable+BucketIterator.swift
[326/604] Compiling OrderedCollections _HashTable+Constants.swift
[327/604] Compiling OrderedCollections _HashTable+CustomStringConvertible.swift
[328/604] Compiling OrderedCollections _HashTable+Testing.swift
[329/604] Compiling OrderedCollections _HashTable+UnsafeHandle.swift
[330/604] Compiling OrderedCollections _HashTable.swift
[331/604] Compiling OrderedCollections _Hashtable+Header.swift
[331/604] Compiling x509spki.cc
[332/604] Compiling x509rset.cc
[334/604] Emitting module OrderedCollections
[334/604] Compiling x509name.cc
[335/604] Compiling x509cset.cc
[337/604] Compiling OrderedCollections OrderedSet+Sendable.swift
[338/604] Compiling OrderedCollections OrderedSet+SubSequence.swift
[339/604] Compiling OrderedCollections OrderedSet+Testing.swift
[340/604] Compiling OrderedCollections OrderedSet+UnorderedView.swift
[341/604] Compiling OrderedCollections OrderedSet+UnstableInternals.swift
[342/604] Compiling OrderedCollections OrderedSet.swift
[343/604] Compiling OrderedCollections _UnsafeBitset.swift
[344/605] Compiling x509_vpm.cc
[345/605] Wrapping AST for OrderedCollections for debugging
[346/605] Compiling x509_v3.cc
/host/spi-builder-workspace/.build/checkouts/ZIPFoundation/Sources/ZIPFoundation/Archive+Writing.swift:70:34: error: cannot find 'errno' in scope
68 | let entryFileSystemRepresentation = fileManager.fileSystemRepresentation(withPath: fileURL.path)
69 | guard let entryFile: FILEPointer = fopen(entryFileSystemRepresentation, "rb") else {
70 | throw POSIXError(errno, path: url.path)
| `- error: cannot find 'errno' in scope
71 | }
72 | defer { fclose(entryFile) }
/root/.swiftpm/swift-sdks/swift-6.3.2-RELEASE_android.artifactbundle/swift-android/ndk-sysroot/usr/include/errno.h:58:9: note: macro 'errno' unavailable: structure not supported
56 | * thread.
57 | */
58 | #define errno (*__errno())
| `- note: macro 'errno' unavailable: structure not supported
59 |
60 | __END_DECLS
/host/spi-builder-workspace/.build/checkouts/ZIPFoundation/Sources/ZIPFoundation/Archive+Writing.swift:283:9: error: cannot find 'ftruncate' in scope
281 | _ zip64EndOfCentralDirectory: ZIP64EndOfCentralDirectory?) throws {
282 | fflush(self.archiveFile)
283 | ftruncate(fileno(self.archiveFile), off_t(localFileHeaderStart))
| `- error: cannot find 'ftruncate' in scope
284 | fseeko(self.archiveFile, off_t(localFileHeaderStart), SEEK_SET)
285 | _ = try Data.writeLargeChunk(existingCentralDirectory.data, size: existingCentralDirectory.size,
/host/spi-builder-workspace/.build/checkouts/ZIPFoundation/Sources/ZIPFoundation/Archive+Writing.swift:70:34: error: cannot find 'errno' in scope
68 | let entryFileSystemRepresentation = fileManager.fileSystemRepresentation(withPath: fileURL.path)
69 | guard let entryFile: FILEPointer = fopen(entryFileSystemRepresentation, "rb") else {
70 | throw POSIXError(errno, path: url.path)
| `- error: cannot find 'errno' in scope
71 | }
72 | defer { fclose(entryFile) }
/root/.swiftpm/swift-sdks/swift-6.3.2-RELEASE_android.artifactbundle/swift-android/ndk-sysroot/usr/include/errno.h:58:9: note: macro 'errno' unavailable: structure not supported
56 | * thread.
57 | */
58 | #define errno (*__errno())
| `- note: macro 'errno' unavailable: structure not supported
59 |
60 | __END_DECLS
/host/spi-builder-workspace/.build/checkouts/ZIPFoundation/Sources/ZIPFoundation/Archive+Writing.swift:283:9: error: cannot find 'ftruncate' in scope
281 | _ zip64EndOfCentralDirectory: ZIP64EndOfCentralDirectory?) throws {
282 | fflush(self.archiveFile)
283 | ftruncate(fileno(self.archiveFile), off_t(localFileHeaderStart))
| `- error: cannot find 'ftruncate' in scope
284 | fseeko(self.archiveFile, off_t(localFileHeaderStart), SEEK_SET)
285 | _ = try Data.writeLargeChunk(existingCentralDirectory.data, size: existingCentralDirectory.size,
/host/spi-builder-workspace/.build/checkouts/ZIPFoundation/Sources/ZIPFoundation/Archive+Writing.swift:70:34: error: cannot find 'errno' in scope
68 | let entryFileSystemRepresentation = fileManager.fileSystemRepresentation(withPath: fileURL.path)
69 | guard let entryFile: FILEPointer = fopen(entryFileSystemRepresentation, "rb") else {
70 | throw POSIXError(errno, path: url.path)
| `- error: cannot find 'errno' in scope
71 | }
72 | defer { fclose(entryFile) }
/root/.swiftpm/swift-sdks/swift-6.3.2-RELEASE_android.artifactbundle/swift-android/ndk-sysroot/usr/include/errno.h:58:9: note: macro 'errno' unavailable: structure not supported
56 | * thread.
57 | */
58 | #define errno (*__errno())
| `- note: macro 'errno' unavailable: structure not supported
59 |
60 | __END_DECLS
/host/spi-builder-workspace/.build/checkouts/ZIPFoundation/Sources/ZIPFoundation/Archive+Writing.swift:283:9: error: cannot find 'ftruncate' in scope
281 | _ zip64EndOfCentralDirectory: ZIP64EndOfCentralDirectory?) throws {
282 | fflush(self.archiveFile)
283 | ftruncate(fileno(self.archiveFile), off_t(localFileHeaderStart))
| `- error: cannot find 'ftruncate' in scope
284 | fseeko(self.archiveFile, off_t(localFileHeaderStart), SEEK_SET)
285 | _ = try Data.writeLargeChunk(existingCentralDirectory.data, size: existingCentralDirectory.size,
/host/spi-builder-workspace/.build/checkouts/ZIPFoundation/Sources/ZIPFoundation/Archive+Reading.swift:41:34: error: cannot find 'errno' in scope
39 | let destinationRepresentation = fileManager.fileSystemRepresentation(withPath: url.path)
40 | guard let destinationFile: FILEPointer = fopen(destinationRepresentation, "wb+") else {
41 | throw POSIXError(errno, path: url.path)
| `- error: cannot find 'errno' in scope
42 | }
43 | defer { fclose(destinationFile) }
/root/.swiftpm/swift-sdks/swift-6.3.2-RELEASE_android.artifactbundle/swift-android/ndk-sysroot/usr/include/errno.h:58:9: note: macro 'errno' unavailable: structure not supported
56 | * thread.
57 | */
58 | #define errno (*__errno())
| `- note: macro 'errno' unavailable: structure not supported
59 |
60 | __END_DECLS
/host/spi-builder-workspace/.build/checkouts/ZIPFoundation/Sources/ZIPFoundation/Archive+Reading.swift:41:34: error: cannot find 'errno' in scope
39 | let destinationRepresentation = fileManager.fileSystemRepresentation(withPath: url.path)
40 | guard let destinationFile: FILEPointer = fopen(destinationRepresentation, "wb+") else {
41 | throw POSIXError(errno, path: url.path)
| `- error: cannot find 'errno' in scope
42 | }
43 | defer { fclose(destinationFile) }
/root/.swiftpm/swift-sdks/swift-6.3.2-RELEASE_android.artifactbundle/swift-android/ndk-sysroot/usr/include/errno.h:58:9: note: macro 'errno' unavailable: structure not supported
56 | * thread.
57 | */
58 | #define errno (*__errno())
| `- note: macro 'errno' unavailable: structure not supported
59 |
60 | __END_DECLS
/host/spi-builder-workspace/.build/checkouts/ZIPFoundation/Sources/ZIPFoundation/Archive+Reading.swift:41:34: error: cannot find 'errno' in scope
39 | let destinationRepresentation = fileManager.fileSystemRepresentation(withPath: url.path)
40 | guard let destinationFile: FILEPointer = fopen(destinationRepresentation, "wb+") else {
41 | throw POSIXError(errno, path: url.path)
| `- error: cannot find 'errno' in scope
42 | }
43 | defer { fclose(destinationFile) }
/root/.swiftpm/swift-sdks/swift-6.3.2-RELEASE_android.artifactbundle/swift-android/ndk-sysroot/usr/include/errno.h:58:9: note: macro 'errno' unavailable: structure not supported
56 | * thread.
57 | */
58 | #define errno (*__errno())
| `- note: macro 'errno' unavailable: structure not supported
59 |
60 | __END_DECLS
/host/spi-builder-workspace/.build/checkouts/ZIPFoundation/Sources/ZIPFoundation/Archive+BackingConfiguration.swift:50:34: error: cannot find 'errno' in scope
48 | let fileSystemRepresentation = fileManager.fileSystemRepresentation(withPath: url.path)
49 | guard let archiveFile = fopen(fileSystemRepresentation, "rb") else {
50 | throw POSIXError(errno, path: url.path)
| `- error: cannot find 'errno' in scope
51 | }
52 | guard let (eocdRecord, zip64EOCD) = Archive.scanForEndOfCentralDirectoryRecord(in: archiveFile) else {
/root/.swiftpm/swift-sdks/swift-6.3.2-RELEASE_android.artifactbundle/swift-android/ndk-sysroot/usr/include/errno.h:58:9: note: macro 'errno' unavailable: structure not supported
56 | * thread.
57 | */
58 | #define errno (*__errno())
| `- note: macro 'errno' unavailable: structure not supported
59 |
60 | __END_DECLS
/host/spi-builder-workspace/.build/checkouts/ZIPFoundation/Sources/ZIPFoundation/Archive+BackingConfiguration.swift:72:34: error: cannot find 'errno' in scope
70 | let fileSystemRepresentation = fileManager.fileSystemRepresentation(withPath: url.path)
71 | guard let archiveFile = fopen(fileSystemRepresentation, "rb+") else {
72 | throw POSIXError(errno, path: url.path)
| `- error: cannot find 'errno' in scope
73 | }
74 | guard let (eocdRecord, zip64EOCD) = Archive.scanForEndOfCentralDirectoryRecord(in: archiveFile) else {
/root/.swiftpm/swift-sdks/swift-6.3.2-RELEASE_android.artifactbundle/swift-android/ndk-sysroot/usr/include/errno.h:58:9: note: macro 'errno' unavailable: structure not supported
56 | * thread.
57 | */
58 | #define errno (*__errno())
| `- note: macro 'errno' unavailable: structure not supported
59 |
60 | __END_DECLS
/host/spi-builder-workspace/.build/checkouts/ZIPFoundation/Sources/ZIPFoundation/Archive+BackingConfiguration.swift:109:31: error: value of optional type 'UnsafeRawPointer?' must be unwrapped to a value of type 'UnsafeRawPointer'
107 | zipFileCommentData: Data())
108 | _ = endOfCentralDirectoryRecord.data.withUnsafeBytes { (buffer: UnsafeRawBufferPointer) in
109 | fwrite(buffer.baseAddress, buffer.count, 1, archiveFile) // Errors handled during read
| |- error: value of optional type 'UnsafeRawPointer?' must be unwrapped to a value of type 'UnsafeRawPointer'
| |- note: coalesce using '??' to provide a default when the optional value contains 'nil'
| `- note: force-unwrap using '!' to abort execution if the optional value contains 'nil'
110 | }
111 | fallthrough
/host/spi-builder-workspace/.build/checkouts/ZIPFoundation/Sources/ZIPFoundation/Archive+BackingConfiguration.swift:50:34: error: cannot find 'errno' in scope
48 | let fileSystemRepresentation = fileManager.fileSystemRepresentation(withPath: url.path)
49 | guard let archiveFile = fopen(fileSystemRepresentation, "rb") else {
50 | throw POSIXError(errno, path: url.path)
| `- error: cannot find 'errno' in scope
51 | }
52 | guard let (eocdRecord, zip64EOCD) = Archive.scanForEndOfCentralDirectoryRecord(in: archiveFile) else {
/root/.swiftpm/swift-sdks/swift-6.3.2-RELEASE_android.artifactbundle/swift-android/ndk-sysroot/usr/include/errno.h:58:9: note: macro 'errno' unavailable: structure not supported
56 | * thread.
57 | */
58 | #define errno (*__errno())
| `- note: macro 'errno' unavailable: structure not supported
59 |
60 | __END_DECLS
/host/spi-builder-workspace/.build/checkouts/ZIPFoundation/Sources/ZIPFoundation/Archive+BackingConfiguration.swift:72:34: error: cannot find 'errno' in scope
70 | let fileSystemRepresentation = fileManager.fileSystemRepresentation(withPath: url.path)
71 | guard let archiveFile = fopen(fileSystemRepresentation, "rb+") else {
72 | throw POSIXError(errno, path: url.path)
| `- error: cannot find 'errno' in scope
73 | }
74 | guard let (eocdRecord, zip64EOCD) = Archive.scanForEndOfCentralDirectoryRecord(in: archiveFile) else {
/root/.swiftpm/swift-sdks/swift-6.3.2-RELEASE_android.artifactbundle/swift-android/ndk-sysroot/usr/include/errno.h:58:9: note: macro 'errno' unavailable: structure not supported
56 | * thread.
57 | */
58 | #define errno (*__errno())
| `- note: macro 'errno' unavailable: structure not supported
59 |
60 | __END_DECLS
/host/spi-builder-workspace/.build/checkouts/ZIPFoundation/Sources/ZIPFoundation/Archive+BackingConfiguration.swift:109:31: error: value of optional type 'UnsafeRawPointer?' must be unwrapped to a value of type 'UnsafeRawPointer'
107 | zipFileCommentData: Data())
108 | _ = endOfCentralDirectoryRecord.data.withUnsafeBytes { (buffer: UnsafeRawBufferPointer) in
109 | fwrite(buffer.baseAddress, buffer.count, 1, archiveFile) // Errors handled during read
| |- error: value of optional type 'UnsafeRawPointer?' must be unwrapped to a value of type 'UnsafeRawPointer'
| |- note: coalesce using '??' to provide a default when the optional value contains 'nil'
| `- note: force-unwrap using '!' to abort execution if the optional value contains 'nil'
110 | }
111 | fallthrough
/host/spi-builder-workspace/.build/checkouts/ZIPFoundation/Sources/ZIPFoundation/Archive+BackingConfiguration.swift:50:34: error: cannot find 'errno' in scope
48 | let fileSystemRepresentation = fileManager.fileSystemRepresentation(withPath: url.path)
49 | guard let archiveFile = fopen(fileSystemRepresentation, "rb") else {
50 | throw POSIXError(errno, path: url.path)
| `- error: cannot find 'errno' in scope
51 | }
52 | guard let (eocdRecord, zip64EOCD) = Archive.scanForEndOfCentralDirectoryRecord(in: archiveFile) else {
/root/.swiftpm/swift-sdks/swift-6.3.2-RELEASE_android.artifactbundle/swift-android/ndk-sysroot/usr/include/errno.h:58:9: note: macro 'errno' unavailable: structure not supported
56 | * thread.
57 | */
58 | #define errno (*__errno())
| `- note: macro 'errno' unavailable: structure not supported
59 |
60 | __END_DECLS
/host/spi-builder-workspace/.build/checkouts/ZIPFoundation/Sources/ZIPFoundation/Archive+BackingConfiguration.swift:72:34: error: cannot find 'errno' in scope
70 | let fileSystemRepresentation = fileManager.fileSystemRepresentation(withPath: url.path)
71 | guard let archiveFile = fopen(fileSystemRepresentation, "rb+") else {
72 | throw POSIXError(errno, path: url.path)
| `- error: cannot find 'errno' in scope
73 | }
74 | guard let (eocdRecord, zip64EOCD) = Archive.scanForEndOfCentralDirectoryRecord(in: archiveFile) else {
/root/.swiftpm/swift-sdks/swift-6.3.2-RELEASE_android.artifactbundle/swift-android/ndk-sysroot/usr/include/errno.h:58:9: note: macro 'errno' unavailable: structure not supported
56 | * thread.
57 | */
58 | #define errno (*__errno())
| `- note: macro 'errno' unavailable: structure not supported
59 |
60 | __END_DECLS
/host/spi-builder-workspace/.build/checkouts/ZIPFoundation/Sources/ZIPFoundation/Archive+BackingConfiguration.swift:109:31: error: value of optional type 'UnsafeRawPointer?' must be unwrapped to a value of type 'UnsafeRawPointer'
107 | zipFileCommentData: Data())
108 | _ = endOfCentralDirectoryRecord.data.withUnsafeBytes { (buffer: UnsafeRawBufferPointer) in
109 | fwrite(buffer.baseAddress, buffer.count, 1, archiveFile) // Errors handled during read
| |- error: value of optional type 'UnsafeRawPointer?' must be unwrapped to a value of type 'UnsafeRawPointer'
| |- note: coalesce using '??' to provide a default when the optional value contains 'nil'
| `- note: force-unwrap using '!' to abort execution if the optional value contains 'nil'
110 | }
111 | fallthrough
/host/spi-builder-workspace/.build/checkouts/ZIPFoundation/Sources/ZIPFoundation/Entry.swift:29:25: error: binary operator '&' cannot be applied to operands of type 'mode_t' (aka 'UInt32') and 'Int32'
27 |
28 | init(mode: mode_t) {
29 | switch mode & S_IFMT {
| |- error: binary operator '&' cannot be applied to operands of type 'mode_t' (aka 'UInt32') and 'Int32'
| `- note: overloads for '&' exist with these partially matching parameter lists: (Int32, Int32), (UInt32, UInt32)
30 | case S_IFDIR:
31 | self = .directory
/host/spi-builder-workspace/.build/checkouts/ZIPFoundation/Sources/ZIPFoundation/Entry.swift:150:42: error: binary operator '&' cannot be applied to operands of type 'mode_t' (aka 'UInt32') and 'Int32'
148 | // Use truncatingIfNeeded for safer conversion across platforms
149 | let modeValue = UInt16(truncatingIfNeeded: self.centralDirectoryStructure.externalFileAttributes >> 16)
150 | let mode = mode_t(modeValue) & S_IFMT
| |- error: binary operator '&' cannot be applied to operands of type 'mode_t' (aka 'UInt32') and 'Int32'
| `- note: overloads for '&' exist with these partially matching parameter lists: (Int32, Int32), (UInt32, UInt32)
151 | switch mode {
152 | case S_IFREG:
/host/spi-builder-workspace/.build/checkouts/ZIPFoundation/Sources/ZIPFoundation/FileManager+ZIP.swift:196:15: error: cannot find 'lchmod' in scope
194 | let fileSystemRepresentation = self.fileSystemRepresentation(withPath: url.path)
195 | let modeT = posixPermissions.uint16Value
196 | guard lchmod(fileSystemRepresentation, mode_t(modeT)) == 0 else {
| `- error: cannot find 'lchmod' in scope
197 | throw POSIXError(errno, path: url.path)
198 | }
/host/spi-builder-workspace/.build/checkouts/ZIPFoundation/Sources/ZIPFoundation/FileManager+ZIP.swift:197:30: error: cannot find 'errno' in scope
195 | let modeT = posixPermissions.uint16Value
196 | guard lchmod(fileSystemRepresentation, mode_t(modeT)) == 0 else {
197 | throw POSIXError(errno, path: url.path)
| `- error: cannot find 'errno' in scope
198 | }
199 | }
/root/.swiftpm/swift-sdks/swift-6.3.2-RELEASE_android.artifactbundle/swift-android/ndk-sysroot/usr/include/errno.h:58:9: note: macro 'errno' unavailable: structure not supported
56 | * thread.
57 | */
58 | #define errno (*__errno())
| `- note: macro 'errno' unavailable: structure not supported
59 |
60 | __END_DECLS
/host/spi-builder-workspace/.build/checkouts/ZIPFoundation/Sources/ZIPFoundation/FileManager+ZIP.swift:203:24: error: cannot find 'stat' in scope
201 | func setSymlinkModificationDate(_ modificationDate: Date, ofItemAtURL url: URL) throws {
202 | let fileSystemRepresentation = self.fileSystemRepresentation(withPath: url.path)
203 | var fileStat = stat()
| `- error: cannot find 'stat' in scope
204 | guard lstat(fileSystemRepresentation, &fileStat) == 0 else {
205 | throw POSIXError(errno, path: url.path)
/host/spi-builder-workspace/.build/checkouts/ZIPFoundation/Sources/ZIPFoundation/FileManager+ZIP.swift:204:15: error: cannot find 'lstat' in scope
202 | let fileSystemRepresentation = self.fileSystemRepresentation(withPath: url.path)
203 | var fileStat = stat()
204 | guard lstat(fileSystemRepresentation, &fileStat) == 0 else {
| `- error: cannot find 'lstat' in scope
205 | throw POSIXError(errno, path: url.path)
206 | }
/host/spi-builder-workspace/.build/checkouts/ZIPFoundation/Sources/ZIPFoundation/FileManager+ZIP.swift:205:30: error: cannot find 'errno' in scope
203 | var fileStat = stat()
204 | guard lstat(fileSystemRepresentation, &fileStat) == 0 else {
205 | throw POSIXError(errno, path: url.path)
| `- error: cannot find 'errno' in scope
206 | }
207 |
/root/.swiftpm/swift-sdks/swift-6.3.2-RELEASE_android.artifactbundle/swift-android/ndk-sysroot/usr/include/errno.h:58:9: note: macro 'errno' unavailable: structure not supported
56 | * thread.
57 | */
58 | #define errno (*__errno())
| `- note: macro 'errno' unavailable: structure not supported
59 |
60 | __END_DECLS
/host/spi-builder-workspace/.build/checkouts/ZIPFoundation/Sources/ZIPFoundation/FileManager+ZIP.swift:215:34: error: cannot find 'errno' in scope
213 | try array.withUnsafeBufferPointer {
214 | guard lutimes(fileSystemRepresentation, $0.baseAddress) == 0 else {
215 | throw POSIXError(errno, path: url.path)
| `- error: cannot find 'errno' in scope
216 | }
217 | }
/root/.swiftpm/swift-sdks/swift-6.3.2-RELEASE_android.artifactbundle/swift-android/ndk-sysroot/usr/include/errno.h:58:9: note: macro 'errno' unavailable: structure not supported
56 | * thread.
57 | */
58 | #define errno (*__errno())
| `- note: macro 'errno' unavailable: structure not supported
59 |
60 | __END_DECLS
/host/spi-builder-workspace/.build/checkouts/ZIPFoundation/Sources/ZIPFoundation/FileManager+ZIP.swift:241:72: error: cannot find 'S_IFMT' in scope
239 | switch osType {
240 | case .unix, .osx:
241 | let permissions = mode_t(externalFileAttributes >> 16) & (~S_IFMT)
| `- error: cannot find 'S_IFMT' in scope
242 | let defaultPermissions = entryType == .directory ? defaultDirectoryPermissions : defaultFilePermissions
243 | return permissions == 0 ? defaultPermissions : UInt16(permissions)
/host/spi-builder-workspace/.build/checkouts/ZIPFoundation/Sources/ZIPFoundation/FileManager+ZIP.swift:253:30: error: cannot find 'S_IFREG' in scope
251 | switch type {
252 | case .file:
253 | typeInt = UInt16(S_IFREG)
| `- error: cannot find 'S_IFREG' in scope
254 | case .directory:
255 | typeInt = UInt16(S_IFDIR)
/host/spi-builder-workspace/.build/checkouts/ZIPFoundation/Sources/ZIPFoundation/FileManager+ZIP.swift:255:30: error: cannot find 'S_IFDIR' in scope
253 | typeInt = UInt16(S_IFREG)
254 | case .directory:
255 | typeInt = UInt16(S_IFDIR)
| `- error: cannot find 'S_IFDIR' in scope
256 | case .symlink:
257 | typeInt = UInt16(S_IFLNK)
/host/spi-builder-workspace/.build/checkouts/ZIPFoundation/Sources/ZIPFoundation/FileManager+ZIP.swift:257:30: error: cannot find 'S_IFLNK' in scope
255 | typeInt = UInt16(S_IFDIR)
256 | case .symlink:
257 | typeInt = UInt16(S_IFLNK)
| `- error: cannot find 'S_IFLNK' in scope
258 | }
259 | var externalFileAttributes = UInt32(typeInt|UInt16(permissions))
/host/spi-builder-workspace/.build/checkouts/ZIPFoundation/Sources/ZIPFoundation/FileManager+ZIP.swift:267:24: error: cannot find 'stat' in scope
265 | let fileManager = FileManager()
266 | let entryFileSystemRepresentation = fileManager.fileSystemRepresentation(withPath: URL.path)
267 | var fileStat = stat()
| `- error: cannot find 'stat' in scope
268 | lstat(entryFileSystemRepresentation, &fileStat)
269 | let permissions = fileStat.st_mode
/host/spi-builder-workspace/.build/checkouts/ZIPFoundation/Sources/ZIPFoundation/FileManager+ZIP.swift:268:9: error: cannot find 'lstat' in scope
266 | let entryFileSystemRepresentation = fileManager.fileSystemRepresentation(withPath: URL.path)
267 | var fileStat = stat()
268 | lstat(entryFileSystemRepresentation, &fileStat)
| `- error: cannot find 'lstat' in scope
269 | let permissions = fileStat.st_mode
270 | return UInt16(permissions)
/host/spi-builder-workspace/.build/checkouts/ZIPFoundation/Sources/ZIPFoundation/FileManager+ZIP.swift:279:24: error: cannot find 'stat' in scope
277 | }
278 | let entryFileSystemRepresentation = fileManager.fileSystemRepresentation(withPath: url.path)
279 | var fileStat = stat()
| `- error: cannot find 'stat' in scope
280 | lstat(entryFileSystemRepresentation, &fileStat)
281 | #if os(macOS) || os(iOS) || os(tvOS) || os(visionOS) || os(watchOS)
/host/spi-builder-workspace/.build/checkouts/ZIPFoundation/Sources/ZIPFoundation/FileManager+ZIP.swift:280:9: error: cannot find 'lstat' in scope
278 | let entryFileSystemRepresentation = fileManager.fileSystemRepresentation(withPath: url.path)
279 | var fileStat = stat()
280 | lstat(entryFileSystemRepresentation, &fileStat)
| `- error: cannot find 'lstat' in scope
281 | #if os(macOS) || os(iOS) || os(tvOS) || os(visionOS) || os(watchOS)
282 | let modTimeSpec = fileStat.st_mtimespec
/host/spi-builder-workspace/.build/checkouts/ZIPFoundation/Sources/ZIPFoundation/FileManager+ZIP.swift:299:21: error: cannot find 'stat' in scope
297 |
298 | let entryFileSystemRepresentation = fileManager.fileSystemRepresentation(withPath: url.path)
299 | var stats = stat()
| `- error: cannot find 'stat' in scope
300 | lstat(entryFileSystemRepresentation, &stats)
301 | guard stats.st_size >= 0 else { throw CocoaError(.fileReadTooLarge, userInfo: [NSFilePathErrorKey: url.path]) }
/host/spi-builder-workspace/.build/checkouts/ZIPFoundation/Sources/ZIPFoundation/FileManager+ZIP.swift:300:9: error: cannot find 'lstat' in scope
298 | let entryFileSystemRepresentation = fileManager.fileSystemRepresentation(withPath: url.path)
299 | var stats = stat()
300 | lstat(entryFileSystemRepresentation, &stats)
| `- error: cannot find 'lstat' in scope
301 | guard stats.st_size >= 0 else { throw CocoaError(.fileReadTooLarge, userInfo: [NSFilePathErrorKey: url.path]) }
302 |
/host/spi-builder-workspace/.build/checkouts/ZIPFoundation/Sources/ZIPFoundation/FileManager+ZIP.swift:313:24: error: cannot find 'stat' in scope
311 | }
312 | let entryFileSystemRepresentation = fileManager.fileSystemRepresentation(withPath: url.path)
313 | var fileStat = stat()
| `- error: cannot find 'stat' in scope
314 | lstat(entryFileSystemRepresentation, &fileStat)
315 | return Entry.EntryType(mode: mode_t(fileStat.st_mode))
/host/spi-builder-workspace/.build/checkouts/ZIPFoundation/Sources/ZIPFoundation/FileManager+ZIP.swift:314:9: error: cannot find 'lstat' in scope
312 | let entryFileSystemRepresentation = fileManager.fileSystemRepresentation(withPath: url.path)
313 | var fileStat = stat()
314 | lstat(entryFileSystemRepresentation, &fileStat)
| `- error: cannot find 'lstat' in scope
315 | return Entry.EntryType(mode: mode_t(fileStat.st_mode))
316 | }
/host/spi-builder-workspace/.build/checkouts/ZIPFoundation/Sources/ZIPFoundation/Entry.swift:29:25: error: binary operator '&' cannot be applied to operands of type 'mode_t' (aka 'UInt32') and 'Int32'
27 |
28 | init(mode: mode_t) {
29 | switch mode & S_IFMT {
| |- error: binary operator '&' cannot be applied to operands of type 'mode_t' (aka 'UInt32') and 'Int32'
| `- note: overloads for '&' exist with these partially matching parameter lists: (Int32, Int32), (UInt32, UInt32)
30 | case S_IFDIR:
31 | self = .directory
/host/spi-builder-workspace/.build/checkouts/ZIPFoundation/Sources/ZIPFoundation/Entry.swift:150:42: error: binary operator '&' cannot be applied to operands of type 'mode_t' (aka 'UInt32') and 'Int32'
148 | // Use truncatingIfNeeded for safer conversion across platforms
149 | let modeValue = UInt16(truncatingIfNeeded: self.centralDirectoryStructure.externalFileAttributes >> 16)
150 | let mode = mode_t(modeValue) & S_IFMT
| |- error: binary operator '&' cannot be applied to operands of type 'mode_t' (aka 'UInt32') and 'Int32'
| `- note: overloads for '&' exist with these partially matching parameter lists: (Int32, Int32), (UInt32, UInt32)
151 | switch mode {
152 | case S_IFREG:
/host/spi-builder-workspace/.build/checkouts/ZIPFoundation/Sources/ZIPFoundation/FileManager+ZIP.swift:196:15: error: cannot find 'lchmod' in scope
194 | let fileSystemRepresentation = self.fileSystemRepresentation(withPath: url.path)
195 | let modeT = posixPermissions.uint16Value
196 | guard lchmod(fileSystemRepresentation, mode_t(modeT)) == 0 else {
| `- error: cannot find 'lchmod' in scope
197 | throw POSIXError(errno, path: url.path)
198 | }
/host/spi-builder-workspace/.build/checkouts/ZIPFoundation/Sources/ZIPFoundation/FileManager+ZIP.swift:197:30: error: cannot find 'errno' in scope
195 | let modeT = posixPermissions.uint16Value
196 | guard lchmod(fileSystemRepresentation, mode_t(modeT)) == 0 else {
197 | throw POSIXError(errno, path: url.path)
| `- error: cannot find 'errno' in scope
198 | }
199 | }
/root/.swiftpm/swift-sdks/swift-6.3.2-RELEASE_android.artifactbundle/swift-android/ndk-sysroot/usr/include/errno.h:58:9: note: macro 'errno' unavailable: structure not supported
56 | * thread.
57 | */
58 | #define errno (*__errno())
| `- note: macro 'errno' unavailable: structure not supported
59 |
60 | __END_DECLS
/host/spi-builder-workspace/.build/checkouts/ZIPFoundation/Sources/ZIPFoundation/FileManager+ZIP.swift:203:24: error: cannot find 'stat' in scope
201 | func setSymlinkModificationDate(_ modificationDate: Date, ofItemAtURL url: URL) throws {
202 | let fileSystemRepresentation = self.fileSystemRepresentation(withPath: url.path)
203 | var fileStat = stat()
| `- error: cannot find 'stat' in scope
204 | guard lstat(fileSystemRepresentation, &fileStat) == 0 else {
205 | throw POSIXError(errno, path: url.path)
/host/spi-builder-workspace/.build/checkouts/ZIPFoundation/Sources/ZIPFoundation/FileManager+ZIP.swift:204:15: error: cannot find 'lstat' in scope
202 | let fileSystemRepresentation = self.fileSystemRepresentation(withPath: url.path)
203 | var fileStat = stat()
204 | guard lstat(fileSystemRepresentation, &fileStat) == 0 else {
| `- error: cannot find 'lstat' in scope
205 | throw POSIXError(errno, path: url.path)
206 | }
/host/spi-builder-workspace/.build/checkouts/ZIPFoundation/Sources/ZIPFoundation/FileManager+ZIP.swift:205:30: error: cannot find 'errno' in scope
203 | var fileStat = stat()
204 | guard lstat(fileSystemRepresentation, &fileStat) == 0 else {
205 | throw POSIXError(errno, path: url.path)
| `- error: cannot find 'errno' in scope
206 | }
207 |
/root/.swiftpm/swift-sdks/swift-6.3.2-RELEASE_android.artifactbundle/swift-android/ndk-sysroot/usr/include/errno.h:58:9: note: macro 'errno' unavailable: structure not supported
56 | * thread.
57 | */
58 | #define errno (*__errno())
| `- note: macro 'errno' unavailable: structure not supported
59 |
60 | __END_DECLS
/host/spi-builder-workspace/.build/checkouts/ZIPFoundation/Sources/ZIPFoundation/FileManager+ZIP.swift:215:34: error: cannot find 'errno' in scope
213 | try array.withUnsafeBufferPointer {
214 | guard lutimes(fileSystemRepresentation, $0.baseAddress) == 0 else {
215 | throw POSIXError(errno, path: url.path)
| `- error: cannot find 'errno' in scope
216 | }
217 | }
/root/.swiftpm/swift-sdks/swift-6.3.2-RELEASE_android.artifactbundle/swift-android/ndk-sysroot/usr/include/errno.h:58:9: note: macro 'errno' unavailable: structure not supported
56 | * thread.
57 | */
58 | #define errno (*__errno())
| `- note: macro 'errno' unavailable: structure not supported
59 |
60 | __END_DECLS
/host/spi-builder-workspace/.build/checkouts/ZIPFoundation/Sources/ZIPFoundation/FileManager+ZIP.swift:241:72: error: cannot find 'S_IFMT' in scope
239 | switch osType {
240 | case .unix, .osx:
241 | let permissions = mode_t(externalFileAttributes >> 16) & (~S_IFMT)
| `- error: cannot find 'S_IFMT' in scope
242 | let defaultPermissions = entryType == .directory ? defaultDirectoryPermissions : defaultFilePermissions
243 | return permissions == 0 ? defaultPermissions : UInt16(permissions)
/host/spi-builder-workspace/.build/checkouts/ZIPFoundation/Sources/ZIPFoundation/FileManager+ZIP.swift:253:30: error: cannot find 'S_IFREG' in scope
251 | switch type {
252 | case .file:
253 | typeInt = UInt16(S_IFREG)
| `- error: cannot find 'S_IFREG' in scope
254 | case .directory:
255 | typeInt = UInt16(S_IFDIR)
/host/spi-builder-workspace/.build/checkouts/ZIPFoundation/Sources/ZIPFoundation/FileManager+ZIP.swift:255:30: error: cannot find 'S_IFDIR' in scope
253 | typeInt = UInt16(S_IFREG)
254 | case .directory:
255 | typeInt = UInt16(S_IFDIR)
| `- error: cannot find 'S_IFDIR' in scope
256 | case .symlink:
257 | typeInt = UInt16(S_IFLNK)
/host/spi-builder-workspace/.build/checkouts/ZIPFoundation/Sources/ZIPFoundation/FileManager+ZIP.swift:257:30: error: cannot find 'S_IFLNK' in scope
255 | typeInt = UInt16(S_IFDIR)
256 | case .symlink:
257 | typeInt = UInt16(S_IFLNK)
| `- error: cannot find 'S_IFLNK' in scope
258 | }
259 | var externalFileAttributes = UInt32(typeInt|UInt16(permissions))
/host/spi-builder-workspace/.build/checkouts/ZIPFoundation/Sources/ZIPFoundation/FileManager+ZIP.swift:267:24: error: cannot find 'stat' in scope
265 | let fileManager = FileManager()
266 | let entryFileSystemRepresentation = fileManager.fileSystemRepresentation(withPath: URL.path)
267 | var fileStat = stat()
| `- error: cannot find 'stat' in scope
268 | lstat(entryFileSystemRepresentation, &fileStat)
269 | let permissions = fileStat.st_mode
/host/spi-builder-workspace/.build/checkouts/ZIPFoundation/Sources/ZIPFoundation/FileManager+ZIP.swift:268:9: error: cannot find 'lstat' in scope
266 | let entryFileSystemRepresentation = fileManager.fileSystemRepresentation(withPath: URL.path)
267 | var fileStat = stat()
268 | lstat(entryFileSystemRepresentation, &fileStat)
| `- error: cannot find 'lstat' in scope
269 | let permissions = fileStat.st_mode
270 | return UInt16(permissions)
/host/spi-builder-workspace/.build/checkouts/ZIPFoundation/Sources/ZIPFoundation/FileManager+ZIP.swift:279:24: error: cannot find 'stat' in scope
277 | }
278 | let entryFileSystemRepresentation = fileManager.fileSystemRepresentation(withPath: url.path)
279 | var fileStat = stat()
| `- error: cannot find 'stat' in scope
280 | lstat(entryFileSystemRepresentation, &fileStat)
281 | #if os(macOS) || os(iOS) || os(tvOS) || os(visionOS) || os(watchOS)
/host/spi-builder-workspace/.build/checkouts/ZIPFoundation/Sources/ZIPFoundation/FileManager+ZIP.swift:280:9: error: cannot find 'lstat' in scope
278 | let entryFileSystemRepresentation = fileManager.fileSystemRepresentation(withPath: url.path)
279 | var fileStat = stat()
280 | lstat(entryFileSystemRepresentation, &fileStat)
| `- error: cannot find 'lstat' in scope
281 | #if os(macOS) || os(iOS) || os(tvOS) || os(visionOS) || os(watchOS)
282 | let modTimeSpec = fileStat.st_mtimespec
/host/spi-builder-workspace/.build/checkouts/ZIPFoundation/Sources/ZIPFoundation/FileManager+ZIP.swift:299:21: error: cannot find 'stat' in scope
297 |
298 | let entryFileSystemRepresentation = fileManager.fileSystemRepresentation(withPath: url.path)
299 | var stats = stat()
| `- error: cannot find 'stat' in scope
300 | lstat(entryFileSystemRepresentation, &stats)
301 | guard stats.st_size >= 0 else { throw CocoaError(.fileReadTooLarge, userInfo: [NSFilePathErrorKey: url.path]) }
/host/spi-builder-workspace/.build/checkouts/ZIPFoundation/Sources/ZIPFoundation/FileManager+ZIP.swift:300:9: error: cannot find 'lstat' in scope
298 | let entryFileSystemRepresentation = fileManager.fileSystemRepresentation(withPath: url.path)
299 | var stats = stat()
300 | lstat(entryFileSystemRepresentation, &stats)
| `- error: cannot find 'lstat' in scope
301 | guard stats.st_size >= 0 else { throw CocoaError(.fileReadTooLarge, userInfo: [NSFilePathErrorKey: url.path]) }
302 |
/host/spi-builder-workspace/.build/checkouts/ZIPFoundation/Sources/ZIPFoundation/FileManager+ZIP.swift:313:24: error: cannot find 'stat' in scope
311 | }
312 | let entryFileSystemRepresentation = fileManager.fileSystemRepresentation(withPath: url.path)
313 | var fileStat = stat()
| `- error: cannot find 'stat' in scope
314 | lstat(entryFileSystemRepresentation, &fileStat)
315 | return Entry.EntryType(mode: mode_t(fileStat.st_mode))
/host/spi-builder-workspace/.build/checkouts/ZIPFoundation/Sources/ZIPFoundation/FileManager+ZIP.swift:314:9: error: cannot find 'lstat' in scope
312 | let entryFileSystemRepresentation = fileManager.fileSystemRepresentation(withPath: url.path)
313 | var fileStat = stat()
314 | lstat(entryFileSystemRepresentation, &fileStat)
| `- error: cannot find 'lstat' in scope
315 | return Entry.EntryType(mode: mode_t(fileStat.st_mode))
316 | }
[362/605] Compiling x509_vfy.cc
[363/605] Compiling x509_txt.cc
[364/605] Compiling x509_set.cc
[366/605] Compiling URLQueryEncoder URLQueryEncoder.swift
[366/606] Compiling x509_trs.cc
/host/spi-builder-workspace/.build/checkouts/ZIPFoundation/Sources/ZIPFoundation/Date+ZIP.swift:77:11: error: cannot find type 'stat' in scope
75 | }
76 |
77 | extension stat {
| `- error: cannot find type 'stat' in scope
78 |
79 | var lastAccessDate: Date {
/host/spi-builder-workspace/.build/checkouts/ZIPFoundation/Sources/ZIPFoundation/Date+ZIP.swift:77:11: error: cannot find type 'stat' in scope
75 | }
76 |
77 | extension stat {
| `- error: cannot find type 'stat' in scope
78 |
79 | var lastAccessDate: Date {
/host/spi-builder-workspace/.build/checkouts/ZIPFoundation/Sources/ZIPFoundation/Date+ZIP.swift:77:11: error: cannot find type 'stat' in scope
75 | }
76 |
77 | extension stat {
| `- error: cannot find type 'stat' in scope
78 |
79 | var lastAccessDate: Date {
[374/606] Compiling x509_def.cc
[374/606] Compiling x509_d2.cc
[374/606] Compiling x509_ext.cc
[374/606] Compiling x509_obj.cc
[374/606] Compiling x509_req.cc
[374/606] Compiling x509_lu.cc
[374/606] Compiling x509_cmp.cc
BUILD FAILURE 6.3 android