Build Information
Failed to build NetworkLayer, reference main (9b477f), with Swift 6.2 for Wasm on 4 Oct 2026 18:05:17 UTC.
Build Command
bash -c docker run --pull=always --rm -v "checkouts-54344844-2":/host -w "$PWD" -e JAVA_HOME="/root/.sdkman/candidates/java/current" -e SPI_BUILD="1" -e SPI_PROCESSING="1" registry.gitlab.com/saguaro1/spi-images:wasm-6.2-latest swift build --swift-sdk swift-6.2-RELEASE_wasm 2>&1Build Log
========================================
RunAll
========================================
Builder version: 5.1.1
Interrupt handler set up.
========================================
Checkout
========================================
Clone URL: https://github.com/space-code/network-layer.git
Reference: main
Initialized empty Git repository in /host/spi-builder-workspace/.git/
hint: Using 'master' as the name for the initial branch. This default branch name
hint: is subject to change. To configure the initial branch name to use in all
hint: of your new repositories, which will suppress this warning, call:
hint:
hint: git config --global init.defaultBranch <name>
hint:
hint: Names commonly chosen instead of 'master' are 'main', 'trunk' and
hint: 'development'. The just-created branch can be renamed via this command:
hint:
hint: git branch -m <name>
From https://github.com/space-code/network-layer
* branch main -> FETCH_HEAD
* [new branch] main -> origin/main
HEAD is now at 9b477f4 chore(deps): update jdx/mise-action action to v5 (#110)
Cloned https://github.com/space-code/network-layer.git
Revision (git rev-parse @):
9b477f4b30e29a05361c28ada4d2233bdcd73043
SUCCESS checkout https://github.com/space-code/network-layer.git at main
========================================
Build
========================================
Selected platform: wasm
Swift version: 6.2
Building package at path: $PWD
https://github.com/space-code/network-layer.git
Running build ...
bash -c docker run --pull=always --rm -v "checkouts-54344844-2":/host -w "$PWD" -e JAVA_HOME="/root/.sdkman/candidates/java/current" -e SPI_BUILD="1" -e SPI_PROCESSING="1" registry.gitlab.com/saguaro1/spi-images:wasm-6.2-latest swift build --swift-sdk swift-6.2-RELEASE_wasm 2>&1
wasm-6.2-latest: Pulling from saguaro1/spi-images
Digest: sha256:ff44196b45f83e5a0a99a627b185f548850d9bc1242e3dee2178fb1570812fe8
Status: Image is up to date for registry.gitlab.com/saguaro1/spi-images:wasm-6.2-latest
Fetching https://github.com/space-code/atomic
Fetching https://github.com/WeTransfer/Mocker
Fetching https://github.com/space-code/typhoon
[1/768] Fetching atomic
Fetched https://github.com/space-code/atomic from cache (0.45s)
[1/1906] Fetching mocker
[230/3588] Fetching mocker, typhoon
Fetched https://github.com/WeTransfer/Mocker from cache (0.91s)
[169/1682] Fetching typhoon
Fetched https://github.com/space-code/typhoon from cache (1.00s)
Computing version for https://github.com/WeTransfer/Mocker
Computed https://github.com/WeTransfer/Mocker at 3.0.2 (2.03s)
Computing version for https://github.com/space-code/typhoon
Computed https://github.com/space-code/typhoon at 3.0.0 (0.19s)
Computing version for https://github.com/space-code/atomic
warning: 'atomic': /Package.swift:12:16: warning: 'v11' is deprecated: tvOS 12.0 is the oldest supported version [#DeprecatedDeclaration]
10 | .iOS(.v13),
11 | .watchOS(.v6),
12 | .tvOS(.v11),
| `- warning: 'v11' is deprecated: tvOS 12.0 is the oldest supported version [#DeprecatedDeclaration]
13 | .visionOS(.v1),
14 | ],
[#DeprecatedDeclaration]: <https://docs.swift.org/compiler/documentation/diagnostics/deprecated-declaration>
Computed https://github.com/space-code/atomic at 1.1.1 (0.23s)
Creating working copy for https://github.com/WeTransfer/Mocker
Working copy of https://github.com/WeTransfer/Mocker resolved at 3.0.2
Creating working copy for https://github.com/space-code/typhoon
Working copy of https://github.com/space-code/typhoon resolved at 3.0.0
Creating working copy for https://github.com/space-code/atomic
Working copy of https://github.com/space-code/atomic resolved at 1.1.1
warning: 'atomic': /host/spi-builder-workspace/.build/checkouts/atomic/Package.swift:12:16: warning: 'v11' is deprecated: tvOS 12.0 is the oldest supported version [#DeprecatedDeclaration]
10 | .iOS(.v13),
11 | .watchOS(.v6),
12 | .tvOS(.v11),
| `- warning: 'v11' is deprecated: tvOS 12.0 is the oldest supported version [#DeprecatedDeclaration]
13 | .visionOS(.v1),
14 | ],
[#DeprecatedDeclaration]: <https://docs.swift.org/compiler/documentation/diagnostics/deprecated-declaration>
Building for debugging...
[0/5] Write sources
[4/5] Write swift-version-24593BA9C3E375BF.txt
[6/26] Compiling Typhoon ExponentialDelayStrategy.swift
/host/spi-builder-workspace/.build/checkouts/typhoon/Sources/Typhoon/Classes/RetrySequence/Strategies/ExponentialDelayStrategy.swift:14:19: error: cannot find type 'DispatchTimeInterval' in scope
12 | ///
13 | /// This value acts as the base interval for exponential backoff.
14 | let duration: DispatchTimeInterval
| `- error: cannot find type 'DispatchTimeInterval' in scope
15 |
16 | /// The exponential growth multiplier.
/host/spi-builder-workspace/.build/checkouts/typhoon/Sources/Typhoon/Classes/RetrySequence/Strategies/ExponentialDelayStrategy.swift:32:22: error: cannot find type 'DispatchTimeInterval' in scope
30 | ///
31 | /// If specified, the computed delay will never exceed this value.
32 | let maxInterval: DispatchTimeInterval?
| `- error: cannot find type 'DispatchTimeInterval' in scope
33 |
34 | // MARK: Initialization
/host/spi-builder-workspace/.build/checkouts/typhoon/Sources/Typhoon/Classes/RetrySequence/Strategies/ExponentialDelayStrategy.swift:37:19: error: cannot find type 'DispatchTimeInterval' in scope
35 |
36 | init(
37 | duration: DispatchTimeInterval,
| `- error: cannot find type 'DispatchTimeInterval' in scope
38 | multiplier: Double = 2.0,
39 | jitterFactor: Double = 0.1,
/host/spi-builder-workspace/.build/checkouts/typhoon/Sources/Typhoon/Classes/RetrySequence/Strategies/ExponentialDelayStrategy.swift:40:22: error: cannot find type 'DispatchTimeInterval' in scope
38 | multiplier: Double = 2.0,
39 | jitterFactor: Double = 0.1,
40 | maxInterval: DispatchTimeInterval? = .seconds(60)
| `- error: cannot find type 'DispatchTimeInterval' in scope
41 | ) {
42 | self.duration = duration
/host/spi-builder-workspace/.build/checkouts/typhoon/Sources/Typhoon/Classes/RetrySequence/Strategies/ExponentialDelayStrategy.swift:68:57: error: cannot convert value of type 'String' to expected argument type 'Double'
66 | let jitterRange = base * jitterFactor
67 | let jittered = Double.random(
68 | in: max(0, base - jitterRange) ... min(base + jitterRange, Double(maxDelayNanos))
| `- error: cannot convert value of type 'String' to expected argument type 'Double'
69 | )
70 |
/host/spi-builder-workspace/.build/checkouts/typhoon/Sources/Typhoon/Classes/RetrySequence/Strategies/ExponentialDelayStrategy.swift:68:29: error: cannot convert value of type 'Duration' to expected argument type 'Double'
66 | let jitterRange = base * jitterFactor
67 | let jittered = Double.random(
68 | in: max(0, base - jitterRange) ... min(base + jitterRange, Double(maxDelayNanos))
| `- error: cannot convert value of type 'Duration' to expected argument type 'Double'
69 | )
70 |
/host/spi-builder-workspace/.build/checkouts/typhoon/Sources/Typhoon/Classes/RetrySequence/Strategies/FibonacciDelayStrategy.swift:20:19: error: cannot find type 'DispatchTimeInterval' in scope
18 | /// Each retry multiplies this value by
19 | /// the corresponding Fibonacci number.
20 | let duration: DispatchTimeInterval
| `- error: cannot find type 'DispatchTimeInterval' in scope
21 |
22 | // MARK: - IRetryDelayStrategy
[7/26] Compiling Typhoon FibonacciDelayStrategy.swift
/host/spi-builder-workspace/.build/checkouts/typhoon/Sources/Typhoon/Classes/RetrySequence/Strategies/ExponentialDelayStrategy.swift:14:19: error: cannot find type 'DispatchTimeInterval' in scope
12 | ///
13 | /// This value acts as the base interval for exponential backoff.
14 | let duration: DispatchTimeInterval
| `- error: cannot find type 'DispatchTimeInterval' in scope
15 |
16 | /// The exponential growth multiplier.
/host/spi-builder-workspace/.build/checkouts/typhoon/Sources/Typhoon/Classes/RetrySequence/Strategies/ExponentialDelayStrategy.swift:32:22: error: cannot find type 'DispatchTimeInterval' in scope
30 | ///
31 | /// If specified, the computed delay will never exceed this value.
32 | let maxInterval: DispatchTimeInterval?
| `- error: cannot find type 'DispatchTimeInterval' in scope
33 |
34 | // MARK: Initialization
/host/spi-builder-workspace/.build/checkouts/typhoon/Sources/Typhoon/Classes/RetrySequence/Strategies/ExponentialDelayStrategy.swift:37:19: error: cannot find type 'DispatchTimeInterval' in scope
35 |
36 | init(
37 | duration: DispatchTimeInterval,
| `- error: cannot find type 'DispatchTimeInterval' in scope
38 | multiplier: Double = 2.0,
39 | jitterFactor: Double = 0.1,
/host/spi-builder-workspace/.build/checkouts/typhoon/Sources/Typhoon/Classes/RetrySequence/Strategies/ExponentialDelayStrategy.swift:40:22: error: cannot find type 'DispatchTimeInterval' in scope
38 | multiplier: Double = 2.0,
39 | jitterFactor: Double = 0.1,
40 | maxInterval: DispatchTimeInterval? = .seconds(60)
| `- error: cannot find type 'DispatchTimeInterval' in scope
41 | ) {
42 | self.duration = duration
/host/spi-builder-workspace/.build/checkouts/typhoon/Sources/Typhoon/Classes/RetrySequence/Strategies/ExponentialDelayStrategy.swift:68:57: error: cannot convert value of type 'String' to expected argument type 'Double'
66 | let jitterRange = base * jitterFactor
67 | let jittered = Double.random(
68 | in: max(0, base - jitterRange) ... min(base + jitterRange, Double(maxDelayNanos))
| `- error: cannot convert value of type 'String' to expected argument type 'Double'
69 | )
70 |
/host/spi-builder-workspace/.build/checkouts/typhoon/Sources/Typhoon/Classes/RetrySequence/Strategies/ExponentialDelayStrategy.swift:68:29: error: cannot convert value of type 'Duration' to expected argument type 'Double'
66 | let jitterRange = base * jitterFactor
67 | let jittered = Double.random(
68 | in: max(0, base - jitterRange) ... min(base + jitterRange, Double(maxDelayNanos))
| `- error: cannot convert value of type 'Duration' to expected argument type 'Double'
69 | )
70 |
/host/spi-builder-workspace/.build/checkouts/typhoon/Sources/Typhoon/Classes/RetrySequence/Strategies/FibonacciDelayStrategy.swift:20:19: error: cannot find type 'DispatchTimeInterval' in scope
18 | /// Each retry multiplies this value by
19 | /// the corresponding Fibonacci number.
20 | let duration: DispatchTimeInterval
| `- error: cannot find type 'DispatchTimeInterval' in scope
21 |
22 | // MARK: - IRetryDelayStrategy
[8/28] Compiling Typhoon ChainDelayStrategy.swift
/host/spi-builder-workspace/.build/checkouts/typhoon/Sources/Typhoon/Classes/RetrySequence/Strategies/ConstantDelayStrategy.swift:14:19: error: cannot find type 'DispatchTimeInterval' in scope
12 | ///
13 | /// This value does not change based on the retry index.
14 | let duration: DispatchTimeInterval
| `- error: cannot find type 'DispatchTimeInterval' in scope
15 |
16 | // MARK: - IRetryDelayStrategy
[9/28] Compiling Typhoon ConstantDelayStrategy.swift
/host/spi-builder-workspace/.build/checkouts/typhoon/Sources/Typhoon/Classes/RetrySequence/Strategies/ConstantDelayStrategy.swift:14:19: error: cannot find type 'DispatchTimeInterval' in scope
12 | ///
13 | /// This value does not change based on the retry index.
14 | let duration: DispatchTimeInterval
| `- error: cannot find type 'DispatchTimeInterval' in scope
15 |
16 | // MARK: - IRetryDelayStrategy
[10/28] Compiling Atomic ILock.swift
[11/28] Compiling Typhoon ILogger.swift
[12/28] Compiling Typhoon RetryAction.swift
[13/28] Compiling Typhoon RetryPolicyError.swift
error: emit-module command failed with exit code 1 (use -v to see invocation)
[14/28] Emitting module Atomic
/host/spi-builder-workspace/.build/checkouts/atomic/Sources/Atomic/Classes/Helpers/Lock/UnfairLock.swift:15:29: error: cannot find type 'os_unfair_lock_t' in scope
13 |
14 | /// The underlying `os_unfair_lock` used for synchronization.
15 | private let unfairLock: os_unfair_lock_t
| `- error: cannot find type 'os_unfair_lock_t' in scope
16 |
17 | // MARK: Initialization
[15/28] Compiling Atomic Atomic.swift
/host/spi-builder-workspace/.build/checkouts/atomic/Sources/Atomic/Classes/Helpers/Lock/UnfairLock.swift:15:29: error: cannot find type 'os_unfair_lock_t' in scope
13 |
14 | /// The underlying `os_unfair_lock` used for synchronization.
15 | private let unfairLock: os_unfair_lock_t
| `- error: cannot find type 'os_unfair_lock_t' in scope
16 |
17 | // MARK: Initialization
[16/28] Compiling Atomic UnfairLock.swift
/host/spi-builder-workspace/.build/checkouts/atomic/Sources/Atomic/Classes/Helpers/Lock/UnfairLock.swift:15:29: error: cannot find type 'os_unfair_lock_t' in scope
13 |
14 | /// The underlying `os_unfair_lock` used for synchronization.
15 | private let unfairLock: os_unfair_lock_t
| `- error: cannot find type 'os_unfair_lock_t' in scope
16 |
17 | // MARK: Initialization
/host/spi-builder-workspace/.build/checkouts/atomic/Sources/Atomic/Classes/Helpers/Lock/UnfairLock.swift:21:23: error: cannot infer contextual base in reference to member 'allocate'
19 | /// Initializes an UnfairLock instance.
20 | init() {
21 | unfairLock = .allocate(capacity: 1)
| `- error: cannot infer contextual base in reference to member 'allocate'
22 | unfairLock.initialize(to: os_unfair_lock())
23 | }
/host/spi-builder-workspace/.build/checkouts/atomic/Sources/Atomic/Classes/Helpers/Lock/UnfairLock.swift:22:35: error: cannot find 'os_unfair_lock' in scope
20 | init() {
21 | unfairLock = .allocate(capacity: 1)
22 | unfairLock.initialize(to: os_unfair_lock())
| `- error: cannot find 'os_unfair_lock' in scope
23 | }
24 |
/host/spi-builder-workspace/.build/checkouts/atomic/Sources/Atomic/Classes/Helpers/Lock/UnfairLock.swift:35:9: error: cannot find 'os_unfair_lock_lock' in scope
33 | extension UnfairLock: ILock {
34 | func lock() {
35 | os_unfair_lock_lock(unfairLock)
| `- error: cannot find 'os_unfair_lock_lock' in scope
36 | }
37 |
/host/spi-builder-workspace/.build/checkouts/atomic/Sources/Atomic/Classes/Helpers/Lock/UnfairLock.swift:39:9: error: cannot find 'os_unfair_lock_unlock' in scope
37 |
38 | func unlock() {
39 | os_unfair_lock_unlock(unfairLock)
| `- error: cannot find 'os_unfair_lock_unlock' in scope
40 | }
41 | }
BUILD FAILURE 6.2 wasm