The Swift Package Index logo.Swift Package Index

Build Information

Failed to build SwiftFileTools, reference main (bf9dce), with Swift 6.1 for Android on 13 Oct 2026 10:53:57 UTC.

Build Command

bash -c docker run --pull=always --rm -v "checkouts-53886768-1":/host -w "$PWD" -e JAVA_HOME="/root/.sdkman/candidates/java/current" -e SPI_BUILD="1" -e SPI_PROCESSING="1" registry.gitlab.com/saguaro1/spi-images:android-6.1-latest swift build --swift-sdk aarch64-unknown-linux-android24 2>&1

Build Log

========================================
RunAll
========================================
Builder version: 5.1.2
Interrupt handler set up.
========================================
Checkout
========================================
Clone URL: https://github.com/heroesofcode/SwiftFileTools.git
Reference: main
Initialized empty Git repository in /host/spi-builder-workspace/.git/
hint: Using 'master' as the name for the initial branch. This default branch name
hint: is subject to change. To configure the initial branch name to use in all
hint: of your new repositories, which will suppress this warning, call:
hint:
hint: 	git config --global init.defaultBranch <name>
hint:
hint: Names commonly chosen instead of 'master' are 'main', 'trunk' and
hint: 'development'. The just-created branch can be renamed via this command:
hint:
hint: 	git branch -m <name>
From https://github.com/heroesofcode/SwiftFileTools
 * branch            main       -> FETCH_HEAD
 * [new branch]      main       -> origin/main
HEAD is now at bf9dce9 Merge pull request #24 from heroesofcode/docs/deprecation-notice
Cloned https://github.com/heroesofcode/SwiftFileTools.git
Revision (git rev-parse @):
bf9dce9cc34b6acda7aeffa5c2486f866a8b3c15
SPI manifest file found: $PWD/.spi.yml
SUCCESS checkout https://github.com/heroesofcode/SwiftFileTools.git at main
========================================
Build
========================================
Selected platform:         android
Swift version:             6.1
Building package at path:  $PWD
https://github.com/heroesofcode/SwiftFileTools.git
https://github.com/heroesofcode/SwiftFileTools.git
WARNING: environment variable SUPPRESS_SWIFT_6_FLAGS is not set
Running build ...
bash -c docker run --pull=always --rm -v "checkouts-53886768-1":/host -w "$PWD" -e JAVA_HOME="/root/.sdkman/candidates/java/current" -e SPI_BUILD="1" -e SPI_PROCESSING="1" registry.gitlab.com/saguaro1/spi-images:android-6.1-latest swift build --swift-sdk aarch64-unknown-linux-android24 -Xswiftc -Xfrontend -Xswiftc -stats-output-dir -Xswiftc -Xfrontend -Xswiftc .stats -Xswiftc -strict-concurrency=complete -Xswiftc -enable-upcoming-feature -Xswiftc StrictConcurrency -Xswiftc -enable-upcoming-feature -Xswiftc DisableOutwardActorInference -Xswiftc -enable-upcoming-feature -Xswiftc GlobalActorIsolatedTypesUsability -Xswiftc -enable-upcoming-feature -Xswiftc InferSendableFromCaptures 2>&1
android-6.1-latest: Pulling from saguaro1/spi-images
Digest: sha256:396310cef4466ceb116ed5462b0b92d4deb353c0dad749b406b7fd226f6db9af
Status: Image is up to date for registry.gitlab.com/saguaro1/spi-images:android-6.1-latest
Fetching https://github.com/apple/swift-argument-parser
Fetching https://github.com/onevcat/Rainbow
[1/1514] Fetching rainbow
[1213/20626] Fetching rainbow, swift-argument-parser
Fetched https://github.com/onevcat/Rainbow from cache (1.70s)
Fetched https://github.com/apple/swift-argument-parser from cache (1.70s)
Computing version for https://github.com/onevcat/Rainbow
Computed https://github.com/onevcat/Rainbow at 4.2.2 (2.63s)
Computing version for https://github.com/apple/swift-argument-parser
Computed https://github.com/apple/swift-argument-parser at 1.8.2 (0.24s)
Creating working copy for https://github.com/apple/swift-argument-parser
Working copy of https://github.com/apple/swift-argument-parser resolved at 1.8.2
Creating working copy for https://github.com/onevcat/Rainbow
Working copy of https://github.com/onevcat/Rainbow resolved at 4.2.2
[1/1] Compiling plugin GenerateManual
[2/2] Compiling plugin GenerateDoccReference
Building for debugging...
[2/13] Write sources
[6/13] Write swift-version-24593BA9C3E375BF.txt
[8/30] Compiling ArgumentParserToolInfo ToolInfo.swift
<unknown>:0: warning: upcoming feature 'InferSendableFromCaptures' is already enabled as of Swift version 6
<unknown>:0: warning: upcoming feature 'GlobalActorIsolatedTypesUsability' is already enabled as of Swift version 6
<unknown>:0: warning: upcoming feature 'DisableOutwardActorInference' is already enabled as of Swift version 6
[9/30] Emitting module ArgumentParserToolInfo
<unknown>:0: warning: upcoming feature 'InferSendableFromCaptures' is already enabled as of Swift version 6
<unknown>:0: warning: upcoming feature 'GlobalActorIsolatedTypesUsability' is already enabled as of Swift version 6
<unknown>:0: warning: upcoming feature 'DisableOutwardActorInference' is already enabled as of Swift version 6
[10/31] Compiling Rainbow String+ConditionalStyling.swift
[11/31] Compiling Rainbow String+Rainbow.swift
[12/32] Wrapping AST for ArgumentParserToolInfo for debugging
[14/53] Compiling ArgumentParser InputKey.swift
[15/53] Compiling ArgumentParser InputOrigin.swift
[16/79] Compiling ArgumentParser ArgumentSet.swift
/host/spi-builder-workspace/.build/checkouts/Rainbow/Sources/OutputTarget.swift:57:58: error: cannot find 'isatty' in scope
55 |         // Check if we are in any term env and the output is a tty.
56 |         let termType = getEnvValue("TERM")
57 |         if let t = termType, t.lowercased() != "dumb" && isatty(fileno(stdout)) != 0 {
   |                                                          `- error: cannot find 'isatty' in scope
58 |             return .console
59 |         }
[17/79] Compiling ArgumentParser CommandParser.swift
/host/spi-builder-workspace/.build/checkouts/Rainbow/Sources/OutputTarget.swift:57:58: error: cannot find 'isatty' in scope
55 |         // Check if we are in any term env and the output is a tty.
56 |         let termType = getEnvValue("TERM")
57 |         if let t = termType, t.lowercased() != "dumb" && isatty(fileno(stdout)) != 0 {
   |                                                          `- error: cannot find 'isatty' in scope
58 |             return .console
59 |         }
[18/79] Compiling Rainbow StyledStringBuilder.swift
[19/79] Compiling ArgumentParser BashCompletionsGenerator.swift
[20/79] Compiling ArgumentParser CompletionsGenerator.swift
error: emit-module command failed with exit code 1 (use -v to see invocation)
[21/79] Compiling ArgumentParser FishCompletionsGenerator.swift
[22/79] Compiling ArgumentParser ZshCompletionsGenerator.swift
[23/79] Compiling ArgumentParser Argument.swift
[24/79] Compiling ArgumentParser ArgumentDiscussion.swift
[25/79] Compiling ArgumentParser ArgumentHelp.swift
[26/79] Compiling ArgumentParser ParsableCommand.swift
[27/79] Emitting module Rainbow
/host/spi-builder-workspace/.build/checkouts/Rainbow/Sources/OutputTarget.swift:57:58: error: cannot find 'isatty' in scope
55 |         // Check if we are in any term env and the output is a tty.
56 |         let termType = getEnvValue("TERM")
57 |         if let t = termType, t.lowercased() != "dumb" && isatty(fileno(stdout)) != 0 {
   |                                                          `- error: cannot find 'isatty' in scope
58 |             return .console
59 |         }
<unknown>:0: warning: upcoming feature 'InferSendableFromCaptures' is already enabled as of Swift version 6
<unknown>:0: warning: upcoming feature 'GlobalActorIsolatedTypesUsability' is already enabled as of Swift version 6
<unknown>:0: warning: upcoming feature 'DisableOutwardActorInference' is already enabled as of Swift version 6
Running build ...
bash -c docker run --pull=always --rm -v "checkouts-53886768-1":/host -w "$PWD" -e JAVA_HOME="/root/.sdkman/candidates/java/current" -e SPI_BUILD="1" -e SPI_PROCESSING="1" registry.gitlab.com/saguaro1/spi-images:android-6.1-latest swift build --swift-sdk aarch64-unknown-linux-android24 2>&1
android-6.1-latest: Pulling from saguaro1/spi-images
Digest: sha256:396310cef4466ceb116ed5462b0b92d4deb353c0dad749b406b7fd226f6db9af
Status: Image is up to date for registry.gitlab.com/saguaro1/spi-images:android-6.1-latest
[0/1] Planning build
[1/1] Compiling plugin GenerateManual
[2/2] Compiling plugin GenerateDoccReference
Building for debugging...
[2/9] Write swift-version-24593BA9C3E375BF.txt
[4/26] Compiling Rainbow StringGenerator.swift
[5/26] Compiling Rainbow Style.swift
[6/27] Compiling Rainbow ConditionalStyleBuilder.swift
[7/27] Compiling Rainbow ControlCode.swift
[8/27] Compiling Rainbow String+ConditionalStyling.swift
[9/27] Compiling Rainbow String+Rainbow.swift
[10/27] Compiling Rainbow StyledStringBuilder.swift
[11/27] Compiling Rainbow HSLColorConverter.swift
[12/27] Compiling Rainbow ModesExtractor.swift
[13/27] Compiling Rainbow OutputTarget.swift
/host/spi-builder-workspace/.build/checkouts/Rainbow/Sources/OutputTarget.swift:57:58: error: cannot find 'isatty' in scope
55 |         // Check if we are in any term env and the output is a tty.
56 |         let termType = getEnvValue("TERM")
57 |         if let t = termType, t.lowercased() != "dumb" && isatty(fileno(stdout)) != 0 {
   |                                                          `- error: cannot find 'isatty' in scope
58 |             return .console
59 |         }
[14/27] Compiling Rainbow Rainbow.swift
/host/spi-builder-workspace/.build/checkouts/Rainbow/Sources/OutputTarget.swift:57:58: error: cannot find 'isatty' in scope
55 |         // Check if we are in any term env and the output is a tty.
56 |         let termType = getEnvValue("TERM")
57 |         if let t = termType, t.lowercased() != "dumb" && isatty(fileno(stdout)) != 0 {
   |                                                          `- error: cannot find 'isatty' in scope
58 |             return .console
59 |         }
error: emit-module command failed with exit code 1 (use -v to see invocation)
[15/27] Compiling Rainbow BackgroundColor.swift
[16/27] Compiling Rainbow CodesParser.swift
[17/27] Compiling Rainbow Color.swift
[18/27] Compiling Rainbow ColorApproximation.swift
[19/27] Emitting module Rainbow
/host/spi-builder-workspace/.build/checkouts/Rainbow/Sources/OutputTarget.swift:57:58: error: cannot find 'isatty' in scope
55 |         // Check if we are in any term env and the output is a tty.
56 |         let termType = getEnvValue("TERM")
57 |         if let t = termType, t.lowercased() != "dumb" && isatty(fileno(stdout)) != 0 {
   |                                                          `- error: cannot find 'isatty' in scope
58 |             return .console
59 |         }
[20/27] Emitting module ArgumentParserToolInfo
BUILD FAILURE 6.1 android