Build Information
Failed to build ZendeskSDKHTTPClient, reference 0.22.0 (d68ed7), with Swift 6.3 for watchOS using Xcode 26.4 on 3 Oct 2026 18:54:31 UTC.
Build Command
env DEVELOPER_DIR=/Applications/Xcode-26.5.0.app xcrun xcodebuild -IDEClonedSourcePackagesDirPathOverride=$PWD/.dependencies -skipMacroValidation -skipPackagePluginValidation -derivedDataPath $PWD/.derivedData build -scheme ZendeskSDKHTTPClient -destination generic/platform=watchOSBuild Log
========================================
RunAll
========================================
Builder version: 5.1.1
Interrupt handler set up.
========================================
Checkout
========================================
Clone URL: https://github.com/zendesk/sdk_http_client_ios.git
Reference: 0.22.0
Initialized empty Git repository in /Users/admin/builder/spi-builder-workspace/.git/
From https://github.com/zendesk/sdk_http_client_ios
* tag 0.22.0 -> FETCH_HEAD
HEAD is now at d68ed71 [RELEASE] New version 0.22.0
Cloned https://github.com/zendesk/sdk_http_client_ios.git
Revision (git rev-parse @):
d68ed71651444bb1ecbccaf24af76a9ac4008ed8
SUCCESS checkout https://github.com/zendesk/sdk_http_client_ios.git at 0.22.0
========================================
Build
========================================
Selected platform: watchOS
Swift version: 6.3
Building package at path: $PWD
https://github.com/zendesk/sdk_http_client_ios.git
Command line invocation:
/Applications/Xcode-26.5.0.app/Contents/Developer/usr/bin/xcodebuild -IDEClonedSourcePackagesDirPathOverride=/Users/admin/builder/spi-builder-workspace/.dependencies -resolvePackageDependencies
Resolve Package Graph
Fetching from https://github.com/zendesk/sdk_logger_ios
Creating working copy of package ‘sdk_logger_ios’
Checking out 0.12.0 of package ‘sdk_logger_ios’
Resolve Package Graph
Resolved source packages:
ZendeskSDKHTTPClient: /Users/admin/builder/spi-builder-workspace
ZendeskSDKLogger: https://github.com/zendesk/sdk_logger_ios @ 0.12.0
resolved source packages: ZendeskSDKHTTPClient, ZendeskSDKLogger
2026-10-03 14:54:16.508 xcodebuild[541:3118] [MT] IDERunDestination: Supported platforms for the buildables in the current scheme is empty.
{
"dependencies" : [
{
"identity" : "sdk_logger_ios",
"requirement" : {
"range" : [
{
"lower_bound" : "0.12.0",
"upper_bound" : "1.0.0"
}
]
},
"type" : "sourceControl",
"url" : "https://github.com/zendesk/sdk_logger_ios"
}
],
"manifest_display_name" : "ZendeskSDKHTTPClient",
"name" : "ZendeskSDKHTTPClient",
"path" : "/Users/admin/builder/spi-builder-workspace",
"platforms" : [
{
"name" : "ios",
"version" : "16.0"
}
],
"products" : [
{
"name" : "ZendeskSDKHTTPClient",
"targets" : [
"ZendeskSDKHTTPClientTargets"
],
"type" : {
"library" : [
"automatic"
]
}
}
],
"targets" : [
{
"c99name" : "ZendeskSDKHTTPClientTargets",
"module_type" : "SwiftTarget",
"name" : "ZendeskSDKHTTPClientTargets",
"path" : "Sources",
"product_dependencies" : [
"ZendeskSDKLogger"
],
"product_memberships" : [
"ZendeskSDKHTTPClient"
],
"sources" : [
"Placeholder.swift"
],
"target_dependencies" : [
"ZendeskSDKHTTPClient"
],
"type" : "library"
},
{
"c99name" : "ZendeskSDKHTTPClient",
"module_type" : "BinaryTarget",
"name" : "ZendeskSDKHTTPClient",
"path" : "ZendeskSDKHTTPClient.xcframework",
"product_memberships" : [
"ZendeskSDKHTTPClient"
],
"sources" : [
],
"type" : "binary"
}
],
"tools_version" : "5.7"
}
warning: 'spi-builder-workspace': /Users/admin/builder/spi-builder-workspace/Package.swift:17:10: warning: 'package(name:url:from:)' is deprecated: use package(url:from:) instead [#DeprecatedDeclaration]
15 | ],
16 | dependencies: [
17 | .package(
| `- warning: 'package(name:url:from:)' is deprecated: use package(url:from:) instead [#DeprecatedDeclaration]
18 | name: "ZendeskSDKLogger",
19 | url: "https://github.com/zendesk/sdk_logger_ios",
[#DeprecatedDeclaration]: <https://docs.swift.org/compiler/documentation/diagnostics/deprecated-declaration>
{
"workspace" : {
"name" : "spi-builder-workspace",
"schemes" : [
"ZendeskSDKHTTPClient"
]
}
}
2026-10-03 14:54:24.506 xcodebuild[692:4128] [MT] IDERunDestination: Supported platforms for the buildables in the current scheme is empty.
Running build ...
env DEVELOPER_DIR=/Applications/Xcode-26.5.0.app xcrun xcodebuild -IDEClonedSourcePackagesDirPathOverride=$PWD/.dependencies -skipMacroValidation -skipPackagePluginValidation -derivedDataPath $PWD/.derivedData build -scheme ZendeskSDKHTTPClient -destination generic/platform=watchOS
Command line invocation:
/Applications/Xcode-26.5.0.app/Contents/Developer/usr/bin/xcodebuild -IDEClonedSourcePackagesDirPathOverride=/Users/admin/builder/spi-builder-workspace/.dependencies -skipMacroValidation -skipPackagePluginValidation -derivedDataPath /Users/admin/builder/spi-builder-workspace/.derivedData build -scheme ZendeskSDKHTTPClient -destination generic/platform=watchOS
Resolve Package Graph
Resolve Package Graph
Resolved source packages:
ZendeskSDKHTTPClient: /Users/admin/builder/spi-builder-workspace
ZendeskSDKLogger: https://github.com/zendesk/sdk_logger_ios @ 0.12.0
ComputePackagePrebuildTargetDependencyGraph
Prepare packages
CreateBuildRequest
SendProjectDescription
CreateBuildOperation
ComputeTargetDependencyGraph
note: Building targets in dependency order
note: Target dependency graph (3 targets)
Target 'ZendeskSDKHTTPClient' in project 'ZendeskSDKHTTPClient'
➜ Explicit dependency on target 'ZendeskSDKHTTPClientTargets' in project 'ZendeskSDKHTTPClient'
➜ Explicit dependency on target 'ZendeskSDKLogger' in project 'ZendeskSDKLogger'
Target 'ZendeskSDKHTTPClientTargets' in project 'ZendeskSDKHTTPClient'
➜ Explicit dependency on target 'ZendeskSDKLogger' in project 'ZendeskSDKLogger'
Target 'ZendeskSDKLogger' in project 'ZendeskSDKLogger' (no dependencies)
GatherProvisioningInputs
CreateBuildDescription
ExecuteExternalTool /Applications/Xcode-26.5.0.app/Contents/Developer/Toolchains/XcodeDefault.xctoolchain/usr/bin/clang -v -E -dM -isysroot /Applications/Xcode-26.5.0.app/Contents/Developer/Platforms/WatchOS.platform/Developer/SDKs/WatchOS26.5.sdk -x c -c /dev/null
ExecuteExternalTool /Applications/Xcode-26.5.0.app/Contents/Developer/Toolchains/XcodeDefault.xctoolchain/usr/bin/swiftc --version
ExecuteExternalTool /Applications/Xcode-26.5.0.app/Contents/Developer/Toolchains/XcodeDefault.xctoolchain/usr/bin/ld -version_details
Build description signature: 383f5b813a70d73ae9afa6760f1242e9
Build description path: /Users/admin/builder/spi-builder-workspace/.derivedData/Build/Intermediates.noindex/XCBuildData/383f5b813a70d73ae9afa6760f1242e9.xcbuilddata
/Users/admin/builder/spi-builder-workspace/ZendeskSDKHTTPClient.xcframework:1:1: error: While building for watchOS, no library for this platform was found in '/Users/admin/builder/spi-builder-workspace/ZendeskSDKHTTPClient.xcframework'. (in target 'ZendeskSDKHTTPClient' from project 'ZendeskSDKHTTPClient')
/Users/admin/builder/spi-builder-workspace/.dependencies/checkouts/sdk_logger_ios/ZendeskSDKLogger.xcframework:1:1: error: While building for watchOS, no library for this platform was found in '/Users/admin/builder/spi-builder-workspace/.dependencies/checkouts/sdk_logger_ios/ZendeskSDKLogger.xcframework'. (in target 'ZendeskSDKHTTPClient' from project 'ZendeskSDKHTTPClient')
/Users/admin/builder/spi-builder-workspace/.dependencies/checkouts/sdk_logger_ios/ZendeskSDKLogger.xcframework:1:1: error: While building for watchOS, no library for this platform was found in '/Users/admin/builder/spi-builder-workspace/.dependencies/checkouts/sdk_logger_ios/ZendeskSDKLogger.xcframework'. (in target 'ZendeskSDKHTTPClient' from project 'ZendeskSDKHTTPClient')
/Users/admin/builder/spi-builder-workspace/.dependencies/checkouts/sdk_logger_ios/ZendeskSDKLogger.xcframework:1:1: error: While building for watchOS, no library for this platform was found in '/Users/admin/builder/spi-builder-workspace/.dependencies/checkouts/sdk_logger_ios/ZendeskSDKLogger.xcframework'. (in target 'ZendeskSDKLogger' from project 'ZendeskSDKLogger')
/Users/admin/builder/spi-builder-workspace/ZendeskSDKHTTPClient.xcframework:1:1: error: While building for watchOS, no library for this platform was found in '/Users/admin/builder/spi-builder-workspace/ZendeskSDKHTTPClient.xcframework'. (in target 'ZendeskSDKHTTPClientTargets' from project 'ZendeskSDKHTTPClient')
/Users/admin/builder/spi-builder-workspace/.dependencies/checkouts/sdk_logger_ios/ZendeskSDKLogger.xcframework:1:1: error: While building for watchOS, no library for this platform was found in '/Users/admin/builder/spi-builder-workspace/.dependencies/checkouts/sdk_logger_ios/ZendeskSDKLogger.xcframework'. (in target 'ZendeskSDKHTTPClientTargets' from project 'ZendeskSDKHTTPClient')
2026-10-03 14:54:26.548 xcodebuild[699:4190] [MT] IDERunDestination: Supported platforms for the buildables in the current scheme is empty.
** BUILD FAILED **
The following build commands failed:
Building workspace spi-builder-workspace with scheme ZendeskSDKHTTPClient
(1 failure)
Command line invocation:
/Applications/Xcode-26.5.0.app/Contents/Developer/usr/bin/xcodebuild -IDEClonedSourcePackagesDirPathOverride=/Users/admin/builder/spi-builder-workspace/.dependencies -resolvePackageDependencies
Resolve Package Graph
Resolved source packages:
ZendeskSDKHTTPClient: /Users/admin/builder/spi-builder-workspace
ZendeskSDKLogger: https://github.com/zendesk/sdk_logger_ios @ 0.12.0
resolved source packages: ZendeskSDKHTTPClient, ZendeskSDKLogger
2026-10-03 14:54:28.625 xcodebuild[724:4352] [MT] IDERunDestination: Supported platforms for the buildables in the current scheme is empty.
{
"dependencies" : [
{
"identity" : "sdk_logger_ios",
"requirement" : {
"range" : [
{
"lower_bound" : "0.12.0",
"upper_bound" : "1.0.0"
}
]
},
"type" : "sourceControl",
"url" : "https://github.com/zendesk/sdk_logger_ios"
}
],
"manifest_display_name" : "ZendeskSDKHTTPClient",
"name" : "ZendeskSDKHTTPClient",
"path" : "/Users/admin/builder/spi-builder-workspace",
"platforms" : [
{
"name" : "ios",
"version" : "16.0"
}
],
"products" : [
{
"name" : "ZendeskSDKHTTPClient",
"targets" : [
"ZendeskSDKHTTPClientTargets"
],
"type" : {
"library" : [
"automatic"
]
}
}
],
"targets" : [
{
"c99name" : "ZendeskSDKHTTPClientTargets",
"module_type" : "SwiftTarget",
"name" : "ZendeskSDKHTTPClientTargets",
"path" : "Sources",
"product_dependencies" : [
"ZendeskSDKLogger"
],
"product_memberships" : [
"ZendeskSDKHTTPClient"
],
"sources" : [
"Placeholder.swift"
],
"target_dependencies" : [
"ZendeskSDKHTTPClient"
],
"type" : "library"
},
{
"c99name" : "ZendeskSDKHTTPClient",
"module_type" : "BinaryTarget",
"name" : "ZendeskSDKHTTPClient",
"path" : "ZendeskSDKHTTPClient.xcframework",
"product_memberships" : [
"ZendeskSDKHTTPClient"
],
"sources" : [
],
"type" : "binary"
}
],
"tools_version" : "5.7"
}
{
"workspace" : {
"name" : "spi-builder-workspace",
"schemes" : [
"ZendeskSDKHTTPClient"
]
}
}
2026-10-03 14:54:29.883 xcodebuild[759:4614] [MT] IDERunDestination: Supported platforms for the buildables in the current scheme is empty.
Running build ...
env DEVELOPER_DIR=/Applications/Xcode-26.5.0.app xcrun xcodebuild -IDEClonedSourcePackagesDirPathOverride=$PWD/.dependencies -skipMacroValidation -skipPackagePluginValidation -derivedDataPath $PWD/.derivedData build -scheme ZendeskSDKHTTPClient -destination generic/platform=watchOS
Command line invocation:
/Applications/Xcode-26.5.0.app/Contents/Developer/usr/bin/xcodebuild -IDEClonedSourcePackagesDirPathOverride=/Users/admin/builder/spi-builder-workspace/.dependencies -skipMacroValidation -skipPackagePluginValidation -derivedDataPath /Users/admin/builder/spi-builder-workspace/.derivedData build -scheme ZendeskSDKHTTPClient -destination generic/platform=watchOS
Resolve Package Graph
Resolved source packages:
ZendeskSDKLogger: https://github.com/zendesk/sdk_logger_ios @ 0.12.0
ZendeskSDKHTTPClient: /Users/admin/builder/spi-builder-workspace
ComputePackagePrebuildTargetDependencyGraph
Prepare packages
CreateBuildRequest
SendProjectDescription
CreateBuildOperation
ComputeTargetDependencyGraph
note: Building targets in dependency order
note: Target dependency graph (3 targets)
Target 'ZendeskSDKHTTPClient' in project 'ZendeskSDKHTTPClient'
➜ Explicit dependency on target 'ZendeskSDKHTTPClientTargets' in project 'ZendeskSDKHTTPClient'
➜ Explicit dependency on target 'ZendeskSDKLogger' in project 'ZendeskSDKLogger'
Target 'ZendeskSDKHTTPClientTargets' in project 'ZendeskSDKHTTPClient'
➜ Explicit dependency on target 'ZendeskSDKLogger' in project 'ZendeskSDKLogger'
Target 'ZendeskSDKLogger' in project 'ZendeskSDKLogger' (no dependencies)
GatherProvisioningInputs
CreateBuildDescription
ExecuteExternalTool /Applications/Xcode-26.5.0.app/Contents/Developer/Toolchains/XcodeDefault.xctoolchain/usr/bin/clang -v -E -dM -isysroot /Applications/Xcode-26.5.0.app/Contents/Developer/Platforms/WatchOS.platform/Developer/SDKs/WatchOS26.5.sdk -x c -c /dev/null
ExecuteExternalTool /Applications/Xcode-26.5.0.app/Contents/Developer/Toolchains/XcodeDefault.xctoolchain/usr/bin/swiftc --version
ExecuteExternalTool /Applications/Xcode-26.5.0.app/Contents/Developer/Toolchains/XcodeDefault.xctoolchain/usr/bin/ld -version_details
Build description signature: 383f5b813a70d73ae9afa6760f1242e9
Build description path: /Users/admin/builder/spi-builder-workspace/.derivedData/Build/Intermediates.noindex/XCBuildData/383f5b813a70d73ae9afa6760f1242e9.xcbuilddata
/Users/admin/builder/spi-builder-workspace/.dependencies/checkouts/sdk_logger_ios/ZendeskSDKLogger.xcframework:1:1: error: While building for watchOS, no library for this platform was found in '/Users/admin/builder/spi-builder-workspace/.dependencies/checkouts/sdk_logger_ios/ZendeskSDKLogger.xcframework'. (in target 'ZendeskSDKLogger' from project 'ZendeskSDKLogger')
/Users/admin/builder/spi-builder-workspace/ZendeskSDKHTTPClient.xcframework:1:1: error: While building for watchOS, no library for this platform was found in '/Users/admin/builder/spi-builder-workspace/ZendeskSDKHTTPClient.xcframework'. (in target 'ZendeskSDKHTTPClient' from project 'ZendeskSDKHTTPClient')
/Users/admin/builder/spi-builder-workspace/.dependencies/checkouts/sdk_logger_ios/ZendeskSDKLogger.xcframework:1:1: error: While building for watchOS, no library for this platform was found in '/Users/admin/builder/spi-builder-workspace/.dependencies/checkouts/sdk_logger_ios/ZendeskSDKLogger.xcframework'. (in target 'ZendeskSDKHTTPClient' from project 'ZendeskSDKHTTPClient')
/Users/admin/builder/spi-builder-workspace/.dependencies/checkouts/sdk_logger_ios/ZendeskSDKLogger.xcframework:1:1: error: While building for watchOS, no library for this platform was found in '/Users/admin/builder/spi-builder-workspace/.dependencies/checkouts/sdk_logger_ios/ZendeskSDKLogger.xcframework'. (in target 'ZendeskSDKHTTPClient' from project 'ZendeskSDKHTTPClient')
/Users/admin/builder/spi-builder-workspace/ZendeskSDKHTTPClient.xcframework:1:1: error: While building for watchOS, no library for this platform was found in '/Users/admin/builder/spi-builder-workspace/ZendeskSDKHTTPClient.xcframework'. (in target 'ZendeskSDKHTTPClientTargets' from project 'ZendeskSDKHTTPClient')
/Users/admin/builder/spi-builder-workspace/.dependencies/checkouts/sdk_logger_ios/ZendeskSDKLogger.xcframework:1:1: error: While building for watchOS, no library for this platform was found in '/Users/admin/builder/spi-builder-workspace/.dependencies/checkouts/sdk_logger_ios/ZendeskSDKLogger.xcframework'. (in target 'ZendeskSDKHTTPClientTargets' from project 'ZendeskSDKHTTPClient')
2026-10-03 14:54:30.771 xcodebuild[769:4677] [MT] IDERunDestination: Supported platforms for the buildables in the current scheme is empty.
** BUILD FAILED **
The following build commands failed:
Building workspace spi-builder-workspace with scheme ZendeskSDKHTTPClient
(1 failure)
BUILD FAILURE 6.3 watchOS