The Swift Package Index logo.Swift Package Index

Build Information

Failed to build swiftui-text-builder, reference 4.2.0 (1c3414), with Swift 6.3 for Linux on 4 Sep 2026 08:06:53 UTC.

Build Command

bash -c docker run --pull=always --rm -v "checkouts-54344844-0":/host -w "$PWD" -e JAVA_HOME="/root/.sdkman/candidates/java/current" -e SPI_BUILD="1" -e SPI_PROCESSING="1" registry.gitlab.com/saguaro1/spi-images:basic-6.3-latest swift build --triple x86_64-unknown-linux-gnu 2>&1

Build Log

========================================
RunAll
========================================
Builder version: 5.0.2
Interrupt handler set up.
========================================
Checkout
========================================
Clone URL: https://github.com/davdroman/swiftui-text-builder.git
Reference: 4.2.0
Initialized empty Git repository in /host/spi-builder-workspace/.git/
hint: Using 'master' as the name for the initial branch. This default branch name
hint: is subject to change. To configure the initial branch name to use in all
hint: of your new repositories, which will suppress this warning, call:
hint:
hint: 	git config --global init.defaultBranch <name>
hint:
hint: Names commonly chosen instead of 'master' are 'main', 'trunk' and
hint: 'development'. The just-created branch can be renamed via this command:
hint:
hint: 	git branch -m <name>
From https://github.com/davdroman/swiftui-text-builder
 * tag               4.2.0      -> FETCH_HEAD
HEAD is now at 1c34140 chore: enforce SwiftFormat configuration (#52)
Cloned https://github.com/davdroman/swiftui-text-builder.git
Revision (git rev-parse @):
1c34140d4d2d43ebf9fa4a5c9bc89e81fc00853d
SPI manifest file found: $PWD/.spi.yml
SUCCESS checkout https://github.com/davdroman/swiftui-text-builder.git at 4.2.0
========================================
Build
========================================
Selected platform:         linux
Swift version:             6.3
Building package at path:  $PWD
https://github.com/davdroman/swiftui-text-builder.git
Running build ...
bash -c docker run --pull=always --rm -v "checkouts-54344844-0":/host -w "$PWD" -e JAVA_HOME="/root/.sdkman/candidates/java/current" -e SPI_BUILD="1" -e SPI_PROCESSING="1" registry.gitlab.com/saguaro1/spi-images:basic-6.3-latest swift build --triple x86_64-unknown-linux-gnu 2>&1
basic-6.3-latest: Pulling from saguaro1/spi-images
Digest: sha256:b82c9ac2aaad9c671b7a7653c8e6eeaf006cac60f6a8910901b9357c067e0892
Status: Image is up to date for registry.gitlab.com/saguaro1/spi-images:basic-6.3-latest
Fetching https://github.com/pointfreeco/swift-macro-testing
Fetching https://github.com/pointfreeco/swift-custom-dump
Fetching https://github.com/davdroman/swift-builders
Fetching https://github.com/swiftlang/swift-syntax
[1/1002] Fetching swift-macro-testing
[973/2051] Fetching swift-macro-testing, swift-builders
[1110/7707] Fetching swift-macro-testing, swift-builders, swift-custom-dump
Fetched https://github.com/pointfreeco/swift-macro-testing from cache (0.49s)
[3434/6705] Fetching swift-builders, swift-custom-dump
[6706/86222] Fetching swift-builders, swift-custom-dump, swift-syntax
Fetched https://github.com/davdroman/swift-builders from cache (2.88s)
Fetched https://github.com/pointfreeco/swift-custom-dump from cache (2.88s)
Fetched https://github.com/swiftlang/swift-syntax from cache (2.90s)
Computing version for https://github.com/davdroman/swift-builders
Computed https://github.com/davdroman/swift-builders at 0.12.0 (3.08s)
Computing version for https://github.com/pointfreeco/swift-macro-testing
Computed https://github.com/pointfreeco/swift-macro-testing at 0.7.0 (0.15s)
Fetching https://github.com/pointfreeco/swift-snapshot-testing
[1/16403] Fetching swift-snapshot-testing
Fetched https://github.com/pointfreeco/swift-snapshot-testing from cache (2.13s)
Computing version for https://github.com/swiftlang/swift-syntax
Computed https://github.com/swiftlang/swift-syntax at 603.0.2 (3.11s)
Computing version for https://github.com/pointfreeco/swift-snapshot-testing
Computed https://github.com/pointfreeco/swift-snapshot-testing at 1.19.4 (0.15s)
Computing version for https://github.com/pointfreeco/swift-custom-dump
Computed https://github.com/pointfreeco/swift-custom-dump at 1.7.3 (0.15s)
Fetching https://github.com/pointfreeco/xctest-dynamic-overlay
[1/2727] Fetching xctest-dynamic-overlay
Fetched https://github.com/pointfreeco/xctest-dynamic-overlay from cache (0.77s)
Computing version for https://github.com/pointfreeco/xctest-dynamic-overlay
Computed https://github.com/pointfreeco/xctest-dynamic-overlay at 1.13.1 (1.68s)
Creating working copy for https://github.com/davdroman/swift-builders
Working copy of https://github.com/davdroman/swift-builders resolved at 0.12.0
Creating working copy for https://github.com/pointfreeco/swift-custom-dump
Working copy of https://github.com/pointfreeco/swift-custom-dump resolved at 1.7.3
Creating working copy for https://github.com/pointfreeco/swift-macro-testing
Working copy of https://github.com/pointfreeco/swift-macro-testing resolved at 0.7.0
Creating working copy for https://github.com/pointfreeco/swift-snapshot-testing
Working copy of https://github.com/pointfreeco/swift-snapshot-testing resolved at 1.19.4
Creating working copy for https://github.com/swiftlang/swift-syntax
Working copy of https://github.com/swiftlang/swift-syntax resolved at 603.0.2
Creating working copy for https://github.com/pointfreeco/xctest-dynamic-overlay
Working copy of https://github.com/pointfreeco/xctest-dynamic-overlay resolved at 1.13.1
Downloading package prebuilt https://download.swift.org/prebuilts/swift-syntax/603.0.2/swift-6.3.2-RELEASE-ubuntu_jammy_x86_64-MacroSupport.tar.gz
Downloaded https://download.swift.org/prebuilts/swift-syntax/603.0.2/swift-6.3.2-RELEASE-ubuntu_jammy_x86_64-MacroSupport.tar.gz (0.20s)
Building for debugging...
[0/46] Write sources
[23/46] Compiling _SwiftSyntaxCShims PlatformMutex.c
[24/46] Write swift-version-24593BA9C3E375BF.txt
[26/86] Emitting module Builders
[27/87] Emitting module SwiftSyntax603
[28/87] Compiling SwiftSyntax603 Empty.swift
[30/88] Compiling SwiftSyntax510 Empty.swift
[31/88] Emitting module SwiftSyntax510
[31/89] Wrapping AST for SwiftSyntax603 for debugging
[34/89] Compiling SwiftSyntax602 Empty.swift
[35/89] Emitting module SwiftSyntax602
[35/90] Wrapping AST for SwiftSyntax510 for debugging
[37/90] Compiling Builders SubstringUnicodeScalarViewBuilder.swift
[38/90] Wrapping AST for SwiftSyntax602 for debugging
[40/90] Compiling SwiftSyntax600 Empty.swift
[41/90] Emitting module SwiftSyntax600
[43/91] Compiling Builders StringUnicodeScalarViewBuilder.swift
[44/91] Compiling Builders SubstringBuilder.swift
[45/91] Compiling Builders StringBuilder.swift
[46/91] Compiling Builders StringUTF8ViewBuilder.swift
[47/91] Emitting module SwiftSyntax601
[48/91] Compiling SwiftSyntax601 Empty.swift
[48/92] Wrapping AST for SwiftSyntax600 for debugging
[50/92] Wrapping AST for SwiftSyntax601 for debugging
[52/92] Compiling Builders DictionaryBuilder.swift
[53/92] Compiling Builders OptionSetBuilder.swift
[54/92] Compiling Builders SetBuilder.swift
[55/92] Compiling Builders SliceBuilder.swift
[58/93] Compiling Builders ContiguousArray.swift
[59/93] Compiling Builders DataBuilder.swift
[60/93] Compiling Builders SubstringUnicodeScalarViewBuilder.swift
[61/93] Compiling Builders SubstringUTF8ViewBuilder.swift
[67/93] Compiling Builders ArrayBuilder.swift
[68/93] Compiling Builders ArraySliceBuilder.swift
[69/93] Compiling SwiftSyntax509 Empty.swift
[70/93] Emitting module SwiftSyntax509
[71/94] Wrapping AST for SwiftSyntax509 for debugging
[73/157] Compiling SwiftSyntax ArenaAllocatedBuffer.swift
[74/157] Compiling SwiftSyntax Assert.swift
[75/158] Compiling SwiftSyntax AbsolutePosition.swift
[76/158] Compiling SwiftSyntax AbsoluteSyntaxInfo.swift
[77/158] Emitting module Builders
[78/158] Compiling SwiftSyntax Convenience.swift
[79/158] Compiling SwiftSyntax CustomTraits.swift
[86/159] Compiling SwiftSyntax BumpPtrAllocator.swift
[87/159] Compiling SwiftSyntax CommonAncestor.swift
[90/159] Compiling SwiftSyntax EditorPlaceholder.swift
[91/167] Compiling SwiftSyntax SyntaxNodeStructure.swift
[92/167] Compiling SwiftSyntax SyntaxProtocol.swift
[93/167] Compiling SwiftSyntax SyntaxText.swift
[94/167] Compiling SwiftSyntax SyntaxTreeViewMode.swift
[95/167] Compiling SwiftSyntax TokenDiagnostic.swift
[96/167] Compiling SwiftSyntax TokenSequence.swift
[97/167] Compiling SwiftSyntax TokenSyntax.swift
[98/167] Compiling SwiftSyntax Trivia.swift
[99/167] Compiling SwiftSyntax Utils.swift
[100/167] Compiling SwiftSyntax SourceLength.swift
[101/167] Compiling SwiftSyntax SourceLocation.swift
[102/167] Compiling SwiftSyntax SourcePresence.swift
[103/167] Compiling SwiftSyntax SwiftSyntaxCompatibility.swift
[104/167] Compiling SwiftSyntax Syntax.swift
[105/167] Compiling SwiftSyntax SyntaxChildren.swift
[106/167] Compiling SwiftSyntax SyntaxCollection.swift
[107/167] Compiling SwiftSyntax SyntaxHashable.swift
[108/167] Compiling SwiftSyntax SyntaxIdentifier.swift
[109/167] Compiling SwiftSyntax Identifier.swift
[110/167] Compiling SwiftSyntax MemoryLayout.swift
[111/167] Compiling SwiftSyntax MissingNodeInitializers.swift
[112/167] Compiling SwiftSyntax RawSyntax.swift
[113/167] Compiling SwiftSyntax RawSyntaxArena.swift
[114/167] Compiling SwiftSyntax RawSyntaxLayoutView.swift
[115/167] Compiling SwiftSyntax RawSyntaxNodeProtocol.swift
[116/167] Compiling SwiftSyntax RawSyntaxTokenView.swift
[117/167] Compiling SwiftSyntax SourceEdit.swift
[118/167] Emitting module SwiftSyntax
[119/167] Compiling SwiftSyntax RawSyntaxNodesEF.swift
[120/167] Compiling SwiftSyntax RawSyntaxNodesGHI.swift
[121/167] Compiling SwiftSyntax RawSyntaxNodesJKLMN.swift
[122/167] Compiling SwiftSyntax RawSyntaxNodesOP.swift
[123/167] Compiling SwiftSyntax RawSyntaxNodesQRS.swift
[124/167] Compiling SwiftSyntax RawSyntaxNodesTUVWXYZ.swift
[125/167] Compiling SwiftSyntax RawSyntaxValidation.swift
[126/167] Compiling SwiftSyntax SyntaxNodesAB.swift
[127/167] Compiling SwiftSyntax ChildNameForKeyPath.swift
[128/167] Compiling SwiftSyntax Keyword.swift
[129/167] Compiling SwiftSyntax RenamedChildrenCompatibility.swift
[130/167] Compiling SwiftSyntax RenamedNodesCompatibility.swift
[131/167] Compiling SwiftSyntax SyntaxAnyVisitor.swift
[132/167] Compiling SwiftSyntax SyntaxBaseNodes.swift
[133/167] Compiling SwiftSyntax SyntaxCollections.swift
[134/167] Compiling SwiftSyntax SyntaxEnum.swift
[135/167] Compiling SwiftSyntax SyntaxKind.swift
[136/167] Compiling SwiftSyntax SyntaxRewriter.swift
[137/167] Compiling SwiftSyntax SyntaxTraits.swift
[138/167] Compiling SwiftSyntax SyntaxVisitor.swift
[139/167] Compiling SwiftSyntax TokenKind.swift
[140/167] Compiling SwiftSyntax Tokens.swift
[141/167] Compiling SwiftSyntax TriviaPieces.swift
[142/167] Compiling SwiftSyntax RawSyntaxNodesAB.swift
[143/167] Compiling SwiftSyntax RawSyntaxNodesC.swift
[144/167] Compiling SwiftSyntax RawSyntaxNodesD.swift
[145/167] Compiling SwiftSyntax SyntaxNodesC.swift
[146/167] Compiling SwiftSyntax SyntaxNodesD.swift
[147/167] Compiling SwiftSyntax SyntaxNodesEF.swift
[148/167] Compiling SwiftSyntax SyntaxNodesGHI.swift
[149/167] Compiling SwiftSyntax SyntaxNodesJKLMN.swift
[150/167] Compiling SwiftSyntax SyntaxNodesOP.swift
[151/167] Compiling SwiftSyntax SyntaxNodesQRS.swift
[152/167] Compiling SwiftSyntax SyntaxNodesTUVWXYZ.swift
[153/185] Wrapping AST for SwiftSyntax for debugging
[155/186] Compiling SwiftBasicFormat SyntaxProtocol+Formatted.swift
[156/227] Compiling SwiftBasicFormat Trivia+FormatExtensions.swift
[157/227] Compiling SwiftParser CharacterInfo.swift
[158/227] Compiling SwiftParser CollectionNodes+Parsable.swift
[159/227] Emitting module SwiftDiagnostics
[160/228] Compiling SwiftDiagnostics Message.swift
[161/228] Compiling SwiftBasicFormat InferIndentation.swift
[162/228] Compiling SwiftBasicFormat Syntax+Extensions.swift
[163/228] Compiling SwiftParser Attributes.swift
[164/228] Compiling SwiftParser Availability.swift
[165/228] Compiling SwiftDiagnostics Note.swift
[166/228] Compiling SwiftDiagnostics FixIt.swift
[167/228] Compiling SwiftDiagnostics GroupedDiagnostics.swift
[168/228] Compiling SwiftDiagnostics DiagnosticDecorator.swift
[169/228] Compiling SwiftDiagnostics DiagnosticsFormatter.swift
[170/229] Wrapping AST for SwiftDiagnostics for debugging
[172/229] Emitting module SwiftBasicFormat
[173/229] Compiling SwiftBasicFormat Indenter.swift
[174/229] Compiling SwiftBasicFormat BasicFormat.swift
[175/230] Wrapping AST for SwiftBasicFormat for debugging
[177/230] Compiling SwiftParser StringLiterals.swift
[178/230] Compiling SwiftParser SwiftParserCompatibility.swift
[179/230] Compiling SwiftParser SwiftVersion.swift
[180/230] Compiling SwiftParser SyntaxUtils.swift
[181/230] Compiling SwiftParser TokenConsumer.swift
[182/230] Compiling SwiftParser TokenPrecedence.swift
[183/235] Compiling SwiftParser LoopProgressCondition.swift
[184/235] Compiling SwiftParser Modifiers.swift
[185/235] Compiling SwiftParser Names.swift
[186/235] Compiling SwiftParser Nominals.swift
[187/235] Compiling SwiftParser Parameters.swift
[188/235] Compiling SwiftParser ParseSourceFile.swift
[189/235] Emitting module SwiftParser
[190/235] Compiling SwiftParser TokenSpec.swift
[191/235] Compiling SwiftParser TokenSpecSet.swift
[192/235] Compiling SwiftParser TopLevel.swift
[193/235] Compiling SwiftParser TriviaParser.swift
[194/235] Compiling SwiftParser Types.swift
[199/235] Compiling SwiftParser CompilerFiles.swift
[200/235] Compiling SwiftParser Declarations.swift
[201/235] Compiling SwiftParser Directives.swift
[202/235] Compiling SwiftParser ExpressionInterpretedAsVersionTuple.swift
[203/235] Compiling SwiftParser Expressions.swift
[204/235] Compiling SwiftParser IncrementalParseTransition.swift
[205/235] Compiling SwiftParser IsValidIdentifier.swift
[206/235] Compiling SwiftParser Cursor.swift
[207/235] Compiling SwiftParser Lexeme.swift
[208/235] Compiling SwiftParser LexemeSequence.swift
[209/235] Compiling SwiftParser Lexer.swift
[210/235] Compiling SwiftParser RegexLiteralLexer.swift
[211/235] Compiling SwiftParser UnicodeScalarExtensions.swift
[212/235] Compiling SwiftParser Lookahead.swift
[213/235] Compiling SwiftParser Parser.swift
[214/235] Compiling SwiftParser Patterns.swift
[215/235] Compiling SwiftParser Recovery.swift
[216/235] Compiling SwiftParser Specifiers.swift
[217/235] Compiling SwiftParser Statements.swift
[218/235] Compiling SwiftParser StringLiteralRepresentedLiteralValue.swift
[219/235] Compiling SwiftParser ExperimentalFeatures.swift
[220/235] Compiling SwiftParser IsLexerClassified.swift
[221/235] Compiling SwiftParser LayoutNodes+Parsable.swift
[222/235] Compiling SwiftParser Parser+TokenSpecSet.swift
[223/235] Compiling SwiftParser TokenSpecStaticMembers.swift
[224/236] Wrapping AST for SwiftParser for debugging
[226/259] Compiling SwiftParserDiagnostics SyntaxKindNameForDiagnostics.swift
[227/260] Compiling SwiftOperators PrecedenceGroup.swift
[228/261] Compiling SwiftOperators PrecedenceGraph.swift
[229/261] Compiling SwiftOperators OperatorTable.swift
[230/261] Compiling SwiftParserDiagnostics TokenNameForDiagnostics.swift
[231/261] Compiling SwiftParserDiagnostics SyntaxExtensions.swift
[232/261] Compiling SwiftParserDiagnostics Utils.swift
[233/261] Compiling SwiftOperators SyntaxSynthesis.swift
[234/261] Compiling SwiftOperators OperatorTable+Folding.swift
[235/261] Compiling SwiftParserDiagnostics MultiLineStringLiteralDiagnosticsGenerator.swift
[236/261] Compiling SwiftParserDiagnostics ParseDiagnosticsGenerator.swift
[237/261] Emitting module SwiftOperators
[238/261] Compiling SwiftParserDiagnostics DiagnosticExtensions.swift
[239/261] Compiling SwiftParserDiagnostics LexerDiagnosticMessages.swift
[240/261] Compiling SwiftOperators OperatorTable+Semantics.swift
[241/262] Wrapping AST for SwiftOperators for debugging
[243/262] Compiling SwiftParserDiagnostics ChildNameForDiagnostics.swift
[244/262] Compiling SwiftParserDiagnostics ParserDiagnosticMessages.swift
[245/262] Compiling SwiftParserDiagnostics PresenceUtils.swift
[246/262] Emitting module SwiftParserDiagnostics
[249/262] Compiling SwiftParserDiagnostics MissingNodesError.swift
[250/262] Compiling SwiftParserDiagnostics MissingTokenError.swift
[253/263] Wrapping AST for SwiftParserDiagnostics for debugging
[255/278] Compiling SwiftSyntaxBuilder Indenter.swift
[256/278] Compiling SwiftSyntaxBuilder ListBuilder.swift
[257/279] Compiling SwiftSyntaxBuilder SyntaxExpressibleByStringInterpolationConformances.swift
[258/279] Compiling SwiftSyntaxBuilder ConvenienceInitializers.swift
[259/279] Compiling SwiftSyntaxBuilder DeclSyntaxParseable.swift
[260/279] Emitting module SwiftSyntaxBuilder
[261/279] Compiling SwiftSyntaxBuilder ResultBuilderExtensions.swift
[262/279] Compiling SwiftSyntaxBuilder SwiftSyntaxBuilderCompatibility.swift
[263/279] Compiling SwiftSyntaxBuilder Syntax+StringInterpolation.swift
[264/279] Compiling SwiftSyntaxBuilder SyntaxNodeWithBody.swift
[265/279] Compiling SwiftSyntaxBuilder RenamedChildrenBuilderCompatibility.swift
[266/279] Compiling SwiftSyntaxBuilder ResultBuilders.swift
[267/279] Compiling SwiftSyntaxBuilder WithTrailingCommaSyntax+EnsuringTrailingComma.swift
[268/279] Compiling SwiftSyntaxBuilder BuildableNodes.swift
[269/279] Compiling SwiftSyntaxBuilder SyntaxParsable+ExpressibleByStringInterpolation.swift
[270/279] Compiling SwiftSyntaxBuilder ValidatingSyntaxNodes.swift
[271/280] Wrapping AST for SwiftSyntaxBuilder for debugging
[273/295] Compiling SwiftIfConfig SyntaxProtocol+IfConfig.swift
[274/295] Compiling SwiftIfConfig VersionTuple+Parsing.swift
[275/296] Compiling SwiftIfConfig StaticBuildConfiguration.swift
[276/296] Compiling SwiftIfConfig SyntaxLiteralUtils.swift
[277/296] Compiling SwiftIfConfig VersionTuple.swift
[278/296] Compiling SwiftIfConfig IfConfigFunctions.swift
[279/296] Compiling SwiftIfConfig IfConfigRegionState.swift
[280/296] Compiling SwiftIfConfig ActiveClauseEvaluator.swift
[281/296] Compiling SwiftIfConfig ActiveSyntaxRewriter.swift
[282/296] Compiling SwiftIfConfig IfConfigDiagnostic.swift
[283/296] Compiling SwiftIfConfig IfConfigEvaluation.swift
[284/296] Compiling SwiftIfConfig ActiveSyntaxVisitor.swift
[285/296] Compiling SwiftIfConfig BuildConfiguration.swift
[286/296] Emitting module SwiftIfConfig
[287/296] Compiling SwiftIfConfig ConfiguredRegions.swift
[288/296] Compiling SwiftIfConfig IfConfigDecl+IfConfig.swift
[289/297] Wrapping AST for SwiftIfConfig for debugging
[291/314] Compiling SwiftSyntaxMacros CodeItemMacro.swift
[292/314] Compiling SwiftSyntaxMacros DeclarationMacro.swift
[293/314] Compiling SwiftSyntaxMacros ExpressionMacro.swift
[294/314] Compiling SwiftSyntaxMacros ExtensionMacro.swift
[295/316] Compiling SwiftSyntaxMacros Macro.swift
[296/316] Compiling SwiftSyntaxMacros MemberAttributeMacro.swift
[297/316] Compiling SwiftSyntaxMacros FreestandingMacro.swift
[298/316] Compiling SwiftSyntaxMacros Macro+Format.swift
[299/316] Emitting module SwiftSyntaxMacros
[300/316] Compiling SwiftSyntaxMacros MemberMacro.swift
[301/316] Compiling SwiftSyntaxMacros PeerMacro.swift
[302/316] Compiling SwiftSyntaxMacros AccessorMacro.swift
[303/316] Compiling SwiftSyntaxMacros AttachedMacro.swift
[304/316] Compiling SwiftSyntaxMacros BodyMacro.swift
[305/316] Compiling SwiftSyntaxMacros AbstractSourceLocation.swift
[306/316] Compiling SwiftSyntaxMacros MacroExpansionContext.swift
[307/316] Compiling SwiftSyntaxMacros MacroExpansionDiagnosticMessages.swift
[308/316] Compiling SwiftSyntaxMacros PreambleMacro.swift
[309/316] Compiling SwiftSyntaxMacros Syntax+LexicalContext.swift
[310/317] Wrapping AST for SwiftSyntaxMacros for debugging
[312/326] Compiling SwiftSyntaxMacroExpansion MacroExpansionDiagnosticMessages.swift
[313/327] Compiling SwiftSyntaxMacroExpansion MacroSpec.swift
[314/327] Compiling SwiftSyntaxMacroExpansion MacroExpansion.swift
[315/327] Compiling SwiftSyntaxMacroExpansion MacroArgument.swift
[316/327] Compiling SwiftSyntaxMacroExpansion BasicMacroExpansionContext.swift
[317/327] Compiling SwiftSyntaxMacroExpansion FunctionParameterUtils.swift
[318/327] Compiling SwiftSyntaxMacroExpansion IndentationUtils.swift
[319/327] Emitting module SwiftSyntaxMacroExpansion
[320/327] Compiling SwiftSyntaxMacroExpansion MacroReplacement.swift
[321/327] Compiling SwiftSyntaxMacroExpansion MacroSystem.swift
[322/328] Wrapping AST for SwiftSyntaxMacroExpansion for debugging
[324/340] Compiling SwiftCompilerPluginMessageHandling PluginMessageCompatibility.swift
[325/341] Compiling SwiftCompilerPluginMessageHandling PluginMacroExpansionContext.swift
[326/341] Compiling SwiftCompilerPluginMessageHandling StandardIOMessageConnection.swift
[327/341] Compiling SwiftCompilerPluginMessageHandling PluginMessages.swift
[328/341] Emitting module SwiftCompilerPluginMessageHandling
[329/341] Compiling SwiftCompilerPluginMessageHandling CodingUtilities.swift
[330/341] Compiling SwiftCompilerPluginMessageHandling JSON.swift
[331/341] Compiling SwiftCompilerPluginMessageHandling CompilerPluginMessageHandler.swift
[332/341] Compiling SwiftCompilerPluginMessageHandling Diagnostics.swift
[333/341] Compiling SwiftCompilerPluginMessageHandling LRUCache.swift
[334/341] Compiling SwiftCompilerPluginMessageHandling Macros.swift
[335/341] Compiling SwiftCompilerPluginMessageHandling JSONDecoding.swift
[336/341] Compiling SwiftCompilerPluginMessageHandling JSONEncoding.swift
[337/342] Wrapping AST for SwiftCompilerPluginMessageHandling for debugging
[339/344] Emitting module SwiftCompilerPlugin
[340/344] Compiling SwiftCompilerPlugin CompilerPlugin.swift
[341/345] Wrapping AST for SwiftCompilerPlugin for debugging
[343/348] Compiling TextBuilderMacro TextBuilderMacroPlugin.swift
[344/348] Compiling TextBuilderMacro TextBuilderMacro.swift
[345/348] Emitting module TextBuilderMacro
[346/349] Wrapping AST for TextBuilderMacro for debugging
[347/349] Write Objects.LinkFileList
[348/349] Linking TextBuilderMacro-tool
[350/355] Compiling TextBuilder TextBuilder.swift
/host/spi-builder-workspace/Sources/TextBuilder/TextBuilder.swift:1:15: error: no such module 'SwiftUI'
 1 | public import SwiftUI
   |               `- error: no such module 'SwiftUI'
 2 |
 3 | /// A body macro that lets you build a single `SwiftUI.Text` from multiple parts using a builder-style closure. Write
[351/355] Compiling TextBuilder TextExtensions.swift
/host/spi-builder-workspace/Sources/TextBuilder/TextBuilder.swift:1:15: error: no such module 'SwiftUI'
 1 | public import SwiftUI
   |               `- error: no such module 'SwiftUI'
 2 |
 3 | /// A body macro that lets you build a single `SwiftUI.Text` from multiple parts using a builder-style closure. Write
error: emit-module command failed with exit code 1 (use -v to see invocation)
[352/355] Emitting module TextBuilder
/host/spi-builder-workspace/Sources/TextBuilder/TextBuilder.swift:1:15: error: no such module 'SwiftUI'
 1 | public import SwiftUI
   |               `- error: no such module 'SwiftUI'
 2 |
 3 | /// A body macro that lets you build a single `SwiftUI.Text` from multiple parts using a builder-style closure. Write
error: emit-module command failed with exit code 1 (use -v to see invocation)
/host/spi-builder-workspace/Sources/TextBuilder/TextBuilder.swift:1:15: error: no such module 'SwiftUI'
 1 | public import SwiftUI
   |               `- error: no such module 'SwiftUI'
 2 |
 3 | /// A body macro that lets you build a single `SwiftUI.Text` from multiple parts using a builder-style closure. Write
[354/355] Compiling TextBuilder TextExtensions.swift
/host/spi-builder-workspace/Sources/TextBuilder/TextBuilder.swift:1:15: error: no such module 'SwiftUI'
 1 | public import SwiftUI
   |               `- error: no such module 'SwiftUI'
 2 |
 3 | /// A body macro that lets you build a single `SwiftUI.Text` from multiple parts using a builder-style closure. Write
[355/355] Compiling TextBuilder TextBuilder.swift
/host/spi-builder-workspace/Sources/TextBuilder/TextBuilder.swift:1:15: error: no such module 'SwiftUI'
 1 | public import SwiftUI
   |               `- error: no such module 'SwiftUI'
 2 |
 3 | /// A body macro that lets you build a single `SwiftUI.Text` from multiple parts using a builder-style closure. Write
BUILD FAILURE 6.3 linux